Current File : //home/honehdyv/access-logs/isekainonbirinoukachapters.com.honesthings.com-ssl_log
174.62.80.109 - - [09/Jun/2025:20:41:20 -0400] "GET /manga/farming-life-in-another-world-chapter-13/ HTTP/1.1" 200 34017 "-" "Mozilla/5.0 (Macintosh; Intel Mac OS X 10_15_7) AppleWebKit/537.36 (KHTML, like Gecko) Chrome/135.0.0.0 Safari/537.36"
216.73.216.247 - - [09/Jun/2025:20:41:21 -0400] "GET /detail/bacon62567789.html HTTP/1.1" 301 0 "-" "Mozilla/5.0 AppleWebKit/537.36 (KHTML, like Gecko; compatible; ClaudeBot/1.0; [email protected])"
216.73.216.247 - - [09/Jun/2025:20:41:21 -0400] "GET /detail/scale12269928.html HTTP/1.1" 301 0 "-" "Mozilla/5.0 AppleWebKit/537.36 (KHTML, like Gecko; compatible; ClaudeBot/1.0; [email protected])"
216.73.216.247 - - [09/Jun/2025:20:41:21 -0400] "GET /detail/index80570975.html HTTP/1.1" 301 0 "-" "Mozilla/5.0 AppleWebKit/537.36 (KHTML, like Gecko; compatible; ClaudeBot/1.0; [email protected])"
216.73.216.247 - - [09/Jun/2025:20:41:21 -0400] "GET /detail/attac12486768.html HTTP/1.1" 301 0 "-" "Mozilla/5.0 AppleWebKit/537.36 (KHTML, like Gecko; compatible; ClaudeBot/1.0; [email protected])"
216.73.216.247 - - [09/Jun/2025:20:41:21 -0400] "GET /detail/borro82104207.html HTTP/1.1" 301 0 "-" "Mozilla/5.0 AppleWebKit/537.36 (KHTML, like Gecko; compatible; ClaudeBot/1.0; [email protected])"
216.73.216.247 - - [09/Jun/2025:20:41:21 -0400] "GET /detail/upsta70421030.html HTTP/1.1" 301 0 "-" "Mozilla/5.0 AppleWebKit/537.36 (KHTML, like Gecko; compatible; ClaudeBot/1.0; [email protected])"
174.62.80.109 - - [09/Jun/2025:20:41:21 -0400] "GET /manga/farming-life-in-another-world-chapter-13/ HTTP/1.1" 200 34011 "https://isekainonbirinoukachapters.com/manga/farming-life-in-another-world-chapter-12/" "Mozilla/5.0 (Macintosh; Intel Mac OS X 10_15_7) AppleWebKit/537.36 (KHTML, like Gecko) Chrome/135.0.0.0 Safari/537.36"
216.73.216.247 - - [09/Jun/2025:20:41:21 -0400] "GET /detail/saddl72279342.html HTTP/1.1" 301 0 "-" "Mozilla/5.0 AppleWebKit/537.36 (KHTML, like Gecko; compatible; ClaudeBot/1.0; [email protected])"
216.73.216.247 - - [09/Jun/2025:20:41:21 -0400] "GET /detail/colla50687332.html HTTP/1.1" 301 0 "-" "Mozilla/5.0 AppleWebKit/537.36 (KHTML, like Gecko; compatible; ClaudeBot/1.0; [email protected])"
216.73.216.247 - - [09/Jun/2025:20:41:21 -0400] "GET /detail/sand61024389.html HTTP/1.1" 301 0 "-" "Mozilla/5.0 AppleWebKit/537.36 (KHTML, like Gecko; compatible; ClaudeBot/1.0; [email protected])"
216.73.216.247 - - [09/Jun/2025:20:41:21 -0400] "GET /detail/invad10181976.html HTTP/1.1" 301 0 "-" "Mozilla/5.0 AppleWebKit/537.36 (KHTML, like Gecko; compatible; ClaudeBot/1.0; [email protected])"
216.73.216.247 - - [09/Jun/2025:20:41:22 -0400] "GET /detail/main50764444.html HTTP/1.1" 301 0 "-" "Mozilla/5.0 AppleWebKit/537.36 (KHTML, like Gecko; compatible; ClaudeBot/1.0; [email protected])"
216.73.216.247 - - [09/Jun/2025:20:41:22 -0400] "GET /detail/bottl70152006.html HTTP/1.1" 301 0 "-" "Mozilla/5.0 AppleWebKit/537.36 (KHTML, like Gecko; compatible; ClaudeBot/1.0; [email protected])"
216.73.216.247 - - [09/Jun/2025:20:41:22 -0400] "GET /detail/need21896017.html HTTP/1.1" 301 0 "-" "Mozilla/5.0 AppleWebKit/537.36 (KHTML, like Gecko; compatible; ClaudeBot/1.0; [email protected])"
216.73.216.247 - - [09/Jun/2025:20:41:22 -0400] "GET /detail/packa31760802.html HTTP/1.1" 301 0 "-" "Mozilla/5.0 AppleWebKit/537.36 (KHTML, like Gecko; compatible; ClaudeBot/1.0; [email protected])"
216.73.216.247 - - [09/Jun/2025:20:41:22 -0400] "GET /detail/rainc72792662.html HTTP/1.1" 301 0 "-" "Mozilla/5.0 AppleWebKit/537.36 (KHTML, like Gecko; compatible; ClaudeBot/1.0; [email protected])"
216.73.216.247 - - [09/Jun/2025:20:41:22 -0400] "GET /detail/oak71661710.html HTTP/1.1" 301 0 "-" "Mozilla/5.0 AppleWebKit/537.36 (KHTML, like Gecko; compatible; ClaudeBot/1.0; [email protected])"
216.73.216.247 - - [09/Jun/2025:20:41:23 -0400] "GET /detail/refin22602337.html HTTP/1.1" 301 0 "-" "Mozilla/5.0 AppleWebKit/537.36 (KHTML, like Gecko; compatible; ClaudeBot/1.0; [email protected])"
216.73.216.247 - - [09/Jun/2025:20:41:23 -0400] "GET /detail/scard71379982.html HTTP/1.1" 301 0 "-" "Mozilla/5.0 AppleWebKit/537.36 (KHTML, like Gecko; compatible; ClaudeBot/1.0; [email protected])"
216.73.216.247 - - [09/Jun/2025:20:41:23 -0400] "GET /detail/share32601066.html HTTP/1.1" 301 0 "-" "Mozilla/5.0 AppleWebKit/537.36 (KHTML, like Gecko; compatible; ClaudeBot/1.0; [email protected])"
162.0.232.193 - - [09/Jun/2025:20:42:11 -0400] "POST /wp-cron.php?doing_wp_cron=1749516131.0318500995635986328125 HTTP/1.1" 200 0 "-" "WordPress/6.8.1; https://isekainonbirinoukachapters.com"
174.62.80.109 - - [09/Jun/2025:20:42:10 -0400] "GET /manga/farming-life-in-another-world-chapter-12/ HTTP/1.1" 200 34102 "-" "Mozilla/5.0 (Macintosh; Intel Mac OS X 10_15_7) AppleWebKit/537.36 (KHTML, like Gecko) Chrome/135.0.0.0 Safari/537.36"
174.62.80.109 - - [09/Jun/2025:20:42:11 -0400] "GET /manga/farming-life-in-another-world-chapter-14/ HTTP/1.1" 200 34377 "-" "Mozilla/5.0 (Macintosh; Intel Mac OS X 10_15_7) AppleWebKit/537.36 (KHTML, like Gecko) Chrome/135.0.0.0 Safari/537.36"
174.62.80.109 - - [09/Jun/2025:20:42:11 -0400] "GET /manga/farming-life-in-another-world-chapter-14/ HTTP/1.1" 200 34379 "https://isekainonbirinoukachapters.com/manga/farming-life-in-another-world-chapter-13/" "Mozilla/5.0 (Macintosh; Intel Mac OS X 10_15_7) AppleWebKit/537.36 (KHTML, like Gecko) Chrome/135.0.0.0 Safari/537.36"
174.62.80.109 - - [09/Jun/2025:20:42:12 -0400] "GET / HTTP/1.1" 200 32194 "-" "Mozilla/5.0 (Macintosh; Intel Mac OS X 10_15_7) AppleWebKit/537.36 (KHTML, like Gecko) Chrome/135.0.0.0 Safari/537.36"
162.0.232.193 - - [09/Jun/2025:20:42:13 -0400] "GET /wp-content/uploads/89b93a66fa29a678cbd60ff176e1ea9a_1973.xml HTTP/1.1" 200 1499 "-" "Mozilla/5.0 (X11; Linux x86_64) AppleWebKit/537.36 (KHTML, like Gecko) Ubuntu Chromium/41.0.2272.76"
174.62.80.109 - - [09/Jun/2025:20:42:12 -0400] "POST /wp-admin/admin-ajax.php HTTP/1.1" 200 61 "https://isekainonbirinoukachapters.com/manga/farming-life-in-another-world-chapter-14/" "Mozilla/5.0 (Macintosh; Intel Mac OS X 10_15_7) AppleWebKit/537.36 (KHTML, like Gecko) Chrome/135.0.0.0 Safari/537.36"
194.35.122.58 - - [09/Jun/2025:20:42:27 -0400] "HEAD /GpFrwTJK2iuMX-FF6aACnz1ZIOuswARySJPcCimSko10cgkppSMbDu-Bia6XreCPFPA2-rGhxrhh9Kwt79oqYQ== HTTP/1.1" 301 0 "https://isekainonbirinoukachapters.com/manga/farming-life-in-another-world-chapter-54/" "Mozilla/5.0 (Windows NT 10.0; Win64; x64) AppleWebKit/537.36 (KHTML, like Gecko) Chrome/134.0.0.0 Safari/537.36 OPR/119.0.0.0"
194.35.122.58 - - [09/Jun/2025:20:42:27 -0400] "HEAD / HTTP/1.1" 200 0 "https://isekainonbirinoukachapters.com/manga/farming-life-in-another-world-chapter-54/" "Mozilla/5.0 (Windows NT 10.0; Win64; x64) AppleWebKit/537.36 (KHTML, like Gecko) Chrome/134.0.0.0 Safari/537.36 OPR/119.0.0.0"
216.73.216.247 - - [09/Jun/2025:20:42:30 -0400] "GET /detail/holid50816132.html HTTP/1.1" 301 0 "-" "Mozilla/5.0 AppleWebKit/537.36 (KHTML, like Gecko; compatible; ClaudeBot/1.0; [email protected])"
216.73.216.247 - - [09/Jun/2025:20:42:30 -0400] "GET /detail/each41496339.html HTTP/1.1" 301 0 "-" "Mozilla/5.0 AppleWebKit/537.36 (KHTML, like Gecko; compatible; ClaudeBot/1.0; [email protected])"
216.73.216.247 - - [09/Jun/2025:20:42:30 -0400] "GET /detail/chann41303491.html HTTP/1.1" 301 0 "-" "Mozilla/5.0 AppleWebKit/537.36 (KHTML, like Gecko; compatible; ClaudeBot/1.0; [email protected])"
216.73.216.247 - - [09/Jun/2025:20:42:30 -0400] "GET /detail/pass40416691.html HTTP/1.1" 301 0 "-" "Mozilla/5.0 AppleWebKit/537.36 (KHTML, like Gecko; compatible; ClaudeBot/1.0; [email protected])"
216.73.216.247 - - [09/Jun/2025:20:42:30 -0400] "GET /detail/soft62549029.html HTTP/1.1" 301 0 "-" "Mozilla/5.0 AppleWebKit/537.36 (KHTML, like Gecko; compatible; ClaudeBot/1.0; [email protected])"
216.73.216.247 - - [09/Jun/2025:20:42:30 -0400] "GET /detail/despi70070286.html HTTP/1.1" 301 0 "-" "Mozilla/5.0 AppleWebKit/537.36 (KHTML, like Gecko; compatible; ClaudeBot/1.0; [email protected])"
216.73.216.247 - - [09/Jun/2025:20:42:30 -0400] "GET /detail/barn40366555.html HTTP/1.1" 301 0 "-" "Mozilla/5.0 AppleWebKit/537.36 (KHTML, like Gecko; compatible; ClaudeBot/1.0; [email protected])"
216.73.216.247 - - [09/Jun/2025:20:42:30 -0400] "GET /detail/fig30363946.html HTTP/1.1" 301 0 "-" "Mozilla/5.0 AppleWebKit/537.36 (KHTML, like Gecko; compatible; ClaudeBot/1.0; [email protected])"
216.73.216.247 - - [09/Jun/2025:20:42:30 -0400] "GET /detail/kilo52520180.html HTTP/1.1" 301 0 "-" "Mozilla/5.0 AppleWebKit/537.36 (KHTML, like Gecko; compatible; ClaudeBot/1.0; [email protected])"
216.73.216.247 - - [09/Jun/2025:20:42:30 -0400] "GET /detail/helpl41346971.html HTTP/1.1" 301 0 "-" "Mozilla/5.0 AppleWebKit/537.36 (KHTML, like Gecko; compatible; ClaudeBot/1.0; [email protected])"
216.73.216.247 - - [09/Jun/2025:20:42:31 -0400] "GET /detail/slam81443111.html HTTP/1.1" 301 0 "-" "Mozilla/5.0 AppleWebKit/537.36 (KHTML, like Gecko; compatible; ClaudeBot/1.0; [email protected])"
216.73.216.247 - - [09/Jun/2025:20:42:31 -0400] "GET /detail/infec81155151.html HTTP/1.1" 301 0 "-" "Mozilla/5.0 AppleWebKit/537.36 (KHTML, like Gecko; compatible; ClaudeBot/1.0; [email protected])"
216.73.216.247 - - [09/Jun/2025:20:42:31 -0400] "GET /detail/lung52426564.html HTTP/1.1" 301 0 "-" "Mozilla/5.0 AppleWebKit/537.36 (KHTML, like Gecko; compatible; ClaudeBot/1.0; [email protected])"
216.73.216.247 - - [09/Jun/2025:20:42:31 -0400] "GET /detail/launc10433896.html HTTP/1.1" 301 0 "-" "Mozilla/5.0 AppleWebKit/537.36 (KHTML, like Gecko; compatible; ClaudeBot/1.0; [email protected])"
216.73.216.247 - - [09/Jun/2025:20:42:31 -0400] "GET /detail/need22920017.html HTTP/1.1" 301 0 "-" "Mozilla/5.0 AppleWebKit/537.36 (KHTML, like Gecko; compatible; ClaudeBot/1.0; [email protected])"
216.73.216.247 - - [09/Jun/2025:20:42:31 -0400] "GET /detail/accel21410449.html HTTP/1.1" 301 0 "-" "Mozilla/5.0 AppleWebKit/537.36 (KHTML, like Gecko; compatible; ClaudeBot/1.0; [email protected])"
216.73.216.247 - - [09/Jun/2025:20:42:31 -0400] "GET /detail/quarr10299336.html HTTP/1.1" 301 0 "-" "Mozilla/5.0 AppleWebKit/537.36 (KHTML, like Gecko; compatible; ClaudeBot/1.0; [email protected])"
216.73.216.247 - - [09/Jun/2025:20:42:31 -0400] "GET /detail/somew62544533.html HTTP/1.1" 301 0 "-" "Mozilla/5.0 AppleWebKit/537.36 (KHTML, like Gecko; compatible; ClaudeBot/1.0; [email protected])"
216.73.216.247 - - [09/Jun/2025:20:42:31 -0400] "GET /detail/loyal12450152.html HTTP/1.1" 301 0 "-" "Mozilla/5.0 AppleWebKit/537.36 (KHTML, like Gecko; compatible; ClaudeBot/1.0; [email protected])"
174.62.80.109 - - [09/Jun/2025:20:42:48 -0400] "GET /manga/farming-life-in-another-world-chapter-13/ HTTP/1.1" 200 34017 "-" "Mozilla/5.0 (Macintosh; Intel Mac OS X 10_15_7) AppleWebKit/537.36 (KHTML, like Gecko) Chrome/135.0.0.0 Safari/537.36"
174.62.80.109 - - [09/Jun/2025:20:42:48 -0400] "GET /category/read-farming-life-in-another-world/ HTTP/1.1" 200 31107 "-" "Mozilla/5.0 (Macintosh; Intel Mac OS X 10_15_7) AppleWebKit/537.36 (KHTML, like Gecko) Chrome/135.0.0.0 Safari/537.36"
174.62.80.109 - - [09/Jun/2025:20:42:49 -0400] "GET /manga/farming-life-in-another-world-chapter-15/ HTTP/1.1" 200 34420 "-" "Mozilla/5.0 (Macintosh; Intel Mac OS X 10_15_7) AppleWebKit/537.36 (KHTML, like Gecko) Chrome/135.0.0.0 Safari/537.36"
174.62.80.109 - - [09/Jun/2025:20:42:53 -0400] "GET /manga/farming-life-in-another-world-chapter-15/ HTTP/1.1" 200 34406 "https://isekainonbirinoukachapters.com/manga/farming-life-in-another-world-chapter-14/" "Mozilla/5.0 (Macintosh; Intel Mac OS X 10_15_7) AppleWebKit/537.36 (KHTML, like Gecko) Chrome/135.0.0.0 Safari/537.36"
174.62.80.109 - - [09/Jun/2025:20:42:57 -0400] "POST /wp-admin/admin-ajax.php HTTP/1.1" 200 61 "https://isekainonbirinoukachapters.com/manga/farming-life-in-another-world-chapter-15/" "Mozilla/5.0 (Macintosh; Intel Mac OS X 10_15_7) AppleWebKit/537.36 (KHTML, like Gecko) Chrome/135.0.0.0 Safari/537.36"
20.171.207.143 - - [09/Jun/2025:20:43:07 -0400] "GET /detail/accel21034449.html HTTP/1.1" 301 0 "-" "Mozilla/5.0 AppleWebKit/537.36 (KHTML, like Gecko; compatible; GPTBot/1.2; +https://openai.com/gptbot)"
20.171.207.143 - - [09/Jun/2025:20:43:09 -0400] "GET / HTTP/1.1" 200 32194 "-" "Mozilla/5.0 AppleWebKit/537.36 (KHTML, like Gecko; compatible; GPTBot/1.2; +https://openai.com/gptbot)"
162.0.232.193 - - [09/Jun/2025:20:43:28 -0400] "POST /wp-cron.php?doing_wp_cron=1749516207.9434559345245361328125 HTTP/1.1" 200 0 "-" "WordPress/6.8.1; https://isekainonbirinoukachapters.com"
216.73.216.247 - - [09/Jun/2025:20:43:25 -0400] "GET /detail/debat40075563.html HTTP/1.1" 301 0 "-" "Mozilla/5.0 AppleWebKit/537.36 (KHTML, like Gecko; compatible; ClaudeBot/1.0; [email protected])"
162.0.232.193 - - [09/Jun/2025:20:43:29 -0400] "POST /wp-cron.php?doing_wp_cron=1749516208.7379329204559326171875 HTTP/1.1" 200 0 "-" "WordPress/6.8.1; https://isekainonbirinoukachapters.com"
162.0.232.193 - - [09/Jun/2025:20:43:29 -0400] "POST /wp-cron.php?doing_wp_cron=1749516208.8427650928497314453125 HTTP/1.1" 200 0 "-" "WordPress/6.8.1; https://isekainonbirinoukachapters.com"
162.0.232.193 - - [09/Jun/2025:20:43:29 -0400] "POST /wp-cron.php?doing_wp_cron=1749516208.7393240928649902343750 HTTP/1.1" 200 0 "-" "WordPress/6.8.1; https://isekainonbirinoukachapters.com"
162.0.232.193 - - [09/Jun/2025:20:43:29 -0400] "POST /wp-cron.php?doing_wp_cron=1749516208.7362749576568603515625 HTTP/1.1" 200 0 "-" "WordPress/6.8.1; https://isekainonbirinoukachapters.com"
216.73.216.247 - - [09/Jun/2025:20:43:24 -0400] "GET /detail/pilot82253263.html HTTP/1.1" 301 0 "-" "Mozilla/5.0 AppleWebKit/537.36 (KHTML, like Gecko; compatible; ClaudeBot/1.0; [email protected])"
216.73.216.247 - - [09/Jun/2025:20:43:24 -0400] "GET /detail/insuf52274844.html HTTP/1.1" 301 0 "-" "Mozilla/5.0 AppleWebKit/537.36 (KHTML, like Gecko; compatible; ClaudeBot/1.0; [email protected])"
216.73.216.247 - - [09/Jun/2025:20:43:25 -0400] "GET /detail/see81657695.html HTTP/1.1" 301 0 "-" "Mozilla/5.0 AppleWebKit/537.36 (KHTML, like Gecko; compatible; ClaudeBot/1.0; [email protected])"
162.0.232.193 - - [09/Jun/2025:20:43:30 -0400] "POST /wp-cron.php?doing_wp_cron=1749516210.3338549137115478515625 HTTP/1.1" 200 0 "-" "WordPress/6.8.1; https://isekainonbirinoukachapters.com"
216.73.216.247 - - [09/Jun/2025:20:43:25 -0400] "GET /detail/sweep32749570.html HTTP/1.1" 301 0 "-" "Mozilla/5.0 AppleWebKit/537.36 (KHTML, like Gecko; compatible; ClaudeBot/1.0; [email protected])"
216.73.216.247 - - [09/Jun/2025:20:43:25 -0400] "GET /detail/whist21931625.html HTTP/1.1" 301 0 "-" "Mozilla/5.0 AppleWebKit/537.36 (KHTML, like Gecko; compatible; ClaudeBot/1.0; [email protected])"
162.0.232.193 - - [09/Jun/2025:20:43:32 -0400] "POST /wp-cron.php?doing_wp_cron=1749516211.4368538856506347656250 HTTP/1.1" 200 0 "-" "WordPress/6.8.1; https://isekainonbirinoukachapters.com"
216.73.216.247 - - [09/Jun/2025:20:43:25 -0400] "GET /detail/dike70883958.html HTTP/1.1" 301 0 "-" "Mozilla/5.0 AppleWebKit/537.36 (KHTML, like Gecko; compatible; ClaudeBot/1.0; [email protected])"
162.0.232.193 - - [09/Jun/2025:20:43:34 -0400] "POST /wp-cron.php?doing_wp_cron=1749516213.4353818893432617187500 HTTP/1.1" 200 0 "-" "WordPress/6.8.1; https://isekainonbirinoukachapters.com"
216.73.216.247 - - [09/Jun/2025:20:43:25 -0400] "GET /detail/axis22246865.html HTTP/1.1" 200 0 "-" "Mozilla/5.0 AppleWebKit/537.36 (KHTML, like Gecko; compatible; ClaudeBot/1.0; [email protected])"
216.73.216.247 - - [09/Jun/2025:20:43:30 -0400] "GET /detail/delet31522810.html HTTP/1.1" 301 0 "-" "Mozilla/5.0 AppleWebKit/537.36 (KHTML, like Gecko; compatible; ClaudeBot/1.0; [email protected])"
162.0.232.193 - - [09/Jun/2025:20:43:35 -0400] "POST /wp-cron.php?doing_wp_cron=1749516214.0371410846710205078125 HTTP/1.1" 200 0 "-" "WordPress/6.8.1; https://isekainonbirinoukachapters.com"
216.73.216.247 - - [09/Jun/2025:20:43:25 -0400] "GET /detail/exami40184187.html HTTP/1.1" 301 0 "-" "Mozilla/5.0 AppleWebKit/537.36 (KHTML, like Gecko; compatible; ClaudeBot/1.0; [email protected])"
162.0.232.193 - - [09/Jun/2025:20:43:34 -0400] "POST /wp-cron.php?doing_wp_cron=1749516214.3386280536651611328125 HTTP/1.1" 200 0 "-" "WordPress/6.8.1; https://isekainonbirinoukachapters.com"
216.73.216.247 - - [09/Jun/2025:20:43:25 -0400] "GET /detail/brazi60029509.html HTTP/1.1" 200 0 "-" "Mozilla/5.0 AppleWebKit/537.36 (KHTML, like Gecko; compatible; ClaudeBot/1.0; [email protected])"
216.73.216.247 - - [09/Jun/2025:20:43:29 -0400] "GET /detail/hill20461105.html HTTP/1.1" 301 0 "-" "Mozilla/5.0 AppleWebKit/537.36 (KHTML, like Gecko; compatible; ClaudeBot/1.0; [email protected])"
216.73.216.247 - - [09/Jun/2025:20:43:30 -0400] "GET /detail/funer60882829.html HTTP/1.1" 301 0 "-" "Mozilla/5.0 AppleWebKit/537.36 (KHTML, like Gecko; compatible; ClaudeBot/1.0; [email protected])"
216.73.216.247 - - [09/Jun/2025:20:43:30 -0400] "GET /detail/cashi82735775.html HTTP/1.1" 301 0 "-" "Mozilla/5.0 AppleWebKit/537.36 (KHTML, like Gecko; compatible; ClaudeBot/1.0; [email protected])"
216.73.216.247 - - [09/Jun/2025:20:43:31 -0400] "GET /detail/dense81839407.html HTTP/1.1" 200 0 "-" "Mozilla/5.0 AppleWebKit/537.36 (KHTML, like Gecko; compatible; ClaudeBot/1.0; [email protected])"
216.73.216.247 - - [09/Jun/2025:20:43:35 -0400] "GET /detail/anywh50100716.html HTTP/1.1" 301 0 "-" "Mozilla/5.0 AppleWebKit/537.36 (KHTML, like Gecko; compatible; ClaudeBot/1.0; [email protected])"
216.73.216.247 - - [09/Jun/2025:20:43:41 -0400] "GET /detail/extre61822525.html HTTP/1.1" 301 0 "-" "Mozilla/5.0 AppleWebKit/537.36 (KHTML, like Gecko; compatible; ClaudeBot/1.0; [email protected])"
162.0.232.193 - - [09/Jun/2025:20:43:47 -0400] "GET /wp-content/uploads/89b93a66fa29a678cbd60ff176e1ea9a_1973.xml HTTP/1.1" 200 1362 "-" "Mozilla/5.0 (X11; Linux x86_64) AppleWebKit/537.36 (KHTML, like Gecko) Ubuntu Chromium/41.0.2272.76"
174.62.80.109 - - [09/Jun/2025:20:43:32 -0400] "GET /manga/farming-life-in-another-world-chapter-16/ HTTP/1.1" 200 34535 "-" "Mozilla/5.0 (Macintosh; Intel Mac OS X 10_15_7) AppleWebKit/537.36 (KHTML, like Gecko) Chrome/135.0.0.0 Safari/537.36"
216.73.216.247 - - [09/Jun/2025:20:43:44 -0400] "GET /detail/liabl62899541.html HTTP/1.1" 301 0 "-" "Mozilla/5.0 AppleWebKit/537.36 (KHTML, like Gecko; compatible; ClaudeBot/1.0; [email protected])"
216.73.216.247 - - [09/Jun/2025:20:43:45 -0400] "GET /detail/subtr20790921.html HTTP/1.1" 301 0 "-" "Mozilla/5.0 AppleWebKit/537.36 (KHTML, like Gecko; compatible; ClaudeBot/1.0; [email protected])"
174.62.80.109 - - [09/Jun/2025:20:43:48 -0400] "GET /manga/farming-life-in-another-world-chapter-16/ HTTP/1.1" 200 34543 "https://isekainonbirinoukachapters.com/manga/farming-life-in-another-world-chapter-15/" "Mozilla/5.0 (Macintosh; Intel Mac OS X 10_15_7) AppleWebKit/537.36 (KHTML, like Gecko) Chrome/135.0.0.0 Safari/537.36"
174.62.80.109 - - [09/Jun/2025:20:43:56 -0400] "POST /wp-admin/admin-ajax.php HTTP/1.1" 200 61 "https://isekainonbirinoukachapters.com/manga/farming-life-in-another-world-chapter-16/" "Mozilla/5.0 (Macintosh; Intel Mac OS X 10_15_7) AppleWebKit/537.36 (KHTML, like Gecko) Chrome/135.0.0.0 Safari/537.36"
112.198.99.120 - - [09/Jun/2025:20:44:10 -0400] "GET /manga/farming-life-in-another-world-chapter-45/ HTTP/1.1" 200 34487 "https://isekainonbirinoukachapters.com/" "Mozilla/5.0 (Linux; Android 10; K) AppleWebKit/537.36 (KHTML, like Gecko) Chrome/137.0.0.0 Mobile Safari/537.36"
139.135.192.136 - - [09/Jun/2025:20:44:13 -0400] "GET /manga/farming-life-in-another-world-chapter-255/ HTTP/1.1" 200 34437 "https://isekainonbirinoukachapters.com/manga/farming-life-in-another-world-chapter-254/" "Mozilla/5.0 (X11; Linux x86_64) AppleWebKit/537.36 (KHTML, like Gecko) Chrome/137.0.0.0 Safari/537.36"
216.73.216.247 - - [09/Jun/2025:20:44:15 -0400] "GET /detail/augus62304205.html HTTP/1.1" 301 0 "-" "Mozilla/5.0 AppleWebKit/537.36 (KHTML, like Gecko; compatible; ClaudeBot/1.0; [email protected])"
139.135.192.136 - - [09/Jun/2025:20:44:15 -0400] "GET /manga/farming-life-in-another-world-chapter-255/ HTTP/1.1" 200 34437 "https://isekainonbirinoukachapters.com/manga/farming-life-in-another-world-chapter-254/" "Mozilla/5.0 (X11; Linux x86_64) AppleWebKit/537.36 (KHTML, like Gecko) Chrome/137.0.0.0 Safari/537.36"
216.73.216.247 - - [09/Jun/2025:20:44:16 -0400] "GET /detail/pair60976221.html HTTP/1.1" 301 0 "-" "Mozilla/5.0 AppleWebKit/537.36 (KHTML, like Gecko; compatible; ClaudeBot/1.0; [email protected])"
216.73.216.247 - - [09/Jun/2025:20:44:16 -0400] "GET /detail/sake82451391.html HTTP/1.1" 301 0 "-" "Mozilla/5.0 AppleWebKit/537.36 (KHTML, like Gecko; compatible; ClaudeBot/1.0; [email protected])"
139.135.192.136 - - [09/Jun/2025:20:44:16 -0400] "POST /wp-admin/admin-ajax.php HTTP/1.1" 200 61 "https://isekainonbirinoukachapters.com/manga/farming-life-in-another-world-chapter-255/" "Mozilla/5.0 (X11; Linux x86_64) AppleWebKit/537.36 (KHTML, like Gecko) Chrome/137.0.0.0 Safari/537.36"
216.73.216.247 - - [09/Jun/2025:20:44:17 -0400] "GET /detail/que21759937.html HTTP/1.1" 301 0 "-" "Mozilla/5.0 AppleWebKit/537.36 (KHTML, like Gecko; compatible; ClaudeBot/1.0; [email protected])"
112.198.99.120 - - [09/Jun/2025:20:44:17 -0400] "POST /wp-admin/admin-ajax.php HTTP/1.1" 200 61 "https://isekainonbirinoukachapters.com/manga/farming-life-in-another-world-chapter-45/" "Mozilla/5.0 (Linux; Android 10; K) AppleWebKit/537.36 (KHTML, like Gecko) Chrome/137.0.0.0 Mobile Safari/537.36"
216.73.216.247 - - [09/Jun/2025:20:44:19 -0400] "GET /detail/such31493050.html HTTP/1.1" 301 0 "-" "Mozilla/5.0 AppleWebKit/537.36 (KHTML, like Gecko; compatible; ClaudeBot/1.0; [email protected])"
216.73.216.247 - - [09/Jun/2025:20:44:20 -0400] "GET /detail/drift22330649.html HTTP/1.1" 301 0 "-" "Mozilla/5.0 AppleWebKit/537.36 (KHTML, like Gecko; compatible; ClaudeBot/1.0; [email protected])"
216.73.216.247 - - [09/Jun/2025:20:44:20 -0400] "GET /detail/con30177354.html HTTP/1.1" 301 0 "-" "Mozilla/5.0 AppleWebKit/537.36 (KHTML, like Gecko; compatible; ClaudeBot/1.0; [email protected])"
216.73.216.247 - - [09/Jun/2025:20:44:21 -0400] "GET /detail/targe21155761.html HTTP/1.1" 301 0 "-" "Mozilla/5.0 AppleWebKit/537.36 (KHTML, like Gecko; compatible; ClaudeBot/1.0; [email protected])"
216.73.216.247 - - [09/Jun/2025:20:44:22 -0400] "GET /detail/brick30254866.html HTTP/1.1" 301 0 "-" "Mozilla/5.0 AppleWebKit/537.36 (KHTML, like Gecko; compatible; ClaudeBot/1.0; [email protected])"
216.73.216.247 - - [09/Jun/2025:20:44:23 -0400] "GET /detail/enric81081951.html HTTP/1.1" 301 0 "-" "Mozilla/5.0 AppleWebKit/537.36 (KHTML, like Gecko; compatible; ClaudeBot/1.0; [email protected])"
216.73.216.247 - - [09/Jun/2025:20:44:24 -0400] "GET /detail/loud32176466.html HTTP/1.1" 301 0 "-" "Mozilla/5.0 AppleWebKit/537.36 (KHTML, like Gecko; compatible; ClaudeBot/1.0; [email protected])"
216.73.216.247 - - [09/Jun/2025:20:44:25 -0400] "GET /detail/least51172676.html HTTP/1.1" 301 0 "-" "Mozilla/5.0 AppleWebKit/537.36 (KHTML, like Gecko; compatible; ClaudeBot/1.0; [email protected])"
216.73.216.247 - - [09/Jun/2025:20:44:26 -0400] "GET /detail/sin42647787.html HTTP/1.1" 301 0 "-" "Mozilla/5.0 AppleWebKit/537.36 (KHTML, like Gecko; compatible; ClaudeBot/1.0; [email protected])"
216.73.216.247 - - [09/Jun/2025:20:44:28 -0400] "GET /detail/certa31352570.html HTTP/1.1" 301 0 "-" "Mozilla/5.0 AppleWebKit/537.36 (KHTML, like Gecko; compatible; ClaudeBot/1.0; [email protected])"
216.73.216.247 - - [09/Jun/2025:20:44:28 -0400] "GET /detail/selfi12874256.html HTTP/1.1" 301 0 "-" "Mozilla/5.0 AppleWebKit/537.36 (KHTML, like Gecko; compatible; ClaudeBot/1.0; [email protected])"
216.73.216.247 - - [09/Jun/2025:20:44:29 -0400] "GET /detail/neigh20589617.html HTTP/1.1" 301 0 "-" "Mozilla/5.0 AppleWebKit/537.36 (KHTML, like Gecko; compatible; ClaudeBot/1.0; [email protected])"
162.0.232.193 - - [09/Jun/2025:20:44:34 -0400] "POST /wp-cron.php?doing_wp_cron=1749516274.1397609710693359375000 HTTP/1.1" 200 0 "-" "WordPress/6.8.1; https://isekainonbirinoukachapters.com"
216.73.216.247 - - [09/Jun/2025:20:44:32 -0400] "GET /detail/ineff62315525.html HTTP/1.1" 301 0 "-" "Mozilla/5.0 AppleWebKit/537.36 (KHTML, like Gecko; compatible; ClaudeBot/1.0; [email protected])"
162.0.232.193 - - [09/Jun/2025:20:44:35 -0400] "POST /wp-cron.php?doing_wp_cron=1749516275.3357639312744140625000 HTTP/1.1" 200 0 "-" "WordPress/6.8.1; https://isekainonbirinoukachapters.com"
216.73.216.247 - - [09/Jun/2025:20:44:32 -0400] "GET /detail/shout80300063.html HTTP/1.1" 301 0 "-" "Mozilla/5.0 AppleWebKit/537.36 (KHTML, like Gecko; compatible; ClaudeBot/1.0; [email protected])"
216.73.216.247 - - [09/Jun/2025:20:44:35 -0400] "GET /detail/silve22721585.html HTTP/1.1" 301 0 "-" "Mozilla/5.0 AppleWebKit/537.36 (KHTML, like Gecko; compatible; ClaudeBot/1.0; [email protected])"
8.217.211.159 - - [09/Jun/2025:20:45:10 -0400] "GET /?p=2108 HTTP/1.1" 200 0 "-" "AliyunSecBot/Aliyun ([email protected])"
162.0.232.193 - - [09/Jun/2025:20:45:29 -0400] "POST /wp-cron.php?doing_wp_cron=1749516328.4378859996795654296875 HTTP/1.1" 200 0 "-" "WordPress/6.8.1; https://isekainonbirinoukachapters.com"
216.73.216.247 - - [09/Jun/2025:20:45:25 -0400] "GET /detail/deed51586932.html HTTP/1.1" 200 0 "-" "Mozilla/5.0 AppleWebKit/537.36 (KHTML, like Gecko; compatible; ClaudeBot/1.0; [email protected])"
216.73.216.247 - - [09/Jun/2025:20:45:25 -0400] "GET /detail/parli20219601.html HTTP/1.1" 200 0 "-" "Mozilla/5.0 AppleWebKit/537.36 (KHTML, like Gecko; compatible; ClaudeBot/1.0; [email protected])"
216.73.216.247 - - [09/Jun/2025:20:45:35 -0400] "GET /detail/lugga42143147.html HTTP/1.1" 200 0 "-" "Mozilla/5.0 AppleWebKit/537.36 (KHTML, like Gecko; compatible; ClaudeBot/1.0; [email protected])"
216.73.216.247 - - [09/Jun/2025:20:45:35 -0400] "GET /detail/elast22770529.html HTTP/1.1" 200 0 "-" "Mozilla/5.0 AppleWebKit/537.36 (KHTML, like Gecko; compatible; ClaudeBot/1.0; [email protected])"
194.35.122.58 - - [09/Jun/2025:20:45:27 -0400] "HEAD /GpFrwTJK2iuMX-FF6aACnz1ZIOuswARySJPcCimSko10cgkppSMbDu-Bia6XreCPFPA2-rGhxrhh9Kwt79oqYQ== HTTP/1.1" 301 0 "https://isekainonbirinoukachapters.com/manga/farming-life-in-another-world-chapter-54/" "Mozilla/5.0 (Windows NT 10.0; Win64; x64) AppleWebKit/537.36 (KHTML, like Gecko) Chrome/134.0.0.0 Safari/537.36 OPR/119.0.0.0"
2601:14b:4b81:e810:6614:c452:81ea:ee62 - - [09/Jun/2025:20:45:15 -0400] "GET /manga/farming-life-in-another-world-chapter-45/ HTTP/1.1" 200 34062 "https://isekainonbirinoukachapters.com/manga/farming-life-in-another-world-chapter-44/" "Mozilla/5.0 (Linux; Android 10; K) AppleWebKit/537.36 (KHTML, like Gecko) Chrome/137.0.0.0 Mobile Safari/537.36"
2601:14b:4b81:e810:6614:c452:81ea:ee62 - - [09/Jun/2025:20:45:25 -0400] "GET /manga/farming-life-in-another-world-chapter-45/ HTTP/1.1" 200 34062 "https://isekainonbirinoukachapters.com/manga/farming-life-in-another-world-chapter-44/" "Mozilla/5.0 (Linux; Android 10; K) AppleWebKit/537.36 (KHTML, like Gecko) Chrome/137.0.0.0 Mobile Safari/537.36"
194.35.122.58 - - [09/Jun/2025:20:45:48 -0400] "HEAD / HTTP/1.1" 200 0 "https://isekainonbirinoukachapters.com/manga/farming-life-in-another-world-chapter-54/" "Mozilla/5.0 (Windows NT 10.0; Win64; x64) AppleWebKit/537.36 (KHTML, like Gecko) Chrome/134.0.0.0 Safari/537.36 OPR/119.0.0.0"
216.73.216.247 - - [09/Jun/2025:20:45:45 -0400] "GET /detail/one20724297.html HTTP/1.1" 200 0 "-" "Mozilla/5.0 AppleWebKit/537.36 (KHTML, like Gecko; compatible; ClaudeBot/1.0; [email protected])"
216.73.216.247 - - [09/Jun/2025:20:45:45 -0400] "GET /detail/soca40891699.html HTTP/1.1" 200 0 "-" "Mozilla/5.0 AppleWebKit/537.36 (KHTML, like Gecko; compatible; ClaudeBot/1.0; [email protected])"
162.0.232.193 - - [09/Jun/2025:20:45:59 -0400] "GET /wp-content/uploads/89b93a66fa29a678cbd60ff176e1ea9a_1973.xml HTTP/1.1" 200 1362 "-" "Mozilla/5.0 (X11; Linux x86_64) AppleWebKit/537.36 (KHTML, like Gecko) Ubuntu Chromium/41.0.2272.76"
216.73.216.247 - - [09/Jun/2025:20:45:55 -0400] "GET /detail/outco81270359.html HTTP/1.1" 200 0 "-" "Mozilla/5.0 AppleWebKit/537.36 (KHTML, like Gecko; compatible; ClaudeBot/1.0; [email protected])"
2601:14b:4b81:e810:6614:c452:81ea:ee62 - - [09/Jun/2025:20:45:45 -0400] "GET /manga/farming-life-in-another-world-chapter-45/ HTTP/1.1" 200 34062 "https://isekainonbirinoukachapters.com/manga/farming-life-in-another-world-chapter-44/" "Mozilla/5.0 (Linux; Android 10; K) AppleWebKit/537.36 (KHTML, like Gecko) Chrome/137.0.0.0 Mobile Safari/537.36"
216.73.216.247 - - [09/Jun/2025:20:46:06 -0400] "GET /detail/highl41374363.html HTTP/1.1" 200 0 "-" "Mozilla/5.0 AppleWebKit/537.36 (KHTML, like Gecko; compatible; ClaudeBot/1.0; [email protected])"
2601:14b:4b81:e810:6614:c452:81ea:ee62 - - [09/Jun/2025:20:46:01 -0400] "GET /manga/farming-life-in-another-world-chapter-45/ HTTP/1.1" 200 34062 "https://isekainonbirinoukachapters.com/manga/farming-life-in-another-world-chapter-44/" "Mozilla/5.0 (Linux; Android 10; K) AppleWebKit/537.36 (KHTML, like Gecko) Chrome/137.0.0.0 Mobile Safari/537.36"
216.73.216.247 - - [09/Jun/2025:20:46:17 -0400] "GET /detail/infec82575151.html HTTP/1.1" 200 0 "-" "Mozilla/5.0 AppleWebKit/537.36 (KHTML, like Gecko; compatible; ClaudeBot/1.0; [email protected])"
216.73.216.247 - - [09/Jun/2025:20:46:18 -0400] "GET /detail/con30549354.html HTTP/1.1" 200 0 "-" "Mozilla/5.0 AppleWebKit/537.36 (KHTML, like Gecko; compatible; ClaudeBot/1.0; [email protected])"
162.0.232.193 - - [09/Jun/2025:20:46:29 -0400] "POST /wp-cron.php?doing_wp_cron=1749516388.8342568874359130859375 HTTP/1.1" 200 0 "-" "WordPress/6.8.1; https://isekainonbirinoukachapters.com"
162.0.232.193 - - [09/Jun/2025:20:46:32 -0400] "POST /wp-cron.php?doing_wp_cron=1749516391.5371930599212646484375 HTTP/1.1" 200 0 "-" "WordPress/6.8.1; https://isekainonbirinoukachapters.com"
216.73.216.247 - - [09/Jun/2025:20:46:27 -0400] "GET /detail/provi32144194.html HTTP/1.1" 200 0 "-" "Mozilla/5.0 AppleWebKit/537.36 (KHTML, like Gecko; compatible; ClaudeBot/1.0; [email protected])"
2601:14b:4b81:e810:6614:c452:81ea:ee62 - - [09/Jun/2025:20:46:08 -0400] "GET /manga/farming-life-in-another-world-chapter-45/ HTTP/1.1" 200 0 "https://isekainonbirinoukachapters.com/manga/farming-life-in-another-world-chapter-44/" "Mozilla/5.0 (Linux; Android 10; K) AppleWebKit/537.36 (KHTML, like Gecko) Chrome/137.0.0.0 Mobile Safari/537.36"
216.73.216.247 - - [09/Jun/2025:20:46:38 -0400] "GET /detail/symph61913565.html HTTP/1.1" 200 0 "-" "Mozilla/5.0 AppleWebKit/537.36 (KHTML, like Gecko; compatible; ClaudeBot/1.0; [email protected])"
216.73.216.247 - - [09/Jun/2025:20:46:50 -0400] "GET /detail/bucke81799015.html HTTP/1.1" 200 0 "-" "Mozilla/5.0 AppleWebKit/537.36 (KHTML, like Gecko; compatible; ClaudeBot/1.0; [email protected])"
162.0.232.193 - - [09/Jun/2025:20:47:01 -0400] "POST /wp-cron.php?doing_wp_cron=1749516420.7380480766296386718750 HTTP/1.1" 200 0 "-" "WordPress/6.8.1; https://isekainonbirinoukachapters.com"
216.73.216.247 - - [09/Jun/2025:20:47:00 -0400] "GET /detail/luck42760579.html HTTP/1.1" 200 0 "-" "Mozilla/5.0 AppleWebKit/537.36 (KHTML, like Gecko; compatible; ClaudeBot/1.0; [email protected])"
216.73.216.247 - - [09/Jun/2025:20:47:11 -0400] "GET /detail/cool80772231.html HTTP/1.1" 200 0 "-" "Mozilla/5.0 AppleWebKit/537.36 (KHTML, like Gecko; compatible; ClaudeBot/1.0; [email protected])"
216.73.216.247 - - [09/Jun/2025:20:47:18 -0400] "GET /detail/boot51867388.html HTTP/1.1" 200 0 "-" "Mozilla/5.0 AppleWebKit/537.36 (KHTML, like Gecko; compatible; ClaudeBot/1.0; [email protected])"
162.0.232.193 - - [09/Jun/2025:20:47:32 -0400] "POST /wp-cron.php?doing_wp_cron=1749516451.8355829715728759765625 HTTP/1.1" 200 0 "-" "WordPress/6.8.1; https://isekainonbirinoukachapters.com"
216.73.216.247 - - [09/Jun/2025:20:47:28 -0400] "GET /detail/exam30725562.html HTTP/1.1" 200 0 "-" "Mozilla/5.0 AppleWebKit/537.36 (KHTML, like Gecko; compatible; ClaudeBot/1.0; [email protected])"
216.73.216.247 - - [09/Jun/2025:20:47:39 -0400] "GET /detail/nowad71442686.html HTTP/1.1" 200 0 "-" "Mozilla/5.0 AppleWebKit/537.36 (KHTML, like Gecko; compatible; ClaudeBot/1.0; [email protected])"
216.73.216.247 - - [09/Jun/2025:20:47:49 -0400] "GET /detail/flood32734858.html HTTP/1.1" 301 0 "-" "Mozilla/5.0 AppleWebKit/537.36 (KHTML, like Gecko; compatible; ClaudeBot/1.0; [email protected])"
162.0.232.193 - - [09/Jun/2025:20:48:06 -0400] "POST /wp-cron.php?doing_wp_cron=1749516485.8330440521240234375000 HTTP/1.1" 200 0 "-" "WordPress/6.8.1; https://isekainonbirinoukachapters.com"
216.73.216.247 - - [09/Jun/2025:20:47:58 -0400] "GET /detail/retre21994305.html HTTP/1.1" 301 0 "-" "Mozilla/5.0 AppleWebKit/537.36 (KHTML, like Gecko; compatible; ClaudeBot/1.0; [email protected])"
216.73.216.247 - - [09/Jun/2025:20:48:07 -0400] "GET /detail/steep50618316.html HTTP/1.1" 200 0 "-" "Mozilla/5.0 AppleWebKit/537.36 (KHTML, like Gecko; compatible; ClaudeBot/1.0; [email protected])"
162.0.232.193 - - [09/Jun/2025:20:48:20 -0400] "GET /wp-content/uploads/89b93a66fa29a678cbd60ff176e1ea9a_1973.xml HTTP/1.1" 200 1362 "-" "Mozilla/5.0 (X11; Linux x86_64) AppleWebKit/537.36 (KHTML, like Gecko) Ubuntu Chromium/41.0.2272.76"
20.191.45.212 - - [09/Jun/2025:20:48:16 -0400] "GET / HTTP/1.1" 200 0 "https://isekainonbirinoukachapters.com/" "DuckDuckBot/1.1; (+http://duckduckgo.com/duckduckbot.html)"
20.191.45.212 - - [09/Jun/2025:20:48:25 -0400] "GET /favicon.ico HTTP/1.1" 404 1251 "https://isekainonbirinoukachapters.com/favicon.ico" "DuckDuckBot/1.1; (+http://duckduckgo.com/duckduckbot.html)"
216.73.216.247 - - [09/Jun/2025:20:48:17 -0400] "GET /detail/minis51662532.html HTTP/1.1" 200 0 "-" "Mozilla/5.0 AppleWebKit/537.36 (KHTML, like Gecko; compatible; ClaudeBot/1.0; [email protected])"
2601:14b:4b81:e810:6614:c452:81ea:ee62 - - [09/Jun/2025:20:48:30 -0400] "GET /manga/farming-life-in-another-world-chapter-45/ HTTP/1.1" 200 0 "https://isekainonbirinoukachapters.com/manga/farming-life-in-another-world-chapter-44/" "Mozilla/5.0 (Linux; Android 10; K) AppleWebKit/537.36 (KHTML, like Gecko) Chrome/137.0.0.0 Mobile Safari/537.36"
216.73.216.247 - - [09/Jun/2025:20:48:28 -0400] "GET /detail/port80267455.html HTTP/1.1" 200 0 "-" "Mozilla/5.0 AppleWebKit/537.36 (KHTML, like Gecko; compatible; ClaudeBot/1.0; [email protected])"
194.35.122.58 - - [09/Jun/2025:20:48:27 -0400] "HEAD /GpFrwTJK2iuMX-FF6aACnz1ZIOuswARySJPcCimSko10cgkppSMbDu-Bia6XreCPFPA2-rGhxrhh9Kwt79oqYQ== HTTP/1.1" 301 0 "https://isekainonbirinoukachapters.com/manga/farming-life-in-another-world-chapter-54/" "Mozilla/5.0 (Windows NT 10.0; Win64; x64) AppleWebKit/537.36 (KHTML, like Gecko) Chrome/134.0.0.0 Safari/537.36 OPR/119.0.0.0"
216.73.216.247 - - [09/Jun/2025:20:48:38 -0400] "GET /detail/pig51272804.html HTTP/1.1" 200 0 "-" "Mozilla/5.0 AppleWebKit/537.36 (KHTML, like Gecko; compatible; ClaudeBot/1.0; [email protected])"
216.73.216.247 - - [09/Jun/2025:20:48:49 -0400] "GET /detail/anima32532962.html HTTP/1.1" 200 0 "-" "Mozilla/5.0 AppleWebKit/537.36 (KHTML, like Gecko; compatible; ClaudeBot/1.0; [email protected])"
216.73.216.247 - - [09/Jun/2025:20:49:00 -0400] "GET /detail/flame21795569.html HTTP/1.1" 200 0 "-" "Mozilla/5.0 AppleWebKit/537.36 (KHTML, like Gecko; compatible; ClaudeBot/1.0; [email protected])"
162.0.232.193 - - [09/Jun/2025:20:49:13 -0400] "POST /wp-cron.php?doing_wp_cron=1749516552.2349789142608642578125 HTTP/1.1" 200 0 "-" "WordPress/6.8.1; https://isekainonbirinoukachapters.com"
216.73.216.247 - - [09/Jun/2025:20:49:09 -0400] "GET /detail/cease70035006.html HTTP/1.1" 200 0 "-" "Mozilla/5.0 AppleWebKit/537.36 (KHTML, like Gecko; compatible; ClaudeBot/1.0; [email protected])"
162.0.232.193 - - [09/Jun/2025:20:49:19 -0400] "POST /wp-cron.php?doing_wp_cron=1749516558.6401300430297851562500 HTTP/1.1" 200 0 "-" "WordPress/6.8.1; https://isekainonbirinoukachapters.com"
162.0.232.193 - - [09/Jun/2025:20:49:20 -0400] "POST /wp-cron.php?doing_wp_cron=1749516559.8408639430999755859375 HTTP/1.1" 200 0 "-" "WordPress/6.8.1; https://isekainonbirinoukachapters.com"
20.171.207.143 - - [09/Jun/2025:20:49:10 -0400] "GET /detail/arm30388298.html HTTP/1.1" 301 0 "-" "Mozilla/5.0 AppleWebKit/537.36 (KHTML, like Gecko; compatible; GPTBot/1.2; +https://openai.com/gptbot)"
216.73.216.247 - - [09/Jun/2025:20:49:20 -0400] "GET /detail/wides21449977.html HTTP/1.1" 200 0 "-" "Mozilla/5.0 AppleWebKit/537.36 (KHTML, like Gecko; compatible; ClaudeBot/1.0; [email protected])"
216.73.216.247 - - [09/Jun/2025:20:49:31 -0400] "GET /detail/view72517630.html HTTP/1.1" 200 0 "-" "Mozilla/5.0 AppleWebKit/537.36 (KHTML, like Gecko; compatible; ClaudeBot/1.0; [email protected])"
216.73.216.247 - - [09/Jun/2025:20:49:42 -0400] "GET /detail/know20445769.html HTTP/1.1" 200 0 "-" "Mozilla/5.0 AppleWebKit/537.36 (KHTML, like Gecko; compatible; ClaudeBot/1.0; [email protected])"
20.171.207.143 - - [09/Jun/2025:20:49:22 -0400] "GET / HTTP/1.1" 200 0 "-" "Mozilla/5.0 AppleWebKit/537.36 (KHTML, like Gecko; compatible; GPTBot/1.2; +https://openai.com/gptbot)"
162.0.232.193 - - [09/Jun/2025:20:49:57 -0400] "POST /wp-cron.php?doing_wp_cron=1749516596.0385069847106933593750 HTTP/1.1" 200 0 "-" "WordPress/6.8.1; https://isekainonbirinoukachapters.com"
216.73.216.247 - - [09/Jun/2025:20:49:52 -0400] "GET /detail/jolly50527316.html HTTP/1.1" 200 0 "-" "Mozilla/5.0 AppleWebKit/537.36 (KHTML, like Gecko; compatible; ClaudeBot/1.0; [email protected])"
216.73.216.247 - - [09/Jun/2025:20:50:01 -0400] "GET /detail/russi21152313.html HTTP/1.1" 200 0 "-" "Mozilla/5.0 AppleWebKit/537.36 (KHTML, like Gecko; compatible; ClaudeBot/1.0; [email protected])"
162.0.232.193 - - [09/Jun/2025:20:50:19 -0400] "GET /wp-content/uploads/89b93a66fa29a678cbd60ff176e1ea9a_1973.xml HTTP/1.1" 200 1362 "-" "Mozilla/5.0 (X11; Linux x86_64) AppleWebKit/537.36 (KHTML, like Gecko) Ubuntu Chromium/41.0.2272.76"
216.73.216.247 - - [09/Jun/2025:20:50:12 -0400] "GET /detail/recha61414237.html HTTP/1.1" 200 0 "-" "Mozilla/5.0 AppleWebKit/537.36 (KHTML, like Gecko; compatible; ClaudeBot/1.0; [email protected])"
216.73.216.247 - - [09/Jun/2025:20:50:22 -0400] "GET /detail/once70852470.html HTTP/1.1" 200 0 "-" "Mozilla/5.0 AppleWebKit/537.36 (KHTML, like Gecko; compatible; ClaudeBot/1.0; [email protected])"
216.73.216.247 - - [09/Jun/2025:20:50:33 -0400] "GET /detail/dead80356471.html HTTP/1.1" 200 0 "-" "Mozilla/5.0 AppleWebKit/537.36 (KHTML, like Gecko; compatible; ClaudeBot/1.0; [email protected])"
216.73.216.247 - - [09/Jun/2025:20:50:44 -0400] "GET /detail/small32564682.html HTTP/1.1" 200 0 "-" "Mozilla/5.0 AppleWebKit/537.36 (KHTML, like Gecko; compatible; ClaudeBot/1.0; [email protected])"
162.0.232.193 - - [09/Jun/2025:20:51:02 -0400] "POST /wp-cron.php?doing_wp_cron=1749516661.1346819400787353515625 HTTP/1.1" 200 0 "-" "WordPress/6.8.1; https://isekainonbirinoukachapters.com"
162.0.232.193 - - [09/Jun/2025:20:51:02 -0400] "POST /wp-cron.php?doing_wp_cron=1749516661.8362410068511962890625 HTTP/1.1" 200 0 "-" "WordPress/6.8.1; https://isekainonbirinoukachapters.com"
216.73.216.247 - - [09/Jun/2025:20:50:54 -0400] "GET /detail/dusk40295211.html HTTP/1.1" 301 0 "-" "Mozilla/5.0 AppleWebKit/537.36 (KHTML, like Gecko; compatible; ClaudeBot/1.0; [email protected])"
216.73.216.247 - - [09/Jun/2025:20:51:03 -0400] "GET /detail/gathe32166874.html HTTP/1.1" 200 0 "-" "Mozilla/5.0 AppleWebKit/537.36 (KHTML, like Gecko; compatible; ClaudeBot/1.0; [email protected])"
216.73.216.247 - - [09/Jun/2025:20:51:14 -0400] "GET /detail/whom81536335.html HTTP/1.1" 200 0 "-" "Mozilla/5.0 AppleWebKit/537.36 (KHTML, like Gecko; compatible; ClaudeBot/1.0; [email protected])"
162.0.232.193 - - [09/Jun/2025:20:51:33 -0400] "POST /wp-cron.php?doing_wp_cron=1749516692.4396660327911376953125 HTTP/1.1" 200 0 "-" "WordPress/6.8.1; https://isekainonbirinoukachapters.com"
216.73.216.247 - - [09/Jun/2025:20:51:24 -0400] "GET /detail/orien40786771.html HTTP/1.1" 301 0 "-" "Mozilla/5.0 AppleWebKit/537.36 (KHTML, like Gecko; compatible; ClaudeBot/1.0; [email protected])"
52.167.144.222 - - [09/Jun/2025:20:51:20 -0400] "GET /manga/farming-life-in-another-world-chapter-193/feed/ HTTP/1.1" 200 468 "-" "Mozilla/5.0 AppleWebKit/537.36 (KHTML, like Gecko; compatible; bingbot/2.0; +http://www.bing.com/bingbot.htm) Chrome/116.0.1938.76 Safari/537.36"
216.73.216.247 - - [09/Jun/2025:20:51:34 -0400] "GET /detail/jungl71081654.html HTTP/1.1" 301 0 "-" "Mozilla/5.0 AppleWebKit/537.36 (KHTML, like Gecko; compatible; ClaudeBot/1.0; [email protected])"
216.73.216.247 - - [09/Jun/2025:20:51:42 -0400] "GET /detail/amoun32473674.html HTTP/1.1" 301 0 "-" "Mozilla/5.0 AppleWebKit/537.36 (KHTML, like Gecko; compatible; ClaudeBot/1.0; [email protected])"
216.73.216.247 - - [09/Jun/2025:20:51:46 -0400] "GET /detail/affec42553883.html HTTP/1.1" 200 0 "-" "Mozilla/5.0 AppleWebKit/537.36 (KHTML, like Gecko; compatible; ClaudeBot/1.0; [email protected])"
162.0.232.193 - - [09/Jun/2025:20:52:04 -0400] "POST /wp-cron.php?doing_wp_cron=1749516723.7538790702819824218750 HTTP/1.1" 200 0 "-" "WordPress/6.8.1; https://isekainonbirinoukachapters.com"
216.73.216.247 - - [09/Jun/2025:20:51:54 -0400] "GET /detail/reass11550408.html HTTP/1.1" 200 0 "-" "Mozilla/5.0 AppleWebKit/537.36 (KHTML, like Gecko; compatible; ClaudeBot/1.0; [email protected])"
216.73.216.247 - - [09/Jun/2025:20:52:05 -0400] "GET /detail/thing40288891.html HTTP/1.1" 200 0 "-" "Mozilla/5.0 AppleWebKit/537.36 (KHTML, like Gecko; compatible; ClaudeBot/1.0; [email protected])"
162.0.232.193 - - [09/Jun/2025:20:52:22 -0400] "GET /wp-content/uploads/89b93a66fa29a678cbd60ff176e1ea9a_1973.xml HTTP/1.1" 200 1362 "-" "Mozilla/5.0 (X11; Linux x86_64) AppleWebKit/537.36 (KHTML, like Gecko) Ubuntu Chromium/41.0.2272.76"
216.73.216.247 - - [09/Jun/2025:20:52:16 -0400] "GET /detail/peer71214390.html HTTP/1.1" 200 0 "-" "Mozilla/5.0 AppleWebKit/537.36 (KHTML, like Gecko; compatible; ClaudeBot/1.0; [email protected])"
216.73.216.247 - - [09/Jun/2025:20:52:27 -0400] "GET /detail/enoug12229104.html HTTP/1.1" 301 0 "-" "Mozilla/5.0 AppleWebKit/537.36 (KHTML, like Gecko; compatible; ClaudeBot/1.0; [email protected])"
216.73.216.247 - - [09/Jun/2025:20:52:37 -0400] "GET /detail/dark71408038.html HTTP/1.1" 301 0 "-" "Mozilla/5.0 AppleWebKit/537.36 (KHTML, like Gecko; compatible; ClaudeBot/1.0; [email protected])"
216.73.216.247 - - [09/Jun/2025:20:52:46 -0400] "GET /detail/cd71253142.html HTTP/1.1" 301 0 "-" "Mozilla/5.0 AppleWebKit/537.36 (KHTML, like Gecko; compatible; ClaudeBot/1.0; [email protected])"
216.73.216.247 - - [09/Jun/2025:20:52:51 -0400] "GET /detail/punis80184807.html HTTP/1.1" 200 0 "-" "Mozilla/5.0 AppleWebKit/537.36 (KHTML, like Gecko; compatible; ClaudeBot/1.0; [email protected])"
162.0.232.193 - - [09/Jun/2025:20:53:06 -0400] "POST /wp-cron.php?doing_wp_cron=1749516786.2350919246673583984375 HTTP/1.1" 200 0 "-" "WordPress/6.8.1; https://isekainonbirinoukachapters.com"
216.73.216.247 - - [09/Jun/2025:20:53:01 -0400] "GET /detail/liner41366619.html HTTP/1.1" 301 0 "-" "Mozilla/5.0 AppleWebKit/537.36 (KHTML, like Gecko; compatible; ClaudeBot/1.0; [email protected])"
216.73.216.247 - - [09/Jun/2025:20:53:08 -0400] "GET /detail/upto50495660.html HTTP/1.1" 200 0 "-" "Mozilla/5.0 AppleWebKit/537.36 (KHTML, like Gecko; compatible; ClaudeBot/1.0; [email protected])"
216.73.216.247 - - [09/Jun/2025:20:53:19 -0400] "GET /detail/solar81098647.html HTTP/1.1" 200 0 "-" "Mozilla/5.0 AppleWebKit/537.36 (KHTML, like Gecko; compatible; ClaudeBot/1.0; [email protected])"
216.73.216.247 - - [09/Jun/2025:20:53:30 -0400] "GET /detail/solel51741924.html HTTP/1.1" 200 0 "-" "Mozilla/5.0 AppleWebKit/537.36 (KHTML, like Gecko; compatible; ClaudeBot/1.0; [email protected])"
216.73.216.247 - - [09/Jun/2025:20:53:41 -0400] "GET /detail/goat32312690.html HTTP/1.1" 301 0 "-" "Mozilla/5.0 AppleWebKit/537.36 (KHTML, like Gecko; compatible; ClaudeBot/1.0; [email protected])"
216.73.216.247 - - [09/Jun/2025:20:53:50 -0400] "GET /detail/cerem82390119.html HTTP/1.1" 301 0 "-" "Mozilla/5.0 AppleWebKit/537.36 (KHTML, like Gecko; compatible; ClaudeBot/1.0; [email protected])"
216.73.216.247 - - [09/Jun/2025:20:53:59 -0400] "GET /detail/bound70034790.html HTTP/1.1" 200 0 "-" "Mozilla/5.0 AppleWebKit/537.36 (KHTML, like Gecko; compatible; ClaudeBot/1.0; [email protected])"
162.0.232.193 - - [09/Jun/2025:20:54:11 -0400] "POST /wp-cron.php?doing_wp_cron=1749516850.6340460777282714843750 HTTP/1.1" 200 0 "-" "WordPress/6.8.1; https://isekainonbirinoukachapters.com"
216.73.216.247 - - [09/Jun/2025:20:54:10 -0400] "GET /detail/mains41325843.html HTTP/1.1" 200 0 "-" "Mozilla/5.0 AppleWebKit/537.36 (KHTML, like Gecko; compatible; ClaudeBot/1.0; [email protected])"
216.73.216.247 - - [09/Jun/2025:20:54:21 -0400] "GET /detail/chop71789470.html HTTP/1.1" 200 0 "-" "Mozilla/5.0 AppleWebKit/537.36 (KHTML, like Gecko; compatible; ClaudeBot/1.0; [email protected])"
162.0.232.193 - - [09/Jun/2025:20:54:36 -0400] "GET /wp-content/uploads/89b93a66fa29a678cbd60ff176e1ea9a_1973.xml HTTP/1.1" 200 1362 "-" "Mozilla/5.0 (X11; Linux x86_64) AppleWebKit/537.36 (KHTML, like Gecko) Ubuntu Chromium/41.0.2272.76"
216.73.216.247 - - [09/Jun/2025:20:54:32 -0400] "GET /detail/nucle71298558.html HTTP/1.1" 301 0 "-" "Mozilla/5.0 AppleWebKit/537.36 (KHTML, like Gecko; compatible; ClaudeBot/1.0; [email protected])"
174.62.80.109 - - [09/Jun/2025:20:54:15 -0400] "GET /manga/farming-life-in-another-world-chapter-17/ HTTP/1.1" 200 34486 "-" "Mozilla/5.0 (Macintosh; Intel Mac OS X 10_15_7) AppleWebKit/537.36 (KHTML, like Gecko) Chrome/135.0.0.0 Safari/537.36"
174.62.80.109 - - [09/Jun/2025:20:54:15 -0400] "GET /manga/farming-life-in-another-world-chapter-15/ HTTP/1.1" 200 34015 "-" "Mozilla/5.0 (Macintosh; Intel Mac OS X 10_15_7) AppleWebKit/537.36 (KHTML, like Gecko) Chrome/135.0.0.0 Safari/537.36"
216.73.216.247 - - [09/Jun/2025:20:54:39 -0400] "GET /detail/empir42703427.html HTTP/1.1" 200 0 "-" "Mozilla/5.0 AppleWebKit/537.36 (KHTML, like Gecko; compatible; ClaudeBot/1.0; [email protected])"
216.73.216.247 - - [09/Jun/2025:20:54:50 -0400] "GET /detail/steal51457548.html HTTP/1.1" 200 0 "-" "Mozilla/5.0 AppleWebKit/537.36 (KHTML, like Gecko; compatible; ClaudeBot/1.0; [email protected])"
216.73.216.247 - - [09/Jun/2025:20:54:51 -0400] "GET /detail/lemon60193173.html HTTP/1.1" 301 0 "-" "Mozilla/5.0 AppleWebKit/537.36 (KHTML, like Gecko; compatible; ClaudeBot/1.0; [email protected])"
174.62.80.109 - - [09/Jun/2025:20:54:41 -0400] "GET /manga/farming-life-in-another-world-chapter-17/ HTTP/1.1" 200 34498 "https://isekainonbirinoukachapters.com/manga/farming-life-in-another-world-chapter-16/" "Mozilla/5.0 (Macintosh; Intel Mac OS X 10_15_7) AppleWebKit/537.36 (KHTML, like Gecko) Chrome/135.0.0.0 Safari/537.36"
174.62.80.109 - - [09/Jun/2025:20:55:01 -0400] "GET /wp-includes/js/jquery/jquery-migrate.min.js?ver=3.4.1 HTTP/1.1" 304 0 "https://isekainonbirinoukachapters.com/manga/farming-life-in-another-world-chapter-17/" "Mozilla/5.0 (Macintosh; Intel Mac OS X 10_15_7) AppleWebKit/537.36 (KHTML, like Gecko) Chrome/135.0.0.0 Safari/537.36"
174.62.80.109 - - [09/Jun/2025:20:54:35 -0400] "GET /manga/farming-life-in-another-world-chapter-17/ HTTP/1.1" 200 34497 "https://isekainonbirinoukachapters.com/manga/farming-life-in-another-world-chapter-16/" "Mozilla/5.0 (Macintosh; Intel Mac OS X 10_15_7) AppleWebKit/537.36 (KHTML, like Gecko) Chrome/135.0.0.0 Safari/537.36"
216.73.216.247 - - [09/Jun/2025:20:55:00 -0400] "GET /detail/briti52971300.html HTTP/1.1" 200 0 "-" "Mozilla/5.0 AppleWebKit/537.36 (KHTML, like Gecko; compatible; ClaudeBot/1.0; [email protected])"
162.0.232.193 - - [09/Jun/2025:20:55:20 -0400] "POST /wp-cron.php?doing_wp_cron=1749516919.6364159584045410156250 HTTP/1.1" 200 0 "-" "WordPress/6.8.1; https://isekainonbirinoukachapters.com"
216.73.216.247 - - [09/Jun/2025:20:55:15 -0400] "GET /detail/son71488574.html HTTP/1.1" 301 0 "-" "Mozilla/5.0 AppleWebKit/537.36 (KHTML, like Gecko; compatible; ClaudeBot/1.0; [email protected])"
162.0.232.193 - - [09/Jun/2025:20:55:21 -0400] "POST /wp-cron.php?doing_wp_cron=1749516920.7404201030731201171875 HTTP/1.1" 200 0 "-" "WordPress/6.8.1; https://isekainonbirinoukachapters.com"
174.62.80.109 - - [09/Jun/2025:20:55:01 -0400] "POST /wp-admin/admin-ajax.php HTTP/1.1" 200 61 "https://isekainonbirinoukachapters.com/manga/farming-life-in-another-world-chapter-17/" "Mozilla/5.0 (Macintosh; Intel Mac OS X 10_15_7) AppleWebKit/537.36 (KHTML, like Gecko) Chrome/135.0.0.0 Safari/537.36"
216.73.216.247 - - [09/Jun/2025:20:55:22 -0400] "GET /detail/wide12605024.html HTTP/1.1" 301 0 "-" "Mozilla/5.0 AppleWebKit/537.36 (KHTML, like Gecko; compatible; ClaudeBot/1.0; [email protected])"
216.73.216.247 - - [09/Jun/2025:20:55:29 -0400] "GET /detail/renew31169906.html HTTP/1.1" 301 0 "-" "Mozilla/5.0 AppleWebKit/537.36 (KHTML, like Gecko; compatible; ClaudeBot/1.0; [email protected])"
162.0.232.193 - - [09/Jun/2025:20:55:44 -0400] "POST /wp-cron.php?doing_wp_cron=1749516943.2354850769042968750000 HTTP/1.1" 200 0 "-" "WordPress/6.8.1; https://isekainonbirinoukachapters.com"
216.73.216.247 - - [09/Jun/2025:20:55:36 -0400] "GET /detail/confe80289255.html HTTP/1.1" 301 0 "-" "Mozilla/5.0 AppleWebKit/537.36 (KHTML, like Gecko; compatible; ClaudeBot/1.0; [email protected])"
216.73.216.247 - - [09/Jun/2025:20:55:51 -0400] "GET /detail/ensur32686050.html HTTP/1.1" 301 0 "-" "Mozilla/5.0 AppleWebKit/537.36 (KHTML, like Gecko; compatible; ClaudeBot/1.0; [email protected])"
216.73.216.247 - - [09/Jun/2025:20:56:00 -0400] "GET /detail/shout81240063.html HTTP/1.1" 200 0 "-" "Mozilla/5.0 AppleWebKit/537.36 (KHTML, like Gecko; compatible; ClaudeBot/1.0; [email protected])"
162.0.232.193 - - [09/Jun/2025:20:56:11 -0400] "POST /wp-cron.php?doing_wp_cron=1749516971.0392210483551025390625 HTTP/1.1" 200 0 "-" "WordPress/6.8.1; https://isekainonbirinoukachapters.com"
