2409:40e6:e:d85f:8000:: - - [10/Jun/2025:00:04:23 -0400] "GET / HTTP/1.1" 200 32230 "-" "Mozilla/5.0 (Linux; Android 10; K) AppleWebKit/537.36 (KHTML, like Gecko) Chrome/137.0.0.0 Mobile Safari/537.36"
2409:40e6:e:d85f:8000:: - - [10/Jun/2025:00:04:35 -0400] "GET /manga/farming-life-in-another-world-chapter-30/ HTTP/1.1" 200 34583 "-" "Mozilla/5.0 (Linux; Android 10; K) AppleWebKit/537.36 (KHTML, like Gecko) Chrome/137.0.0.0 Mobile Safari/537.36"
2409:40e6:e:d85f:8000:: - - [10/Jun/2025:00:04:37 -0400] "GET /manga/farming-life-in-another-world-chapter-30/ HTTP/1.1" 200 34590 "https://isekainonbirinoukachapters.com/manga/farming-life-in-another-world-chapter-29/" "Mozilla/5.0 (Linux; Android 10; K) AppleWebKit/537.36 (KHTML, like Gecko) Chrome/137.0.0.0 Mobile Safari/537.36"
216.73.216.247 - - [10/Jun/2025:00:04:40 -0400] "GET /detail/acid42311587.html HTTP/1.1" 301 0 "-" "Mozilla/5.0 AppleWebKit/537.36 (KHTML, like Gecko; compatible; ClaudeBot/1.0; [email protected])"
216.73.216.247 - - [10/Jun/2025:00:04:40 -0400] "GET /detail/hosti71330822.html HTTP/1.1" 301 0 "-" "Mozilla/5.0 AppleWebKit/537.36 (KHTML, like Gecko; compatible; ClaudeBot/1.0; [email protected])"
216.73.216.247 - - [10/Jun/2025:00:04:40 -0400] "GET /detail/shave52786612.html HTTP/1.1" 301 0 "-" "Mozilla/5.0 AppleWebKit/537.36 (KHTML, like Gecko; compatible; ClaudeBot/1.0; [email protected])"
216.73.216.247 - - [10/Jun/2025:00:04:40 -0400] "GET /detail/signi61974381.html HTTP/1.1" 301 0 "-" "Mozilla/5.0 AppleWebKit/537.36 (KHTML, like Gecko; compatible; ClaudeBot/1.0; [email protected])"
216.73.216.247 - - [10/Jun/2025:00:04:40 -0400] "GET /detail/assis21329553.html HTTP/1.1" 301 0 "-" "Mozilla/5.0 AppleWebKit/537.36 (KHTML, like Gecko; compatible; ClaudeBot/1.0; [email protected])"
216.73.216.247 - - [10/Jun/2025:00:04:43 -0400] "GET /detail/evapo81967047.html HTTP/1.1" 301 0 "-" "Mozilla/5.0 AppleWebKit/537.36 (KHTML, like Gecko; compatible; ClaudeBot/1.0; [email protected])"
216.73.216.247 - - [10/Jun/2025:00:04:43 -0400] "GET /detail/grati60031189.html HTTP/1.1" 301 0 "-" "Mozilla/5.0 AppleWebKit/537.36 (KHTML, like Gecko; compatible; ClaudeBot/1.0; [email protected])"
2409:40e6:e:d85f:8000:: - - [10/Jun/2025:00:04:42 -0400] "POST /wp-admin/admin-ajax.php HTTP/1.1" 200 61 "https://isekainonbirinoukachapters.com/manga/farming-life-in-another-world-chapter-30/" "Mozilla/5.0 (Linux; Android 10; K) AppleWebKit/537.36 (KHTML, like Gecko) Chrome/137.0.0.0 Mobile Safari/537.36"
216.73.216.247 - - [10/Jun/2025:00:04:44 -0400] "GET /detail/fax12201648.html HTTP/1.1" 301 0 "-" "Mozilla/5.0 AppleWebKit/537.36 (KHTML, like Gecko; compatible; ClaudeBot/1.0; [email protected])"
2409:40e6:e:d85f:8000:: - - [10/Jun/2025:00:04:45 -0400] "GET / HTTP/1.1" 200 32230 "-" "Mozilla/5.0 (Linux; Android 10; K) AppleWebKit/537.36 (KHTML, like Gecko) Chrome/137.0.0.0 Mobile Safari/537.36"
162.0.232.193 - - [10/Jun/2025:00:05:04 -0400] "POST /wp-cron.php?doing_wp_cron=1749528304.6567230224609375000000 HTTP/1.1" 200 0 "-" "WordPress/6.8.1; https://isekainonbirinoukachapters.com"
114.119.136.24 - - [10/Jun/2025:00:05:03 -0400] "GET /isekai-nonbiri-nouka/ HTTP/1.1" 200 31503 "https://isekainonbirinoukachapters.com/category/farming-life-in-another-world/page/21/" "Mozilla/5.0 (Linux; Android 7.0;) AppleWebKit/537.36 (KHTML, like Gecko) Mobile Safari/537.36 (compatible; PetalBot;+https://webmaster.petalsearch.com/site/petalbot)"
8.217.211.177 - - [10/Jun/2025:00:05:13 -0400] "GET /?p=2085 HTTP/1.1" 301 0 "-" "AliyunSecBot/Aliyun ([email protected])"
8.217.168.144 - - [10/Jun/2025:00:05:15 -0400] "GET /manga/farming-life-in-another-world-chapter-145/ HTTP/1.1" 200 34004 "-" "AliyunSecBot/Aliyun ([email protected])"
162.0.232.193 - - [10/Jun/2025:00:05:38 -0400] "POST /wp-cron.php?doing_wp_cron=1749528338.5660839080810546875000 HTTP/1.1" 200 0 "-" "WordPress/6.8.1; https://isekainonbirinoukachapters.com"
2601:14b:4b81:e810:26a7:8757:4cf0:fb0d - - [10/Jun/2025:00:05:36 -0400] "GET /manga/farming-life-in-another-world-chapter-53/ HTTP/1.1" 200 34107 "https://isekainonbirinoukachapters.com/manga/farming-life-in-another-world-chapter-52/" "Mozilla/5.0 (Linux; Android 10; K) AppleWebKit/537.36 (KHTML, like Gecko) Chrome/137.0.0.0 Mobile Safari/537.36"
216.73.216.247 - - [10/Jun/2025:00:05:40 -0400] "GET /detail/push21392697.html HTTP/1.1" 301 0 "-" "Mozilla/5.0 AppleWebKit/537.36 (KHTML, like Gecko; compatible; ClaudeBot/1.0; [email protected])"
216.73.216.247 - - [10/Jun/2025:00:05:41 -0400] "GET /detail/off30748778.html HTTP/1.1" 301 0 "-" "Mozilla/5.0 AppleWebKit/537.36 (KHTML, like Gecko; compatible; ClaudeBot/1.0; [email protected])"
216.73.216.247 - - [10/Jun/2025:00:05:40 -0400] "GET /detail/suitc62541525.html HTTP/1.1" 301 0 "-" "Mozilla/5.0 AppleWebKit/537.36 (KHTML, like Gecko; compatible; ClaudeBot/1.0; [email protected])"
216.73.216.247 - - [10/Jun/2025:00:05:41 -0400] "GET /detail/tyre40607547.html HTTP/1.1" 301 0 "-" "Mozilla/5.0 AppleWebKit/537.36 (KHTML, like Gecko; compatible; ClaudeBot/1.0; [email protected])"
216.73.216.247 - - [10/Jun/2025:00:05:41 -0400] "GET /detail/theme50057420.html HTTP/1.1" 301 0 "-" "Mozilla/5.0 AppleWebKit/537.36 (KHTML, like Gecko; compatible; ClaudeBot/1.0; [email protected])"
2601:14b:4b81:e810:26a7:8757:4cf0:fb0d - - [10/Jun/2025:00:05:41 -0400] "GET /manga/farming-life-in-another-world-chapter-53/ HTTP/1.1" 200 34107 "https://isekainonbirinoukachapters.com/manga/farming-life-in-another-world-chapter-52/" "Mozilla/5.0 (Linux; Android 10; K) AppleWebKit/537.36 (KHTML, like Gecko) Chrome/137.0.0.0 Mobile Safari/537.36"
216.73.216.247 - - [10/Jun/2025:00:05:42 -0400] "GET /detail/mediu72857334.html HTTP/1.1" 301 0 "-" "Mozilla/5.0 AppleWebKit/537.36 (KHTML, like Gecko; compatible; ClaudeBot/1.0; [email protected])"
216.73.216.247 - - [10/Jun/2025:00:05:44 -0400] "GET /detail/dicta11249968.html HTTP/1.1" 301 0 "-" "Mozilla/5.0 AppleWebKit/537.36 (KHTML, like Gecko; compatible; ClaudeBot/1.0; [email protected])"
216.73.216.247 - - [10/Jun/2025:00:00:32 -0400] "GET /detail/marri52036004.html HTTP/1.1" 301 0 "-" "Mozilla/5.0 AppleWebKit/537.36 (KHTML, like Gecko; compatible; ClaudeBot/1.0; [email protected])"
162.0.232.193 - - [10/Jun/2025:00:00:35 -0400] "POST /wp-cron.php?doing_wp_cron=1749528034.7607789039611816406250 HTTP/1.1" 200 0 "-" "WordPress/6.8.1; https://isekainonbirinoukachapters.com"
162.0.232.193 - - [10/Jun/2025:00:00:35 -0400] "POST /wp-cron.php?doing_wp_cron=1749528035.1622450351715087890625 HTTP/1.1" 200 0 "-" "WordPress/6.8.1; https://isekainonbirinoukachapters.com"
216.73.216.247 - - [10/Jun/2025:00:00:32 -0400] "GET /detail/grave60454421.html HTTP/1.1" 301 0 "-" "Mozilla/5.0 AppleWebKit/537.36 (KHTML, like Gecko; compatible; ClaudeBot/1.0; [email protected])"
216.73.216.247 - - [10/Jun/2025:00:00:32 -0400] "GET /detail/handl81298263.html HTTP/1.1" 301 0 "-" "Mozilla/5.0 AppleWebKit/537.36 (KHTML, like Gecko; compatible; ClaudeBot/1.0; [email protected])"
162.0.232.193 - - [10/Jun/2025:00:00:36 -0400] "POST /wp-cron.php?doing_wp_cron=1749528035.4962749481201171875000 HTTP/1.1" 200 0 "-" "WordPress/6.8.1; https://isekainonbirinoukachapters.com"
162.0.232.193 - - [10/Jun/2025:00:00:36 -0400] "POST /wp-cron.php?doing_wp_cron=1749528035.4731090068817138671875 HTTP/1.1" 200 0 "-" "WordPress/6.8.1; https://isekainonbirinoukachapters.com"
216.73.216.247 - - [10/Jun/2025:00:00:32 -0400] "GET /detail/choic81324143.html HTTP/1.1" 301 0 "-" "Mozilla/5.0 AppleWebKit/537.36 (KHTML, like Gecko; compatible; ClaudeBot/1.0; [email protected])"
216.73.216.247 - - [10/Jun/2025:00:00:33 -0400] "GET /detail/signi62970381.html HTTP/1.1" 301 0 "-" "Mozilla/5.0 AppleWebKit/537.36 (KHTML, like Gecko; compatible; ClaudeBot/1.0; [email protected])"
8.217.211.202 - - [10/Jun/2025:00:00:34 -0400] "GET /?p=2072 HTTP/1.1" 301 0 "-" "AliyunSecBot/Aliyun ([email protected])"
216.73.216.247 - - [10/Jun/2025:00:00:35 -0400] "GET /detail/endur12282200.html HTTP/1.1" 301 0 "-" "Mozilla/5.0 AppleWebKit/537.36 (KHTML, like Gecko; compatible; ClaudeBot/1.0; [email protected])"
216.73.216.247 - - [10/Jun/2025:00:00:35 -0400] "GET /detail/bat81795071.html HTTP/1.1" 301 0 "-" "Mozilla/5.0 AppleWebKit/537.36 (KHTML, like Gecko; compatible; ClaudeBot/1.0; [email protected])"
216.73.216.247 - - [10/Jun/2025:00:00:36 -0400] "GET /detail/neigh21957617.html HTTP/1.1" 301 0 "-" "Mozilla/5.0 AppleWebKit/537.36 (KHTML, like Gecko; compatible; ClaudeBot/1.0; [email protected])"
8.217.188.201 - - [10/Jun/2025:00:00:39 -0400] "GET /manga/farming-life-in-another-world-chapter-158/ HTTP/1.1" 200 34053 "-" "AliyunSecBot/Aliyun ([email protected])"
162.0.232.193 - - [10/Jun/2025:00:00:44 -0400] "GET /wp-content/uploads/89b93a66fa29a678cbd60ff176e1ea9a_1973.xml HTTP/1.1" 200 1362 "-" "Mozilla/5.0 (X11; Linux x86_64) AppleWebKit/537.36 (KHTML, like Gecko) Ubuntu Chromium/41.0.2272.76"
216.73.216.247 - - [10/Jun/2025:00:05:44 -0400] "GET /detail/invas81319199.html HTTP/1.1" 301 0 "-" "Mozilla/5.0 AppleWebKit/537.36 (KHTML, like Gecko; compatible; ClaudeBot/1.0; [email protected])"
162.0.232.193 - - [10/Jun/2025:00:05:57 -0400] "POST /wp-cron.php?doing_wp_cron=1749528357.4326500892639160156250 HTTP/1.1" 200 0 "-" "WordPress/6.8.1; https://isekainonbirinoukachapters.com"
43.166.244.192 - - [10/Jun/2025:00:05:55 -0400] "GET /manga/farming-life-in-another-world-chapter-20/ HTTP/1.1" 200 33951 "-" "Mozilla/5.0 (iPhone; CPU iPhone OS 13_2_3 like Mac OS X) AppleWebKit/605.1.15 (KHTML, like Gecko) Version/13.0.3 Mobile/15E148 Safari/604.1"
2409:40e6:e:d85f:8000:: - - [10/Jun/2025:00:05:56 -0400] "GET /manga/farming-life-in-another-world-chapter-31/ HTTP/1.1" 200 34582 "-" "Mozilla/5.0 (Linux; Android 10; K) AppleWebKit/537.36 (KHTML, like Gecko) Chrome/137.0.0.0 Mobile Safari/537.36"
162.0.232.193 - - [10/Jun/2025:00:06:02 -0400] "GET /wp-content/uploads/89b93a66fa29a678cbd60ff176e1ea9a_1973.xml HTTP/1.1" 200 1362 "-" "Mozilla/5.0 (X11; Linux x86_64) AppleWebKit/537.36 (KHTML, like Gecko) Ubuntu Chromium/41.0.2272.76"
2409:40e6:e:d85f:8000:: - - [10/Jun/2025:00:06:00 -0400] "GET /manga/farming-life-in-another-world-chapter-31/ HTTP/1.1" 200 34581 "https://isekainonbirinoukachapters.com/manga/farming-life-in-another-world-chapter-30/" "Mozilla/5.0 (Linux; Android 10; K) AppleWebKit/537.36 (KHTML, like Gecko) Chrome/137.0.0.0 Mobile Safari/537.36"
2409:40e6:e:d85f:8000:: - - [10/Jun/2025:00:06:04 -0400] "POST /wp-admin/admin-ajax.php HTTP/1.1" 200 61 "https://isekainonbirinoukachapters.com/manga/farming-life-in-another-world-chapter-31/" "Mozilla/5.0 (Linux; Android 10; K) AppleWebKit/537.36 (KHTML, like Gecko) Chrome/137.0.0.0 Mobile Safari/537.36"
2409:40e6:e:d85f:8000:: - - [10/Jun/2025:00:06:16 -0400] "GET /manga/farming-life-in-another-world-chapter-32/ HTTP/1.1" 200 34452 "-" "Mozilla/5.0 (Linux; Android 10; K) AppleWebKit/537.36 (KHTML, like Gecko) Chrome/137.0.0.0 Mobile Safari/537.36"
2409:40e6:e:d85f:8000:: - - [10/Jun/2025:00:06:19 -0400] "GET /manga/farming-life-in-another-world-chapter-32/ HTTP/1.1" 200 34465 "https://isekainonbirinoukachapters.com/manga/farming-life-in-another-world-chapter-31/" "Mozilla/5.0 (Linux; Android 10; K) AppleWebKit/537.36 (KHTML, like Gecko) Chrome/137.0.0.0 Mobile Safari/537.36"
2409:40e6:e:d85f:8000:: - - [10/Jun/2025:00:06:23 -0400] "POST /wp-admin/admin-ajax.php HTTP/1.1" 200 61 "https://isekainonbirinoukachapters.com/manga/farming-life-in-another-world-chapter-32/" "Mozilla/5.0 (Linux; Android 10; K) AppleWebKit/537.36 (KHTML, like Gecko) Chrome/137.0.0.0 Mobile Safari/537.36"
216.73.216.247 - - [10/Jun/2025:00:06:31 -0400] "GET /detail/visib41046331.html HTTP/1.1" 301 0 "-" "Mozilla/5.0 AppleWebKit/537.36 (KHTML, like Gecko; compatible; ClaudeBot/1.0; [email protected])"
216.73.216.247 - - [10/Jun/2025:00:06:31 -0400] "GET /detail/aband31890522.html HTTP/1.1" 301 0 "-" "Mozilla/5.0 AppleWebKit/537.36 (KHTML, like Gecko; compatible; ClaudeBot/1.0; [email protected])"
216.73.216.247 - - [10/Jun/2025:00:06:31 -0400] "GET /detail/durab70262142.html HTTP/1.1" 301 0 "-" "Mozilla/5.0 AppleWebKit/537.36 (KHTML, like Gecko; compatible; ClaudeBot/1.0; [email protected])"
216.73.216.247 - - [10/Jun/2025:00:06:31 -0400] "GET /detail/assur20747377.html HTTP/1.1" 301 0 "-" "Mozilla/5.0 AppleWebKit/537.36 (KHTML, like Gecko; compatible; ClaudeBot/1.0; [email protected])"
216.73.216.247 - - [10/Jun/2025:00:06:31 -0400] "GET /detail/abnor22342889.html HTTP/1.1" 301 0 "-" "Mozilla/5.0 AppleWebKit/537.36 (KHTML, like Gecko; compatible; ClaudeBot/1.0; [email protected])"
216.73.216.247 - - [10/Jun/2025:00:06:34 -0400] "GET /detail/deer60575061.html HTTP/1.1" 301 0 "-" "Mozilla/5.0 AppleWebKit/537.36 (KHTML, like Gecko; compatible; ClaudeBot/1.0; [email protected])"
52.167.144.136 - - [10/Jun/2025:00:01:12 -0400] "GET /manga/farming-life-in-another-world-chapter-177/feed/ HTTP/1.1" 200 467 "-" "Mozilla/5.0 AppleWebKit/537.36 (KHTML, like Gecko; compatible; bingbot/2.0; +http://www.bing.com/bingbot.htm) Chrome/116.0.1938.76 Safari/537.36"
2409:40e6:e:d85f:8000:: - - [10/Jun/2025:00:01:22 -0400] "GET / HTTP/1.1" 200 32218 "https://search.brave.com/" "Mozilla/5.0 (Linux; Android 10; K) AppleWebKit/537.36 (KHTML, like Gecko) Chrome/137.0.0.0 Mobile Safari/537.36"
2409:40e6:e:d85f:8000:: - - [10/Jun/2025:00:01:25 -0400] "GET /wp-content/uploads/2024/07/MV5BYjA4Mjc5OWYtMTQ1Yy00MWQyLTg3NGYtZTA0NjZiYzI0NDhhXkEyXkFqcGdeQXVyMzgxODM4NjM@._V1_FMjpg_UX1000_.jpg HTTP/1.1" 200 260352 "https://isekainonbirinoukachapters.com/" "Mozilla/5.0 (Linux; Android 10; K) AppleWebKit/537.36 (KHTML, like Gecko) Chrome/137.0.0.0 Mobile Safari/537.36"
2409:40e6:e:d85f:8000:: - - [10/Jun/2025:00:01:29 -0400] "GET / HTTP/1.1" 200 32230 "-" "Mozilla/5.0 (Linux; Android 10; K) AppleWebKit/537.36 (KHTML, like Gecko) Chrome/137.0.0.0 Mobile Safari/537.36"
162.0.232.193 - - [10/Jun/2025:00:01:35 -0400] "POST /wp-cron.php?doing_wp_cron=1749528095.6488299369812011718750 HTTP/1.1" 200 0 "-" "WordPress/6.8.1; https://isekainonbirinoukachapters.com"
2409:40e6:e:d85f:8000:: - - [10/Jun/2025:00:01:30 -0400] "GET /manga/farming-life-in-another-world-chapter-12/ HTTP/1.1" 200 34159 "-" "Mozilla/5.0 (Linux; Android 10; K) AppleWebKit/537.36 (KHTML, like Gecko) Chrome/137.0.0.0 Mobile Safari/537.36"
162.0.232.193 - - [10/Jun/2025:00:01:36 -0400] "POST /wp-cron.php?doing_wp_cron=1749528095.8649950027465820312500 HTTP/1.1" 200 0 "-" "WordPress/6.8.1; https://isekainonbirinoukachapters.com"
2409:40e6:e:d85f:8000:: - - [10/Jun/2025:00:01:32 -0400] "GET /manga/farming-life-in-another-world-chapter-26/ HTTP/1.1" 200 34482 "-" "Mozilla/5.0 (Linux; Android 10; K) AppleWebKit/537.36 (KHTML, like Gecko) Chrome/137.0.0.0 Mobile Safari/537.36"
2409:40e6:e:d85f:8000:: - - [10/Jun/2025:00:01:32 -0400] "GET /manga/farming-life-in-another-world-chapter-25/ HTTP/1.1" 200 34517 "-" "Mozilla/5.0 (Linux; Android 10; K) AppleWebKit/537.36 (KHTML, like Gecko) Chrome/137.0.0.0 Mobile Safari/537.36"
2409:40e6:e:d85f:8000:: - - [10/Jun/2025:00:01:37 -0400] "GET /manga/farming-life-in-another-world-chapter-141/ HTTP/1.1" 200 34478 "-" "Mozilla/5.0 (Linux; Android 10; K) AppleWebKit/537.36 (KHTML, like Gecko) Chrome/137.0.0.0 Mobile Safari/537.36"
2409:40e6:e:d85f:8000:: - - [10/Jun/2025:00:01:36 -0400] "GET /manga/farming-life-in-another-world-chapter-48/ HTTP/1.1" 200 34083 "-" "Mozilla/5.0 (Linux; Android 10; K) AppleWebKit/537.36 (KHTML, like Gecko) Chrome/137.0.0.0 Mobile Safari/537.36"
2409:40e6:e:d85f:8000:: - - [10/Jun/2025:00:01:38 -0400] "GET /manga/farming-life-in-another-world-chapter-185/ HTTP/1.1" 200 34491 "-" "Mozilla/5.0 (Linux; Android 10; K) AppleWebKit/537.36 (KHTML, like Gecko) Chrome/137.0.0.0 Mobile Safari/537.36"
2409:40e6:e:d85f:8000:: - - [10/Jun/2025:00:01:39 -0400] "GET /manga/farming-life-in-another-world-chapter-25/ HTTP/1.1" 200 34519 "https://isekainonbirinoukachapters.com/" "Mozilla/5.0 (Linux; Android 10; K) AppleWebKit/537.36 (KHTML, like Gecko) Chrome/137.0.0.0 Mobile Safari/537.36"
2409:40e6:e:d85f:8000:: - - [10/Jun/2025:00:01:42 -0400] "POST /wp-admin/admin-ajax.php HTTP/1.1" 200 61 "https://isekainonbirinoukachapters.com/manga/farming-life-in-another-world-chapter-25/" "Mozilla/5.0 (Linux; Android 10; K) AppleWebKit/537.36 (KHTML, like Gecko) Chrome/137.0.0.0 Mobile Safari/537.36"
216.73.216.247 - - [10/Jun/2025:00:06:34 -0400] "GET /detail/someh22763617.html HTTP/1.1" 301 0 "-" "Mozilla/5.0 AppleWebKit/537.36 (KHTML, like Gecko; compatible; ClaudeBot/1.0; [email protected])"
216.73.216.247 - - [10/Jun/2025:00:06:34 -0400] "GET /detail/adequ60022157.html HTTP/1.1" 301 0 "-" "Mozilla/5.0 AppleWebKit/537.36 (KHTML, like Gecko; compatible; ClaudeBot/1.0; [email protected])"
2409:40e6:e:d85f:8000:: - - [10/Jun/2025:00:06:34 -0400] "GET /manga/farming-life-in-another-world-chapter-33/ HTTP/1.1" 200 34480 "-" "Mozilla/5.0 (Linux; Android 10; K) AppleWebKit/537.36 (KHTML, like Gecko) Chrome/137.0.0.0 Mobile Safari/537.36"
2409:40e6:e:d85f:8000:: - - [10/Jun/2025:00:06:38 -0400] "GET /manga/farming-life-in-another-world-chapter-33/ HTTP/1.1" 200 34505 "https://isekainonbirinoukachapters.com/manga/farming-life-in-another-world-chapter-32/" "Mozilla/5.0 (Linux; Android 10; K) AppleWebKit/537.36 (KHTML, like Gecko) Chrome/137.0.0.0 Mobile Safari/537.36"
2409:40e6:e:d85f:8000:: - - [10/Jun/2025:00:06:41 -0400] "POST /wp-admin/admin-ajax.php HTTP/1.1" 200 61 "https://isekainonbirinoukachapters.com/manga/farming-life-in-another-world-chapter-33/" "Mozilla/5.0 (Linux; Android 10; K) AppleWebKit/537.36 (KHTML, like Gecko) Chrome/137.0.0.0 Mobile Safari/537.36"
2409:40e6:e:d85f:8000:: - - [10/Jun/2025:00:06:49 -0400] "GET /manga/farming-life-in-another-world-chapter-34/ HTTP/1.1" 200 34439 "-" "Mozilla/5.0 (Linux; Android 10; K) AppleWebKit/537.36 (KHTML, like Gecko) Chrome/137.0.0.0 Mobile Safari/537.36"
2409:40e6:e:d85f:8000:: - - [10/Jun/2025:00:06:52 -0400] "GET /manga/farming-life-in-another-world-chapter-34/ HTTP/1.1" 200 34441 "https://isekainonbirinoukachapters.com/manga/farming-life-in-another-world-chapter-33/" "Mozilla/5.0 (Linux; Android 10; K) AppleWebKit/537.36 (KHTML, like Gecko) Chrome/137.0.0.0 Mobile Safari/537.36"
2409:40e6:e:d85f:8000:: - - [10/Jun/2025:00:06:54 -0400] "POST /wp-admin/admin-ajax.php HTTP/1.1" 200 61 "https://isekainonbirinoukachapters.com/manga/farming-life-in-another-world-chapter-34/" "Mozilla/5.0 (Linux; Android 10; K) AppleWebKit/537.36 (KHTML, like Gecko) Chrome/137.0.0.0 Mobile Safari/537.36"
162.0.232.193 - - [10/Jun/2025:00:07:07 -0400] "POST /wp-cron.php?doing_wp_cron=1749528426.6449179649353027343750 HTTP/1.1" 200 0 "-" "WordPress/6.8.1; https://isekainonbirinoukachapters.com"
162.0.232.193 - - [10/Jun/2025:00:07:09 -0400] "POST /wp-cron.php?doing_wp_cron=1749528429.5441429615020751953125 HTTP/1.1" 200 0 "-" "WordPress/6.8.1; https://isekainonbirinoukachapters.com"
2409:40e6:e:d85f:8000:: - - [10/Jun/2025:00:07:04 -0400] "GET /manga/farming-life-in-another-world-chapter-34/ HTTP/1.1" 200 33982 "https://isekainonbirinoukachapters.com/manga/farming-life-in-another-world-chapter-33/" "Mozilla/5.0 (X11; Linux x86_64) AppleWebKit/537.36 (KHTML, like Gecko) Chrome/137.0.0.0 Safari/537.36"
52.167.144.222 - - [10/Jun/2025:00:07:06 -0400] "GET /detail/wealt30028594.html HTTP/1.1" 301 0 "-" "Mozilla/5.0 AppleWebKit/537.36 (KHTML, like Gecko; compatible; bingbot/2.0; +http://www.bing.com/bingbot.htm) Chrome/116.0.1938.76 Safari/537.36"
2409:40e6:e:d85f:8000:: - - [10/Jun/2025:00:07:12 -0400] "GET /manga/farming-life-in-another-world-chapter-35/ HTTP/1.1" 200 34494 "-" "Mozilla/5.0 (X11; Linux x86_64) AppleWebKit/537.36 (KHTML, like Gecko) Chrome/137.0.0.0 Safari/537.36"
2409:40e6:e:d85f:8000:: - - [10/Jun/2025:00:07:17 -0400] "GET /manga/farming-life-in-another-world-chapter-35/ HTTP/1.1" 200 34521 "https://isekainonbirinoukachapters.com/manga/farming-life-in-another-world-chapter-34/" "Mozilla/5.0 (X11; Linux x86_64) AppleWebKit/537.36 (KHTML, like Gecko) Chrome/137.0.0.0 Safari/537.36"
162.0.232.193 - - [10/Jun/2025:00:07:20 -0400] "POST /wp-cron.php?doing_wp_cron=1749528440.6520218849182128906250 HTTP/1.1" 200 0 "-" "WordPress/6.8.1; https://isekainonbirinoukachapters.com"
2409:40e6:e:d85f:8000:: - - [10/Jun/2025:00:07:19 -0400] "POST /wp-admin/admin-ajax.php HTTP/1.1" 200 61 "https://isekainonbirinoukachapters.com/manga/farming-life-in-another-world-chapter-35/" "Mozilla/5.0 (X11; Linux x86_64) AppleWebKit/537.36 (KHTML, like Gecko) Chrome/137.0.0.0 Safari/537.36"
162.0.232.193 - - [10/Jun/2025:00:07:40 -0400] "POST /wp-cron.php?doing_wp_cron=1749528460.5421841144561767578125 HTTP/1.1" 200 0 "-" "WordPress/6.8.1; https://isekainonbirinoukachapters.com"
162.0.232.193 - - [10/Jun/2025:00:07:40 -0400] "POST /wp-cron.php?doing_wp_cron=1749528460.5507400035858154296875 HTTP/1.1" 200 0 "-" "WordPress/6.8.1; https://isekainonbirinoukachapters.com"
216.73.216.22 - - [10/Jun/2025:00:07:38 -0400] "GET /detail/cover22300201.html HTTP/1.1" 301 0 "-" "Mozilla/5.0 AppleWebKit/537.36 (KHTML, like Gecko; compatible; ClaudeBot/1.0; [email protected])"
216.73.216.22 - - [10/Jun/2025:00:07:38 -0400] "GET /detail/volun41737635.html HTTP/1.1" 301 0 "-" "Mozilla/5.0 AppleWebKit/537.36 (KHTML, like Gecko; compatible; ClaudeBot/1.0; [email protected])"
216.73.216.22 - - [10/Jun/2025:00:07:38 -0400] "GET /detail/madam11784688.html HTTP/1.1" 301 0 "-" "Mozilla/5.0 AppleWebKit/537.36 (KHTML, like Gecko; compatible; ClaudeBot/1.0; [email protected])"
216.73.216.22 - - [10/Jun/2025:00:07:38 -0400] "GET /detail/lace41607315.html HTTP/1.1" 301 0 "-" "Mozilla/5.0 AppleWebKit/537.36 (KHTML, like Gecko; compatible; ClaudeBot/1.0; [email protected])"
216.73.216.22 - - [10/Jun/2025:00:07:38 -0400] "GET /detail/chart52170804.html HTTP/1.1" 301 0 "-" "Mozilla/5.0 AppleWebKit/537.36 (KHTML, like Gecko; compatible; ClaudeBot/1.0; [email protected])"
216.73.216.22 - - [10/Jun/2025:00:07:41 -0400] "GET /detail/dot72875566.html HTTP/1.1" 301 0 "-" "Mozilla/5.0 AppleWebKit/537.36 (KHTML, like Gecko; compatible; ClaudeBot/1.0; [email protected])"
216.73.216.22 - - [10/Jun/2025:00:07:42 -0400] "GET /detail/dozen82564303.html HTTP/1.1" 301 0 "-" "Mozilla/5.0 AppleWebKit/537.36 (KHTML, like Gecko; compatible; ClaudeBot/1.0; [email protected])"
216.73.216.22 - - [10/Jun/2025:00:07:41 -0400] "GET /detail/party42184003.html HTTP/1.1" 301 0 "-" "Mozilla/5.0 AppleWebKit/537.36 (KHTML, like Gecko; compatible; ClaudeBot/1.0; [email protected])"
162.0.232.193 - - [10/Jun/2025:00:07:54 -0400] "POST /wp-cron.php?doing_wp_cron=1749528474.1563429832458496093750 HTTP/1.1" 200 0 "-" "WordPress/6.8.1; https://isekainonbirinoukachapters.com"
2409:40e6:e:d85f:8000:: - - [10/Jun/2025:00:07:53 -0400] "GET /manga/farming-life-in-another-world-chapter-36/ HTTP/1.1" 200 34420 "-" "Mozilla/5.0 (X11; Linux x86_64) AppleWebKit/537.36 (KHTML, like Gecko) Chrome/137.0.0.0 Safari/537.36"
162.0.232.193 - - [10/Jun/2025:00:07:56 -0400] "POST /wp-cron.php?doing_wp_cron=1749528476.6486020088195800781250 HTTP/1.1" 200 0 "-" "WordPress/6.8.1; https://isekainonbirinoukachapters.com"
2409:40e6:e:d85f:8000:: - - [10/Jun/2025:00:07:56 -0400] "GET /manga/farming-life-in-another-world-chapter-36/ HTTP/1.1" 200 34407 "https://isekainonbirinoukachapters.com/manga/farming-life-in-another-world-chapter-35/" "Mozilla/5.0 (X11; Linux x86_64) AppleWebKit/537.36 (KHTML, like Gecko) Chrome/137.0.0.0 Safari/537.36"
162.0.232.193 - - [10/Jun/2025:00:08:00 -0400] "GET /wp-content/uploads/89b93a66fa29a678cbd60ff176e1ea9a_1973.xml HTTP/1.1" 200 1362 "-" "Mozilla/5.0 (X11; Linux x86_64) AppleWebKit/537.36 (KHTML, like Gecko) Ubuntu Chromium/41.0.2272.76"
2409:40e6:e:d85f:8000:: - - [10/Jun/2025:00:07:59 -0400] "POST /wp-admin/admin-ajax.php HTTP/1.1" 200 61 "https://isekainonbirinoukachapters.com/manga/farming-life-in-another-world-chapter-36/" "Mozilla/5.0 (X11; Linux x86_64) AppleWebKit/537.36 (KHTML, like Gecko) Chrome/137.0.0.0 Safari/537.36"
2409:40e6:e:d85f:8000:: - - [10/Jun/2025:00:08:09 -0400] "GET /manga/farming-life-in-another-world-chapter-37/ HTTP/1.1" 200 34392 "-" "Mozilla/5.0 (X11; Linux x86_64) AppleWebKit/537.36 (KHTML, like Gecko) Chrome/137.0.0.0 Safari/537.36"
2409:40e6:e:d85f:8000:: - - [10/Jun/2025:00:08:11 -0400] "GET /manga/farming-life-in-another-world-chapter-37/ HTTP/1.1" 200 34397 "https://isekainonbirinoukachapters.com/manga/farming-life-in-another-world-chapter-36/" "Mozilla/5.0 (X11; Linux x86_64) AppleWebKit/537.36 (KHTML, like Gecko) Chrome/137.0.0.0 Safari/537.36"
2409:40e6:e:d85f:8000:: - - [10/Jun/2025:00:08:15 -0400] "POST /wp-admin/admin-ajax.php HTTP/1.1" 200 61 "https://isekainonbirinoukachapters.com/manga/farming-life-in-another-world-chapter-37/" "Mozilla/5.0 (X11; Linux x86_64) AppleWebKit/537.36 (KHTML, like Gecko) Chrome/137.0.0.0 Safari/537.36"
216.73.216.22 - - [10/Jun/2025:00:08:20 -0400] "GET /detail/ache42573187.html HTTP/1.1" 301 0 "-" "Mozilla/5.0 AppleWebKit/537.36 (KHTML, like Gecko; compatible; ClaudeBot/1.0; [email protected])"
216.73.216.22 - - [10/Jun/2025:00:08:20 -0400] "GET /detail/porti22178705.html HTTP/1.1" 301 0 "-" "Mozilla/5.0 AppleWebKit/537.36 (KHTML, like Gecko; compatible; ClaudeBot/1.0; [email protected])"
216.73.216.22 - - [10/Jun/2025:00:08:20 -0400] "GET /detail/knife40709707.html HTTP/1.1" 301 0 "-" "Mozilla/5.0 AppleWebKit/537.36 (KHTML, like Gecko; compatible; ClaudeBot/1.0; [email protected])"
216.73.216.22 - - [10/Jun/2025:00:08:20 -0400] "GET /detail/bed72309198.html HTTP/1.1" 301 0 "-" "Mozilla/5.0 AppleWebKit/537.36 (KHTML, like Gecko; compatible; ClaudeBot/1.0; [email protected])"
216.73.216.22 - - [10/Jun/2025:00:08:20 -0400] "GET /detail/opini60053541.html HTTP/1.1" 301 0 "-" "Mozilla/5.0 AppleWebKit/537.36 (KHTML, like Gecko; compatible; ClaudeBot/1.0; [email protected])"
216.73.216.22 - - [10/Jun/2025:00:08:23 -0400] "GET /detail/resig40050275.html HTTP/1.1" 301 0 "-" "Mozilla/5.0 AppleWebKit/537.36 (KHTML, like Gecko; compatible; ClaudeBot/1.0; [email protected])"
216.73.216.22 - - [10/Jun/2025:00:08:23 -0400] "GET /detail/viewp80859743.html HTTP/1.1" 301 0 "-" "Mozilla/5.0 AppleWebKit/537.36 (KHTML, like Gecko; compatible; ClaudeBot/1.0; [email protected])"
216.73.216.22 - - [10/Jun/2025:00:08:23 -0400] "GET /detail/audio72695798.html HTTP/1.1" 301 0 "-" "Mozilla/5.0 AppleWebKit/537.36 (KHTML, like Gecko; compatible; ClaudeBot/1.0; [email protected])"
2409:40e6:e:d85f:8000:: - - [10/Jun/2025:00:08:23 -0400] "GET /manga/farming-life-in-another-world-chapter-36/ HTTP/1.1" 200 34015 "-" "Mozilla/5.0 (X11; Linux x86_64) AppleWebKit/537.36 (KHTML, like Gecko) Chrome/137.0.0.0 Safari/537.36"
2409:40e6:e:d85f:8000:: - - [10/Jun/2025:00:08:26 -0400] "GET /manga/farming-life-in-another-world-chapter-38/ HTTP/1.1" 200 34365 "-" "Mozilla/5.0 (X11; Linux x86_64) AppleWebKit/537.36 (KHTML, like Gecko) Chrome/137.0.0.0 Safari/537.36"
2409:40e6:e:d85f:8000:: - - [10/Jun/2025:00:08:28 -0400] "GET /manga/farming-life-in-another-world-chapter-38/ HTTP/1.1" 200 34399 "https://isekainonbirinoukachapters.com/manga/farming-life-in-another-world-chapter-37/" "Mozilla/5.0 (X11; Linux x86_64) AppleWebKit/537.36 (KHTML, like Gecko) Chrome/137.0.0.0 Safari/537.36"
2409:40e6:e:d85f:8000:: - - [10/Jun/2025:00:08:31 -0400] "POST /wp-admin/admin-ajax.php HTTP/1.1" 200 61 "https://isekainonbirinoukachapters.com/manga/farming-life-in-another-world-chapter-38/" "Mozilla/5.0 (X11; Linux x86_64) AppleWebKit/537.36 (KHTML, like Gecko) Chrome/137.0.0.0 Safari/537.36"
2409:40e6:e:d85f:8000:: - - [10/Jun/2025:00:08:39 -0400] "GET /manga/farming-life-in-another-world-chapter-39/ HTTP/1.1" 200 34385 "-" "Mozilla/5.0 (X11; Linux x86_64) AppleWebKit/537.36 (KHTML, like Gecko) Chrome/137.0.0.0 Safari/537.36"
2409:40e6:e:d85f:8000:: - - [10/Jun/2025:00:08:42 -0400] "GET /manga/farming-life-in-another-world-chapter-39/ HTTP/1.1" 200 34418 "https://isekainonbirinoukachapters.com/manga/farming-life-in-another-world-chapter-38/" "Mozilla/5.0 (X11; Linux x86_64) AppleWebKit/537.36 (KHTML, like Gecko) Chrome/137.0.0.0 Safari/537.36"
2409:40e6:e:d85f:8000:: - - [10/Jun/2025:00:08:45 -0400] "POST /wp-admin/admin-ajax.php HTTP/1.1" 200 61 "https://isekainonbirinoukachapters.com/manga/farming-life-in-another-world-chapter-39/" "Mozilla/5.0 (X11; Linux x86_64) AppleWebKit/537.36 (KHTML, like Gecko) Chrome/137.0.0.0 Safari/537.36"
2409:40e6:e:d85f:8000:: - - [10/Jun/2025:00:08:53 -0400] "GET /manga/farming-life-in-another-world-chapter-40/ HTTP/1.1" 200 34382 "-" "Mozilla/5.0 (X11; Linux x86_64) AppleWebKit/537.36 (KHTML, like Gecko) Chrome/137.0.0.0 Safari/537.36"
2409:40e6:e:d85f:8000:: - - [10/Jun/2025:00:08:55 -0400] "GET /manga/farming-life-in-another-world-chapter-40/ HTTP/1.1" 200 34417 "https://isekainonbirinoukachapters.com/manga/farming-life-in-another-world-chapter-39/" "Mozilla/5.0 (X11; Linux x86_64) AppleWebKit/537.36 (KHTML, like Gecko) Chrome/137.0.0.0 Safari/537.36"
162.0.232.193 - - [10/Jun/2025:00:08:58 -0400] "POST /wp-cron.php?doing_wp_cron=1749528538.8726680278778076171875 HTTP/1.1" 200 0 "-" "WordPress/6.8.1; https://isekainonbirinoukachapters.com"
2409:40e6:e:d85f:8000:: - - [10/Jun/2025:00:08:58 -0400] "POST /wp-admin/admin-ajax.php HTTP/1.1" 200 61 "https://isekainonbirinoukachapters.com/manga/farming-life-in-another-world-chapter-40/" "Mozilla/5.0 (X11; Linux x86_64) AppleWebKit/537.36 (KHTML, like Gecko) Chrome/137.0.0.0 Safari/537.36"
216.73.216.22 - - [10/Jun/2025:00:09:02 -0400] "GET /detail/brood31634474.html HTTP/1.1" 301 0 "-" "Mozilla/5.0 AppleWebKit/537.36 (KHTML, like Gecko; compatible; ClaudeBot/1.0; [email protected])"
216.73.216.22 - - [10/Jun/2025:00:09:02 -0400] "GET /detail/build70740462.html HTTP/1.1" 301 0 "-" "Mozilla/5.0 AppleWebKit/537.36 (KHTML, like Gecko; compatible; ClaudeBot/1.0; [email protected])"
216.73.216.22 - - [10/Jun/2025:00:09:03 -0400] "GET /detail/condu11746944.html HTTP/1.1" 301 0 "-" "Mozilla/5.0 AppleWebKit/537.36 (KHTML, like Gecko; compatible; ClaudeBot/1.0; [email protected])"
216.73.216.22 - - [10/Jun/2025:00:09:03 -0400] "GET /detail/odd52915028.html HTTP/1.1" 301 0 "-" "Mozilla/5.0 AppleWebKit/537.36 (KHTML, like Gecko; compatible; ClaudeBot/1.0; [email protected])"
216.73.216.22 - - [10/Jun/2025:00:09:03 -0400] "GET /detail/argue82657775.html HTTP/1.1" 301 0 "-" "Mozilla/5.0 AppleWebKit/537.36 (KHTML, like Gecko; compatible; ClaudeBot/1.0; [email protected])"
216.73.216.22 - - [10/Jun/2025:00:09:04 -0400] "GET /detail/shun62903893.html HTTP/1.1" 301 0 "-" "Mozilla/5.0 AppleWebKit/537.36 (KHTML, like Gecko; compatible; ClaudeBot/1.0; [email protected])"
216.73.216.22 - - [10/Jun/2025:00:09:03 -0400] "GET /detail/copyr52759740.html HTTP/1.1" 301 0 "-" "Mozilla/5.0 AppleWebKit/537.36 (KHTML, like Gecko; compatible; ClaudeBot/1.0; [email protected])"
216.73.216.22 - - [10/Jun/2025:00:09:05 -0400] "GET /detail/bulle40378603.html HTTP/1.1" 301 0 "-" "Mozilla/5.0 AppleWebKit/537.36 (KHTML, like Gecko; compatible; ClaudeBot/1.0; [email protected])"
162.0.232.193 - - [10/Jun/2025:00:09:41 -0400] "POST /wp-cron.php?doing_wp_cron=1749528581.8661739826202392578125 HTTP/1.1" 200 0 "-" "WordPress/6.8.1; https://isekainonbirinoukachapters.com"
2409:40e6:e:d85f:8000:: - - [10/Jun/2025:00:09:41 -0400] "GET /manga/farming-life-in-another-world-chapter-41/ HTTP/1.1" 200 34379 "-" "Mozilla/5.0 (X11; Linux x86_64) AppleWebKit/537.36 (KHTML, like Gecko) Chrome/137.0.0.0 Safari/537.36"
2409:40e6:e:d85f:8000:: - - [10/Jun/2025:00:09:43 -0400] "GET /manga/farming-life-in-another-world-chapter-41/ HTTP/1.1" 200 34412 "https://isekainonbirinoukachapters.com/manga/farming-life-in-another-world-chapter-40/" "Mozilla/5.0 (X11; Linux x86_64) AppleWebKit/537.36 (KHTML, like Gecko) Chrome/137.0.0.0 Safari/537.36"
2409:40e6:e:d85f:8000:: - - [10/Jun/2025:00:09:44 -0400] "POST /wp-admin/admin-ajax.php HTTP/1.1" 200 61 "https://isekainonbirinoukachapters.com/manga/farming-life-in-another-world-chapter-41/" "Mozilla/5.0 (X11; Linux x86_64) AppleWebKit/537.36 (KHTML, like Gecko) Chrome/137.0.0.0 Safari/537.36"
216.73.216.22 - - [10/Jun/2025:00:09:46 -0400] "GET /detail/preci20682673.html HTTP/1.1" 301 0 "-" "Mozilla/5.0 AppleWebKit/537.36 (KHTML, like Gecko; compatible; ClaudeBot/1.0; [email protected])"
162.0.232.193 - - [10/Jun/2025:00:09:47 -0400] "POST /wp-cron.php?doing_wp_cron=1749528587.4483559131622314453125 HTTP/1.1" 200 0 "-" "WordPress/6.8.1; https://isekainonbirinoukachapters.com"
216.73.216.22 - - [10/Jun/2025:00:09:46 -0400] "GET /detail/entit11229880.html HTTP/1.1" 301 0 "-" "Mozilla/5.0 AppleWebKit/537.36 (KHTML, like Gecko; compatible; ClaudeBot/1.0; [email protected])"
216.73.216.22 - - [10/Jun/2025:00:09:46 -0400] "GET /detail/vast71871158.html HTTP/1.1" 301 0 "-" "Mozilla/5.0 AppleWebKit/537.36 (KHTML, like Gecko; compatible; ClaudeBot/1.0; [email protected])"
216.73.216.22 - - [10/Jun/2025:00:09:46 -0400] "GET /detail/guara60506405.html HTTP/1.1" 301 0 "-" "Mozilla/5.0 AppleWebKit/537.36 (KHTML, like Gecko; compatible; ClaudeBot/1.0; [email protected])"
216.73.216.22 - - [10/Jun/2025:00:09:46 -0400] "GET /detail/fanta51445044.html HTTP/1.1" 301 0 "-" "Mozilla/5.0 AppleWebKit/537.36 (KHTML, like Gecko; compatible; ClaudeBot/1.0; [email protected])"
216.73.216.22 - - [10/Jun/2025:00:09:47 -0400] "GET /detail/hurt42113691.html HTTP/1.1" 301 0 "-" "Mozilla/5.0 AppleWebKit/537.36 (KHTML, like Gecko; compatible; ClaudeBot/1.0; [email protected])"
216.73.216.22 - - [10/Jun/2025:00:09:48 -0400] "GET /detail/garba32711578.html HTTP/1.1" 301 0 "-" "Mozilla/5.0 AppleWebKit/537.36 (KHTML, like Gecko; compatible; ClaudeBot/1.0; [email protected])"
216.73.216.22 - - [10/Jun/2025:00:09:48 -0400] "GET /detail/grab21949817.html HTTP/1.1" 301 0 "-" "Mozilla/5.0 AppleWebKit/537.36 (KHTML, like Gecko; compatible; ClaudeBot/1.0; [email protected])"
162.0.232.193 - - [10/Jun/2025:00:10:16 -0400] "POST /wp-cron.php?doing_wp_cron=1749528616.3242859840393066406250 HTTP/1.1" 200 0 "-" "WordPress/6.8.1; https://isekainonbirinoukachapters.com"
114.119.158.133 - - [10/Jun/2025:00:10:16 -0400] "GET /manga/isekai-nonbiri-nouka-chapter-129-the-angel-test-4/ HTTP/1.1" 301 0 "https://isekainonbirinoukachapters.com/isekai-nonbiri-nouka-chapter-76/" "Mozilla/5.0 (Linux; Android 7.0;) AppleWebKit/537.36 (KHTML, like Gecko) Mobile Safari/537.36 (compatible; PetalBot;+https://webmaster.petalsearch.com/site/petalbot)"
114.119.158.133 - - [10/Jun/2025:00:10:17 -0400] "GET / HTTP/1.1" 200 32232 "https://isekainonbirinoukachapters.com/isekai-nonbiri-nouka-chapter-76/" "Mozilla/5.0 (Linux; Android 7.0;) AppleWebKit/537.36 (KHTML, like Gecko) Mobile Safari/537.36 (compatible; PetalBot;+https://webmaster.petalsearch.com/site/petalbot)"
162.0.232.193 - - [10/Jun/2025:00:10:18 -0400] "GET /wp-content/uploads/89b93a66fa29a678cbd60ff176e1ea9a_1973.xml HTTP/1.1" 200 1499 "-" "Mozilla/5.0 (X11; Linux x86_64) AppleWebKit/537.36 (KHTML, like Gecko) Ubuntu Chromium/41.0.2272.76"
216.73.216.22 - - [10/Jun/2025:00:10:29 -0400] "GET /detail/twent81880535.html HTTP/1.1" 301 0 "-" "Mozilla/5.0 AppleWebKit/537.36 (KHTML, like Gecko; compatible; ClaudeBot/1.0; [email protected])"
216.73.216.22 - - [10/Jun/2025:00:10:29 -0400] "GET /detail/annou12269720.html HTTP/1.1" 301 0 "-" "Mozilla/5.0 AppleWebKit/537.36 (KHTML, like Gecko; compatible; ClaudeBot/1.0; [email protected])"
216.73.216.22 - - [10/Jun/2025:00:10:29 -0400] "GET /detail/men11039944.html HTTP/1.1" 301 0 "-" "Mozilla/5.0 AppleWebKit/537.36 (KHTML, like Gecko; compatible; ClaudeBot/1.0; [email protected])"
216.73.216.22 - - [10/Jun/2025:00:10:29 -0400] "GET /detail/drown60859549.html HTTP/1.1" 301 0 "-" "Mozilla/5.0 AppleWebKit/537.36 (KHTML, like Gecko; compatible; ClaudeBot/1.0; [email protected])"
216.73.216.22 - - [10/Jun/2025:00:10:29 -0400] "GET /detail/endan70550262.html HTTP/1.1" 301 0 "-" "Mozilla/5.0 AppleWebKit/537.36 (KHTML, like Gecko; compatible; ClaudeBot/1.0; [email protected])"
54.196.181.184 - - [10/Jun/2025:00:11:10 -0400] "GET / HTTP/1.1" 200 32194 "-" "Mozilla/5.0 (Macintosh; Intel Mac OS X 10_10_1) AppleWebKit/537.36 (KHTML, like Gecko) Chrome/39.0.2171.95 Safari/537.36"
114.119.159.246 - - [10/Jun/2025:00:11:15 -0400] "GET /isekai-nonbiri-nouka-chapter-177/ HTTP/1.1" 301 0 "https://isekainonbirinoukachapters.com/category/read-isekai-nonbiri-nouka/page/2/" "Mozilla/5.0 (Linux; Android 7.0;) AppleWebKit/537.36 (KHTML, like Gecko) Mobile Safari/537.36 (compatible; PetalBot;+https://webmaster.petalsearch.com/site/petalbot)"
162.0.232.193 - - [10/Jun/2025:00:11:20 -0400] "POST /wp-cron.php?doing_wp_cron=1749528680.7504179477691650390625 HTTP/1.1" 200 0 "-" "WordPress/6.8.1; https://isekainonbirinoukachapters.com"
114.119.159.246 - - [10/Jun/2025:00:11:19 -0400] "GET / HTTP/1.1" 200 32232 "https://isekainonbirinoukachapters.com/category/read-isekai-nonbiri-nouka/page/2/" "Mozilla/5.0 (Linux; Android 7.0;) AppleWebKit/537.36 (KHTML, like Gecko) Mobile Safari/537.36 (compatible; PetalBot;+https://webmaster.petalsearch.com/site/petalbot)"
216.73.216.22 - - [10/Jun/2025:00:11:23 -0400] "GET /detail/admir72502374.html HTTP/1.1" 301 0 "-" "Mozilla/5.0 AppleWebKit/537.36 (KHTML, like Gecko; compatible; ClaudeBot/1.0; [email protected])"
216.73.216.22 - - [10/Jun/2025:00:11:23 -0400] "GET /detail/dimen12266792.html HTTP/1.1" 301 0 "-" "Mozilla/5.0 AppleWebKit/537.36 (KHTML, like Gecko; compatible; ClaudeBot/1.0; [email protected])"
216.73.216.22 - - [10/Jun/2025:00:11:23 -0400] "GET /detail/hoax30559842.html HTTP/1.1" 301 0 "-" "Mozilla/5.0 AppleWebKit/537.36 (KHTML, like Gecko; compatible; ClaudeBot/1.0; [email protected])"
162.0.232.193 - - [10/Jun/2025:00:11:28 -0400] "POST /wp-cron.php?doing_wp_cron=1749528688.5337169170379638671875 HTTP/1.1" 200 0 "-" "WordPress/6.8.1; https://isekainonbirinoukachapters.com"
216.73.216.22 - - [10/Jun/2025:00:11:24 -0400] "GET /detail/stati61132605.html HTTP/1.1" 301 0 "-" "Mozilla/5.0 AppleWebKit/537.36 (KHTML, like Gecko; compatible; ClaudeBot/1.0; [email protected])"
216.73.216.22 - - [10/Jun/2025:00:11:23 -0400] "GET /detail/lover10038736.html HTTP/1.1" 301 0 "-" "Mozilla/5.0 AppleWebKit/537.36 (KHTML, like Gecko; compatible; ClaudeBot/1.0; [email protected])"
216.73.216.22 - - [10/Jun/2025:00:11:26 -0400] "GET /detail/meani11596824.html HTTP/1.1" 301 0 "-" "Mozilla/5.0 AppleWebKit/537.36 (KHTML, like Gecko; compatible; ClaudeBot/1.0; [email protected])"
20.171.207.143 - - [10/Jun/2025:00:11:24 -0400] "GET /detail/forwa10500560.html HTTP/1.1" 301 0 "-" "Mozilla/5.0 AppleWebKit/537.36 (KHTML, like Gecko; compatible; GPTBot/1.2; +https://openai.com/gptbot)"
216.73.216.22 - - [10/Jun/2025:00:11:27 -0400] "GET /detail/chill41915251.html HTTP/1.1" 301 0 "-" "Mozilla/5.0 AppleWebKit/537.36 (KHTML, like Gecko; compatible; ClaudeBot/1.0; [email protected])"
216.73.216.22 - - [10/Jun/2025:00:11:28 -0400] "GET /detail/cut72989382.html HTTP/1.1" 301 0 "-" "Mozilla/5.0 AppleWebKit/537.36 (KHTML, like Gecko; compatible; ClaudeBot/1.0; [email protected])"
2409:40e6:e:d85f:8000:: - - [10/Jun/2025:00:11:28 -0400] "GET /manga/farming-life-in-another-world-chapter-42/ HTTP/1.1" 200 34377 "-" "Mozilla/5.0 (X11; Linux x86_64) AppleWebKit/537.36 (KHTML, like Gecko) Chrome/137.0.0.0 Safari/537.36"
20.171.207.143 - - [10/Jun/2025:00:11:30 -0400] "GET / HTTP/1.1" 200 32194 "-" "Mozilla/5.0 AppleWebKit/537.36 (KHTML, like Gecko; compatible; GPTBot/1.2; +https://openai.com/gptbot)"
2409:40e6:e:d85f:8000:: - - [10/Jun/2025:00:11:33 -0400] "GET /manga/farming-life-in-another-world-chapter-42/ HTTP/1.1" 200 34409 "https://isekainonbirinoukachapters.com/manga/farming-life-in-another-world-chapter-41/" "Mozilla/5.0 (X11; Linux x86_64) AppleWebKit/537.36 (KHTML, like Gecko) Chrome/137.0.0.0 Safari/537.36"
2409:40e6:e:d85f:8000:: - - [10/Jun/2025:00:11:35 -0400] "POST /wp-admin/admin-ajax.php HTTP/1.1" 200 61 "https://isekainonbirinoukachapters.com/manga/farming-life-in-another-world-chapter-42/" "Mozilla/5.0 (X11; Linux x86_64) AppleWebKit/537.36 (KHTML, like Gecko) Chrome/137.0.0.0 Safari/537.36"
20.171.207.143 - - [10/Jun/2025:00:11:44 -0400] "GET /detail/pupil12580120.html HTTP/1.1" 301 0 "-" "Mozilla/5.0 AppleWebKit/537.36 (KHTML, like Gecko; compatible; GPTBot/1.2; +https://openai.com/gptbot)"
20.171.207.143 - - [10/Jun/2025:00:11:45 -0400] "GET / HTTP/1.1" 200 32196 "-" "Mozilla/5.0 AppleWebKit/537.36 (KHTML, like Gecko; compatible; GPTBot/1.2; +https://openai.com/gptbot)"
162.0.232.193 - - [10/Jun/2025:00:11:56 -0400] "POST /wp-cron.php?doing_wp_cron=1749528716.2470541000366210937500 HTTP/1.1" 200 0 "-" "WordPress/6.8.1; https://isekainonbirinoukachapters.com"
20.171.207.143 - - [10/Jun/2025:00:11:54 -0400] "GET /detail/abund51510012.html HTTP/1.1" 301 0 "-" "Mozilla/5.0 AppleWebKit/537.36 (KHTML, like Gecko; compatible; GPTBot/1.2; +https://openai.com/gptbot)"
162.0.232.193 - - [10/Jun/2025:00:12:01 -0400] "GET /wp-content/uploads/89b93a66fa29a678cbd60ff176e1ea9a_1973.xml HTTP/1.1" 200 1499 "-" "Mozilla/5.0 (X11; Linux x86_64) AppleWebKit/537.36 (KHTML, like Gecko) Ubuntu Chromium/41.0.2272.76"
2409:40e6:e:d85f:8000:: - - [10/Jun/2025:00:11:56 -0400] "GET /manga/farming-life-in-another-world-chapter-43/ HTTP/1.1" 200 34363 "-" "Mozilla/5.0 (X11; Linux x86_64) AppleWebKit/537.36 (KHTML, like Gecko) Chrome/137.0.0.0 Safari/537.36"
20.171.207.143 - - [10/Jun/2025:00:11:56 -0400] "GET / HTTP/1.1" 200 32194 "-" "Mozilla/5.0 AppleWebKit/537.36 (KHTML, like Gecko; compatible; GPTBot/1.2; +https://openai.com/gptbot)"
20.171.207.143 - - [10/Jun/2025:00:12:04 -0400] "GET /detail/slide51209652.html HTTP/1.1" 301 0 "-" "Mozilla/5.0 AppleWebKit/537.36 (KHTML, like Gecko; compatible; GPTBot/1.2; +https://openai.com/gptbot)"
2409:40e6:e:d85f:8000:: - - [10/Jun/2025:00:12:02 -0400] "GET /manga/farming-life-in-another-world-chapter-43/ HTTP/1.1" 200 34402 "https://isekainonbirinoukachapters.com/manga/farming-life-in-another-world-chapter-42/" "Mozilla/5.0 (X11; Linux x86_64) AppleWebKit/537.36 (KHTML, like Gecko) Chrome/137.0.0.0 Safari/537.36"
216.73.216.22 - - [10/Jun/2025:00:12:05 -0400] "GET /detail/golde50056876.html HTTP/1.1" 301 0 "-" "Mozilla/5.0 AppleWebKit/537.36 (KHTML, like Gecko; compatible; ClaudeBot/1.0; [email protected])"
216.73.216.22 - - [10/Jun/2025:00:12:05 -0400] "GET /detail/parag62631157.html HTTP/1.1" 301 0 "-" "Mozilla/5.0 AppleWebKit/537.36 (KHTML, like Gecko; compatible; ClaudeBot/1.0; [email protected])"
216.73.216.22 - - [10/Jun/2025:00:12:06 -0400] "GET /detail/remai30328714.html HTTP/1.1" 301 0 "-" "Mozilla/5.0 AppleWebKit/537.36 (KHTML, like Gecko; compatible; ClaudeBot/1.0; [email protected])"
216.73.216.22 - - [10/Jun/2025:00:12:06 -0400] "GET /detail/invin32539706.html HTTP/1.1" 301 0 "-" "Mozilla/5.0 AppleWebKit/537.36 (KHTML, like Gecko; compatible; ClaudeBot/1.0; [email protected])"
216.73.216.22 - - [10/Jun/2025:00:12:06 -0400] "GET /detail/brow62207093.html HTTP/1.1" 301 0 "-" "Mozilla/5.0 AppleWebKit/537.36 (KHTML, like Gecko; compatible; ClaudeBot/1.0; [email protected])"
216.73.216.22 - - [10/Jun/2025:00:12:08 -0400] "GET /detail/durat60795277.html HTTP/1.1" 301 0 "-" "Mozilla/5.0 AppleWebKit/537.36 (KHTML, like Gecko; compatible; ClaudeBot/1.0; [email protected])"
216.73.216.22 - - [10/Jun/2025:00:12:08 -0400] "GET /detail/game20169281.html HTTP/1.1" 301 0 "-" "Mozilla/5.0 AppleWebKit/537.36 (KHTML, like Gecko; compatible; ClaudeBot/1.0; [email protected])"
216.73.216.22 - - [10/Jun/2025:00:12:09 -0400] "GET /detail/you20140185.html HTTP/1.1" 301 0 "-" "Mozilla/5.0 AppleWebKit/537.36 (KHTML, like Gecko; compatible; ClaudeBot/1.0; [email protected])"
2409:40e6:e:d85f:8000:: - - [10/Jun/2025:00:12:07 -0400] "POST /wp-admin/admin-ajax.php HTTP/1.1" 200 61 "https://isekainonbirinoukachapters.com/manga/farming-life-in-another-world-chapter-43/" "Mozilla/5.0 (X11; Linux x86_64) AppleWebKit/537.36 (KHTML, like Gecko) Chrome/137.0.0.0 Safari/537.36"
20.171.207.143 - - [10/Jun/2025:00:12:06 -0400] "GET / HTTP/1.1" 200 32196 "-" "Mozilla/5.0 AppleWebKit/537.36 (KHTML, like Gecko; compatible; GPTBot/1.2; +https://openai.com/gptbot)"
2a03:2880:f800:4:: - - [10/Jun/2025:00:12:09 -0400] "GET /manga/farming-life-in-another-world-chapter-5/ HTTP/1.1" 200 34008 "-" "meta-externalagent/1.1 (+https://developers.facebook.com/docs/sharing/webmasters/crawler)"
20.171.207.143 - - [10/Jun/2025:00:12:15 -0400] "GET /detail/damag10791376.html HTTP/1.1" 301 0 "-" "Mozilla/5.0 AppleWebKit/537.36 (KHTML, like Gecko; compatible; GPTBot/1.2; +https://openai.com/gptbot)"
20.171.207.143 - - [10/Jun/2025:00:12:17 -0400] "GET / HTTP/1.1" 200 32194 "-" "Mozilla/5.0 AppleWebKit/537.36 (KHTML, like Gecko; compatible; GPTBot/1.2; +https://openai.com/gptbot)"
20.171.207.143 - - [10/Jun/2025:00:12:24 -0400] "GET /detail/drink81121719.html HTTP/1.1" 301 0 "-" "Mozilla/5.0 AppleWebKit/537.36 (KHTML, like Gecko; compatible; GPTBot/1.2; +https://openai.com/gptbot)"
54.175.74.27 - - [10/Jun/2025:00:12:23 -0400] "GET /manga/farming-life-in-another-world-chapter-24/ HTTP/1.1" 200 34500 "-" "Mozilla/5.0 (Macintosh; Intel Mac OS X 10_10_1) AppleWebKit/600.1.25 (KHTML, like Gecko) Version/8.0 Safari/600.1.25"
20.171.207.143 - - [10/Jun/2025:00:12:27 -0400] "GET / HTTP/1.1" 200 32194 "-" "Mozilla/5.0 AppleWebKit/537.36 (KHTML, like Gecko; compatible; GPTBot/1.2; +https://openai.com/gptbot)"
20.171.207.143 - - [10/Jun/2025:00:12:33 -0400] "GET /detail/thriv61378781.html HTTP/1.1" 301 0 "-" "Mozilla/5.0 AppleWebKit/537.36 (KHTML, like Gecko; compatible; GPTBot/1.2; +https://openai.com/gptbot)"
114.119.138.230 - - [10/Jun/2025:00:12:33 -0400] "GET /category/isekai-nonbiri-nouka/page/11/ HTTP/1.1" 200 33229 "https://isekainonbirinoukachapters.com/category/isekai-nonbiri-nouka/page/10/" "Mozilla/5.0 (Linux; Android 7.0;) AppleWebKit/537.36 (KHTML, like Gecko) Mobile Safari/537.36 (compatible; PetalBot;+https://webmaster.petalsearch.com/site/petalbot)"
2409:40e6:e:d85f:8000:: - - [10/Jun/2025:00:12:33 -0400] "GET /manga/farming-life-in-another-world-chapter-44/ HTTP/1.1" 200 34369 "-" "Mozilla/5.0 (X11; Linux x86_64) AppleWebKit/537.36 (KHTML, like Gecko) Chrome/137.0.0.0 Safari/537.36"
52.167.144.168 - - [10/Jun/2025:00:12:37 -0400] "GET /manga/farming-life-in-another-world-chapter-98/ HTTP/1.1" 200 34020 "-" "Mozilla/5.0 AppleWebKit/537.36 (KHTML, like Gecko; compatible; bingbot/2.0; +http://www.bing.com/bingbot.htm) Chrome/116.0.1938.76 Safari/537.36"
20.171.207.143 - - [10/Jun/2025:00:12:37 -0400] "GET / HTTP/1.1" 200 32196 "-" "Mozilla/5.0 AppleWebKit/537.36 (KHTML, like Gecko; compatible; GPTBot/1.2; +https://openai.com/gptbot)"
2409:40e6:e:d85f:8000:: - - [10/Jun/2025:00:12:41 -0400] "GET /manga/farming-life-in-another-world-chapter-44/ HTTP/1.1" 200 34408 "https://isekainonbirinoukachapters.com/manga/farming-life-in-another-world-chapter-43/" "Mozilla/5.0 (X11; Linux x86_64) AppleWebKit/537.36 (KHTML, like Gecko) Chrome/137.0.0.0 Safari/537.36"
20.171.207.143 - - [10/Jun/2025:00:12:44 -0400] "GET /detail/disap60465805.html HTTP/1.1" 301 0 "-" "Mozilla/5.0 AppleWebKit/537.36 (KHTML, like Gecko; compatible; GPTBot/1.2; +https://openai.com/gptbot)"
216.73.216.22 - - [10/Jun/2025:00:12:46 -0400] "GET /detail/him80312415.html HTTP/1.1" 301 0 "-" "Mozilla/5.0 AppleWebKit/537.36 (KHTML, like Gecko; compatible; ClaudeBot/1.0; [email protected])"
2409:40e6:e:d85f:8000:: - - [10/Jun/2025:00:12:45 -0400] "POST /wp-admin/admin-ajax.php HTTP/1.1" 200 61 "https://isekainonbirinoukachapters.com/manga/farming-life-in-another-world-chapter-44/" "Mozilla/5.0 (X11; Linux x86_64) AppleWebKit/537.36 (KHTML, like Gecko) Chrome/137.0.0.0 Safari/537.36"
216.73.216.22 - - [10/Jun/2025:00:12:47 -0400] "GET /detail/lump60878613.html HTTP/1.1" 301 0 "-" "Mozilla/5.0 AppleWebKit/537.36 (KHTML, like Gecko; compatible; ClaudeBot/1.0; [email protected])"
216.73.216.22 - - [10/Jun/2025:00:12:46 -0400] "GET /detail/balco42947723.html HTTP/1.1" 301 0 "-" "Mozilla/5.0 AppleWebKit/537.36 (KHTML, like Gecko; compatible; ClaudeBot/1.0; [email protected])"
216.73.216.22 - - [10/Jun/2025:00:12:46 -0400] "GET /detail/waste71528814.html HTTP/1.1" 301 0 "-" "Mozilla/5.0 AppleWebKit/537.36 (KHTML, like Gecko; compatible; ClaudeBot/1.0; [email protected])"
216.73.216.22 - - [10/Jun/2025:00:12:46 -0400] "GET /detail/wire30987490.html HTTP/1.1" 301 0 "-" "Mozilla/5.0 AppleWebKit/537.36 (KHTML, like Gecko; compatible; ClaudeBot/1.0; [email protected])"
216.73.216.22 - - [10/Jun/2025:00:12:49 -0400] "GET /detail/messe70882478.html HTTP/1.1" 301 0 "-" "Mozilla/5.0 AppleWebKit/537.36 (KHTML, like Gecko; compatible; ClaudeBot/1.0; [email protected])"
20.171.207.143 - - [10/Jun/2025:00:12:46 -0400] "GET / HTTP/1.1" 200 32194 "-" "Mozilla/5.0 AppleWebKit/537.36 (KHTML, like Gecko; compatible; GPTBot/1.2; +https://openai.com/gptbot)"
216.73.216.22 - - [10/Jun/2025:00:12:50 -0400] "GET /detail/key62628261.html HTTP/1.1" 301 0 "-" "Mozilla/5.0 AppleWebKit/537.36 (KHTML, like Gecko; compatible; ClaudeBot/1.0; [email protected])"
216.73.216.22 - - [10/Jun/2025:00:12:50 -0400] "GET /detail/sigh71107790.html HTTP/1.1" 301 0 "-" "Mozilla/5.0 AppleWebKit/537.36 (KHTML, like Gecko; compatible; ClaudeBot/1.0; [email protected])"
162.0.232.193 - - [10/Jun/2025:00:12:57 -0400] "POST /wp-cron.php?doing_wp_cron=1749528776.5330429077148437500000 HTTP/1.1" 200 0 "-" "WordPress/6.8.1; https://isekainonbirinoukachapters.com"
162.0.232.193 - - [10/Jun/2025:00:12:58 -0400] "POST /wp-cron.php?doing_wp_cron=1749528778.3410210609436035156250 HTTP/1.1" 200 0 "-" "WordPress/6.8.1; https://isekainonbirinoukachapters.com"
20.171.207.143 - - [10/Jun/2025:00:12:55 -0400] "GET /detail/shive51223412.html HTTP/1.1" 301 0 "-" "Mozilla/5.0 AppleWebKit/537.36 (KHTML, like Gecko; compatible; GPTBot/1.2; +https://openai.com/gptbot)"
