216.73.216.247 - - [09/Jun/2025:21:16:30 -0400] "GET /detail/conde72158606.html HTTP/1.1" 200 0 "-" "Mozilla/5.0 AppleWebKit/537.36 (KHTML, like Gecko; compatible; ClaudeBot/1.0; [email protected])"
216.73.216.247 - - [09/Jun/2025:21:16:30 -0400] "GET /detail/voice22752161.html HTTP/1.1" 200 0 "-" "Mozilla/5.0 AppleWebKit/537.36 (KHTML, like Gecko; compatible; ClaudeBot/1.0; [email protected])"
216.73.216.247 - - [09/Jun/2025:21:16:40 -0400] "GET /detail/bloss21495297.html HTTP/1.1" 301 0 "-" "Mozilla/5.0 AppleWebKit/537.36 (KHTML, like Gecko; compatible; ClaudeBot/1.0; [email protected])"
216.73.216.247 - - [09/Jun/2025:21:16:39 -0400] "GET /detail/condi71521006.html HTTP/1.1" 200 0 "-" "Mozilla/5.0 AppleWebKit/537.36 (KHTML, like Gecko; compatible; ClaudeBot/1.0; [email protected])"
216.73.216.247 - - [09/Jun/2025:21:16:40 -0400] "GET /detail/subje22868457.html HTTP/1.1" 200 0 "-" "Mozilla/5.0 AppleWebKit/537.36 (KHTML, like Gecko; compatible; ClaudeBot/1.0; [email protected])"
216.73.216.247 - - [09/Jun/2025:21:16:40 -0400] "GET /detail/hen82620927.html HTTP/1.1" 200 0 "-" "Mozilla/5.0 AppleWebKit/537.36 (KHTML, like Gecko; compatible; ClaudeBot/1.0; [email protected])"
216.73.216.247 - - [09/Jun/2025:21:16:40 -0400] "GET /detail/belt61973469.html HTTP/1.1" 200 0 "-" "Mozilla/5.0 AppleWebKit/537.36 (KHTML, like Gecko; compatible; ClaudeBot/1.0; [email protected])"
216.73.216.247 - - [09/Jun/2025:21:16:50 -0400] "GET /detail/sixte61436933.html HTTP/1.1" 301 0 "-" "Mozilla/5.0 AppleWebKit/537.36 (KHTML, like Gecko; compatible; ClaudeBot/1.0; [email protected])"
216.73.216.247 - - [09/Jun/2025:21:16:50 -0400] "GET /detail/lovel80704527.html HTTP/1.1" 200 0 "-" "Mozilla/5.0 AppleWebKit/537.36 (KHTML, like Gecko; compatible; ClaudeBot/1.0; [email protected])"
162.0.232.193 - - [09/Jun/2025:21:17:10 -0400] "POST /wp-cron.php?doing_wp_cron=1749518229.6349210739135742187500 HTTP/1.1" 200 0 "-" "WordPress/6.8.1; https://isekainonbirinoukachapters.com"
216.73.216.247 - - [09/Jun/2025:21:17:00 -0400] "GET /detail/trave10273424.html HTTP/1.1" 200 0 "-" "Mozilla/5.0 AppleWebKit/537.36 (KHTML, like Gecko; compatible; ClaudeBot/1.0; [email protected])"
216.73.216.247 - - [09/Jun/2025:21:17:10 -0400] "GET /detail/drill72226990.html HTTP/1.1" 200 0 "-" "Mozilla/5.0 AppleWebKit/537.36 (KHTML, like Gecko; compatible; ClaudeBot/1.0; [email protected])"
162.0.232.193 - - [09/Jun/2025:21:17:23 -0400] "GET /wp-content/uploads/89b93a66fa29a678cbd60ff176e1ea9a_1973.xml HTTP/1.1" 200 1362 "-" "Mozilla/5.0 (X11; Linux x86_64) AppleWebKit/537.36 (KHTML, like Gecko) Ubuntu Chromium/41.0.2272.76"
216.73.216.247 - - [09/Jun/2025:21:17:21 -0400] "GET /detail/tiro31627898.html HTTP/1.1" 301 0 "-" "Mozilla/5.0 AppleWebKit/537.36 (KHTML, like Gecko; compatible; ClaudeBot/1.0; [email protected])"
216.73.216.247 - - [09/Jun/2025:21:17:30 -0400] "GET /detail/today80377087.html HTTP/1.1" 200 0 "-" "Mozilla/5.0 AppleWebKit/537.36 (KHTML, like Gecko; compatible; ClaudeBot/1.0; [email protected])"
216.73.216.247 - - [09/Jun/2025:21:17:35 -0400] "GET /detail/tende32947082.html HTTP/1.1" 200 0 "-" "Mozilla/5.0 AppleWebKit/537.36 (KHTML, like Gecko; compatible; ClaudeBot/1.0; [email protected])"
216.73.216.247 - - [09/Jun/2025:21:17:45 -0400] "GET /detail/bucke82551015.html HTTP/1.1" 301 0 "-" "Mozilla/5.0 AppleWebKit/537.36 (KHTML, like Gecko; compatible; ClaudeBot/1.0; [email protected])"
216.73.216.247 - - [09/Jun/2025:21:17:53 -0400] "GET /detail/zone81818967.html HTTP/1.1" 301 0 "-" "Mozilla/5.0 AppleWebKit/537.36 (KHTML, like Gecko; compatible; ClaudeBot/1.0; [email protected])"
216.73.216.247 - - [09/Jun/2025:21:18:00 -0400] "GET /detail/abili41144323.html HTTP/1.1" 301 0 "-" "Mozilla/5.0 AppleWebKit/537.36 (KHTML, like Gecko; compatible; ClaudeBot/1.0; [email protected])"
216.73.216.247 - - [09/Jun/2025:21:18:08 -0400] "GET /detail/degre61749765.html HTTP/1.1" 200 0 "-" "Mozilla/5.0 AppleWebKit/537.36 (KHTML, like Gecko; compatible; ClaudeBot/1.0; [email protected])"
162.0.232.193 - - [09/Jun/2025:21:18:18 -0400] "POST /wp-cron.php?doing_wp_cron=1749518297.0366580486297607421875 HTTP/1.1" 200 0 "-" "WordPress/6.8.1; https://isekainonbirinoukachapters.com"
216.73.216.247 - - [09/Jun/2025:21:18:18 -0400] "GET /detail/dairy60834789.html HTTP/1.1" 200 0 "-" "Mozilla/5.0 AppleWebKit/537.36 (KHTML, like Gecko; compatible; ClaudeBot/1.0; [email protected])"
216.73.216.247 - - [09/Jun/2025:21:18:20 -0400] "GET /detail/humbl71246718.html HTTP/1.1" 200 0 "-" "Mozilla/5.0 AppleWebKit/537.36 (KHTML, like Gecko; compatible; ClaudeBot/1.0; [email protected])"
45.61.187.126 - - [09/Jun/2025:21:18:23 -0400] "GET /wp-login.php HTTP/1.1" 200 1910 "-" "Mozilla/5.0 (Windows NT 6.3; WOW64; rv:30.0) Gecko/20100101 Firefox/30.0"
216.73.216.247 - - [09/Jun/2025:21:18:29 -0400] "GET /detail/lengt71790086.html HTTP/1.1" 200 0 "-" "Mozilla/5.0 AppleWebKit/537.36 (KHTML, like Gecko; compatible; ClaudeBot/1.0; [email protected])"
20.171.207.143 - - [09/Jun/2025:21:18:24 -0400] "GET /detail/dry50076772.html HTTP/1.1" 301 0 "-" "Mozilla/5.0 AppleWebKit/537.36 (KHTML, like Gecko; compatible; GPTBot/1.2; +https://openai.com/gptbot)"
162.0.232.193 - - [09/Jun/2025:21:18:49 -0400] "POST /wp-cron.php?doing_wp_cron=1749518328.4802761077880859375000 HTTP/1.1" 200 0 "-" "WordPress/6.8.1; https://isekainonbirinoukachapters.com"
216.73.216.247 - - [09/Jun/2025:21:18:40 -0400] "GET /detail/die80944583.html HTTP/1.1" 200 0 "-" "Mozilla/5.0 AppleWebKit/537.36 (KHTML, like Gecko; compatible; ClaudeBot/1.0; [email protected])"
45.61.187.126 - - [09/Jun/2025:21:18:39 -0400] "POST /wp-login.php HTTP/1.1" 200 2047 "-" "Mozilla/5.0 (Windows NT 6.3; WOW64; rv:30.0) Gecko/20100101 Firefox/30.0"
216.73.216.247 - - [09/Jun/2025:21:18:50 -0400] "GET /detail/summi82519759.html HTTP/1.1" 200 0 "-" "Mozilla/5.0 AppleWebKit/537.36 (KHTML, like Gecko; compatible; ClaudeBot/1.0; [email protected])"
162.0.232.193 - - [09/Jun/2025:21:19:08 -0400] "GET /wp-content/uploads/89b93a66fa29a678cbd60ff176e1ea9a_1973.xml HTTP/1.1" 200 1362 "-" "Mozilla/5.0 (X11; Linux x86_64) AppleWebKit/537.36 (KHTML, like Gecko) Ubuntu Chromium/41.0.2272.76"
20.171.207.143 - - [09/Jun/2025:21:18:40 -0400] "GET / HTTP/1.1" 200 0 "-" "Mozilla/5.0 AppleWebKit/537.36 (KHTML, like Gecko; compatible; GPTBot/1.2; +https://openai.com/gptbot)"
216.73.216.247 - - [09/Jun/2025:21:19:01 -0400] "GET /detail/reinf41550211.html HTTP/1.1" 200 0 "-" "Mozilla/5.0 AppleWebKit/537.36 (KHTML, like Gecko; compatible; ClaudeBot/1.0; [email protected])"
216.73.216.247 - - [09/Jun/2025:21:19:11 -0400] "GET /detail/spont21602441.html HTTP/1.1" 200 0 "-" "Mozilla/5.0 AppleWebKit/537.36 (KHTML, like Gecko; compatible; ClaudeBot/1.0; [email protected])"
216.73.216.247 - - [09/Jun/2025:21:19:14 -0400] "GET /detail/thief31269474.html HTTP/1.1" 200 0 "-" "Mozilla/5.0 AppleWebKit/537.36 (KHTML, like Gecko; compatible; ClaudeBot/1.0; [email protected])"
216.73.216.247 - - [09/Jun/2025:21:19:24 -0400] "GET /detail/invit52140780.html HTTP/1.1" 301 0 "-" "Mozilla/5.0 AppleWebKit/537.36 (KHTML, like Gecko; compatible; ClaudeBot/1.0; [email protected])"
216.73.216.247 - - [09/Jun/2025:21:19:33 -0400] "GET /detail/exhau22981857.html HTTP/1.1" 200 0 "-" "Mozilla/5.0 AppleWebKit/537.36 (KHTML, like Gecko; compatible; ClaudeBot/1.0; [email protected])"
216.73.216.247 - - [09/Jun/2025:21:19:44 -0400] "GET /detail/regre12248664.html HTTP/1.1" 200 0 "-" "Mozilla/5.0 AppleWebKit/537.36 (KHTML, like Gecko; compatible; ClaudeBot/1.0; [email protected])"
216.73.216.247 - - [09/Jun/2025:21:19:54 -0400] "GET /detail/raise82516799.html HTTP/1.1" 200 0 "-" "Mozilla/5.0 AppleWebKit/537.36 (KHTML, like Gecko; compatible; ClaudeBot/1.0; [email protected])"
216.73.216.247 - - [09/Jun/2025:21:20:04 -0400] "GET /detail/fifty11781032.html HTTP/1.1" 200 0 "-" "Mozilla/5.0 AppleWebKit/537.36 (KHTML, like Gecko; compatible; ClaudeBot/1.0; [email protected])"
216.73.216.247 - - [09/Jun/2025:21:20:13 -0400] "GET /detail/careg71893982.html HTTP/1.1" 301 0 "-" "Mozilla/5.0 AppleWebKit/537.36 (KHTML, like Gecko; compatible; ClaudeBot/1.0; [email protected])"
216.73.216.247 - - [09/Jun/2025:21:20:22 -0400] "GET /detail/acre21423457.html HTTP/1.1" 200 0 "-" "Mozilla/5.0 AppleWebKit/537.36 (KHTML, like Gecko; compatible; ClaudeBot/1.0; [email protected])"
216.73.216.247 - - [09/Jun/2025:21:20:33 -0400] "GET /detail/legen82949615.html HTTP/1.1" 200 0 "-" "Mozilla/5.0 AppleWebKit/537.36 (KHTML, like Gecko; compatible; ClaudeBot/1.0; [email protected])"
216.73.216.247 - - [09/Jun/2025:21:20:43 -0400] "GET /detail/white50044436.html HTTP/1.1" 200 0 "-" "Mozilla/5.0 AppleWebKit/537.36 (KHTML, like Gecko; compatible; ClaudeBot/1.0; [email protected])"
162.0.232.193 - - [09/Jun/2025:21:20:56 -0400] "POST /wp-cron.php?doing_wp_cron=1749518456.3394460678100585937500 HTTP/1.1" 200 0 "-" "WordPress/6.8.1; https://isekainonbirinoukachapters.com"
216.73.216.247 - - [09/Jun/2025:21:20:54 -0400] "GET /detail/yawn51351228.html HTTP/1.1" 200 0 "-" "Mozilla/5.0 AppleWebKit/537.36 (KHTML, like Gecko; compatible; ClaudeBot/1.0; [email protected])"
162.0.232.193 - - [09/Jun/2025:21:21:03 -0400] "POST /wp-cron.php?doing_wp_cron=1749518462.9378829002380371093750 HTTP/1.1" 200 0 "-" "WordPress/6.8.1; https://isekainonbirinoukachapters.com"
40.77.167.51 - - [09/Jun/2025:21:20:48 -0400] "GET /nJu-207bzmb9200/ HTTP/1.1" 301 0 "-" "Mozilla/5.0 AppleWebKit/537.36 (KHTML, like Gecko; compatible; bingbot/2.0; +http://www.bing.com/bingbot.htm) Chrome/116.0.1938.76 Safari/537.36"
162.0.232.193 - - [09/Jun/2025:21:21:05 -0400] "POST /wp-cron.php?doing_wp_cron=1749518464.5400469303131103515625 HTTP/1.1" 200 0 "-" "WordPress/6.8.1; https://isekainonbirinoukachapters.com"
216.73.216.247 - - [09/Jun/2025:21:21:07 -0400] "GET /detail/hope62544509.html HTTP/1.1" 301 0 "-" "Mozilla/5.0 AppleWebKit/537.36 (KHTML, like Gecko; compatible; ClaudeBot/1.0; [email protected])"
216.73.216.247 - - [09/Jun/2025:21:21:05 -0400] "GET /detail/jury40798843.html HTTP/1.1" 301 0 "-" "Mozilla/5.0 AppleWebKit/537.36 (KHTML, like Gecko; compatible; ClaudeBot/1.0; [email protected])"
216.73.216.247 - - [09/Jun/2025:21:21:14 -0400] "GET /detail/worke61340749.html HTTP/1.1" 200 0 "-" "Mozilla/5.0 AppleWebKit/537.36 (KHTML, like Gecko; compatible; ClaudeBot/1.0; [email protected])"
162.0.232.193 - - [09/Jun/2025:21:21:28 -0400] "GET /wp-content/uploads/89b93a66fa29a678cbd60ff176e1ea9a_1973.xml HTTP/1.1" 200 1362 "-" "Mozilla/5.0 (X11; Linux x86_64) AppleWebKit/537.36 (KHTML, like Gecko) Ubuntu Chromium/41.0.2272.76"
216.73.216.247 - - [09/Jun/2025:21:21:25 -0400] "GET /detail/cargo51727204.html HTTP/1.1" 301 0 "-" "Mozilla/5.0 AppleWebKit/537.36 (KHTML, like Gecko; compatible; ClaudeBot/1.0; [email protected])"
216.73.216.247 - - [09/Jun/2025:21:21:34 -0400] "GET /detail/entir61319261.html HTTP/1.1" 301 0 "-" "Mozilla/5.0 AppleWebKit/537.36 (KHTML, like Gecko; compatible; ClaudeBot/1.0; [email protected])"
216.73.216.247 - - [09/Jun/2025:21:21:41 -0400] "GET /detail/phone40221651.html HTTP/1.1" 200 0 "-" "Mozilla/5.0 AppleWebKit/537.36 (KHTML, like Gecko; compatible; ClaudeBot/1.0; [email protected])"
216.73.216.247 - - [09/Jun/2025:21:21:52 -0400] "GET /detail/volle30184274.html HTTP/1.1" 200 0 "-" "Mozilla/5.0 AppleWebKit/537.36 (KHTML, like Gecko; compatible; ClaudeBot/1.0; [email protected])"
216.73.216.247 - - [09/Jun/2025:21:22:02 -0400] "GET /detail/cathe12163528.html HTTP/1.1" 200 0 "-" "Mozilla/5.0 AppleWebKit/537.36 (KHTML, like Gecko; compatible; ClaudeBot/1.0; [email protected])"
162.0.232.193 - - [09/Jun/2025:21:22:14 -0400] "POST /wp-cron.php?doing_wp_cron=1749518532.8397059440612792968750 HTTP/1.1" 200 0 "-" "WordPress/6.8.1; https://isekainonbirinoukachapters.com"
216.73.216.247 - - [09/Jun/2025:21:22:12 -0400] "GET /detail/spher71929966.html HTTP/1.1" 301 0 "-" "Mozilla/5.0 AppleWebKit/537.36 (KHTML, like Gecko; compatible; ClaudeBot/1.0; [email protected])"
216.73.216.247 - - [09/Jun/2025:21:22:20 -0400] "GET /detail/brill11374864.html HTTP/1.1" 301 0 "-" "Mozilla/5.0 AppleWebKit/537.36 (KHTML, like Gecko; compatible; ClaudeBot/1.0; [email protected])"
216.73.216.247 - - [09/Jun/2025:21:22:30 -0400] "GET /detail/there50944652.html HTTP/1.1" 200 0 "-" "Mozilla/5.0 AppleWebKit/537.36 (KHTML, like Gecko; compatible; ClaudeBot/1.0; [email protected])"
162.0.232.193 - - [09/Jun/2025:21:22:44 -0400] "POST /wp-cron.php?doing_wp_cron=1749518563.5396819114685058593750 HTTP/1.1" 200 0 "-" "WordPress/6.8.1; https://isekainonbirinoukachapters.com"
216.73.216.247 - - [09/Jun/2025:21:22:41 -0400] "GET /detail/suppo12221144.html HTTP/1.1" 301 0 "-" "Mozilla/5.0 AppleWebKit/537.36 (KHTML, like Gecko; compatible; ClaudeBot/1.0; [email protected])"
216.73.216.247 - - [09/Jun/2025:21:22:47 -0400] "GET /detail/beari20811713.html HTTP/1.1" 301 0 "-" "Mozilla/5.0 AppleWebKit/537.36 (KHTML, like Gecko; compatible; ClaudeBot/1.0; [email protected])"
216.73.216.247 - - [09/Jun/2025:21:22:57 -0400] "GET /detail/inclu41792531.html HTTP/1.1" 301 0 "-" "Mozilla/5.0 AppleWebKit/537.36 (KHTML, like Gecko; compatible; ClaudeBot/1.0; [email protected])"
162.0.232.193 - - [09/Jun/2025:21:23:07 -0400] "GET /wp-content/uploads/89b93a66fa29a678cbd60ff176e1ea9a_1973.xml HTTP/1.1" 200 1362 "-" "Mozilla/5.0 (X11; Linux x86_64) AppleWebKit/537.36 (KHTML, like Gecko) Ubuntu Chromium/41.0.2272.76"
216.73.216.247 - - [09/Jun/2025:21:23:06 -0400] "GET /detail/helme31671394.html HTTP/1.1" 301 0 "-" "Mozilla/5.0 AppleWebKit/537.36 (KHTML, like Gecko; compatible; ClaudeBot/1.0; [email protected])"
216.73.216.247 - - [09/Jun/2025:21:23:18 -0400] "GET /detail/pet71521174.html HTTP/1.1" 301 0 "-" "Mozilla/5.0 AppleWebKit/537.36 (KHTML, like Gecko; compatible; ClaudeBot/1.0; [email protected])"
216.73.216.247 - - [09/Jun/2025:21:23:27 -0400] "GET /detail/highw11790984.html HTTP/1.1" 200 0 "-" "Mozilla/5.0 AppleWebKit/537.36 (KHTML, like Gecko; compatible; ClaudeBot/1.0; [email protected])"
216.73.216.247 - - [09/Jun/2025:21:23:31 -0400] "GET /detail/semic30023026.html HTTP/1.1" 200 0 "-" "Mozilla/5.0 AppleWebKit/537.36 (KHTML, like Gecko; compatible; ClaudeBot/1.0; [email protected])"
216.73.216.247 - - [09/Jun/2025:21:23:41 -0400] "GET /detail/adequ60850157.html HTTP/1.1" 200 0 "-" "Mozilla/5.0 AppleWebKit/537.36 (KHTML, like Gecko; compatible; ClaudeBot/1.0; [email protected])"
162.0.232.193 - - [09/Jun/2025:21:23:54 -0400] "POST /wp-cron.php?doing_wp_cron=1749518633.7339890003204345703125 HTTP/1.1" 200 0 "-" "WordPress/6.8.1; https://isekainonbirinoukachapters.com"
216.73.216.247 - - [09/Jun/2025:21:23:52 -0400] "GET /detail/ready31604970.html HTTP/1.1" 200 0 "-" "Mozilla/5.0 AppleWebKit/537.36 (KHTML, like Gecko; compatible; ClaudeBot/1.0; [email protected])"
40.77.167.51 - - [09/Jun/2025:21:23:59 -0400] "GET /rTd-27pkg32783/ HTTP/1.1" 301 0 "-" "Mozilla/5.0 AppleWebKit/537.36 (KHTML, like Gecko; compatible; bingbot/2.0; +http://www.bing.com/bingbot.htm) Chrome/116.0.1938.76 Safari/537.36"
216.73.216.247 - - [09/Jun/2025:21:24:03 -0400] "GET /detail/varie80338063.html HTTP/1.1" 301 0 "-" "Mozilla/5.0 AppleWebKit/537.36 (KHTML, like Gecko; compatible; ClaudeBot/1.0; [email protected])"
216.73.216.247 - - [09/Jun/2025:21:24:13 -0400] "GET /detail/lump62666613.html HTTP/1.1" 301 0 "-" "Mozilla/5.0 AppleWebKit/537.36 (KHTML, like Gecko; compatible; ClaudeBot/1.0; [email protected])"
216.73.216.247 - - [09/Jun/2025:21:24:24 -0400] "GET /detail/victi40663667.html HTTP/1.1" 301 0 "-" "Mozilla/5.0 AppleWebKit/537.36 (KHTML, like Gecko; compatible; ClaudeBot/1.0; [email protected])"
216.73.216.247 - - [09/Jun/2025:21:24:33 -0400] "GET /detail/setti32278154.html HTTP/1.1" 200 0 "-" "Mozilla/5.0 AppleWebKit/537.36 (KHTML, like Gecko; compatible; ClaudeBot/1.0; [email protected])"
216.73.216.247 - - [09/Jun/2025:21:24:49 -0400] "GET /detail/nativ42925499.html HTTP/1.1" 200 0 "-" "Mozilla/5.0 AppleWebKit/537.36 (KHTML, like Gecko; compatible; ClaudeBot/1.0; [email protected])"
162.0.232.193 - - [09/Jun/2025:21:25:06 -0400] "POST /wp-cron.php?doing_wp_cron=1749518704.8776800632476806640625 HTTP/1.1" 200 0 "-" "WordPress/6.8.1; https://isekainonbirinoukachapters.com"
216.73.216.247 - - [09/Jun/2025:21:24:57 -0400] "GET /detail/die80812583.html HTTP/1.1" 200 0 "-" "Mozilla/5.0 AppleWebKit/537.36 (KHTML, like Gecko; compatible; ClaudeBot/1.0; [email protected])"
162.0.232.193 - - [09/Jun/2025:21:25:09 -0400] "POST /wp-cron.php?doing_wp_cron=1749518708.2409589290618896484375 HTTP/1.1" 200 0 "-" "WordPress/6.8.1; https://isekainonbirinoukachapters.com"
162.0.232.193 - - [09/Jun/2025:21:25:14 -0400] "POST /wp-cron.php?doing_wp_cron=1749518713.7383909225463867187500 HTTP/1.1" 200 0 "-" "WordPress/6.8.1; https://isekainonbirinoukachapters.com"
162.0.232.193 - - [09/Jun/2025:21:25:17 -0400] "POST /wp-cron.php?doing_wp_cron=1749518715.7347030639648437500000 HTTP/1.1" 200 0 "-" "WordPress/6.8.1; https://isekainonbirinoukachapters.com"
216.73.216.247 - - [09/Jun/2025:21:25:10 -0400] "GET /detail/dorm50035084.html HTTP/1.1" 200 0 "-" "Mozilla/5.0 AppleWebKit/537.36 (KHTML, like Gecko; compatible; ClaudeBot/1.0; [email protected])"
216.73.216.247 - - [09/Jun/2025:21:25:22 -0400] "GET /detail/fairy81975735.html HTTP/1.1" 200 0 "-" "Mozilla/5.0 AppleWebKit/537.36 (KHTML, like Gecko; compatible; ClaudeBot/1.0; [email protected])"
2607:fb90:378b:87ca:b5f4:f371:33f2:e8ee - - [09/Jun/2025:21:24:53 -0400] "GET / HTTP/1.1" 200 32230 "-" "Mozilla/5.0 (iPhone; CPU iPhone OS 18_5 like Mac OS X) AppleWebKit/605.1.15 (KHTML, like Gecko) Version/18.5 Mobile/15E148 Safari/604.1"
2607:fb90:378b:87ca:b5f4:f371:33f2:e8ee - - [09/Jun/2025:21:24:58 -0400] "GET / HTTP/1.1" 200 32230 "-" "Mozilla/5.0 (iPhone; CPU iPhone OS 18_5 like Mac OS X) AppleWebKit/605.1.15 (KHTML, like Gecko) Version/18.5 Mobile/15E148 Safari/604.1"
162.0.232.193 - - [09/Jun/2025:21:25:40 -0400] "GET /wp-content/uploads/89b93a66fa29a678cbd60ff176e1ea9a_1973.xml HTTP/1.1" 200 1362 "-" "Mozilla/5.0 (X11; Linux x86_64) AppleWebKit/537.36 (KHTML, like Gecko) Ubuntu Chromium/41.0.2272.76"
216.73.216.247 - - [09/Jun/2025:21:25:35 -0400] "GET /detail/fan10680128.html HTTP/1.1" 200 0 "-" "Mozilla/5.0 AppleWebKit/537.36 (KHTML, like Gecko; compatible; ClaudeBot/1.0; [email protected])"
20.171.207.143 - - [09/Jun/2025:21:25:39 -0400] "GET /detail/list52220620.html HTTP/1.1" 301 0 "-" "Mozilla/5.0 AppleWebKit/537.36 (KHTML, like Gecko; compatible; GPTBot/1.2; +https://openai.com/gptbot)"
216.73.216.247 - - [09/Jun/2025:21:25:48 -0400] "GET /detail/someb12241176.html HTTP/1.1" 200 0 "-" "Mozilla/5.0 AppleWebKit/537.36 (KHTML, like Gecko; compatible; ClaudeBot/1.0; [email protected])"
216.73.216.247 - - [09/Jun/2025:21:25:58 -0400] "GET /detail/twent80944535.html HTTP/1.1" 200 0 "-" "Mozilla/5.0 AppleWebKit/537.36 (KHTML, like Gecko; compatible; ClaudeBot/1.0; [email protected])"
216.73.216.247 - - [09/Jun/2025:21:26:11 -0400] "GET /detail/ribbo51126468.html HTTP/1.1" 200 0 "-" "Mozilla/5.0 AppleWebKit/537.36 (KHTML, like Gecko; compatible; ClaudeBot/1.0; [email protected])"
162.0.232.193 - - [09/Jun/2025:21:26:22 -0400] "POST /wp-cron.php?doing_wp_cron=1749518782.1396529674530029296875 HTTP/1.1" 200 0 "-" "WordPress/6.8.1; https://isekainonbirinoukachapters.com"
63.141.227.138 - - [09/Jun/2025:21:26:18 -0400] "GET /522314/index.php?520&d_time HTTP/1.1" 301 0 "-" "Mozilla/5.0 (Windows NT 10.0; Win64; x64) AppleWebKit/537.36 (KHTML, like Gecko) Chrome/136.0.0.0 Safari/537.36 Edg/136.0.0.0"
162.0.232.193 - - [09/Jun/2025:21:26:24 -0400] "POST /wp-cron.php?doing_wp_cron=1749518783.4368879795074462890625 HTTP/1.1" 200 0 "-" "WordPress/6.8.1; https://isekainonbirinoukachapters.com"
20.171.207.143 - - [09/Jun/2025:21:25:57 -0400] "GET / HTTP/1.1" 200 0 "-" "Mozilla/5.0 AppleWebKit/537.36 (KHTML, like Gecko; compatible; GPTBot/1.2; +https://openai.com/gptbot)"
216.73.216.247 - - [09/Jun/2025:21:26:24 -0400] "GET /detail/cent70660278.html HTTP/1.1" 200 0 "-" "Mozilla/5.0 AppleWebKit/537.36 (KHTML, like Gecko; compatible; ClaudeBot/1.0; [email protected])"
216.73.216.247 - - [09/Jun/2025:21:26:37 -0400] "GET /detail/corpo82434255.html HTTP/1.1" 301 0 "-" "Mozilla/5.0 AppleWebKit/537.36 (KHTML, like Gecko; compatible; ClaudeBot/1.0; [email protected])"
63.141.227.138 - - [09/Jun/2025:21:26:24 -0400] "GET / HTTP/1.1" 200 0 "-" "Mozilla/5.0 (Windows NT 10.0; Win64; x64) AppleWebKit/537.36 (KHTML, like Gecko) Chrome/136.0.0.0 Safari/537.36 Edg/136.0.0.0"
216.73.216.247 - - [09/Jun/2025:21:26:46 -0400] "GET /detail/meet12025448.html HTTP/1.1" 200 0 "-" "Mozilla/5.0 AppleWebKit/537.36 (KHTML, like Gecko; compatible; ClaudeBot/1.0; [email protected])"
162.0.232.193 - - [09/Jun/2025:21:27:03 -0400] "POST /wp-cron.php?doing_wp_cron=1749518822.4490199089050292968750 HTTP/1.1" 200 0 "-" "WordPress/6.8.1; https://isekainonbirinoukachapters.com"
216.73.216.247 - - [09/Jun/2025:21:26:54 -0400] "GET /detail/kilog81830527.html HTTP/1.1" 200 0 "-" "Mozilla/5.0 AppleWebKit/537.36 (KHTML, like Gecko; compatible; ClaudeBot/1.0; [email protected])"
54.36.148.100 - - [09/Jun/2025:21:26:56 -0400] "GET /category/farming-life-in-another-world-manga/feed/ HTTP/1.1" 304 0 "-" "Mozilla/5.0 (compatible; AhrefsBot/7.0; +http://ahrefs.com/robot/)"
216.73.216.247 - - [09/Jun/2025:21:27:04 -0400] "GET /detail/fores72488054.html HTTP/1.1" 301 0 "-" "Mozilla/5.0 AppleWebKit/537.36 (KHTML, like Gecko; compatible; ClaudeBot/1.0; [email protected])"
162.0.232.193 - - [09/Jun/2025:21:27:18 -0400] "GET /wp-content/uploads/89b93a66fa29a678cbd60ff176e1ea9a_1973.xml HTTP/1.1" 200 1362 "-" "Mozilla/5.0 (X11; Linux x86_64) AppleWebKit/537.36 (KHTML, like Gecko) Ubuntu Chromium/41.0.2272.76"
216.73.216.247 - - [09/Jun/2025:21:27:13 -0400] "GET /detail/self12195888.html HTTP/1.1" 200 0 "-" "Mozilla/5.0 AppleWebKit/537.36 (KHTML, like Gecko; compatible; ClaudeBot/1.0; [email protected])"
216.73.216.247 - - [09/Jun/2025:21:27:26 -0400] "GET /detail/plura80955167.html HTTP/1.1" 200 0 "-" "Mozilla/5.0 AppleWebKit/537.36 (KHTML, like Gecko; compatible; ClaudeBot/1.0; [email protected])"
216.73.216.247 - - [09/Jun/2025:21:27:39 -0400] "GET /detail/lante60247365.html HTTP/1.1" 200 0 "-" "Mozilla/5.0 AppleWebKit/537.36 (KHTML, like Gecko; compatible; ClaudeBot/1.0; [email protected])"
216.73.216.247 - - [09/Jun/2025:21:27:52 -0400] "GET /detail/mold60943757.html HTTP/1.1" 200 0 "-" "Mozilla/5.0 AppleWebKit/537.36 (KHTML, like Gecko; compatible; ClaudeBot/1.0; [email protected])"
162.0.232.193 - - [09/Jun/2025:21:28:04 -0400] "POST /wp-cron.php?doing_wp_cron=1749518883.3393950462341308593750 HTTP/1.1" 200 0 "-" "WordPress/6.8.1; https://isekainonbirinoukachapters.com"
162.0.232.193 - - [09/Jun/2025:21:28:06 -0400] "POST /wp-cron.php?doing_wp_cron=1749518885.2370100021362304687500 HTTP/1.1" 200 0 "-" "WordPress/6.8.1; https://isekainonbirinoukachapters.com"
216.73.216.247 - - [09/Jun/2025:21:27:58 -0400] "GET /detail/branc80219103.html HTTP/1.1" 200 0 "-" "Mozilla/5.0 AppleWebKit/537.36 (KHTML, like Gecko; compatible; ClaudeBot/1.0; [email protected])"
216.73.216.247 - - [09/Jun/2025:21:28:08 -0400] "GET /detail/chees41540931.html HTTP/1.1" 200 0 "-" "Mozilla/5.0 AppleWebKit/537.36 (KHTML, like Gecko; compatible; ClaudeBot/1.0; [email protected])"
216.73.216.247 - - [09/Jun/2025:21:28:21 -0400] "GET /detail/suppl30312914.html HTTP/1.1" 200 0 "-" "Mozilla/5.0 AppleWebKit/537.36 (KHTML, like Gecko; compatible; ClaudeBot/1.0; [email protected])"
162.0.232.193 - - [09/Jun/2025:21:28:31 -0400] "POST /wp-cron.php?doing_wp_cron=1749518911.1575880050659179687500 HTTP/1.1" 200 0 "-" "WordPress/6.8.1; https://isekainonbirinoukachapters.com"
216.73.216.247 - - [09/Jun/2025:21:28:34 -0400] "GET /detail/estee40414011.html HTTP/1.1" 200 0 "-" "Mozilla/5.0 AppleWebKit/537.36 (KHTML, like Gecko; compatible; ClaudeBot/1.0; [email protected])"
216.73.216.247 - - [09/Jun/2025:21:28:47 -0400] "GET /detail/helme31103394.html HTTP/1.1" 200 0 "-" "Mozilla/5.0 AppleWebKit/537.36 (KHTML, like Gecko; compatible; ClaudeBot/1.0; [email protected])"
162.0.232.193 - - [09/Jun/2025:21:29:03 -0400] "POST /wp-cron.php?doing_wp_cron=1749518943.2449629306793212890625 HTTP/1.1" 200 0 "-" "WordPress/6.8.1; https://isekainonbirinoukachapters.com"
114.119.138.230 - - [09/Jun/2025:21:28:58 -0400] "GET /manga/isekai-nonbiri-nouka-chapter-198-the-second-hole-4/ HTTP/1.1" 301 0 "https://isekainonbirinoukachapters.com/isekai-nonbiri-nouka-chapter-76/" "Mozilla/5.0 (Linux; Android 7.0;) AppleWebKit/537.36 (KHTML, like Gecko) Mobile Safari/537.36 (compatible; PetalBot;+https://webmaster.petalsearch.com/site/petalbot)"
216.73.216.247 - - [09/Jun/2025:21:28:59 -0400] "GET /detail/amate12775720.html HTTP/1.1" 200 0 "-" "Mozilla/5.0 AppleWebKit/537.36 (KHTML, like Gecko; compatible; ClaudeBot/1.0; [email protected])"
216.73.216.247 - - [09/Jun/2025:21:29:03 -0400] "GET /detail/fight42569739.html HTTP/1.1" 200 0 "-" "Mozilla/5.0 AppleWebKit/537.36 (KHTML, like Gecko; compatible; ClaudeBot/1.0; [email protected])"
162.0.232.193 - - [09/Jun/2025:21:29:22 -0400] "GET /wp-content/uploads/89b93a66fa29a678cbd60ff176e1ea9a_1973.xml HTTP/1.1" 200 1362 "-" "Mozilla/5.0 (X11; Linux x86_64) AppleWebKit/537.36 (KHTML, like Gecko) Ubuntu Chromium/41.0.2272.76"
216.73.216.247 - - [09/Jun/2025:21:29:13 -0400] "GET /detail/voyag72731086.html HTTP/1.1" 301 0 "-" "Mozilla/5.0 AppleWebKit/537.36 (KHTML, like Gecko; compatible; ClaudeBot/1.0; [email protected])"
114.119.138.230 - - [09/Jun/2025:21:29:05 -0400] "GET / HTTP/1.1" 200 0 "https://isekainonbirinoukachapters.com/isekai-nonbiri-nouka-chapter-76/" "Mozilla/5.0 (Linux; Android 7.0;) AppleWebKit/537.36 (KHTML, like Gecko) Mobile Safari/537.36 (compatible; PetalBot;+https://webmaster.petalsearch.com/site/petalbot)"
216.73.216.247 - - [09/Jun/2025:21:29:26 -0400] "GET /detail/garba31611578.html HTTP/1.1" 301 0 "-" "Mozilla/5.0 AppleWebKit/537.36 (KHTML, like Gecko; compatible; ClaudeBot/1.0; [email protected])"
216.73.216.247 - - [09/Jun/2025:21:29:35 -0400] "GET /detail/gene42387763.html HTTP/1.1" 301 0 "-" "Mozilla/5.0 AppleWebKit/537.36 (KHTML, like Gecko; compatible; ClaudeBot/1.0; [email protected])"
216.73.216.247 - - [09/Jun/2025:21:29:48 -0400] "GET /detail/hills61014957.html HTTP/1.1" 200 0 "-" "Mozilla/5.0 AppleWebKit/537.36 (KHTML, like Gecko; compatible; ClaudeBot/1.0; [email protected])"
216.73.216.247 - - [09/Jun/2025:21:30:01 -0400] "GET /detail/donat11749632.html HTTP/1.1" 200 0 "-" "Mozilla/5.0 AppleWebKit/537.36 (KHTML, like Gecko; compatible; ClaudeBot/1.0; [email protected])"
162.0.232.193 - - [09/Jun/2025:21:30:13 -0400] "POST /wp-cron.php?doing_wp_cron=1749519013.0413649082183837890625 HTTP/1.1" 200 0 "-" "WordPress/6.8.1; https://isekainonbirinoukachapters.com"
216.73.216.247 - - [09/Jun/2025:21:30:04 -0400] "GET /detail/repav22378425.html HTTP/1.1" 200 0 "-" "Mozilla/5.0 AppleWebKit/537.36 (KHTML, like Gecko; compatible; ClaudeBot/1.0; [email protected])"
162.0.232.193 - - [09/Jun/2025:21:30:18 -0400] "POST /wp-cron.php?doing_wp_cron=1749519016.2366240024566650390625 HTTP/1.1" 200 0 "-" "WordPress/6.8.1; https://isekainonbirinoukachapters.com"
216.73.216.247 - - [09/Jun/2025:21:30:14 -0400] "GET /detail/skate22096873.html HTTP/1.1" 200 0 "-" "Mozilla/5.0 AppleWebKit/537.36 (KHTML, like Gecko; compatible; ClaudeBot/1.0; [email protected])"
216.73.216.247 - - [09/Jun/2025:21:30:27 -0400] "GET /detail/ill70012734.html HTTP/1.1" 301 0 "-" "Mozilla/5.0 AppleWebKit/537.36 (KHTML, like Gecko; compatible; ClaudeBot/1.0; [email protected])"
52.167.144.150 - - [09/Jun/2025:21:30:32 -0400] "GET /zxxdzy/e209114489418.shtm HTTP/1.1" 301 0 "-" "Mozilla/5.0 AppleWebKit/537.36 (KHTML, like Gecko; compatible; bingbot/2.0; +http://www.bing.com/bingbot.htm) Chrome/116.0.1938.76 Safari/537.36"
216.73.216.247 - - [09/Jun/2025:21:30:36 -0400] "GET /detail/fifth42821195.html HTTP/1.1" 200 0 "-" "Mozilla/5.0 AppleWebKit/537.36 (KHTML, like Gecko; compatible; ClaudeBot/1.0; [email protected])"
114.119.159.246 - - [09/Jun/2025:21:30:28 -0400] "GET /manga/farming-life-in-another-world-chapter-9/ HTTP/1.1" 200 34189 "https://isekainonbirinoukachapters.com/manga/isekai-nonbiri-nouka-chapter-27-paying-taxes/" "Mozilla/5.0 (Linux; Android 7.0;) AppleWebKit/537.36 (KHTML, like Gecko) Mobile Safari/537.36 (compatible; PetalBot;+https://webmaster.petalsearch.com/site/petalbot)"
216.73.216.247 - - [09/Jun/2025:21:30:49 -0400] "GET /detail/haste31230970.html HTTP/1.1" 200 0 "-" "Mozilla/5.0 AppleWebKit/537.36 (KHTML, like Gecko; compatible; ClaudeBot/1.0; [email protected])"
216.73.216.247 - - [09/Jun/2025:21:30:57 -0400] "GET /detail/gift40184827.html HTTP/1.1" 200 0 "-" "Mozilla/5.0 AppleWebKit/537.36 (KHTML, like Gecko; compatible; ClaudeBot/1.0; [email protected])"
216.73.216.247 - - [09/Jun/2025:21:31:06 -0400] "GET /detail/hills61570957.html HTTP/1.1" 301 0 "-" "Mozilla/5.0 AppleWebKit/537.36 (KHTML, like Gecko; compatible; ClaudeBot/1.0; [email protected])"
216.73.216.247 - - [09/Jun/2025:21:31:16 -0400] "GET /detail/facil80274407.html HTTP/1.1" 301 0 "-" "Mozilla/5.0 AppleWebKit/537.36 (KHTML, like Gecko; compatible; ClaudeBot/1.0; [email protected])"
216.73.216.247 - - [09/Jun/2025:21:31:25 -0400] "GET /detail/rolle32358882.html HTTP/1.1" 301 0 "-" "Mozilla/5.0 AppleWebKit/537.36 (KHTML, like Gecko; compatible; ClaudeBot/1.0; [email protected])"
216.73.216.247 - - [09/Jun/2025:21:31:35 -0400] "GET /detail/lust71079854.html HTTP/1.1" 301 0 "-" "Mozilla/5.0 AppleWebKit/537.36 (KHTML, like Gecko; compatible; ClaudeBot/1.0; [email protected])"
216.73.216.247 - - [09/Jun/2025:21:31:41 -0400] "GET /detail/regre11016664.html HTTP/1.1" 301 0 "-" "Mozilla/5.0 AppleWebKit/537.36 (KHTML, like Gecko; compatible; ClaudeBot/1.0; [email protected])"
216.73.216.247 - - [09/Jun/2025:21:31:51 -0400] "GET /detail/wide11241024.html HTTP/1.1" 200 0 "-" "Mozilla/5.0 AppleWebKit/537.36 (KHTML, like Gecko; compatible; ClaudeBot/1.0; [email protected])"
162.0.232.193 - - [09/Jun/2025:21:32:01 -0400] "POST /wp-cron.php?doing_wp_cron=1749519120.7443289756774902343750 HTTP/1.1" 200 0 "-" "WordPress/6.8.1; https://isekainonbirinoukachapters.com"
216.73.216.247 - - [09/Jun/2025:21:32:04 -0400] "GET /detail/shine72981678.html HTTP/1.1" 200 0 "-" "Mozilla/5.0 AppleWebKit/537.36 (KHTML, like Gecko; compatible; ClaudeBot/1.0; [email protected])"
20.171.207.143 - - [09/Jun/2025:21:32:08 -0400] "GET /detail/workm62622629.html HTTP/1.1" 301 0 "-" "Mozilla/5.0 AppleWebKit/537.36 (KHTML, like Gecko; compatible; GPTBot/1.2; +https://openai.com/gptbot)"
162.0.232.193 - - [09/Jun/2025:21:32:24 -0400] "GET /wp-content/uploads/89b93a66fa29a678cbd60ff176e1ea9a_1973.xml HTTP/1.1" 200 1362 "-" "Mozilla/5.0 (X11; Linux x86_64) AppleWebKit/537.36 (KHTML, like Gecko) Ubuntu Chromium/41.0.2272.76"
216.73.216.247 - - [09/Jun/2025:21:32:20 -0400] "GET /detail/earth12448704.html HTTP/1.1" 301 0 "-" "Mozilla/5.0 AppleWebKit/537.36 (KHTML, like Gecko; compatible; ClaudeBot/1.0; [email protected])"
20.171.207.143 - - [09/Jun/2025:21:32:18 -0400] "GET / HTTP/1.1" 200 32194 "-" "Mozilla/5.0 AppleWebKit/537.36 (KHTML, like Gecko; compatible; GPTBot/1.2; +https://openai.com/gptbot)"
40.77.167.7 - - [09/Jun/2025:21:32:22 -0400] "GET /manga/farming-life-in-another-world-chapter-89/ HTTP/1.1" 200 34023 "-" "Mozilla/5.0 AppleWebKit/537.36 (KHTML, like Gecko; compatible; bingbot/2.0; +http://www.bing.com/bingbot.htm) Chrome/116.0.1938.76 Safari/537.36"
216.73.216.247 - - [09/Jun/2025:21:32:33 -0400] "GET /detail/era81273871.html HTTP/1.1" 200 0 "-" "Mozilla/5.0 AppleWebKit/537.36 (KHTML, like Gecko; compatible; ClaudeBot/1.0; [email protected])"
162.0.232.193 - - [09/Jun/2025:21:33:02 -0400] "POST /wp-cron.php?doing_wp_cron=1749519181.6363229751586914062500 HTTP/1.1" 200 0 "-" "WordPress/6.8.1; https://isekainonbirinoukachapters.com"
216.73.216.247 - - [09/Jun/2025:21:32:53 -0400] "GET /detail/inqui60265885.html HTTP/1.1" 200 0 "-" "Mozilla/5.0 AppleWebKit/537.36 (KHTML, like Gecko; compatible; ClaudeBot/1.0; [email protected])"
162.0.232.193 - - [09/Jun/2025:21:33:06 -0400] "POST /wp-cron.php?doing_wp_cron=1749519186.0413880348205566406250 HTTP/1.1" 200 0 "-" "WordPress/6.8.1; https://isekainonbirinoukachapters.com"
135.131.162.139 - - [09/Jun/2025:21:32:51 -0400] "GET /manga/farming-life-in-another-world-chapter-16/ HTTP/1.1" 200 34208 "https://isekainonbirinoukachapters.com/manga/farming-life-in-another-world-chapter-15/" "Mozilla/5.0 (Linux; Android 10; K) AppleWebKit/537.36 (KHTML, like Gecko) Chrome/137.0.0.0 Mobile Safari/537.36"
135.131.162.139 - - [09/Jun/2025:21:32:51 -0400] "POST /wp-admin/admin-ajax.php HTTP/1.1" 200 61 "https://isekainonbirinoukachapters.com/manga/farming-life-in-another-world-chapter-15/" "Mozilla/5.0 (X11; Linux x86_64) AppleWebKit/537.36 (KHTML, like Gecko) Chrome/137.0.0.0 Safari/537.36"
135.131.162.139 - - [09/Jun/2025:21:33:01 -0400] "GET /manga/farming-life-in-another-world-chapter-16/ HTTP/1.1" 200 34136 "https://isekainonbirinoukachapters.com/manga/farming-life-in-another-world-chapter-15/" "Mozilla/5.0 (X11; Linux x86_64) AppleWebKit/537.36 (KHTML, like Gecko) Chrome/137.0.0.0 Safari/537.36"
216.73.216.247 - - [09/Jun/2025:21:33:13 -0400] "GET /detail/statu60194085.html HTTP/1.1" 301 0 "-" "Mozilla/5.0 AppleWebKit/537.36 (KHTML, like Gecko; compatible; ClaudeBot/1.0; [email protected])"
162.0.232.193 - - [09/Jun/2025:21:33:28 -0400] "POST /wp-cron.php?doing_wp_cron=1749519208.1356139183044433593750 HTTP/1.1" 200 0 "-" "WordPress/6.8.1; https://isekainonbirinoukachapters.com"
135.131.162.139 - - [09/Jun/2025:21:33:23 -0400] "POST /wp-admin/admin-ajax.php HTTP/1.1" 200 61 "https://isekainonbirinoukachapters.com/manga/farming-life-in-another-world-chapter-15/" "Mozilla/5.0 (X11; Linux x86_64) AppleWebKit/537.36 (KHTML, like Gecko) Chrome/137.0.0.0 Safari/537.36"
216.73.216.247 - - [09/Jun/2025:21:33:26 -0400] "GET /detail/cigar22341481.html HTTP/1.1" 301 0 "-" "Mozilla/5.0 AppleWebKit/537.36 (KHTML, like Gecko; compatible; ClaudeBot/1.0; [email protected])"
135.131.162.139 - - [09/Jun/2025:21:33:23 -0400] "GET /manga/farming-life-in-another-world-chapter-16/ HTTP/1.1" 200 34136 "https://isekainonbirinoukachapters.com/manga/farming-life-in-another-world-chapter-15/" "Mozilla/5.0 (X11; Linux x86_64) AppleWebKit/537.36 (KHTML, like Gecko) Chrome/137.0.0.0 Safari/537.36"
54.175.74.27 - - [09/Jun/2025:21:33:27 -0400] "GET /manga/farming-life-in-another-world-chapter-65/ HTTP/1.1" 200 34087 "-" "Mozilla/5.0 (Macintosh; Intel Mac OS X 10_10_1) AppleWebKit/600.1.25 (KHTML, like Gecko) Version/8.0 Safari/600.1.25"
135.131.162.139 - - [09/Jun/2025:21:33:37 -0400] "GET /manga/farming-life-in-another-world-chapter-16/ HTTP/1.1" 200 0 "-" "Mozilla/5.0 (Linux; Android 10; K) AppleWebKit/537.36 (KHTML, like Gecko) Chrome/137.0.0.0 Mobile Safari/537.36"
216.73.216.247 - - [09/Jun/2025:21:33:36 -0400] "GET /detail/resum61718845.html HTTP/1.1" 301 0 "-" "Mozilla/5.0 AppleWebKit/537.36 (KHTML, like Gecko; compatible; ClaudeBot/1.0; [email protected])"
162.0.232.193 - - [09/Jun/2025:21:33:56 -0400] "POST /wp-cron.php?doing_wp_cron=1749519235.7611110210418701171875 HTTP/1.1" 200 0 "-" "WordPress/6.8.1; https://isekainonbirinoukachapters.com"
216.73.216.247 - - [09/Jun/2025:21:33:49 -0400] "GET /detail/spotl51209452.html HTTP/1.1" 301 0 "-" "Mozilla/5.0 AppleWebKit/537.36 (KHTML, like Gecko; compatible; ClaudeBot/1.0; [email protected])"
162.0.232.193 - - [09/Jun/2025:21:34:06 -0400] "GET /wp-content/uploads/89b93a66fa29a678cbd60ff176e1ea9a_1973.xml HTTP/1.1" 200 1362 "-" "Mozilla/5.0 (X11; Linux x86_64) AppleWebKit/537.36 (KHTML, like Gecko) Ubuntu Chromium/41.0.2272.76"
216.73.216.247 - - [09/Jun/2025:21:34:02 -0400] "GET /detail/lady32868906.html HTTP/1.1" 301 0 "-" "Mozilla/5.0 AppleWebKit/537.36 (KHTML, like Gecko; compatible; ClaudeBot/1.0; [email protected])"
216.73.216.247 - - [09/Jun/2025:21:34:15 -0400] "GET /detail/adven80802735.html HTTP/1.1" 301 0 "-" "Mozilla/5.0 AppleWebKit/537.36 (KHTML, like Gecko; compatible; ClaudeBot/1.0; [email protected])"
216.73.216.247 - - [09/Jun/2025:21:34:25 -0400] "GET /detail/cotto31820098.html HTTP/1.1" 301 0 "-" "Mozilla/5.0 AppleWebKit/537.36 (KHTML, like Gecko; compatible; ClaudeBot/1.0; [email protected])"
112.200.6.166 - - [09/Jun/2025:21:34:26 -0400] "GET /manga/farming-life-in-another-world-chapter-65/ HTTP/1.1" 200 34226 "https://isekainonbirinoukachapters.com/manga/farming-life-in-another-world-chapter-64/" "Mozilla/5.0 (Linux; Android 10; K) AppleWebKit/537.36 (KHTML, like Gecko) Chrome/125.0.0.0 Mobile Safari/537.36"
216.73.216.247 - - [09/Jun/2025:21:34:39 -0400] "GET /detail/arabi20203433.html HTTP/1.1" 301 0 "-" "Mozilla/5.0 AppleWebKit/537.36 (KHTML, like Gecko; compatible; ClaudeBot/1.0; [email protected])"
216.73.216.247 - - [09/Jun/2025:21:34:50 -0400] "GET /detail/measu22294185.html HTTP/1.1" 301 0 "-" "Mozilla/5.0 AppleWebKit/537.36 (KHTML, like Gecko; compatible; ClaudeBot/1.0; [email protected])"
162.0.232.193 - - [09/Jun/2025:21:34:59 -0400] "POST /wp-cron.php?doing_wp_cron=1749519299.4814579486846923828125 HTTP/1.1" 200 0 "-" "WordPress/6.8.1; https://isekainonbirinoukachapters.com"
135.131.162.139 - - [09/Jun/2025:21:34:54 -0400] "GET /manga/farming-life-in-another-world-chapter-16/ HTTP/1.1" 200 34219 "-" "Mozilla/5.0 (Linux; Android 10; K) AppleWebKit/537.36 (KHTML, like Gecko) Chrome/137.0.0.0 Mobile Safari/537.36"
216.73.216.247 - - [09/Jun/2025:21:35:03 -0400] "GET /detail/eleme42525667.html HTTP/1.1" 200 0 "-" "Mozilla/5.0 AppleWebKit/537.36 (KHTML, like Gecko; compatible; ClaudeBot/1.0; [email protected])"
162.0.232.193 - - [09/Jun/2025:21:35:23 -0400] "POST /wp-cron.php?doing_wp_cron=1749519322.9336929321289062500000 HTTP/1.1" 200 0 "-" "WordPress/6.8.1; https://isekainonbirinoukachapters.com"
216.73.216.247 - - [09/Jun/2025:21:35:16 -0400] "GET /detail/busin60504077.html HTTP/1.1" 301 0 "-" "Mozilla/5.0 AppleWebKit/537.36 (KHTML, like Gecko; compatible; ClaudeBot/1.0; [email protected])"
216.73.216.247 - - [09/Jun/2025:21:35:29 -0400] "GET /detail/kind51693236.html HTTP/1.1" 301 0 "-" "Mozilla/5.0 AppleWebKit/537.36 (KHTML, like Gecko; compatible; ClaudeBot/1.0; [email protected])"
216.73.216.247 - - [09/Jun/2025:21:35:33 -0400] "GET /detail/he61464045.html HTTP/1.1" 301 0 "-" "Mozilla/5.0 AppleWebKit/537.36 (KHTML, like Gecko; compatible; ClaudeBot/1.0; [email protected])"
162.0.232.193 - - [09/Jun/2025:21:35:55 -0400] "POST /wp-cron.php?doing_wp_cron=1749519354.4533019065856933593750 HTTP/1.1" 200 0 "-" "WordPress/6.8.1; https://isekainonbirinoukachapters.com"
216.73.216.247 - - [09/Jun/2025:21:35:46 -0400] "GET /detail/award42145803.html HTTP/1.1" 200 0 "-" "Mozilla/5.0 AppleWebKit/537.36 (KHTML, like Gecko; compatible; ClaudeBot/1.0; [email protected])"
216.73.216.247 - - [09/Jun/2025:21:35:59 -0400] "GET /detail/dirt62543613.html HTTP/1.1" 301 0 "-" "Mozilla/5.0 AppleWebKit/537.36 (KHTML, like Gecko; compatible; ClaudeBot/1.0; [email protected])"
98.82.107.102 - - [09/Jun/2025:21:36:04 -0400] "GET /category/read-isekai-nonbiri-nouka1/page/23/ HTTP/1.1" 301 0 "-" "Mozilla/5.0 AppleWebKit/537.36 (KHTML, like Gecko; compatible; Amazonbot/0.1; +https://developer.amazon.com/support/amazonbot) Chrome/119.0.6045.214 Safari/537.36"
162.0.232.193 - - [09/Jun/2025:21:36:10 -0400] "GET /wp-content/uploads/89b93a66fa29a678cbd60ff176e1ea9a_1973.xml HTTP/1.1" 200 1362 "-" "Mozilla/5.0 (X11; Linux x86_64) AppleWebKit/537.36 (KHTML, like Gecko) Ubuntu Chromium/41.0.2272.76"
216.73.216.247 - - [09/Jun/2025:21:36:12 -0400] "GET /detail/espec40232955.html HTTP/1.1" 301 0 "-" "Mozilla/5.0 AppleWebKit/537.36 (KHTML, like Gecko; compatible; ClaudeBot/1.0; [email protected])"
52.203.68.145 - - [09/Jun/2025:21:36:10 -0400] "GET / HTTP/1.1" 200 0 "-" "Mozilla/5.0 AppleWebKit/537.36 (KHTML, like Gecko; compatible; Amazonbot/0.1; +https://developer.amazon.com/support/amazonbot) Chrome/119.0.6045.214 Safari/537.36"
216.73.216.247 - - [09/Jun/2025:21:36:22 -0400] "GET /detail/mr51833380.html HTTP/1.1" 301 0 "-" "Mozilla/5.0 AppleWebKit/537.36 (KHTML, like Gecko; compatible; ClaudeBot/1.0; [email protected])"
216.73.216.247 - - [09/Jun/2025:21:36:35 -0400] "GET /detail/late11436880.html HTTP/1.1" 301 0 "-" "Mozilla/5.0 AppleWebKit/537.36 (KHTML, like Gecko; compatible; ClaudeBot/1.0; [email protected])"
162.0.232.193 - - [09/Jun/2025:21:36:55 -0400] "POST /wp-cron.php?doing_wp_cron=1749519415.2338180541992187500000 HTTP/1.1" 200 0 "-" "WordPress/6.8.1; https://isekainonbirinoukachapters.com"
216.73.216.247 - - [09/Jun/2025:21:36:48 -0400] "GET /detail/bathr22456689.html HTTP/1.1" 301 0 "-" "Mozilla/5.0 AppleWebKit/537.36 (KHTML, like Gecko; compatible; ClaudeBot/1.0; [email protected])"
216.73.216.247 - - [09/Jun/2025:21:37:00 -0400] "GET /detail/cheri51559724.html HTTP/1.1" 301 0 "-" "Mozilla/5.0 AppleWebKit/537.36 (KHTML, like Gecko; compatible; ClaudeBot/1.0; [email protected])"
162.0.232.193 - - [09/Jun/2025:21:37:21 -0400] "POST /wp-cron.php?doing_wp_cron=1749519440.6390750408172607421875 HTTP/1.1" 200 0 "-" "WordPress/6.8.1; https://isekainonbirinoukachapters.com"
216.73.216.247 - - [09/Jun/2025:21:37:13 -0400] "GET /detail/twist62194053.html HTTP/1.1" 301 0 "-" "Mozilla/5.0 AppleWebKit/537.36 (KHTML, like Gecko; compatible; ClaudeBot/1.0; [email protected])"
216.73.216.247 - - [09/Jun/2025:21:37:26 -0400] "GET /detail/forei11612224.html HTTP/1.1" 200 0 "-" "Mozilla/5.0 AppleWebKit/537.36 (KHTML, like Gecko; compatible; ClaudeBot/1.0; [email protected])"
162.0.232.193 - - [09/Jun/2025:21:37:37 -0400] "POST /wp-cron.php?doing_wp_cron=1749519456.3441920280456542968750 HTTP/1.1" 200 0 "-" "WordPress/6.8.1; https://isekainonbirinoukachapters.com"
216.73.216.247 - - [09/Jun/2025:21:37:31 -0400] "GET /detail/tall21160073.html HTTP/1.1" 200 0 "-" "Mozilla/5.0 AppleWebKit/537.36 (KHTML, like Gecko; compatible; ClaudeBot/1.0; [email protected])"
216.73.216.247 - - [09/Jun/2025:21:37:44 -0400] "GET /detail/exhau21633857.html HTTP/1.1" 301 0 "-" "Mozilla/5.0 AppleWebKit/537.36 (KHTML, like Gecko; compatible; ClaudeBot/1.0; [email protected])"
162.0.232.193 - - [09/Jun/2025:21:38:04 -0400] "POST /wp-cron.php?doing_wp_cron=1749519483.7666709423065185546875 HTTP/1.1" 200 0 "-" "WordPress/6.8.1; https://isekainonbirinoukachapters.com"
216.73.216.247 - - [09/Jun/2025:21:37:57 -0400] "GET /detail/by80429151.html HTTP/1.1" 301 0 "-" "Mozilla/5.0 AppleWebKit/537.36 (KHTML, like Gecko; compatible; ClaudeBot/1.0; [email protected])"
162.0.232.193 - - [09/Jun/2025:21:38:14 -0400] "GET /wp-content/uploads/89b93a66fa29a678cbd60ff176e1ea9a_1973.xml HTTP/1.1" 200 1362 "-" "Mozilla/5.0 (X11; Linux x86_64) AppleWebKit/537.36 (KHTML, like Gecko) Ubuntu Chromium/41.0.2272.76"
216.73.216.247 - - [09/Jun/2025:21:38:09 -0400] "GET /detail/partl21714777.html HTTP/1.1" 301 0 "-" "Mozilla/5.0 AppleWebKit/537.36 (KHTML, like Gecko; compatible; ClaudeBot/1.0; [email protected])"
216.73.216.247 - - [09/Jun/2025:21:38:20 -0400] "GET /detail/human11477232.html HTTP/1.1" 301 0 "-" "Mozilla/5.0 AppleWebKit/537.36 (KHTML, like Gecko; compatible; ClaudeBot/1.0; [email protected])"
216.73.216.247 - - [09/Jun/2025:21:38:32 -0400] "GET /detail/festi51932052.html HTTP/1.1" 301 0 "-" "Mozilla/5.0 AppleWebKit/537.36 (KHTML, like Gecko; compatible; ClaudeBot/1.0; [email protected])"
216.73.216.247 - - [09/Jun/2025:21:38:45 -0400] "GET /detail/yearl51967196.html HTTP/1.1" 301 0 "-" "Mozilla/5.0 AppleWebKit/537.36 (KHTML, like Gecko; compatible; ClaudeBot/1.0; [email protected])"
216.73.216.247 - - [09/Jun/2025:21:38:58 -0400] "GET /detail/loan40642267.html HTTP/1.1" 301 0 "-" "Mozilla/5.0 AppleWebKit/537.36 (KHTML, like Gecko; compatible; ClaudeBot/1.0; [email protected])"
162.0.232.193 - - [09/Jun/2025:21:39:19 -0400] "POST /wp-cron.php?doing_wp_cron=1749519559.1396570205688476562500 HTTP/1.1" 200 0 "-" "WordPress/6.8.1; https://isekainonbirinoukachapters.com"
216.73.216.247 - - [09/Jun/2025:21:39:11 -0400] "GET /detail/beaut32832826.html HTTP/1.1" 301 0 "-" "Mozilla/5.0 AppleWebKit/537.36 (KHTML, like Gecko; compatible; ClaudeBot/1.0; [email protected])"
216.73.216.247 - - [09/Jun/2025:21:39:23 -0400] "GET /detail/villa61253277.html HTTP/1.1" 200 0 "-" "Mozilla/5.0 AppleWebKit/537.36 (KHTML, like Gecko; compatible; ClaudeBot/1.0; [email protected])"
162.0.232.193 - - [09/Jun/2025:21:39:52 -0400] "POST /wp-cron.php?doing_wp_cron=1749519591.9421739578247070312500 HTTP/1.1" 200 0 "-" "WordPress/6.8.1; https://isekainonbirinoukachapters.com"
216.73.216.247 - - [09/Jun/2025:21:39:43 -0400] "GET /detail/dicti82792503.html HTTP/1.1" 301 0 "-" "Mozilla/5.0 AppleWebKit/537.36 (KHTML, like Gecko; compatible; ClaudeBot/1.0; [email protected])"
40.77.167.53 - - [09/Jun/2025:21:39:52 -0400] "GET /detail/trave12909424.html HTTP/1.1" 301 0 "-" "Mozilla/5.0 AppleWebKit/537.36 (KHTML, like Gecko; compatible; bingbot/2.0; +http://www.bing.com/bingbot.htm) Chrome/116.0.1938.76 Safari/537.36"
216.73.216.247 - - [09/Jun/2025:21:39:56 -0400] "GET /detail/jewis12814600.html HTTP/1.1" 301 0 "-" "Mozilla/5.0 AppleWebKit/537.36 (KHTML, like Gecko; compatible; ClaudeBot/1.0; [email protected])"
162.0.232.193 - - [09/Jun/2025:21:40:07 -0400] "GET /wp-content/uploads/89b93a66fa29a678cbd60ff176e1ea9a_1973.xml HTTP/1.1" 200 1362 "-" "Mozilla/5.0 (X11; Linux x86_64) AppleWebKit/537.36 (KHTML, like Gecko) Ubuntu Chromium/41.0.2272.76"
216.73.216.247 - - [09/Jun/2025:21:40:09 -0400] "GET /detail/obvio11866848.html HTTP/1.1" 301 0 "-" "Mozilla/5.0 AppleWebKit/537.36 (KHTML, like Gecko; compatible; ClaudeBot/1.0; [email protected])"
47.82.60.205 - - [09/Jun/2025:21:40:03 -0400] "GET /manga/farming-life-in-another-world-chapter-240/ HTTP/1.1" 200 34459 "https://isekainonbirinoukachapters.com/manga/farming-life-in-another-world-chapter-240/" "Mozilla/5.0 (Windows NT 10.0; Win64; x64) AppleWebKit/537.36 (KHTML, like Gecko) Chrome/114.0.0.0 Safari/537.36 Edg/114.0.1823.43"
20.171.207.143 - - [09/Jun/2025:21:40:16 -0400] "GET /detail/quiet21212529.html HTTP/1.1" 301 0 "-" "Mozilla/5.0 AppleWebKit/537.36 (KHTML, like Gecko; compatible; GPTBot/1.2; +https://openai.com/gptbot)"
216.73.216.247 - - [09/Jun/2025:21:40:19 -0400] "GET /detail/corpo80538255.html HTTP/1.1" 301 0 "-" "Mozilla/5.0 AppleWebKit/537.36 (KHTML, like Gecko; compatible; ClaudeBot/1.0; [email protected])"
216.73.216.247 - - [09/Jun/2025:21:40:32 -0400] "GET /detail/discu51480564.html HTTP/1.1" 301 0 "-" "Mozilla/5.0 AppleWebKit/537.36 (KHTML, like Gecko; compatible; ClaudeBot/1.0; [email protected])"
20.171.207.143 - - [09/Jun/2025:21:40:22 -0400] "GET / HTTP/1.1" 200 32196 "-" "Mozilla/5.0 AppleWebKit/537.36 (KHTML, like Gecko; compatible; GPTBot/1.2; +https://openai.com/gptbot)"
162.0.232.193 - - [09/Jun/2025:21:40:53 -0400] "POST /wp-cron.php?doing_wp_cron=1749519653.1383790969848632812500 HTTP/1.1" 200 0 "-" "WordPress/6.8.1; https://isekainonbirinoukachapters.com"
216.73.216.247 - - [09/Jun/2025:21:40:45 -0400] "GET /detail/tower72889182.html HTTP/1.1" 301 0 "-" "Mozilla/5.0 AppleWebKit/537.36 (KHTML, like Gecko; compatible; ClaudeBot/1.0; [email protected])"
112.200.6.166 - - [09/Jun/2025:21:41:04 -0400] "GET /wp-includes/js/jquery/jquery-migrate.min.js?ver=3.4.1 HTTP/1.1" 200 4678 "https://isekainonbirinoukachapters.com/manga/farming-life-in-another-world-chapter-65/" "Mozilla/5.0 (Linux; Android 10; K) AppleWebKit/537.36 (KHTML, like Gecko) Chrome/125.0.0.0 Mobile Safari/537.36"
112.200.6.166 - - [09/Jun/2025:21:41:04 -0400] "GET /wp-includes/js/jquery/jquery.min.js?ver=3.7.1 HTTP/1.1" 200 29744 "https://isekainonbirinoukachapters.com/manga/farming-life-in-another-world-chapter-65/" "Mozilla/5.0 (Linux; Android 10; K) AppleWebKit/537.36 (KHTML, like Gecko) Chrome/125.0.0.0 Mobile Safari/537.36"
112.200.6.166 - - [09/Jun/2025:21:41:04 -0400] "GET /wp-content/cache/min/1/wp-content/plugins/wp-automatic/js/main-front.js?ver=1729190448 HTTP/1.1" 200 276 "https://isekainonbirinoukachapters.com/manga/farming-life-in-another-world-chapter-65/" "Mozilla/5.0 (Linux; Android 10; K) AppleWebKit/537.36 (KHTML, like Gecko) Chrome/125.0.0.0 Mobile Safari/537.36"
112.200.6.166 - - [09/Jun/2025:21:41:05 -0400] "GET /wp-content/themes/toivo-lite/js/responsive-nav.min.js?ver=1.2.0 HTTP/1.1" 200 2102 "https://isekainonbirinoukachapters.com/manga/farming-life-in-another-world-chapter-65/" "Mozilla/5.0 (Linux; Android 10; K) AppleWebKit/537.36 (KHTML, like Gecko) Chrome/125.0.0.0 Mobile Safari/537.36"
112.200.6.166 - - [09/Jun/2025:21:41:05 -0400] "GET /wp-content/themes/toivo-lite/js/functions.min.js?ver=1.2.0 HTTP/1.1" 200 593 "https://isekainonbirinoukachapters.com/manga/farming-life-in-another-world-chapter-65/" "Mozilla/5.0 (Linux; Android 10; K) AppleWebKit/537.36 (KHTML, like Gecko) Chrome/125.0.0.0 Mobile Safari/537.36"
216.73.216.247 - - [09/Jun/2025:21:40:59 -0400] "GET /detail/tank10666448.html HTTP/1.1" 200 0 "-" "Mozilla/5.0 AppleWebKit/537.36 (KHTML, like Gecko; compatible; ClaudeBot/1.0; [email protected])"
162.0.232.193 - - [09/Jun/2025:21:41:19 -0400] "POST /wp-cron.php?doing_wp_cron=1749519678.2399311065673828125000 HTTP/1.1" 200 0 "-" "WordPress/6.8.1; https://isekainonbirinoukachapters.com"
216.73.216.247 - - [09/Jun/2025:21:41:11 -0400] "GET /detail/editi51254588.html HTTP/1.1" 301 0 "-" "Mozilla/5.0 AppleWebKit/537.36 (KHTML, like Gecko; compatible; ClaudeBot/1.0; [email protected])"
216.73.216.247 - - [09/Jun/2025:21:41:24 -0400] "GET /detail/bet81170823.html HTTP/1.1" 301 0 "-" "Mozilla/5.0 AppleWebKit/537.36 (KHTML, like Gecko; compatible; ClaudeBot/1.0; [email protected])"
162.0.232.193 - - [09/Jun/2025:21:41:58 -0400] "POST /wp-cron.php?doing_wp_cron=1749519717.8413150310516357421875 HTTP/1.1" 200 0 "-" "WordPress/6.8.1; https://isekainonbirinoukachapters.com"
216.73.216.247 - - [09/Jun/2025:21:41:49 -0400] "GET /detail/migra50098172.html HTTP/1.1" 301 0 "-" "Mozilla/5.0 AppleWebKit/537.36 (KHTML, like Gecko; compatible; ClaudeBot/1.0; [email protected])"
