20.171.207.143 - - [10/Jun/2025:02:47:12 -0400] "GET / HTTP/1.1" 200 32194 "-" "Mozilla/5.0 AppleWebKit/537.36 (KHTML, like Gecko; compatible; GPTBot/1.2; +https://openai.com/gptbot)"
20.171.207.143 - - [10/Jun/2025:02:47:15 -0400] "GET /detail/respe12258392.html HTTP/1.1" 301 0 "-" "Mozilla/5.0 AppleWebKit/537.36 (KHTML, like Gecko; compatible; GPTBot/1.2; +https://openai.com/gptbot)"
20.171.207.143 - - [10/Jun/2025:02:47:15 -0400] "GET / HTTP/1.1" 200 32194 "-" "Mozilla/5.0 AppleWebKit/537.36 (KHTML, like Gecko; compatible; GPTBot/1.2; +https://openai.com/gptbot)"
20.171.207.143 - - [10/Jun/2025:02:47:18 -0400] "GET /detail/autum71084630.html HTTP/1.1" 301 0 "-" "Mozilla/5.0 AppleWebKit/537.36 (KHTML, like Gecko; compatible; GPTBot/1.2; +https://openai.com/gptbot)"
20.171.207.143 - - [10/Jun/2025:02:47:18 -0400] "GET / HTTP/1.1" 200 32194 "-" "Mozilla/5.0 AppleWebKit/537.36 (KHTML, like Gecko; compatible; GPTBot/1.2; +https://openai.com/gptbot)"
135.131.162.249 - - [10/Jun/2025:02:47:19 -0400] "GET /manga/farming-life-in-another-world-chapter-17/ HTTP/1.1" 200 34571 "https://isekainonbirinoukachapters.com/manga/farming-life-in-another-world-chapter-16/" "Mozilla/5.0 (Linux; Android 10; K) AppleWebKit/537.36 (KHTML, like Gecko) Chrome/137.0.0.0 Mobile Safari/537.36"
20.171.207.143 - - [10/Jun/2025:02:47:21 -0400] "GET /detail/scale12305928.html HTTP/1.1" 301 0 "-" "Mozilla/5.0 AppleWebKit/537.36 (KHTML, like Gecko; compatible; GPTBot/1.2; +https://openai.com/gptbot)"
135.131.162.249 - - [10/Jun/2025:02:47:22 -0400] "POST /wp-admin/admin-ajax.php HTTP/1.1" 200 61 "https://isekainonbirinoukachapters.com/manga/farming-life-in-another-world-chapter-17/" "Mozilla/5.0 (X11; Linux x86_64) AppleWebKit/537.36 (KHTML, like Gecko) Chrome/137.0.0.0 Safari/537.36"
135.131.162.249 - - [10/Jun/2025:02:47:22 -0400] "GET /manga/farming-life-in-another-world-chapter-17/ HTTP/1.1" 200 34498 "https://isekainonbirinoukachapters.com/manga/farming-life-in-another-world-chapter-16/" "Mozilla/5.0 (X11; Linux x86_64) AppleWebKit/537.36 (KHTML, like Gecko) Chrome/137.0.0.0 Safari/537.36"
20.171.207.143 - - [10/Jun/2025:02:47:22 -0400] "GET / HTTP/1.1" 200 32194 "-" "Mozilla/5.0 AppleWebKit/537.36 (KHTML, like Gecko; compatible; GPTBot/1.2; +https://openai.com/gptbot)"
20.171.207.143 - - [10/Jun/2025:02:47:25 -0400] "GET /detail/noteb52689108.html HTTP/1.1" 301 0 "-" "Mozilla/5.0 AppleWebKit/537.36 (KHTML, like Gecko; compatible; GPTBot/1.2; +https://openai.com/gptbot)"
20.171.207.143 - - [10/Jun/2025:02:47:26 -0400] "GET / HTTP/1.1" 200 32194 "-" "Mozilla/5.0 AppleWebKit/537.36 (KHTML, like Gecko; compatible; GPTBot/1.2; +https://openai.com/gptbot)"
20.171.207.143 - - [10/Jun/2025:02:47:29 -0400] "GET /detail/lover10518736.html HTTP/1.1" 301 0 "-" "Mozilla/5.0 AppleWebKit/537.36 (KHTML, like Gecko; compatible; GPTBot/1.2; +https://openai.com/gptbot)"
20.171.207.143 - - [10/Jun/2025:02:47:29 -0400] "GET / HTTP/1.1" 200 32194 "-" "Mozilla/5.0 AppleWebKit/537.36 (KHTML, like Gecko; compatible; GPTBot/1.2; +https://openai.com/gptbot)"
20.171.207.143 - - [10/Jun/2025:02:47:32 -0400] "GET /detail/snack21562081.html HTTP/1.1" 301 0 "-" "Mozilla/5.0 AppleWebKit/537.36 (KHTML, like Gecko; compatible; GPTBot/1.2; +https://openai.com/gptbot)"
20.171.207.143 - - [10/Jun/2025:02:47:33 -0400] "GET / HTTP/1.1" 200 32194 "-" "Mozilla/5.0 AppleWebKit/537.36 (KHTML, like Gecko; compatible; GPTBot/1.2; +https://openai.com/gptbot)"
216.73.216.22 - - [10/Jun/2025:02:47:34 -0400] "GET /detail/cattl20182633.html HTTP/1.1" 301 0 "-" "Mozilla/5.0 AppleWebKit/537.36 (KHTML, like Gecko; compatible; ClaudeBot/1.0; [email protected])"
216.73.216.22 - - [10/Jun/2025:02:47:34 -0400] "GET /detail/adver32033170.html HTTP/1.1" 301 0 "-" "Mozilla/5.0 AppleWebKit/537.36 (KHTML, like Gecko; compatible; ClaudeBot/1.0; [email protected])"
216.73.216.22 - - [10/Jun/2025:02:47:34 -0400] "GET /detail/resou22554265.html HTTP/1.1" 301 0 "-" "Mozilla/5.0 AppleWebKit/537.36 (KHTML, like Gecko; compatible; ClaudeBot/1.0; [email protected])"
216.73.216.22 - - [10/Jun/2025:02:47:34 -0400] "GET /detail/groan70566694.html HTTP/1.1" 301 0 "-" "Mozilla/5.0 AppleWebKit/537.36 (KHTML, like Gecko; compatible; ClaudeBot/1.0; [email protected])"
216.73.216.22 - - [10/Jun/2025:02:47:34 -0400] "GET /detail/point81596855.html HTTP/1.1" 301 0 "-" "Mozilla/5.0 AppleWebKit/537.36 (KHTML, like Gecko; compatible; ClaudeBot/1.0; [email protected])"
216.73.216.22 - - [10/Jun/2025:02:47:34 -0400] "GET /detail/bear82165279.html HTTP/1.1" 301 0 "-" "Mozilla/5.0 AppleWebKit/537.36 (KHTML, like Gecko; compatible; ClaudeBot/1.0; [email protected])"
216.73.216.22 - - [10/Jun/2025:02:47:34 -0400] "GET /detail/conve21068089.html HTTP/1.1" 301 0 "-" "Mozilla/5.0 AppleWebKit/537.36 (KHTML, like Gecko; compatible; ClaudeBot/1.0; [email protected])"
20.171.207.143 - - [10/Jun/2025:02:47:35 -0400] "GET /detail/fresh62836453.html HTTP/1.1" 301 0 "-" "Mozilla/5.0 AppleWebKit/537.36 (KHTML, like Gecko; compatible; GPTBot/1.2; +https://openai.com/gptbot)"
216.73.216.22 - - [10/Jun/2025:02:47:35 -0400] "GET /detail/homog10231784.html HTTP/1.1" 301 0 "-" "Mozilla/5.0 AppleWebKit/537.36 (KHTML, like Gecko; compatible; ClaudeBot/1.0; [email protected])"
216.73.216.22 - - [10/Jun/2025:02:47:35 -0400] "GET /detail/recha60550237.html HTTP/1.1" 301 0 "-" "Mozilla/5.0 AppleWebKit/537.36 (KHTML, like Gecko; compatible; ClaudeBot/1.0; [email protected])"
216.73.216.22 - - [10/Jun/2025:02:47:36 -0400] "GET /detail/drunk42246923.html HTTP/1.1" 301 0 "-" "Mozilla/5.0 AppleWebKit/537.36 (KHTML, like Gecko; compatible; ClaudeBot/1.0; [email protected])"
216.73.216.22 - - [10/Jun/2025:02:47:36 -0400] "GET /detail/usual10917072.html HTTP/1.1" 301 0 "-" "Mozilla/5.0 AppleWebKit/537.36 (KHTML, like Gecko; compatible; ClaudeBot/1.0; [email protected])"
216.73.216.22 - - [10/Jun/2025:02:47:36 -0400] "GET /detail/mere52342516.html HTTP/1.1" 301 0 "-" "Mozilla/5.0 AppleWebKit/537.36 (KHTML, like Gecko; compatible; ClaudeBot/1.0; [email protected])"
216.73.216.22 - - [10/Jun/2025:02:47:37 -0400] "GET /detail/alert82210031.html HTTP/1.1" 301 0 "-" "Mozilla/5.0 AppleWebKit/537.36 (KHTML, like Gecko; compatible; ClaudeBot/1.0; [email protected])"
216.73.216.22 - - [10/Jun/2025:02:47:37 -0400] "GET /detail/acre20091457.html HTTP/1.1" 301 0 "-" "Mozilla/5.0 AppleWebKit/537.36 (KHTML, like Gecko; compatible; ClaudeBot/1.0; [email protected])"
216.73.216.22 - - [10/Jun/2025:02:47:38 -0400] "GET /detail/renew31085906.html HTTP/1.1" 301 0 "-" "Mozilla/5.0 AppleWebKit/537.36 (KHTML, like Gecko; compatible; ClaudeBot/1.0; [email protected])"
216.73.216.22 - - [10/Jun/2025:02:47:38 -0400] "GET /detail/laser40995387.html HTTP/1.1" 301 0 "-" "Mozilla/5.0 AppleWebKit/537.36 (KHTML, like Gecko; compatible; ClaudeBot/1.0; [email protected])"
216.73.216.22 - - [10/Jun/2025:02:47:38 -0400] "GET /detail/erase41616659.html HTTP/1.1" 301 0 "-" "Mozilla/5.0 AppleWebKit/537.36 (KHTML, like Gecko; compatible; ClaudeBot/1.0; [email protected])"
216.73.216.22 - - [10/Jun/2025:02:47:40 -0400] "GET /detail/famin40847515.html HTTP/1.1" 301 0 "-" "Mozilla/5.0 AppleWebKit/537.36 (KHTML, like Gecko; compatible; ClaudeBot/1.0; [email protected])"
216.73.216.22 - - [10/Jun/2025:02:47:39 -0400] "GET /detail/prolo61363725.html HTTP/1.1" 301 0 "-" "Mozilla/5.0 AppleWebKit/537.36 (KHTML, like Gecko; compatible; ClaudeBot/1.0; [email protected])"
216.73.216.22 - - [10/Jun/2025:02:47:39 -0400] "GET /detail/regul40845787.html HTTP/1.1" 301 0 "-" "Mozilla/5.0 AppleWebKit/537.36 (KHTML, like Gecko; compatible; ClaudeBot/1.0; [email protected])"
216.73.216.22 - - [10/Jun/2025:02:47:39 -0400] "GET /detail/her81488151.html HTTP/1.1" 301 0 "-" "Mozilla/5.0 AppleWebKit/537.36 (KHTML, like Gecko; compatible; ClaudeBot/1.0; [email protected])"
216.73.216.22 - - [10/Jun/2025:02:47:40 -0400] "GET /detail/fee82622511.html HTTP/1.1" 301 0 "-" "Mozilla/5.0 AppleWebKit/537.36 (KHTML, like Gecko; compatible; ClaudeBot/1.0; [email protected])"
20.171.207.143 - - [10/Jun/2025:02:47:38 -0400] "GET / HTTP/1.1" 200 32194 "-" "Mozilla/5.0 AppleWebKit/537.36 (KHTML, like Gecko; compatible; GPTBot/1.2; +https://openai.com/gptbot)"
20.171.207.143 - - [10/Jun/2025:02:47:43 -0400] "GET /detail/soldi32717298.html HTTP/1.1" 301 0 "-" "Mozilla/5.0 AppleWebKit/537.36 (KHTML, like Gecko; compatible; GPTBot/1.2; +https://openai.com/gptbot)"
20.171.207.143 - - [10/Jun/2025:02:47:43 -0400] "GET / HTTP/1.1" 200 32194 "-" "Mozilla/5.0 AppleWebKit/537.36 (KHTML, like Gecko; compatible; GPTBot/1.2; +https://openai.com/gptbot)"
20.171.207.143 - - [10/Jun/2025:02:47:52 -0400] "GET /detail/survi32866258.html HTTP/1.1" 301 0 "-" "Mozilla/5.0 AppleWebKit/537.36 (KHTML, like Gecko; compatible; GPTBot/1.2; +https://openai.com/gptbot)"
20.171.207.143 - - [10/Jun/2025:02:47:52 -0400] "GET / HTTP/1.1" 200 32194 "-" "Mozilla/5.0 AppleWebKit/537.36 (KHTML, like Gecko; compatible; GPTBot/1.2; +https://openai.com/gptbot)"
162.0.232.193 - - [10/Jun/2025:02:48:01 -0400] "POST /wp-cron.php?doing_wp_cron=1749538080.8504080772399902343750 HTTP/1.1" 200 0 "-" "WordPress/6.8.1; https://isekainonbirinoukachapters.com"
20.171.207.143 - - [10/Jun/2025:02:48:00 -0400] "GET /detail/shoot70437398.html HTTP/1.1" 301 0 "-" "Mozilla/5.0 AppleWebKit/537.36 (KHTML, like Gecko; compatible; GPTBot/1.2; +https://openai.com/gptbot)"
20.171.207.143 - - [10/Jun/2025:02:48:01 -0400] "GET / HTTP/1.1" 200 32194 "-" "Mozilla/5.0 AppleWebKit/537.36 (KHTML, like Gecko; compatible; GPTBot/1.2; +https://openai.com/gptbot)"
20.171.207.143 - - [10/Jun/2025:02:48:07 -0400] "GET /detail/shave52994612.html HTTP/1.1" 301 0 "-" "Mozilla/5.0 AppleWebKit/537.36 (KHTML, like Gecko; compatible; GPTBot/1.2; +https://openai.com/gptbot)"
20.171.207.143 - - [10/Jun/2025:02:48:07 -0400] "GET / HTTP/1.1" 200 32194 "-" "Mozilla/5.0 AppleWebKit/537.36 (KHTML, like Gecko; compatible; GPTBot/1.2; +https://openai.com/gptbot)"
20.171.207.143 - - [10/Jun/2025:02:48:13 -0400] "GET /detail/shirt10376504.html HTTP/1.1" 301 0 "-" "Mozilla/5.0 AppleWebKit/537.36 (KHTML, like Gecko; compatible; GPTBot/1.2; +https://openai.com/gptbot)"
20.171.207.143 - - [10/Jun/2025:02:48:13 -0400] "GET / HTTP/1.1" 200 32194 "-" "Mozilla/5.0 AppleWebKit/537.36 (KHTML, like Gecko; compatible; GPTBot/1.2; +https://openai.com/gptbot)"
162.0.232.193 - - [10/Jun/2025:02:48:18 -0400] "POST /wp-cron.php?doing_wp_cron=1749538098.7465929985046386718750 HTTP/1.1" 200 0 "-" "WordPress/6.8.1; https://isekainonbirinoukachapters.com"
20.171.207.143 - - [10/Jun/2025:02:48:18 -0400] "GET /detail/movie60192485.html HTTP/1.1" 301 0 "-" "Mozilla/5.0 AppleWebKit/537.36 (KHTML, like Gecko; compatible; GPTBot/1.2; +https://openai.com/gptbot)"
20.171.207.143 - - [10/Jun/2025:02:48:19 -0400] "GET / HTTP/1.1" 200 32194 "-" "Mozilla/5.0 AppleWebKit/537.36 (KHTML, like Gecko; compatible; GPTBot/1.2; +https://openai.com/gptbot)"
20.171.207.143 - - [10/Jun/2025:02:48:23 -0400] "GET /detail/shoul10028440.html HTTP/1.1" 301 0 "-" "Mozilla/5.0 AppleWebKit/537.36 (KHTML, like Gecko; compatible; GPTBot/1.2; +https://openai.com/gptbot)"
20.171.207.143 - - [10/Jun/2025:02:48:23 -0400] "GET / HTTP/1.1" 200 32194 "-" "Mozilla/5.0 AppleWebKit/537.36 (KHTML, like Gecko; compatible; GPTBot/1.2; +https://openai.com/gptbot)"
65.0.102.141 - - [10/Jun/2025:02:48:25 -0400] "GET / HTTP/1.1" 200 32194 "-" "Mozilla/5.0 (Windows NT 10.0; Win64; x64) AppleWebKit/537.36 (KHTML, like Gecko) Chrome/80.0.3987.149 Safari/537.36"
162.0.232.193 - - [10/Jun/2025:02:48:28 -0400] "POST /wp-cron.php?doing_wp_cron=1749538108.0493099689483642578125 HTTP/1.1" 200 0 "-" "WordPress/6.8.1; https://isekainonbirinoukachapters.com"
20.171.207.143 - - [10/Jun/2025:02:48:27 -0400] "GET /detail/pollu80997319.html HTTP/1.1" 301 0 "-" "Mozilla/5.0 AppleWebKit/537.36 (KHTML, like Gecko; compatible; GPTBot/1.2; +https://openai.com/gptbot)"
20.171.207.143 - - [10/Jun/2025:02:48:28 -0400] "GET / HTTP/1.1" 200 32194 "-" "Mozilla/5.0 AppleWebKit/537.36 (KHTML, like Gecko; compatible; GPTBot/1.2; +https://openai.com/gptbot)"
8.217.213.185 - - [10/Jun/2025:02:48:29 -0400] "GET /wp-json/oembed/1.0/embed?url=https%3A%2F%2Fisekainonbirinoukachapters.com%2Fmanga%2Ffarming-life-in-another-world-chapter-198%2F HTTP/1.1" 200 2601 "-" "AliyunSecBot/Aliyun ([email protected])"
65.0.102.141 - - [10/Jun/2025:02:48:29 -0400] "GET //wp-includes/wlwmanifest.xml HTTP/1.1" 200 14724 "-" "Mozilla/5.0 (Windows NT 10.0; Win64; x64) AppleWebKit/537.36 (KHTML, like Gecko) Chrome/80.0.3987.149 Safari/537.36"
65.0.102.141 - - [10/Jun/2025:02:48:31 -0400] "GET / HTTP/1.1" 200 32194 "-" "Mozilla/5.0 (Windows NT 10.0; Win64; x64) AppleWebKit/537.36 (KHTML, like Gecko) Chrome/80.0.3987.149 Safari/537.36"
20.171.207.143 - - [10/Jun/2025:02:48:31 -0400] "GET /detail/costl40015459.html HTTP/1.1" 301 0 "-" "Mozilla/5.0 AppleWebKit/537.36 (KHTML, like Gecko; compatible; GPTBot/1.2; +https://openai.com/gptbot)"
20.171.207.143 - - [10/Jun/2025:02:48:32 -0400] "GET / HTTP/1.1" 200 32194 "-" "Mozilla/5.0 AppleWebKit/537.36 (KHTML, like Gecko; compatible; GPTBot/1.2; +https://openai.com/gptbot)"
65.0.102.141 - - [10/Jun/2025:02:48:33 -0400] "GET //?author=1 HTTP/1.1" 301 0 "-" "Mozilla/5.0 (Windows NT 10.0; Win64; x64) AppleWebKit/537.36 (KHTML, like Gecko) Chrome/80.0.3987.149 Safari/537.36"
65.0.102.141 - - [10/Jun/2025:02:48:34 -0400] "GET //?author=2 HTTP/1.1" 301 0 "-" "Mozilla/5.0 (Windows NT 10.0; Win64; x64) AppleWebKit/537.36 (KHTML, like Gecko) Chrome/80.0.3987.149 Safari/537.36"
20.171.207.143 - - [10/Jun/2025:02:48:35 -0400] "GET /detail/round10980584.html HTTP/1.1" 301 0 "-" "Mozilla/5.0 AppleWebKit/537.36 (KHTML, like Gecko; compatible; GPTBot/1.2; +https://openai.com/gptbot)"
135.131.162.249 - - [10/Jun/2025:02:48:34 -0400] "GET /manga/farming-life-in-another-world-chapter-18/ HTTP/1.1" 200 34512 "https://isekainonbirinoukachapters.com/manga/farming-life-in-another-world-chapter-17/" "Mozilla/5.0 (Linux; Android 10; K) AppleWebKit/537.36 (KHTML, like Gecko) Chrome/137.0.0.0 Mobile Safari/537.36"
65.0.102.141 - - [10/Jun/2025:02:48:36 -0400] "GET //wp-json/wp/v2/users/ HTTP/1.1" 200 6998 "-" "Mozilla/5.0 (Windows NT 10.0; Win64; x64) AppleWebKit/537.36 (KHTML, like Gecko) Chrome/80.0.3987.149 Safari/537.36"
20.171.207.143 - - [10/Jun/2025:02:48:36 -0400] "GET / HTTP/1.1" 200 32194 "-" "Mozilla/5.0 AppleWebKit/537.36 (KHTML, like Gecko; compatible; GPTBot/1.2; +https://openai.com/gptbot)"
135.131.162.249 - - [10/Jun/2025:02:48:37 -0400] "GET /manga/farming-life-in-another-world-chapter-18/ HTTP/1.1" 200 34406 "https://isekainonbirinoukachapters.com/manga/farming-life-in-another-world-chapter-17/" "Mozilla/5.0 (X11; Linux x86_64) AppleWebKit/537.36 (KHTML, like Gecko) Chrome/137.0.0.0 Safari/537.36"
65.0.102.141 - - [10/Jun/2025:02:48:38 -0400] "GET //wp-json/oembed/1.0/embed?url=https://isekainonbirinoukachapters.com/ HTTP/1.1" 200 2697 "-" "Mozilla/5.0 (Windows NT 10.0; Win64; x64) AppleWebKit/537.36 (KHTML, like Gecko) Chrome/80.0.3987.149 Safari/537.36"
135.131.162.249 - - [10/Jun/2025:02:48:37 -0400] "POST /wp-admin/admin-ajax.php HTTP/1.1" 200 61 "https://isekainonbirinoukachapters.com/manga/farming-life-in-another-world-chapter-18/" "Mozilla/5.0 (X11; Linux x86_64) AppleWebKit/537.36 (KHTML, like Gecko) Chrome/137.0.0.0 Safari/537.36"
20.171.207.143 - - [10/Jun/2025:02:48:39 -0400] "GET /detail/unabl52337396.html HTTP/1.1" 301 0 "-" "Mozilla/5.0 AppleWebKit/537.36 (KHTML, like Gecko; compatible; GPTBot/1.2; +https://openai.com/gptbot)"
20.171.207.143 - - [10/Jun/2025:02:48:39 -0400] "GET / HTTP/1.1" 200 32194 "-" "Mozilla/5.0 AppleWebKit/537.36 (KHTML, like Gecko; compatible; GPTBot/1.2; +https://openai.com/gptbot)"
20.171.207.143 - - [10/Jun/2025:02:48:42 -0400] "GET /detail/panel70314742.html HTTP/1.1" 301 0 "-" "Mozilla/5.0 AppleWebKit/537.36 (KHTML, like Gecko; compatible; GPTBot/1.2; +https://openai.com/gptbot)"
20.171.207.143 - - [10/Jun/2025:02:48:43 -0400] "GET / HTTP/1.1" 200 32194 "-" "Mozilla/5.0 AppleWebKit/537.36 (KHTML, like Gecko; compatible; GPTBot/1.2; +https://openai.com/gptbot)"
162.0.232.193 - - [10/Jun/2025:02:48:47 -0400] "POST /wp-cron.php?doing_wp_cron=1749538127.0576710700988769531250 HTTP/1.1" 200 0 "-" "WordPress/6.8.1; https://isekainonbirinoukachapters.com"
20.171.207.143 - - [10/Jun/2025:02:48:46 -0400] "GET /detail/monke70340830.html HTTP/1.1" 301 0 "-" "Mozilla/5.0 AppleWebKit/537.36 (KHTML, like Gecko; compatible; GPTBot/1.2; +https://openai.com/gptbot)"
20.171.207.143 - - [10/Jun/2025:02:48:47 -0400] "GET / HTTP/1.1" 200 32194 "-" "Mozilla/5.0 AppleWebKit/537.36 (KHTML, like Gecko; compatible; GPTBot/1.2; +https://openai.com/gptbot)"
20.171.207.143 - - [10/Jun/2025:02:48:49 -0400] "GET /detail/coupo12251728.html HTTP/1.1" 301 0 "-" "Mozilla/5.0 AppleWebKit/537.36 (KHTML, like Gecko; compatible; GPTBot/1.2; +https://openai.com/gptbot)"
20.171.207.143 - - [10/Jun/2025:02:48:50 -0400] "GET / HTTP/1.1" 200 32194 "-" "Mozilla/5.0 AppleWebKit/537.36 (KHTML, like Gecko; compatible; GPTBot/1.2; +https://openai.com/gptbot)"
162.0.232.193 - - [10/Jun/2025:02:48:54 -0400] "POST /wp-cron.php?doing_wp_cron=1749538134.2874979972839355468750 HTTP/1.1" 200 0 "-" "WordPress/6.8.1; https://isekainonbirinoukachapters.com"
20.171.207.143 - - [10/Jun/2025:02:48:52 -0400] "GET /detail/sunda32748866.html HTTP/1.1" 301 0 "-" "Mozilla/5.0 AppleWebKit/537.36 (KHTML, like Gecko; compatible; GPTBot/1.2; +https://openai.com/gptbot)"
2607:fb90:af27:48b8:3d5f:36ea:36eb:52f8 - - [10/Jun/2025:02:48:55 -0400] "GET /manga/farming-life-in-another-world-chapter-48/ HTTP/1.1" 200 34105 "https://isekainonbirinoukachapters.com/manga/farming-life-in-another-world-chapter-47/" "Mozilla/5.0 (iPhone; CPU iPhone OS 18_5 like Mac OS X) AppleWebKit/605.1.15 (KHTML, like Gecko) Brave/1 Mobile/15E148 Safari/604.1"
20.171.207.143 - - [10/Jun/2025:02:48:54 -0400] "GET / HTTP/1.1" 200 32194 "-" "Mozilla/5.0 AppleWebKit/537.36 (KHTML, like Gecko; compatible; GPTBot/1.2; +https://openai.com/gptbot)"
162.0.232.193 - - [10/Jun/2025:02:48:57 -0400] "POST /wp-cron.php?doing_wp_cron=1749538136.9088380336761474609375 HTTP/1.1" 200 0 "-" "WordPress/6.8.1; https://isekainonbirinoukachapters.com"
20.171.207.143 - - [10/Jun/2025:02:48:56 -0400] "GET /detail/senio42513835.html HTTP/1.1" 301 0 "-" "Mozilla/5.0 AppleWebKit/537.36 (KHTML, like Gecko; compatible; GPTBot/1.2; +https://openai.com/gptbot)"
20.171.207.143 - - [10/Jun/2025:02:48:57 -0400] "GET / HTTP/1.1" 200 32194 "-" "Mozilla/5.0 AppleWebKit/537.36 (KHTML, like Gecko; compatible; GPTBot/1.2; +https://openai.com/gptbot)"
162.0.232.193 - - [10/Jun/2025:02:48:59 -0400] "GET /wp-content/uploads/89b93a66fa29a678cbd60ff176e1ea9a_1973.xml HTTP/1.1" 200 1499 "-" "Mozilla/5.0 (X11; Linux x86_64) AppleWebKit/537.36 (KHTML, like Gecko) Ubuntu Chromium/41.0.2272.76"
20.171.207.143 - - [10/Jun/2025:02:48:59 -0400] "GET /detail/volun40945635.html HTTP/1.1" 301 0 "-" "Mozilla/5.0 AppleWebKit/537.36 (KHTML, like Gecko; compatible; GPTBot/1.2; +https://openai.com/gptbot)"
216.73.216.22 - - [10/Jun/2025:02:49:00 -0400] "GET /detail/glow20323209.html HTTP/1.1" 301 0 "-" "Mozilla/5.0 AppleWebKit/537.36 (KHTML, like Gecko; compatible; ClaudeBot/1.0; [email protected])"
216.73.216.22 - - [10/Jun/2025:02:49:00 -0400] "GET /detail/done11523960.html HTTP/1.1" 301 0 "-" "Mozilla/5.0 AppleWebKit/537.36 (KHTML, like Gecko; compatible; ClaudeBot/1.0; [email protected])"
216.73.216.22 - - [10/Jun/2025:02:49:00 -0400] "GET /detail/kite40628907.html HTTP/1.1" 301 0 "-" "Mozilla/5.0 AppleWebKit/537.36 (KHTML, like Gecko; compatible; ClaudeBot/1.0; [email protected])"
216.73.216.22 - - [10/Jun/2025:02:49:00 -0400] "GET /detail/dolla30928650.html HTTP/1.1" 301 0 "-" "Mozilla/5.0 AppleWebKit/537.36 (KHTML, like Gecko; compatible; ClaudeBot/1.0; [email protected])"
216.73.216.22 - - [10/Jun/2025:02:49:00 -0400] "GET /detail/enclo20467505.html HTTP/1.1" 301 0 "-" "Mozilla/5.0 AppleWebKit/537.36 (KHTML, like Gecko; compatible; ClaudeBot/1.0; [email protected])"
216.73.216.22 - - [10/Jun/2025:02:49:00 -0400] "GET /detail/unite20747529.html HTTP/1.1" 301 0 "-" "Mozilla/5.0 AppleWebKit/537.36 (KHTML, like Gecko; compatible; ClaudeBot/1.0; [email protected])"
216.73.216.22 - - [10/Jun/2025:02:49:00 -0400] "GET /detail/ring70929614.html HTTP/1.1" 301 0 "-" "Mozilla/5.0 AppleWebKit/537.36 (KHTML, like Gecko; compatible; ClaudeBot/1.0; [email protected])"
216.73.216.22 - - [10/Jun/2025:02:49:00 -0400] "GET /detail/whist21751625.html HTTP/1.1" 301 0 "-" "Mozilla/5.0 AppleWebKit/537.36 (KHTML, like Gecko; compatible; ClaudeBot/1.0; [email protected])"
216.73.216.22 - - [10/Jun/2025:02:49:00 -0400] "GET /detail/willi22987545.html HTTP/1.1" 301 0 "-" "Mozilla/5.0 AppleWebKit/537.36 (KHTML, like Gecko; compatible; ClaudeBot/1.0; [email protected])"
216.73.216.22 - - [10/Jun/2025:02:49:00 -0400] "GET /detail/subur30803714.html HTTP/1.1" 301 0 "-" "Mozilla/5.0 AppleWebKit/537.36 (KHTML, like Gecko; compatible; ClaudeBot/1.0; [email protected])"
216.73.216.22 - - [10/Jun/2025:02:49:02 -0400] "GET /detail/reinf42970211.html HTTP/1.1" 301 0 "-" "Mozilla/5.0 AppleWebKit/537.36 (KHTML, like Gecko; compatible; ClaudeBot/1.0; [email protected])"
216.73.216.22 - - [10/Jun/2025:02:49:03 -0400] "GET /detail/pill72507630.html HTTP/1.1" 301 0 "-" "Mozilla/5.0 AppleWebKit/537.36 (KHTML, like Gecko; compatible; ClaudeBot/1.0; [email protected])"
216.73.216.22 - - [10/Jun/2025:02:49:03 -0400] "GET /detail/volca81791079.html HTTP/1.1" 301 0 "-" "Mozilla/5.0 AppleWebKit/537.36 (KHTML, like Gecko; compatible; ClaudeBot/1.0; [email protected])"
216.73.216.22 - - [10/Jun/2025:02:49:03 -0400] "GET /detail/anony31819730.html HTTP/1.1" 301 0 "-" "Mozilla/5.0 AppleWebKit/537.36 (KHTML, like Gecko; compatible; ClaudeBot/1.0; [email protected])"
216.73.216.22 - - [10/Jun/2025:02:49:02 -0400] "GET /detail/bolt32431626.html HTTP/1.1" 301 0 "-" "Mozilla/5.0 AppleWebKit/537.36 (KHTML, like Gecko; compatible; ClaudeBot/1.0; [email protected])"
216.73.216.22 - - [10/Jun/2025:02:49:03 -0400] "GET /detail/least51012676.html HTTP/1.1" 301 0 "-" "Mozilla/5.0 AppleWebKit/537.36 (KHTML, like Gecko; compatible; ClaudeBot/1.0; [email protected])"
216.73.216.22 - - [10/Jun/2025:02:49:03 -0400] "GET /detail/harmo81246367.html HTTP/1.1" 301 0 "-" "Mozilla/5.0 AppleWebKit/537.36 (KHTML, like Gecko; compatible; ClaudeBot/1.0; [email protected])"
216.73.216.22 - - [10/Jun/2025:02:49:04 -0400] "GET /detail/whole11617048.html HTTP/1.1" 301 0 "-" "Mozilla/5.0 AppleWebKit/537.36 (KHTML, like Gecko; compatible; ClaudeBot/1.0; [email protected])"
20.171.207.143 - - [10/Jun/2025:02:49:01 -0400] "GET / HTTP/1.1" 200 32194 "-" "Mozilla/5.0 AppleWebKit/537.36 (KHTML, like Gecko; compatible; GPTBot/1.2; +https://openai.com/gptbot)"
216.73.216.22 - - [10/Jun/2025:02:49:04 -0400] "GET /detail/debat40123563.html HTTP/1.1" 301 0 "-" "Mozilla/5.0 AppleWebKit/537.36 (KHTML, like Gecko; compatible; ClaudeBot/1.0; [email protected])"
216.73.216.22 - - [10/Jun/2025:02:49:04 -0400] "GET /detail/formu41286035.html HTTP/1.1" 301 0 "-" "Mozilla/5.0 AppleWebKit/537.36 (KHTML, like Gecko; compatible; ClaudeBot/1.0; [email protected])"
216.73.216.22 - - [10/Jun/2025:02:49:05 -0400] "GET /detail/sope50967884.html HTTP/1.1" 301 0 "-" "Mozilla/5.0 AppleWebKit/537.36 (KHTML, like Gecko; compatible; ClaudeBot/1.0; [email protected])"
216.73.216.22 - - [10/Jun/2025:02:49:06 -0400] "GET /detail/item82185943.html HTTP/1.1" 301 0 "-" "Mozilla/5.0 AppleWebKit/537.36 (KHTML, like Gecko; compatible; ClaudeBot/1.0; [email protected])"
20.171.207.143 - - [10/Jun/2025:02:49:06 -0400] "GET /detail/withs72759174.html HTTP/1.1" 301 0 "-" "Mozilla/5.0 AppleWebKit/537.36 (KHTML, like Gecko; compatible; GPTBot/1.2; +https://openai.com/gptbot)"
20.171.207.143 - - [10/Jun/2025:02:49:07 -0400] "GET / HTTP/1.1" 200 32196 "-" "Mozilla/5.0 AppleWebKit/537.36 (KHTML, like Gecko; compatible; GPTBot/1.2; +https://openai.com/gptbot)"
20.171.207.143 - - [10/Jun/2025:02:49:14 -0400] "GET /detail/nurse12536544.html HTTP/1.1" 301 0 "-" "Mozilla/5.0 AppleWebKit/537.36 (KHTML, like Gecko; compatible; GPTBot/1.2; +https://openai.com/gptbot)"
20.171.207.143 - - [10/Jun/2025:02:49:14 -0400] "GET / HTTP/1.1" 200 32194 "-" "Mozilla/5.0 AppleWebKit/537.36 (KHTML, like Gecko; compatible; GPTBot/1.2; +https://openai.com/gptbot)"
20.171.207.143 - - [10/Jun/2025:02:49:20 -0400] "GET /detail/margi32957866.html HTTP/1.1" 301 0 "-" "Mozilla/5.0 AppleWebKit/537.36 (KHTML, like Gecko; compatible; GPTBot/1.2; +https://openai.com/gptbot)"
20.171.207.143 - - [10/Jun/2025:02:49:21 -0400] "GET / HTTP/1.1" 200 32194 "-" "Mozilla/5.0 AppleWebKit/537.36 (KHTML, like Gecko; compatible; GPTBot/1.2; +https://openai.com/gptbot)"
20.171.207.143 - - [10/Jun/2025:02:49:26 -0400] "GET /detail/tower70785182.html HTTP/1.1" 301 0 "-" "Mozilla/5.0 AppleWebKit/537.36 (KHTML, like Gecko; compatible; GPTBot/1.2; +https://openai.com/gptbot)"
20.171.207.143 - - [10/Jun/2025:02:49:27 -0400] "GET / HTTP/1.1" 200 32194 "-" "Mozilla/5.0 AppleWebKit/537.36 (KHTML, like Gecko; compatible; GPTBot/1.2; +https://openai.com/gptbot)"
20.171.207.143 - - [10/Jun/2025:02:49:31 -0400] "GET /detail/idiom21366489.html HTTP/1.1" 301 0 "-" "Mozilla/5.0 AppleWebKit/537.36 (KHTML, like Gecko; compatible; GPTBot/1.2; +https://openai.com/gptbot)"
20.171.207.143 - - [10/Jun/2025:02:49:32 -0400] "GET / HTTP/1.1" 200 32194 "-" "Mozilla/5.0 AppleWebKit/537.36 (KHTML, like Gecko; compatible; GPTBot/1.2; +https://openai.com/gptbot)"
20.171.207.143 - - [10/Jun/2025:02:49:36 -0400] "GET /detail/sulph82018711.html HTTP/1.1" 301 0 "-" "Mozilla/5.0 AppleWebKit/537.36 (KHTML, like Gecko; compatible; GPTBot/1.2; +https://openai.com/gptbot)"
20.171.207.143 - - [10/Jun/2025:02:49:37 -0400] "GET / HTTP/1.1" 200 32194 "-" "Mozilla/5.0 AppleWebKit/537.36 (KHTML, like Gecko; compatible; GPTBot/1.2; +https://openai.com/gptbot)"
20.171.207.143 - - [10/Jun/2025:02:49:41 -0400] "GET /detail/thrus32639466.html HTTP/1.1" 301 0 "-" "Mozilla/5.0 AppleWebKit/537.36 (KHTML, like Gecko; compatible; GPTBot/1.2; +https://openai.com/gptbot)"
114.119.159.246 - - [10/Jun/2025:02:49:41 -0400] "GET /manga/isekai-nonbiri-nouka-chapter-81-martial-art-tournament-knight-division-third-round-semi-final-and-the-finals/ HTTP/1.1" 301 0 "https://isekainonbirinoukachapters.com/isekai-nonbiri-nouka-chapter-76/" "Mozilla/5.0 (Linux; Android 7.0;) AppleWebKit/537.36 (KHTML, like Gecko) Mobile Safari/537.36 (compatible; PetalBot;+https://webmaster.petalsearch.com/site/petalbot)"
20.171.207.143 - - [10/Jun/2025:02:49:41 -0400] "GET / HTTP/1.1" 200 32194 "-" "Mozilla/5.0 AppleWebKit/537.36 (KHTML, like Gecko; compatible; GPTBot/1.2; +https://openai.com/gptbot)"
114.119.159.246 - - [10/Jun/2025:02:49:43 -0400] "GET / HTTP/1.1" 200 32232 "https://isekainonbirinoukachapters.com/isekai-nonbiri-nouka-chapter-76/" "Mozilla/5.0 (Linux; Android 7.0;) AppleWebKit/537.36 (KHTML, like Gecko) Mobile Safari/537.36 (compatible; PetalBot;+https://webmaster.petalsearch.com/site/petalbot)"
20.171.207.143 - - [10/Jun/2025:02:49:44 -0400] "GET /detail/camer21701089.html HTTP/1.1" 301 0 "-" "Mozilla/5.0 AppleWebKit/537.36 (KHTML, like Gecko; compatible; GPTBot/1.2; +https://openai.com/gptbot)"
20.171.207.143 - - [10/Jun/2025:02:49:46 -0400] "GET / HTTP/1.1" 200 32194 "-" "Mozilla/5.0 AppleWebKit/537.36 (KHTML, like Gecko; compatible; GPTBot/1.2; +https://openai.com/gptbot)"
20.171.207.143 - - [10/Jun/2025:02:49:49 -0400] "GET /detail/packa32128802.html HTTP/1.1" 301 0 "-" "Mozilla/5.0 AppleWebKit/537.36 (KHTML, like Gecko; compatible; GPTBot/1.2; +https://openai.com/gptbot)"
20.171.207.143 - - [10/Jun/2025:02:49:49 -0400] "GET / HTTP/1.1" 200 32196 "-" "Mozilla/5.0 AppleWebKit/537.36 (KHTML, like Gecko; compatible; GPTBot/1.2; +https://openai.com/gptbot)"
20.171.207.143 - - [10/Jun/2025:02:49:53 -0400] "GET /detail/angry60780445.html HTTP/1.1" 301 0 "-" "Mozilla/5.0 AppleWebKit/537.36 (KHTML, like Gecko; compatible; GPTBot/1.2; +https://openai.com/gptbot)"
20.171.207.143 - - [10/Jun/2025:02:49:54 -0400] "GET / HTTP/1.1" 200 32194 "-" "Mozilla/5.0 AppleWebKit/537.36 (KHTML, like Gecko; compatible; GPTBot/1.2; +https://openai.com/gptbot)"
162.0.232.193 - - [10/Jun/2025:02:49:58 -0400] "POST /wp-cron.php?doing_wp_cron=1749538198.2419350147247314453125 HTTP/1.1" 200 0 "-" "WordPress/6.8.1; https://isekainonbirinoukachapters.com"
20.171.207.143 - - [10/Jun/2025:02:49:57 -0400] "GET /detail/fount52123292.html HTTP/1.1" 301 0 "-" "Mozilla/5.0 AppleWebKit/537.36 (KHTML, like Gecko; compatible; GPTBot/1.2; +https://openai.com/gptbot)"
20.171.207.143 - - [10/Jun/2025:02:49:58 -0400] "GET / HTTP/1.1" 200 32194 "-" "Mozilla/5.0 AppleWebKit/537.36 (KHTML, like Gecko; compatible; GPTBot/1.2; +https://openai.com/gptbot)"
20.171.207.143 - - [10/Jun/2025:02:50:00 -0400] "GET /detail/color82961639.html HTTP/1.1" 301 0 "-" "Mozilla/5.0 AppleWebKit/537.36 (KHTML, like Gecko; compatible; GPTBot/1.2; +https://openai.com/gptbot)"
20.171.207.143 - - [10/Jun/2025:02:50:01 -0400] "GET / HTTP/1.1" 200 32194 "-" "Mozilla/5.0 AppleWebKit/537.36 (KHTML, like Gecko; compatible; GPTBot/1.2; +https://openai.com/gptbot)"
20.171.207.143 - - [10/Jun/2025:02:50:04 -0400] "GET /detail/forbi60793669.html HTTP/1.1" 301 0 "-" "Mozilla/5.0 AppleWebKit/537.36 (KHTML, like Gecko; compatible; GPTBot/1.2; +https://openai.com/gptbot)"
20.171.207.143 - - [10/Jun/2025:02:50:06 -0400] "GET / HTTP/1.1" 200 32194 "-" "Mozilla/5.0 AppleWebKit/537.36 (KHTML, like Gecko; compatible; GPTBot/1.2; +https://openai.com/gptbot)"
20.171.207.143 - - [10/Jun/2025:02:50:08 -0400] "GET /detail/worse30605634.html HTTP/1.1" 301 0 "-" "Mozilla/5.0 AppleWebKit/537.36 (KHTML, like Gecko; compatible; GPTBot/1.2; +https://openai.com/gptbot)"
216.73.216.247 - - [10/Jun/2025:02:50:08 -0400] "GET /detail/cope10995344.html HTTP/1.1" 301 0 "-" "Mozilla/5.0 AppleWebKit/537.36 (KHTML, like Gecko; compatible; ClaudeBot/1.0; [email protected])"
216.73.216.247 - - [10/Jun/2025:02:50:08 -0400] "GET /detail/arous61046461.html HTTP/1.1" 301 0 "-" "Mozilla/5.0 AppleWebKit/537.36 (KHTML, like Gecko; compatible; ClaudeBot/1.0; [email protected])"
216.73.216.247 - - [10/Jun/2025:02:50:08 -0400] "GET /detail/patte11610096.html HTTP/1.1" 301 0 "-" "Mozilla/5.0 AppleWebKit/537.36 (KHTML, like Gecko; compatible; ClaudeBot/1.0; [email protected])"
216.73.216.247 - - [10/Jun/2025:02:50:09 -0400] "GET /detail/cost80661807.html HTTP/1.1" 301 0 "-" "Mozilla/5.0 AppleWebKit/537.36 (KHTML, like Gecko; compatible; ClaudeBot/1.0; [email protected])"
216.73.216.247 - - [10/Jun/2025:02:50:08 -0400] "GET /detail/clay52027172.html HTTP/1.1" 301 0 "-" "Mozilla/5.0 AppleWebKit/537.36 (KHTML, like Gecko; compatible; ClaudeBot/1.0; [email protected])"
216.73.216.247 - - [10/Jun/2025:02:50:08 -0400] "GET /detail/remed80006143.html HTTP/1.1" 301 0 "-" "Mozilla/5.0 AppleWebKit/537.36 (KHTML, like Gecko; compatible; ClaudeBot/1.0; [email protected])"
216.73.216.247 - - [10/Jun/2025:02:50:09 -0400] "GET /detail/strea41224307.html HTTP/1.1" 301 0 "-" "Mozilla/5.0 AppleWebKit/537.36 (KHTML, like Gecko; compatible; ClaudeBot/1.0; [email protected])"
216.73.216.247 - - [10/Jun/2025:02:50:09 -0400] "GET /detail/resig42458275.html HTTP/1.1" 301 0 "-" "Mozilla/5.0 AppleWebKit/537.36 (KHTML, like Gecko; compatible; ClaudeBot/1.0; [email protected])"
216.73.216.247 - - [10/Jun/2025:02:50:08 -0400] "GET /detail/gestu72674302.html HTTP/1.1" 301 0 "-" "Mozilla/5.0 AppleWebKit/537.36 (KHTML, like Gecko; compatible; ClaudeBot/1.0; [email protected])"
216.73.216.247 - - [10/Jun/2025:02:50:08 -0400] "GET /detail/apart32306106.html HTTP/1.1" 301 0 "-" "Mozilla/5.0 AppleWebKit/537.36 (KHTML, like Gecko; compatible; ClaudeBot/1.0; [email protected])"
216.73.216.247 - - [10/Jun/2025:02:50:11 -0400] "GET /detail/union21187361.html HTTP/1.1" 301 0 "-" "Mozilla/5.0 AppleWebKit/537.36 (KHTML, like Gecko; compatible; ClaudeBot/1.0; [email protected])"
216.73.216.247 - - [10/Jun/2025:02:50:11 -0400] "GET /detail/attem30449466.html HTTP/1.1" 301 0 "-" "Mozilla/5.0 AppleWebKit/537.36 (KHTML, like Gecko; compatible; ClaudeBot/1.0; [email protected])"
216.73.216.247 - - [10/Jun/2025:02:50:13 -0400] "GET /detail/nylon52171636.html HTTP/1.1" 301 0 "-" "Mozilla/5.0 AppleWebKit/537.36 (KHTML, like Gecko; compatible; ClaudeBot/1.0; [email protected])"
216.73.216.247 - - [10/Jun/2025:02:50:12 -0400] "GET /detail/ought70310814.html HTTP/1.1" 301 0 "-" "Mozilla/5.0 AppleWebKit/537.36 (KHTML, like Gecko; compatible; ClaudeBot/1.0; [email protected])"
216.73.216.247 - - [10/Jun/2025:02:50:12 -0400] "GET /detail/bulk70246454.html HTTP/1.1" 301 0 "-" "Mozilla/5.0 AppleWebKit/537.36 (KHTML, like Gecko; compatible; ClaudeBot/1.0; [email protected])"
216.73.216.247 - - [10/Jun/2025:02:50:12 -0400] "GET /detail/deepe82274447.html HTTP/1.1" 301 0 "-" "Mozilla/5.0 AppleWebKit/537.36 (KHTML, like Gecko; compatible; ClaudeBot/1.0; [email protected])"
216.73.216.247 - - [10/Jun/2025:02:50:13 -0400] "GET /detail/rsvp11587928.html HTTP/1.1" 301 0 "-" "Mozilla/5.0 AppleWebKit/537.36 (KHTML, like Gecko; compatible; ClaudeBot/1.0; [email protected])"
216.73.216.247 - - [10/Jun/2025:02:50:12 -0400] "GET /detail/medit81478471.html HTTP/1.1" 301 0 "-" "Mozilla/5.0 AppleWebKit/537.36 (KHTML, like Gecko; compatible; ClaudeBot/1.0; [email protected])"
20.171.207.143 - - [10/Jun/2025:02:50:10 -0400] "GET / HTTP/1.1" 200 32194 "-" "Mozilla/5.0 AppleWebKit/537.36 (KHTML, like Gecko; compatible; GPTBot/1.2; +https://openai.com/gptbot)"
216.73.216.247 - - [10/Jun/2025:02:50:14 -0400] "GET /detail/decli11094240.html HTTP/1.1" 301 0 "-" "Mozilla/5.0 AppleWebKit/537.36 (KHTML, like Gecko; compatible; ClaudeBot/1.0; [email protected])"
216.73.216.247 - - [10/Jun/2025:02:50:13 -0400] "GET /detail/shout80288063.html HTTP/1.1" 301 0 "-" "Mozilla/5.0 AppleWebKit/537.36 (KHTML, like Gecko; compatible; ClaudeBot/1.0; [email protected])"
216.73.216.247 - - [10/Jun/2025:02:50:15 -0400] "GET /detail/twice51784700.html HTTP/1.1" 301 0 "-" "Mozilla/5.0 AppleWebKit/537.36 (KHTML, like Gecko; compatible; ClaudeBot/1.0; [email protected])"
216.73.216.247 - - [10/Jun/2025:02:50:15 -0400] "GET /detail/figur60946221.html HTTP/1.1" 301 0 "-" "Mozilla/5.0 AppleWebKit/537.36 (KHTML, like Gecko; compatible; ClaudeBot/1.0; [email protected])"
20.171.207.143 - - [10/Jun/2025:02:50:16 -0400] "GET /detail/emplo60870509.html HTTP/1.1" 301 0 "-" "Mozilla/5.0 AppleWebKit/537.36 (KHTML, like Gecko; compatible; GPTBot/1.2; +https://openai.com/gptbot)"
20.171.207.143 - - [10/Jun/2025:02:50:16 -0400] "GET / HTTP/1.1" 200 32194 "-" "Mozilla/5.0 AppleWebKit/537.36 (KHTML, like Gecko; compatible; GPTBot/1.2; +https://openai.com/gptbot)"
162.0.232.193 - - [10/Jun/2025:02:50:25 -0400] "POST /wp-cron.php?doing_wp_cron=1749538225.1707890033721923828125 HTTP/1.1" 200 0 "-" "WordPress/6.8.1; https://isekainonbirinoukachapters.com"
20.171.207.143 - - [10/Jun/2025:02:50:24 -0400] "GET /detail/repla80733911.html HTTP/1.1" 301 0 "-" "Mozilla/5.0 AppleWebKit/537.36 (KHTML, like Gecko; compatible; GPTBot/1.2; +https://openai.com/gptbot)"
20.171.207.143 - - [10/Jun/2025:02:50:25 -0400] "GET / HTTP/1.1" 200 32194 "-" "Mozilla/5.0 AppleWebKit/537.36 (KHTML, like Gecko; compatible; GPTBot/1.2; +https://openai.com/gptbot)"
162.0.232.193 - - [10/Jun/2025:02:50:32 -0400] "POST /wp-cron.php?doing_wp_cron=1749538232.7013299465179443359375 HTTP/1.1" 200 0 "-" "WordPress/6.8.1; https://isekainonbirinoukachapters.com"
20.171.207.143 - - [10/Jun/2025:02:50:32 -0400] "GET /detail/seven40352147.html HTTP/1.1" 301 0 "-" "Mozilla/5.0 AppleWebKit/537.36 (KHTML, like Gecko; compatible; GPTBot/1.2; +https://openai.com/gptbot)"
20.171.207.143 - - [10/Jun/2025:02:50:33 -0400] "GET / HTTP/1.1" 200 32194 "-" "Mozilla/5.0 AppleWebKit/537.36 (KHTML, like Gecko; compatible; GPTBot/1.2; +https://openai.com/gptbot)"
20.171.207.143 - - [10/Jun/2025:02:50:38 -0400] "GET /detail/scrap20467337.html HTTP/1.1" 301 0 "-" "Mozilla/5.0 AppleWebKit/537.36 (KHTML, like Gecko; compatible; GPTBot/1.2; +https://openai.com/gptbot)"
20.171.207.143 - - [10/Jun/2025:02:50:39 -0400] "GET / HTTP/1.1" 200 32194 "-" "Mozilla/5.0 AppleWebKit/537.36 (KHTML, like Gecko; compatible; GPTBot/1.2; +https://openai.com/gptbot)"
20.171.207.143 - - [10/Jun/2025:02:50:45 -0400] "GET /detail/joint10042416.html HTTP/1.1" 301 0 "-" "Mozilla/5.0 AppleWebKit/537.36 (KHTML, like Gecko; compatible; GPTBot/1.2; +https://openai.com/gptbot)"
20.171.207.143 - - [10/Jun/2025:02:50:45 -0400] "GET / HTTP/1.1" 200 32194 "-" "Mozilla/5.0 AppleWebKit/537.36 (KHTML, like Gecko; compatible; GPTBot/1.2; +https://openai.com/gptbot)"
162.0.232.193 - - [10/Jun/2025:02:50:51 -0400] "POST /wp-cron.php?doing_wp_cron=1749538250.9934270381927490234375 HTTP/1.1" 200 0 "-" "WordPress/6.8.1; https://isekainonbirinoukachapters.com"
20.171.207.143 - - [10/Jun/2025:02:50:50 -0400] "GET /detail/stoop12067600.html HTTP/1.1" 301 0 "-" "Mozilla/5.0 AppleWebKit/537.36 (KHTML, like Gecko; compatible; GPTBot/1.2; +https://openai.com/gptbot)"
20.171.207.143 - - [10/Jun/2025:02:50:51 -0400] "GET / HTTP/1.1" 200 32194 "-" "Mozilla/5.0 AppleWebKit/537.36 (KHTML, like Gecko; compatible; GPTBot/1.2; +https://openai.com/gptbot)"
162.0.232.193 - - [10/Jun/2025:02:50:56 -0400] "POST /wp-cron.php?doing_wp_cron=1749538256.1579198837280273437500 HTTP/1.1" 200 0 "-" "WordPress/6.8.1; https://isekainonbirinoukachapters.com"
20.171.207.143 - - [10/Jun/2025:02:50:55 -0400] "GET /detail/profi50518060.html HTTP/1.1" 301 0 "-" "Mozilla/5.0 AppleWebKit/537.36 (KHTML, like Gecko; compatible; GPTBot/1.2; +https://openai.com/gptbot)"
20.171.207.143 - - [10/Jun/2025:02:50:56 -0400] "GET / HTTP/1.1" 200 32194 "-" "Mozilla/5.0 AppleWebKit/537.36 (KHTML, like Gecko; compatible; GPTBot/1.2; +https://openai.com/gptbot)"
162.0.232.193 - - [10/Jun/2025:02:50:58 -0400] "GET /wp-content/uploads/89b93a66fa29a678cbd60ff176e1ea9a_1973.xml HTTP/1.1" 200 1499 "-" "Mozilla/5.0 (X11; Linux x86_64) AppleWebKit/537.36 (KHTML, like Gecko) Ubuntu Chromium/41.0.2272.76"
20.171.207.143 - - [10/Jun/2025:02:51:00 -0400] "GET /detail/supre20690761.html HTTP/1.1" 301 0 "-" "Mozilla/5.0 AppleWebKit/537.36 (KHTML, like Gecko; compatible; GPTBot/1.2; +https://openai.com/gptbot)"
20.171.207.143 - - [10/Jun/2025:02:51:01 -0400] "GET / HTTP/1.1" 200 32194 "-" "Mozilla/5.0 AppleWebKit/537.36 (KHTML, like Gecko; compatible; GPTBot/1.2; +https://openai.com/gptbot)"
20.171.207.143 - - [10/Jun/2025:02:51:04 -0400] "GET /detail/newly22450841.html HTTP/1.1" 301 0 "-" "Mozilla/5.0 AppleWebKit/537.36 (KHTML, like Gecko; compatible; GPTBot/1.2; +https://openai.com/gptbot)"
20.171.207.143 - - [10/Jun/2025:02:51:05 -0400] "GET / HTTP/1.1" 200 32242 "-" "Mozilla/5.0 AppleWebKit/537.36 (KHTML, like Gecko; compatible; GPTBot/1.2; +https://openai.com/gptbot)"
20.171.207.143 - - [10/Jun/2025:02:51:08 -0400] "GET /detail/plura80103167.html HTTP/1.1" 301 0 "-" "Mozilla/5.0 AppleWebKit/537.36 (KHTML, like Gecko; compatible; GPTBot/1.2; +https://openai.com/gptbot)"
20.171.207.143 - - [10/Jun/2025:02:51:08 -0400] "GET / HTTP/1.1" 200 32194 "-" "Mozilla/5.0 AppleWebKit/537.36 (KHTML, like Gecko; compatible; GPTBot/1.2; +https://openai.com/gptbot)"
20.171.207.143 - - [10/Jun/2025:02:51:11 -0400] "GET /detail/condu11018944.html HTTP/1.1" 301 0 "-" "Mozilla/5.0 AppleWebKit/537.36 (KHTML, like Gecko; compatible; GPTBot/1.2; +https://openai.com/gptbot)"
20.171.207.143 - - [10/Jun/2025:02:51:11 -0400] "GET / HTTP/1.1" 200 32194 "-" "Mozilla/5.0 AppleWebKit/537.36 (KHTML, like Gecko; compatible; GPTBot/1.2; +https://openai.com/gptbot)"
20.171.207.143 - - [10/Jun/2025:02:51:14 -0400] "GET /detail/subsi32213858.html HTTP/1.1" 301 0 "-" "Mozilla/5.0 AppleWebKit/537.36 (KHTML, like Gecko; compatible; GPTBot/1.2; +https://openai.com/gptbot)"
20.171.207.143 - - [10/Jun/2025:02:51:14 -0400] "GET / HTTP/1.1" 200 32194 "-" "Mozilla/5.0 AppleWebKit/537.36 (KHTML, like Gecko; compatible; GPTBot/1.2; +https://openai.com/gptbot)"
20.171.207.143 - - [10/Jun/2025:02:51:17 -0400] "GET /detail/anywh52892716.html HTTP/1.1" 301 0 "-" "Mozilla/5.0 AppleWebKit/537.36 (KHTML, like Gecko; compatible; GPTBot/1.2; +https://openai.com/gptbot)"
20.171.207.143 - - [10/Jun/2025:02:51:17 -0400] "GET / HTTP/1.1" 200 32194 "-" "Mozilla/5.0 AppleWebKit/537.36 (KHTML, like Gecko; compatible; GPTBot/1.2; +https://openai.com/gptbot)"
135.131.162.249 - - [10/Jun/2025:02:51:18 -0400] "GET /manga/farming-life-in-another-world-chapter-19/ HTTP/1.1" 200 34517 "https://isekainonbirinoukachapters.com/manga/farming-life-in-another-world-chapter-18/" "Mozilla/5.0 (Linux; Android 10; K) AppleWebKit/537.36 (KHTML, like Gecko) Chrome/137.0.0.0 Mobile Safari/537.36"
20.171.207.143 - - [10/Jun/2025:02:51:19 -0400] "GET /detail/curre62013909.html HTTP/1.1" 301 0 "-" "Mozilla/5.0 AppleWebKit/537.36 (KHTML, like Gecko; compatible; GPTBot/1.2; +https://openai.com/gptbot)"
135.131.162.249 - - [10/Jun/2025:02:51:18 -0400] "GET /manga/farming-life-in-another-world-chapter-19/ HTTP/1.1" 200 34412 "https://isekainonbirinoukachapters.com/manga/farming-life-in-another-world-chapter-18/" "Mozilla/5.0 (X11; Linux x86_64) AppleWebKit/537.36 (KHTML, like Gecko) Chrome/137.0.0.0 Safari/537.36"
135.131.162.249 - - [10/Jun/2025:02:51:18 -0400] "POST /wp-admin/admin-ajax.php HTTP/1.1" 200 61 "https://isekainonbirinoukachapters.com/manga/farming-life-in-another-world-chapter-19/" "Mozilla/5.0 (X11; Linux x86_64) AppleWebKit/537.36 (KHTML, like Gecko) Chrome/137.0.0.0 Safari/537.36"
20.171.207.143 - - [10/Jun/2025:02:51:21 -0400] "GET / HTTP/1.1" 200 32194 "-" "Mozilla/5.0 AppleWebKit/537.36 (KHTML, like Gecko; compatible; GPTBot/1.2; +https://openai.com/gptbot)"
216.73.216.247 - - [10/Jun/2025:02:51:23 -0400] "GET /detail/pound42744979.html HTTP/1.1" 301 0 "-" "Mozilla/5.0 AppleWebKit/537.36 (KHTML, like Gecko; compatible; ClaudeBot/1.0; [email protected])"
216.73.216.247 - - [10/Jun/2025:02:51:23 -0400] "GET /detail/freed70470638.html HTTP/1.1" 301 0 "-" "Mozilla/5.0 AppleWebKit/537.36 (KHTML, like Gecko; compatible; ClaudeBot/1.0; [email protected])"
216.73.216.247 - - [10/Jun/2025:02:51:23 -0400] "GET /detail/chamb12907400.html HTTP/1.1" 301 0 "-" "Mozilla/5.0 AppleWebKit/537.36 (KHTML, like Gecko; compatible; ClaudeBot/1.0; [email protected])"
216.73.216.247 - - [10/Jun/2025:02:51:23 -0400] "GET /detail/prime31463114.html HTTP/1.1" 301 0 "-" "Mozilla/5.0 AppleWebKit/537.36 (KHTML, like Gecko; compatible; ClaudeBot/1.0; [email protected])"
216.73.216.247 - - [10/Jun/2025:02:51:23 -0400] "GET /detail/metri40247179.html HTTP/1.1" 301 0 "-" "Mozilla/5.0 AppleWebKit/537.36 (KHTML, like Gecko; compatible; ClaudeBot/1.0; [email protected])"
216.73.216.247 - - [10/Jun/2025:02:51:23 -0400] "GET /detail/overn41699267.html HTTP/1.1" 301 0 "-" "Mozilla/5.0 AppleWebKit/537.36 (KHTML, like Gecko; compatible; ClaudeBot/1.0; [email protected])"
216.73.216.247 - - [10/Jun/2025:02:51:23 -0400] "GET /detail/comra61387517.html HTTP/1.1" 301 0 "-" "Mozilla/5.0 AppleWebKit/537.36 (KHTML, like Gecko; compatible; ClaudeBot/1.0; [email protected])"
216.73.216.247 - - [10/Jun/2025:02:51:23 -0400] "GET /detail/recen42876035.html HTTP/1.1" 301 0 "-" "Mozilla/5.0 AppleWebKit/537.36 (KHTML, like Gecko; compatible; ClaudeBot/1.0; [email protected])"
20.171.207.143 - - [10/Jun/2025:02:51:25 -0400] "GET /detail/invol50726428.html HTTP/1.1" 301 0 "-" "Mozilla/5.0 AppleWebKit/537.36 (KHTML, like Gecko; compatible; GPTBot/1.2; +https://openai.com/gptbot)"
216.73.216.247 - - [10/Jun/2025:02:51:26 -0400] "GET /detail/obsta60745821.html HTTP/1.1" 301 0 "-" "Mozilla/5.0 AppleWebKit/537.36 (KHTML, like Gecko; compatible; ClaudeBot/1.0; [email protected])"
216.73.216.247 - - [10/Jun/2025:02:51:26 -0400] "GET /detail/vent11067904.html HTTP/1.1" 301 0 "-" "Mozilla/5.0 AppleWebKit/537.36 (KHTML, like Gecko; compatible; ClaudeBot/1.0; [email protected])"
216.73.216.247 - - [10/Jun/2025:02:51:26 -0400] "GET /detail/adven81214735.html HTTP/1.1" 301 0 "-" "Mozilla/5.0 AppleWebKit/537.36 (KHTML, like Gecko; compatible; ClaudeBot/1.0; [email protected])"
216.73.216.247 - - [10/Jun/2025:02:51:27 -0400] "GET /detail/refer20254809.html HTTP/1.1" 301 0 "-" "Mozilla/5.0 AppleWebKit/537.36 (KHTML, like Gecko; compatible; ClaudeBot/1.0; [email protected])"
216.73.216.247 - - [10/Jun/2025:02:51:27 -0400] "GET /detail/pregn40117987.html HTTP/1.1" 301 0 "-" "Mozilla/5.0 AppleWebKit/537.36 (KHTML, like Gecko; compatible; ClaudeBot/1.0; [email protected])"
216.73.216.247 - - [10/Jun/2025:02:51:26 -0400] "GET /detail/attai50374764.html HTTP/1.1" 301 0 "-" "Mozilla/5.0 AppleWebKit/537.36 (KHTML, like Gecko; compatible; ClaudeBot/1.0; [email protected])"
216.73.216.247 - - [10/Jun/2025:02:51:27 -0400] "GET /detail/honey71581774.html HTTP/1.1" 301 0 "-" "Mozilla/5.0 AppleWebKit/537.36 (KHTML, like Gecko; compatible; ClaudeBot/1.0; [email protected])"
216.73.216.247 - - [10/Jun/2025:02:51:29 -0400] "GET /detail/rage11767768.html HTTP/1.1" 301 0 "-" "Mozilla/5.0 AppleWebKit/537.36 (KHTML, like Gecko; compatible; ClaudeBot/1.0; [email protected])"
216.73.216.247 - - [10/Jun/2025:02:51:29 -0400] "GET /detail/recip11021736.html HTTP/1.1" 301 0 "-" "Mozilla/5.0 AppleWebKit/537.36 (KHTML, like Gecko; compatible; ClaudeBot/1.0; [email protected])"
40.77.167.151 - - [10/Jun/2025:02:51:26 -0400] "GET /manga/farming-life-in-another-world-chapter-218/ HTTP/1.1" 200 34039 "-" "Mozilla/5.0 AppleWebKit/537.36 (KHTML, like Gecko; compatible; bingbot/2.0; +http://www.bing.com/bingbot.htm) Chrome/116.0.1938.76 Safari/537.36"
216.73.216.247 - - [10/Jun/2025:02:51:29 -0400] "GET /detail/perfo22689337.html HTTP/1.1" 301 0 "-" "Mozilla/5.0 AppleWebKit/537.36 (KHTML, like Gecko; compatible; ClaudeBot/1.0; [email protected])"
216.73.216.247 - - [10/Jun/2025:02:51:30 -0400] "GET /detail/strea40488307.html HTTP/1.1" 301 0 "-" "Mozilla/5.0 AppleWebKit/537.36 (KHTML, like Gecko; compatible; ClaudeBot/1.0; [email protected])"
216.73.216.247 - - [10/Jun/2025:02:51:29 -0400] "GET /detail/fun11924248.html HTTP/1.1" 301 0 "-" "Mozilla/5.0 AppleWebKit/537.36 (KHTML, like Gecko; compatible; ClaudeBot/1.0; [email protected])"
216.73.216.247 - - [10/Jun/2025:02:51:30 -0400] "GET /detail/dust31741850.html HTTP/1.1" 301 0 "-" "Mozilla/5.0 AppleWebKit/537.36 (KHTML, like Gecko; compatible; ClaudeBot/1.0; [email protected])"
216.73.216.247 - - [10/Jun/2025:02:51:30 -0400] "GET /detail/sunda30732866.html HTTP/1.1" 301 0 "-" "Mozilla/5.0 AppleWebKit/537.36 (KHTML, like Gecko; compatible; ClaudeBot/1.0; [email protected])"
20.171.207.143 - - [10/Jun/2025:02:51:28 -0400] "GET / HTTP/1.1" 200 32196 "-" "Mozilla/5.0 AppleWebKit/537.36 (KHTML, like Gecko; compatible; GPTBot/1.2; +https://openai.com/gptbot)"
20.171.207.143 - - [10/Jun/2025:02:51:32 -0400] "GET /detail/twelv51304732.html HTTP/1.1" 301 0 "-" "Mozilla/5.0 AppleWebKit/537.36 (KHTML, like Gecko; compatible; GPTBot/1.2; +https://openai.com/gptbot)"
40.77.167.151 - - [10/Jun/2025:02:51:31 -0400] "GET /manga/farming-life-in-another-world-chapter-253/ HTTP/1.1" 200 34025 "-" "Mozilla/5.0 AppleWebKit/537.36 (KHTML, like Gecko; compatible; bingbot/2.0; +http://www.bing.com/bingbot.htm) Chrome/116.0.1938.76 Safari/537.36"
20.171.207.143 - - [10/Jun/2025:02:51:33 -0400] "GET / HTTP/1.1" 200 32194 "-" "Mozilla/5.0 AppleWebKit/537.36 (KHTML, like Gecko; compatible; GPTBot/1.2; +https://openai.com/gptbot)"
20.171.207.143 - - [10/Jun/2025:02:51:40 -0400] "GET /detail/everl40318419.html HTTP/1.1" 301 0 "-" "Mozilla/5.0 AppleWebKit/537.36 (KHTML, like Gecko; compatible; GPTBot/1.2; +https://openai.com/gptbot)"
20.171.207.143 - - [10/Jun/2025:02:51:41 -0400] "GET / HTTP/1.1" 200 32194 "-" "Mozilla/5.0 AppleWebKit/537.36 (KHTML, like Gecko; compatible; GPTBot/1.2; +https://openai.com/gptbot)"
2607:fb90:af27:48b8:3d5f:36ea:36eb:52f8 - - [10/Jun/2025:02:51:45 -0400] "GET /manga/farming-life-in-another-world-chapter-49/ HTTP/1.1" 200 34078 "https://isekainonbirinoukachapters.com/manga/farming-life-in-another-world-chapter-48/" "Mozilla/5.0 (iPhone; CPU iPhone OS 18_5 like Mac OS X) AppleWebKit/605.1.15 (KHTML, like Gecko) Brave/1 Mobile/15E148 Safari/604.1"
20.171.207.143 - - [10/Jun/2025:02:51:47 -0400] "GET /detail/shoot72689398.html HTTP/1.1" 301 0 "-" "Mozilla/5.0 AppleWebKit/537.36 (KHTML, like Gecko; compatible; GPTBot/1.2; +https://openai.com/gptbot)"
20.171.207.143 - - [10/Jun/2025:02:51:47 -0400] "GET / HTTP/1.1" 200 32194 "-" "Mozilla/5.0 AppleWebKit/537.36 (KHTML, like Gecko; compatible; GPTBot/1.2; +https://openai.com/gptbot)"
20.171.207.143 - - [10/Jun/2025:02:51:53 -0400] "GET /detail/south12800376.html HTTP/1.1" 301 0 "-" "Mozilla/5.0 AppleWebKit/537.36 (KHTML, like Gecko; compatible; GPTBot/1.2; +https://openai.com/gptbot)"
20.171.207.143 - - [10/Jun/2025:02:51:54 -0400] "GET / HTTP/1.1" 200 32194 "-" "Mozilla/5.0 AppleWebKit/537.36 (KHTML, like Gecko; compatible; GPTBot/1.2; +https://openai.com/gptbot)"
162.0.232.193 - - [10/Jun/2025:02:51:57 -0400] "POST /wp-cron.php?doing_wp_cron=1749538317.5555210113525390625000 HTTP/1.1" 200 0 "-" "WordPress/6.8.1; https://isekainonbirinoukachapters.com"
40.77.167.70 - - [10/Jun/2025:02:51:56 -0400] "GET /manga/farming-life-in-another-world-chapter-99/ HTTP/1.1" 200 33973 "-" "Mozilla/5.0 AppleWebKit/537.36 (KHTML, like Gecko; compatible; bingbot/2.0; +http://www.bing.com/bingbot.htm) Chrome/116.0.1938.76 Safari/537.36"
20.171.207.143 - - [10/Jun/2025:02:51:58 -0400] "GET /detail/fitne80738431.html HTTP/1.1" 301 0 "-" "Mozilla/5.0 AppleWebKit/537.36 (KHTML, like Gecko; compatible; GPTBot/1.2; +https://openai.com/gptbot)"
20.171.207.143 - - [10/Jun/2025:02:51:59 -0400] "GET / HTTP/1.1" 200 32194 "-" "Mozilla/5.0 AppleWebKit/537.36 (KHTML, like Gecko; compatible; GPTBot/1.2; +https://openai.com/gptbot)"
