162.0.232.193 - - [09/Jun/2025:21:42:11 -0400] "GET /wp-content/uploads/89b93a66fa29a678cbd60ff176e1ea9a_1973.xml HTTP/1.1" 200 1362 "-" "Mozilla/5.0 (X11; Linux x86_64) AppleWebKit/537.36 (KHTML, like Gecko) Ubuntu Chromium/41.0.2272.76"
216.73.216.247 - - [09/Jun/2025:21:42:19 -0400] "GET /detail/farm42481051.html HTTP/1.1" 301 0 "-" "Mozilla/5.0 AppleWebKit/537.36 (KHTML, like Gecko; compatible; ClaudeBot/1.0; [email protected])"
162.0.232.193 - - [09/Jun/2025:21:43:17 -0400] "POST /wp-cron.php?doing_wp_cron=1749519797.1444749832153320312500 HTTP/1.1" 200 0 "-" "WordPress/6.8.1; https://isekainonbirinoukachapters.com"
216.73.216.247 - - [09/Jun/2025:21:43:10 -0400] "GET /detail/golf70323638.html HTTP/1.1" 301 0 "-" "Mozilla/5.0 AppleWebKit/537.36 (KHTML, like Gecko; compatible; ClaudeBot/1.0; [email protected])"
216.73.216.247 - - [09/Jun/2025:21:43:20 -0400] "GET /detail/satur41868835.html HTTP/1.1" 301 0 "-" "Mozilla/5.0 AppleWebKit/537.36 (KHTML, like Gecko; compatible; ClaudeBot/1.0; [email protected])"
162.0.232.193 - - [09/Jun/2025:21:44:19 -0400] "POST /wp-cron.php?doing_wp_cron=1749519859.5343079566955566406250 HTTP/1.1" 200 0 "-" "WordPress/6.8.1; https://isekainonbirinoukachapters.com"
216.73.216.247 - - [09/Jun/2025:21:44:12 -0400] "GET /detail/rally22931697.html HTTP/1.1" 301 0 "-" "Mozilla/5.0 AppleWebKit/537.36 (KHTML, like Gecko; compatible; ClaudeBot/1.0; [email protected])"
162.0.232.193 - - [09/Jun/2025:21:44:32 -0400] "GET /wp-content/uploads/89b93a66fa29a678cbd60ff176e1ea9a_1973.xml HTTP/1.1" 200 1499 "-" "Mozilla/5.0 (X11; Linux x86_64) AppleWebKit/537.36 (KHTML, like Gecko) Ubuntu Chromium/41.0.2272.76"
216.73.216.247 - - [09/Jun/2025:21:44:34 -0400] "GET /detail/bowl30277058.html HTTP/1.1" 200 0 "-" "Mozilla/5.0 AppleWebKit/537.36 (KHTML, like Gecko; compatible; ClaudeBot/1.0; [email protected])"
216.73.216.247 - - [09/Jun/2025:21:45:23 -0400] "GET /detail/beer81335215.html HTTP/1.1" 200 0 "-" "Mozilla/5.0 AppleWebKit/537.36 (KHTML, like Gecko; compatible; ClaudeBot/1.0; [email protected])"
162.0.232.193 - - [09/Jun/2025:21:45:33 -0400] "POST /wp-cron.php?doing_wp_cron=1749519933.2347860336303710937500 HTTP/1.1" 200 0 "-" "WordPress/6.8.1; https://isekainonbirinoukachapters.com"
216.73.216.247 - - [09/Jun/2025:21:45:55 -0400] "GET /detail/dish30908282.html HTTP/1.1" 200 0 "-" "Mozilla/5.0 AppleWebKit/537.36 (KHTML, like Gecko; compatible; ClaudeBot/1.0; [email protected])"
162.0.232.193 - - [09/Jun/2025:21:46:04 -0400] "POST /wp-cron.php?doing_wp_cron=1749519964.0423541069030761718750 HTTP/1.1" 200 0 "-" "WordPress/6.8.1; https://isekainonbirinoukachapters.com"
162.0.232.193 - - [09/Jun/2025:21:46:19 -0400] "GET /wp-content/uploads/89b93a66fa29a678cbd60ff176e1ea9a_1973.xml HTTP/1.1" 200 1362 "-" "Mozilla/5.0 (X11; Linux x86_64) AppleWebKit/537.36 (KHTML, like Gecko) Ubuntu Chromium/41.0.2272.76"
216.73.216.247 - - [09/Jun/2025:21:46:46 -0400] "GET /detail/farm40801051.html HTTP/1.1" 200 0 "-" "Mozilla/5.0 AppleWebKit/537.36 (KHTML, like Gecko; compatible; ClaudeBot/1.0; [email protected])"
162.0.232.193 - - [09/Jun/2025:21:47:08 -0400] "POST /wp-cron.php?doing_wp_cron=1749520027.4553000926971435546875 HTTP/1.1" 200 0 "-" "WordPress/6.8.1; https://isekainonbirinoukachapters.com"
20.171.207.143 - - [09/Jun/2025:21:46:59 -0400] "GET /manga/farming-life-in-another-world-chapter-228/ HTTP/1.1" 200 34039 "-" "Mozilla/5.0 AppleWebKit/537.36 (KHTML, like Gecko; compatible; GPTBot/1.2; +https://openai.com/gptbot)"
216.73.216.247 - - [09/Jun/2025:21:47:17 -0400] "GET /detail/nail32175418.html HTTP/1.1" 301 0 "-" "Mozilla/5.0 AppleWebKit/537.36 (KHTML, like Gecko; compatible; ClaudeBot/1.0; [email protected])"
52.167.144.195 - - [09/Jun/2025:21:47:12 -0400] "GET / HTTP/1.1" 200 32196 "-" "Mozilla/5.0 AppleWebKit/537.36 (KHTML, like Gecko; compatible; bingbot/2.0; +http://www.bing.com/bingbot.htm) Chrome/116.0.1938.76 Safari/537.36"
162.0.232.193 - - [09/Jun/2025:21:47:55 -0400] "POST /wp-cron.php?doing_wp_cron=1749520074.9384169578552246093750 HTTP/1.1" 200 0 "-" "WordPress/6.8.1; https://isekainonbirinoukachapters.com"
114.119.143.151 - - [09/Jun/2025:21:47:48 -0400] "GET /manga/isekai-nonbiri-nouka-chapter-91/ HTTP/1.1" 301 0 "https://isekainonbirinoukachapters.com/category/farming-life-in-another-world/page/13/" "Mozilla/5.0 (Linux; Android 7.0;) AppleWebKit/537.36 (KHTML, like Gecko) Mobile Safari/537.36 (compatible; PetalBot;+https://webmaster.petalsearch.com/site/petalbot)"
162.0.232.193 - - [09/Jun/2025:21:48:14 -0400] "GET /wp-content/uploads/89b93a66fa29a678cbd60ff176e1ea9a_1973.xml HTTP/1.1" 200 1362 "-" "Mozilla/5.0 (X11; Linux x86_64) AppleWebKit/537.36 (KHTML, like Gecko) Ubuntu Chromium/41.0.2272.76"
114.119.143.151 - - [09/Jun/2025:21:47:57 -0400] "GET / HTTP/1.1" 200 32213 "https://isekainonbirinoukachapters.com/category/farming-life-in-another-world/page/13/" "Mozilla/5.0 (Linux; Android 7.0;) AppleWebKit/537.36 (KHTML, like Gecko) Mobile Safari/537.36 (compatible; PetalBot;+https://webmaster.petalsearch.com/site/petalbot)"
216.73.216.247 - - [09/Jun/2025:21:48:08 -0400] "GET /detail/our82856967.html HTTP/1.1" 301 0 "-" "Mozilla/5.0 AppleWebKit/537.36 (KHTML, like Gecko; compatible; ClaudeBot/1.0; [email protected])"
91.137.27.140 - - [09/Jun/2025:21:48:30 -0400] "GET /robots.txt HTTP/1.1" 200 107 "-" "Mozilla/5.0 (compatible; MJ12bot/v1.4.8; http://mj12bot.com/)"
216.73.216.247 - - [09/Jun/2025:21:48:38 -0400] "GET /detail/coin80848847.html HTTP/1.1" 301 0 "-" "Mozilla/5.0 AppleWebKit/537.36 (KHTML, like Gecko; compatible; ClaudeBot/1.0; [email protected])"
91.137.27.140 - - [09/Jun/2025:21:48:34 -0400] "GET /category/farming-life-in-another-world-manga/page/10/ HTTP/1.1" 200 32965 "-" "Mozilla/5.0 (compatible; MJ12bot/v1.4.8; http://mj12bot.com/)"
162.0.232.193 - - [09/Jun/2025:21:49:02 -0400] "POST /wp-cron.php?doing_wp_cron=1749520142.4356729984283447265625 HTTP/1.1" 200 0 "-" "WordPress/6.8.1; https://isekainonbirinoukachapters.com"
91.137.27.140 - - [09/Jun/2025:21:48:56 -0400] "GET /category/farming-life-in-another-world-manga/page/11/ HTTP/1.1" 200 33168 "-" "Mozilla/5.0 (compatible; MJ12bot/v1.4.8; http://mj12bot.com/)"
114.119.159.246 - - [09/Jun/2025:21:49:08 -0400] "GET /manga/farming-life-in-another-world-chapter-57/ HTTP/1.1" 200 34125 "https://isekainonbirinoukachapters.com/manga/isekai-nonbiri-nouka-chapter-27-paying-taxes/" "Mozilla/5.0 (Linux; Android 7.0;) AppleWebKit/537.36 (KHTML, like Gecko) Mobile Safari/537.36 (compatible; PetalBot;+https://webmaster.petalsearch.com/site/petalbot)"
91.137.27.140 - - [09/Jun/2025:21:49:12 -0400] "GET /category/farming-life-in-another-world-manga/page/12/ HTTP/1.1" 200 33105 "-" "Mozilla/5.0 (compatible; MJ12bot/v1.4.8; http://mj12bot.com/)"
162.0.232.193 - - [09/Jun/2025:21:49:37 -0400] "POST /wp-cron.php?doing_wp_cron=1749520176.1397020816802978515625 HTTP/1.1" 200 0 "-" "WordPress/6.8.1; https://isekainonbirinoukachapters.com"
216.73.216.247 - - [09/Jun/2025:21:49:29 -0400] "GET /detail/poem81616879.html HTTP/1.1" 301 0 "-" "Mozilla/5.0 AppleWebKit/537.36 (KHTML, like Gecko; compatible; ClaudeBot/1.0; [email protected])"
216.73.216.247 - - [09/Jun/2025:21:49:40 -0400] "GET /detail/teen52569412.html HTTP/1.1" 301 0 "-" "Mozilla/5.0 AppleWebKit/537.36 (KHTML, like Gecko; compatible; ClaudeBot/1.0; [email protected])"
91.137.27.140 - - [09/Jun/2025:21:49:36 -0400] "GET /category/farming-life-in-another-world-manga/page/14/ HTTP/1.1" 200 33120 "-" "Mozilla/5.0 (compatible; MJ12bot/v1.4.8; http://mj12bot.com/)"
162.0.232.193 - - [09/Jun/2025:21:50:00 -0400] "POST /wp-cron.php?doing_wp_cron=1749520200.0345609188079833984375 HTTP/1.1" 200 0 "-" "WordPress/6.8.1; https://isekainonbirinoukachapters.com"
91.137.27.140 - - [09/Jun/2025:21:49:53 -0400] "GET /category/farming-life-in-another-world-manga/page/15/ HTTP/1.1" 200 33152 "-" "Mozilla/5.0 (compatible; MJ12bot/v1.4.8; http://mj12bot.com/)"
162.0.232.193 - - [09/Jun/2025:21:50:14 -0400] "GET /wp-content/uploads/89b93a66fa29a678cbd60ff176e1ea9a_1973.xml HTTP/1.1" 200 1362 "-" "Mozilla/5.0 (X11; Linux x86_64) AppleWebKit/537.36 (KHTML, like Gecko) Ubuntu Chromium/41.0.2272.76"
91.137.27.140 - - [09/Jun/2025:21:50:11 -0400] "GET /category/farming-life-in-another-world-manga/page/16/ HTTP/1.1" 200 33107 "-" "Mozilla/5.0 (compatible; MJ12bot/v1.4.8; http://mj12bot.com/)"
216.73.216.247 - - [09/Jun/2025:21:50:31 -0400] "GET /detail/truck71584990.html HTTP/1.1" 301 0 "-" "Mozilla/5.0 AppleWebKit/537.36 (KHTML, like Gecko; compatible; ClaudeBot/1.0; [email protected])"
91.137.27.140 - - [09/Jun/2025:21:50:31 -0400] "GET /category/farming-life-in-another-world/page/10/ HTTP/1.1" 200 32937 "-" "Mozilla/5.0 (compatible; MJ12bot/v1.4.8; http://mj12bot.com/)"
91.137.27.140 - - [09/Jun/2025:21:50:47 -0400] "GET /category/farming-life-in-another-world/page/11/ HTTP/1.1" 200 33145 "-" "Mozilla/5.0 (compatible; MJ12bot/v1.4.8; http://mj12bot.com/)"
216.73.216.247 - - [09/Jun/2025:21:50:51 -0400] "GET /detail/film10244280.html HTTP/1.1" 301 0 "-" "Mozilla/5.0 AppleWebKit/537.36 (KHTML, like Gecko; compatible; ClaudeBot/1.0; [email protected])"
216.71.220.195 - - [09/Jun/2025:21:50:54 -0400] "GET /manga/farming-life-in-another-world-chapter-13/ HTTP/1.1" 200 34101 "https://isekainonbirinoukachapters.com/manga/farming-life-in-another-world-chapter-12/" "Mozilla/5.0 (iPhone; CPU iPhone OS 18_3_2 like Mac OS X) AppleWebKit/605.1.15 (KHTML, like Gecko) CriOS/137.0.7151.79 Mobile/15E148 Safari/604.1"
216.71.220.195 - - [09/Jun/2025:21:51:06 -0400] "GET /wp-content/cache/min/1/wp-content/plugins/disqus-comment-system/public/js/comment_embed.js?ver=1729190448 HTTP/1.1" 304 0 "https://isekainonbirinoukachapters.com/manga/farming-life-in-another-world-chapter-13/" "Mozilla/5.0 (iPhone; CPU iPhone OS 18_3_2 like Mac OS X) AppleWebKit/605.1.15 (KHTML, like Gecko) CriOS/137.0.7151.79 Mobile/15E148 Safari/604.1"
216.71.220.195 - - [09/Jun/2025:21:51:06 -0400] "GET /wp-content/themes/toivo-lite/js/functions.min.js?ver=1.2.0 HTTP/1.1" 304 0 "https://isekainonbirinoukachapters.com/manga/farming-life-in-another-world-chapter-13/" "Mozilla/5.0 (iPhone; CPU iPhone OS 18_3_2 like Mac OS X) AppleWebKit/605.1.15 (KHTML, like Gecko) CriOS/137.0.7151.79 Mobile/15E148 Safari/604.1"
216.71.220.195 - - [09/Jun/2025:21:51:06 -0400] "GET /wp-content/cache/min/1/wp-content/plugins/disqus-comment-system/public/js/comment_count.js?ver=1729190448 HTTP/1.1" 304 0 "https://isekainonbirinoukachapters.com/manga/farming-life-in-another-world-chapter-13/" "Mozilla/5.0 (iPhone; CPU iPhone OS 18_3_2 like Mac OS X) AppleWebKit/605.1.15 (KHTML, like Gecko) CriOS/137.0.7151.79 Mobile/15E148 Safari/604.1"
216.71.220.195 - - [09/Jun/2025:21:51:06 -0400] "GET /wp-includes/js/jquery/jquery-migrate.min.js?ver=3.4.1 HTTP/1.1" 304 0 "https://isekainonbirinoukachapters.com/manga/farming-life-in-another-world-chapter-13/" "Mozilla/5.0 (iPhone; CPU iPhone OS 18_3_2 like Mac OS X) AppleWebKit/605.1.15 (KHTML, like Gecko) CriOS/137.0.7151.79 Mobile/15E148 Safari/604.1"
216.71.220.195 - - [09/Jun/2025:21:51:06 -0400] "GET /wp-content/themes/toivo-lite/js/responsive-nav.min.js?ver=1.2.0 HTTP/1.1" 304 0 "https://isekainonbirinoukachapters.com/manga/farming-life-in-another-world-chapter-13/" "Mozilla/5.0 (iPhone; CPU iPhone OS 18_3_2 like Mac OS X) AppleWebKit/605.1.15 (KHTML, like Gecko) CriOS/137.0.7151.79 Mobile/15E148 Safari/604.1"
216.71.220.195 - - [09/Jun/2025:21:51:06 -0400] "GET /wp-content/cache/min/1/wp-content/plugins/simple-social-buttons/assets/js/front.js?ver=1729190448 HTTP/1.1" 304 0 "https://isekainonbirinoukachapters.com/manga/farming-life-in-another-world-chapter-13/" "Mozilla/5.0 (iPhone; CPU iPhone OS 18_3_2 like Mac OS X) AppleWebKit/605.1.15 (KHTML, like Gecko) CriOS/137.0.7151.79 Mobile/15E148 Safari/604.1"
91.137.27.140 - - [09/Jun/2025:21:51:02 -0400] "GET /category/farming-life-in-another-world/page/15/ HTTP/1.1" 200 33136 "-" "Mozilla/5.0 (compatible; MJ12bot/v1.4.8; http://mj12bot.com/)"
91.137.27.140 - - [09/Jun/2025:21:51:20 -0400] "GET /category/farming-life-in-another-world/page/16/ HTTP/1.1" 200 33122 "-" "Mozilla/5.0 (compatible; MJ12bot/v1.4.8; http://mj12bot.com/)"
216.73.216.247 - - [09/Jun/2025:21:51:42 -0400] "GET /detail/film10932280.html HTTP/1.1" 200 0 "-" "Mozilla/5.0 AppleWebKit/537.36 (KHTML, like Gecko; compatible; ClaudeBot/1.0; [email protected])"
91.137.27.140 - - [09/Jun/2025:21:51:40 -0400] "GET /category/farming-life-in-another-world/page/17/ HTTP/1.1" 200 33180 "-" "Mozilla/5.0 (compatible; MJ12bot/v1.4.8; http://mj12bot.com/)"
162.0.232.193 - - [09/Jun/2025:21:52:05 -0400] "POST /wp-cron.php?doing_wp_cron=1749520325.4352560043334960937500 HTTP/1.1" 200 0 "-" "WordPress/6.8.1; https://isekainonbirinoukachapters.com"
91.137.27.140 - - [09/Jun/2025:21:52:00 -0400] "GET /category/farming-life-in-another-world/page/9/ HTTP/1.1" 200 32998 "-" "Mozilla/5.0 (compatible; MJ12bot/v1.4.8; http://mj12bot.com/)"
162.0.232.193 - - [09/Jun/2025:21:52:22 -0400] "GET /wp-content/uploads/89b93a66fa29a678cbd60ff176e1ea9a_1973.xml HTTP/1.1" 200 1499 "-" "Mozilla/5.0 (X11; Linux x86_64) AppleWebKit/537.36 (KHTML, like Gecko) Ubuntu Chromium/41.0.2272.76"
91.137.27.140 - - [09/Jun/2025:21:52:17 -0400] "GET /category/isekai-nonbiri-nouka-manga/page/10/ HTTP/1.1" 200 33041 "-" "Mozilla/5.0 (compatible; MJ12bot/v1.4.8; http://mj12bot.com/)"
91.137.27.140 - - [09/Jun/2025:21:52:45 -0400] "GET /category/isekai-nonbiri-nouka-manga/page/11/ HTTP/1.1" 200 33212 "-" "Mozilla/5.0 (compatible; MJ12bot/v1.4.8; http://mj12bot.com/)"
20.171.207.143 - - [09/Jun/2025:21:52:56 -0400] "GET /manga/farming-life-in-another-world-chapter-103/ HTTP/1.1" 200 34042 "-" "Mozilla/5.0 AppleWebKit/537.36 (KHTML, like Gecko; compatible; GPTBot/1.2; +https://openai.com/gptbot)"
162.0.232.193 - - [09/Jun/2025:21:53:12 -0400] "POST /wp-cron.php?doing_wp_cron=1749520391.6404170989990234375000 HTTP/1.1" 200 0 "-" "WordPress/6.8.1; https://isekainonbirinoukachapters.com"
91.137.27.140 - - [09/Jun/2025:21:53:01 -0400] "GET /category/isekai-nonbiri-nouka-manga/page/12/ HTTP/1.1" 200 33135 "-" "Mozilla/5.0 (compatible; MJ12bot/v1.4.8; http://mj12bot.com/)"
91.137.27.140 - - [09/Jun/2025:21:53:22 -0400] "GET /category/isekai-nonbiri-nouka-manga/page/14/ HTTP/1.1" 200 33183 "-" "Mozilla/5.0 (compatible; MJ12bot/v1.4.8; http://mj12bot.com/)"
162.0.232.193 - - [09/Jun/2025:21:53:45 -0400] "POST /wp-cron.php?doing_wp_cron=1749520424.7394039630889892578125 HTTP/1.1" 200 0 "-" "WordPress/6.8.1; https://isekainonbirinoukachapters.com"
52.167.144.182 - - [09/Jun/2025:21:53:35 -0400] "GET /detail/demon41234395.html HTTP/1.1" 301 0 "-" "Mozilla/5.0 AppleWebKit/537.36 (KHTML, like Gecko; compatible; bingbot/2.0; +http://www.bing.com/bingbot.htm) Chrome/116.0.1938.76 Safari/537.36"
91.137.27.140 - - [09/Jun/2025:21:53:42 -0400] "GET /category/isekai-nonbiri-nouka-manga/page/15/ HTTP/1.1" 200 33237 "-" "Mozilla/5.0 (compatible; MJ12bot/v1.4.8; http://mj12bot.com/)"
162.0.232.193 - - [09/Jun/2025:21:54:05 -0400] "GET /wp-content/uploads/89b93a66fa29a678cbd60ff176e1ea9a_1973.xml HTTP/1.1" 200 1362 "-" "Mozilla/5.0 (X11; Linux x86_64) AppleWebKit/537.36 (KHTML, like Gecko) Ubuntu Chromium/41.0.2272.76"
91.137.27.140 - - [09/Jun/2025:21:54:02 -0400] "GET /category/isekai-nonbiri-nouka-manga/page/16/ HTTP/1.1" 200 33156 "-" "Mozilla/5.0 (compatible; MJ12bot/v1.4.8; http://mj12bot.com/)"
91.137.27.140 - - [09/Jun/2025:21:54:20 -0400] "GET /category/isekai-nonbiri-nouka/page/10/ HTTP/1.1" 200 33000 "-" "Mozilla/5.0 (compatible; MJ12bot/v1.4.8; http://mj12bot.com/)"
91.137.27.140 - - [09/Jun/2025:21:54:37 -0400] "GET /category/isekai-nonbiri-nouka/page/11/ HTTP/1.1" 200 33209 "-" "Mozilla/5.0 (compatible; MJ12bot/v1.4.8; http://mj12bot.com/)"
162.0.232.193 - - [09/Jun/2025:21:54:55 -0400] "POST /wp-cron.php?doing_wp_cron=1749520494.6366670131683349609375 HTTP/1.1" 200 0 "-" "WordPress/6.8.1; https://isekainonbirinoukachapters.com"
2600:1010:b147:5450:cc9:2549:ef15:f91 - - [09/Jun/2025:21:54:47 -0400] "GET /manga/farming-life-in-another-world-chapter-157/ HTTP/1.1" 200 34073 "https://isekainonbirinoukachapters.com/manga/farming-life-in-another-world-chapter-156/" "Mozilla/5.0 (iPhone; CPU iPhone OS 18_5 like Mac OS X) AppleWebKit/605.1.15 (KHTML, like Gecko) Version/18.5 Mobile/15E148 Safari/604.1"
162.0.232.193 - - [09/Jun/2025:21:55:07 -0400] "POST /wp-cron.php?doing_wp_cron=1749520506.5409219264984130859375 HTTP/1.1" 200 0 "-" "WordPress/6.8.1; https://isekainonbirinoukachapters.com"
91.137.27.140 - - [09/Jun/2025:21:54:51 -0400] "GET /category/isekai-nonbiri-nouka/page/15/ HTTP/1.1" 200 33174 "-" "Mozilla/5.0 (compatible; MJ12bot/v1.4.8; http://mj12bot.com/)"
162.0.232.193 - - [09/Jun/2025:21:55:26 -0400] "POST /wp-cron.php?doing_wp_cron=1749520526.1330890655517578125000 HTTP/1.1" 200 0 "-" "WordPress/6.8.1; https://isekainonbirinoukachapters.com"
91.137.27.140 - - [09/Jun/2025:21:55:19 -0400] "GET /category/isekai-nonbiri-nouka/page/16/ HTTP/1.1" 200 33143 "-" "Mozilla/5.0 (compatible; MJ12bot/v1.4.8; http://mj12bot.com/)"
52.167.144.195 - - [09/Jun/2025:21:55:14 -0400] "GET /manga/farming-life-in-another-world-chapter-112/ HTTP/1.1" 200 34135 "-" "Mozilla/5.0 AppleWebKit/537.36 (KHTML, like Gecko; compatible; bingbot/2.0; +http://www.bing.com/bingbot.htm) Chrome/116.0.1938.76 Safari/537.36"
162.0.232.193 - - [09/Jun/2025:21:55:53 -0400] "POST /wp-cron.php?doing_wp_cron=1749520553.1334240436553955078125 HTTP/1.1" 200 0 "-" "WordPress/6.8.1; https://isekainonbirinoukachapters.com"
91.137.27.140 - - [09/Jun/2025:21:55:38 -0400] "GET /category/isekai-nonbiri-nouka/page/17/ HTTP/1.1" 200 33242 "-" "Mozilla/5.0 (compatible; MJ12bot/v1.4.8; http://mj12bot.com/)"
162.0.232.193 - - [09/Jun/2025:21:56:04 -0400] "GET /wp-content/uploads/89b93a66fa29a678cbd60ff176e1ea9a_1973.xml HTTP/1.1" 200 1362 "-" "Mozilla/5.0 (X11; Linux x86_64) AppleWebKit/537.36 (KHTML, like Gecko) Ubuntu Chromium/41.0.2272.76"
2600:1010:b147:5450:cc9:2549:ef15:f91 - - [09/Jun/2025:21:55:50 -0400] "GET /manga/farming-life-in-another-world-chapter-157/ HTTP/1.1" 200 34073 "https://isekainonbirinoukachapters.com/manga/farming-life-in-another-world-chapter-156/" "Mozilla/5.0 (iPhone; CPU iPhone OS 18_5 like Mac OS X) AppleWebKit/605.1.15 (KHTML, like Gecko) Version/18.5 Mobile/15E148 Safari/604.1"
2600:1010:b147:5450:cc9:2549:ef15:f91 - - [09/Jun/2025:21:56:02 -0400] "GET /manga/farming-life-in-another-world-chapter-156/ HTTP/1.1" 200 34048 "https://isekainonbirinoukachapters.com/manga/farming-life-in-another-world-chapter-155/" "Mozilla/5.0 (iPhone; CPU iPhone OS 18_5 like Mac OS X) AppleWebKit/605.1.15 (KHTML, like Gecko) Version/18.5 Mobile/15E148 Safari/604.1"
2600:1010:b147:5450:cc9:2549:ef15:f91 - - [09/Jun/2025:21:56:17 -0400] "GET /wp-includes/js/jquery/jquery.min.js?ver=3.7.1 HTTP/1.1" 304 0 "https://isekainonbirinoukachapters.com/manga/farming-life-in-another-world-chapter-156/" "Mozilla/5.0 (iPhone; CPU iPhone OS 18_5 like Mac OS X) AppleWebKit/605.1.15 (KHTML, like Gecko) Version/18.5 Mobile/15E148 Safari/604.1"
2600:1010:b147:5450:cc9:2549:ef15:f91 - - [09/Jun/2025:21:56:17 -0400] "GET /wp-includes/js/jquery/jquery-migrate.min.js?ver=3.4.1 HTTP/1.1" 304 0 "https://isekainonbirinoukachapters.com/manga/farming-life-in-another-world-chapter-156/" "Mozilla/5.0 (iPhone; CPU iPhone OS 18_5 like Mac OS X) AppleWebKit/605.1.15 (KHTML, like Gecko) Version/18.5 Mobile/15E148 Safari/604.1"
2600:1010:b147:5450:cc9:2549:ef15:f91 - - [09/Jun/2025:21:56:17 -0400] "GET /wp-content/cache/min/1/wp-content/plugins/wp-automatic/js/main-front.js?ver=1729190448 HTTP/1.1" 304 0 "https://isekainonbirinoukachapters.com/manga/farming-life-in-another-world-chapter-156/" "Mozilla/5.0 (iPhone; CPU iPhone OS 18_5 like Mac OS X) AppleWebKit/605.1.15 (KHTML, like Gecko) Version/18.5 Mobile/15E148 Safari/604.1"
2600:1010:b147:5450:cc9:2549:ef15:f91 - - [09/Jun/2025:21:56:17 -0400] "GET /wp-content/cache/min/1/wp-content/plugins/simple-social-buttons/assets/js/front.js?ver=1729190448 HTTP/1.1" 304 0 "https://isekainonbirinoukachapters.com/manga/farming-life-in-another-world-chapter-156/" "Mozilla/5.0 (iPhone; CPU iPhone OS 18_5 like Mac OS X) AppleWebKit/605.1.15 (KHTML, like Gecko) Version/18.5 Mobile/15E148 Safari/604.1"
2600:1010:b147:5450:cc9:2549:ef15:f91 - - [09/Jun/2025:21:56:17 -0400] "GET /wp-content/cache/min/1/wp-content/plugins/disqus-comment-system/public/js/comment_embed.js?ver=1729190448 HTTP/1.1" 304 0 "https://isekainonbirinoukachapters.com/manga/farming-life-in-another-world-chapter-156/" "Mozilla/5.0 (iPhone; CPU iPhone OS 18_5 like Mac OS X) AppleWebKit/605.1.15 (KHTML, like Gecko) Version/18.5 Mobile/15E148 Safari/604.1"
2600:1010:b147:5450:cc9:2549:ef15:f91 - - [09/Jun/2025:21:56:17 -0400] "GET /wp-content/themes/toivo-lite/js/responsive-nav.min.js?ver=1.2.0 HTTP/1.1" 304 0 "https://isekainonbirinoukachapters.com/manga/farming-life-in-another-world-chapter-156/" "Mozilla/5.0 (iPhone; CPU iPhone OS 18_5 like Mac OS X) AppleWebKit/605.1.15 (KHTML, like Gecko) Version/18.5 Mobile/15E148 Safari/604.1"
2600:1010:b147:5450:cc9:2549:ef15:f91 - - [09/Jun/2025:21:56:17 -0400] "GET /wp-content/themes/toivo-lite/js/settings.min.js?ver=1.2.0 HTTP/1.1" 304 0 "https://isekainonbirinoukachapters.com/manga/farming-life-in-another-world-chapter-156/" "Mozilla/5.0 (iPhone; CPU iPhone OS 18_5 like Mac OS X) AppleWebKit/605.1.15 (KHTML, like Gecko) Version/18.5 Mobile/15E148 Safari/604.1"
2600:1010:b147:5450:cc9:2549:ef15:f91 - - [09/Jun/2025:21:56:17 -0400] "GET /wp-content/cache/min/1/wp-content/plugins/disqus-comment-system/public/js/comment_count.js?ver=1729190448 HTTP/1.1" 304 0 "https://isekainonbirinoukachapters.com/manga/farming-life-in-another-world-chapter-156/" "Mozilla/5.0 (iPhone; CPU iPhone OS 18_5 like Mac OS X) AppleWebKit/605.1.15 (KHTML, like Gecko) Version/18.5 Mobile/15E148 Safari/604.1"
2600:1010:b147:5450:cc9:2549:ef15:f91 - - [09/Jun/2025:21:56:17 -0400] "GET /wp-content/plugins/simple-social-buttons/assets/js/frontend-blocks.js?ver=6.1.0 HTTP/1.1" 304 0 "https://isekainonbirinoukachapters.com/manga/farming-life-in-another-world-chapter-156/" "Mozilla/5.0 (iPhone; CPU iPhone OS 18_5 like Mac OS X) AppleWebKit/605.1.15 (KHTML, like Gecko) Version/18.5 Mobile/15E148 Safari/604.1"
2600:1010:b147:5450:cc9:2549:ef15:f91 - - [09/Jun/2025:21:56:17 -0400] "GET /wp-content/themes/toivo-lite/js/functions.min.js?ver=1.2.0 HTTP/1.1" 304 0 "https://isekainonbirinoukachapters.com/manga/farming-life-in-another-world-chapter-156/" "Mozilla/5.0 (iPhone; CPU iPhone OS 18_5 like Mac OS X) AppleWebKit/605.1.15 (KHTML, like Gecko) Version/18.5 Mobile/15E148 Safari/604.1"
2600:1010:b147:5450:cc9:2549:ef15:f91 - - [09/Jun/2025:21:56:17 -0400] "GET /wp-content/cache/min/1/wp-content/plugins/comic-easel/js/keynav.js?ver=1729190448 HTTP/1.1" 304 0 "https://isekainonbirinoukachapters.com/manga/farming-life-in-another-world-chapter-156/" "Mozilla/5.0 (iPhone; CPU iPhone OS 18_5 like Mac OS X) AppleWebKit/605.1.15 (KHTML, like Gecko) Version/18.5 Mobile/15E148 Safari/604.1"
2600:1010:b147:5450:cc9:2549:ef15:f91 - - [09/Jun/2025:21:56:17 -0400] "GET /wp-includes/js/comment-reply.min.js?ver=6.8.1 HTTP/1.1" 304 0 "https://isekainonbirinoukachapters.com/manga/farming-life-in-another-world-chapter-156/" "Mozilla/5.0 (iPhone; CPU iPhone OS 18_5 like Mac OS X) AppleWebKit/605.1.15 (KHTML, like Gecko) Version/18.5 Mobile/15E148 Safari/604.1"
91.137.27.140 - - [09/Jun/2025:21:56:05 -0400] "GET /category/isekai-nonbiri-nouka/page/9/ HTTP/1.1" 200 32977 "-" "Mozilla/5.0 (compatible; MJ12bot/v1.4.8; http://mj12bot.com/)"
2600:1010:b147:5450:cc9:2549:ef15:f91 - - [09/Jun/2025:21:56:26 -0400] "GET /manga/farming-life-in-another-world-chapter-157/ HTTP/1.1" 200 34073 "https://isekainonbirinoukachapters.com/manga/farming-life-in-another-world-chapter-156/" "Mozilla/5.0 (iPhone; CPU iPhone OS 18_5 like Mac OS X) AppleWebKit/605.1.15 (KHTML, like Gecko) Version/18.5 Mobile/15E148 Safari/604.1"
91.137.27.140 - - [09/Jun/2025:21:56:32 -0400] "GET /category/read-farming-life-in-another-world/page/10/ HTTP/1.1" 200 32939 "-" "Mozilla/5.0 (compatible; MJ12bot/v1.4.8; http://mj12bot.com/)"
162.0.232.193 - - [09/Jun/2025:21:56:59 -0400] "POST /wp-cron.php?doing_wp_cron=1749520619.3393890857696533203125 HTTP/1.1" 200 0 "-" "WordPress/6.8.1; https://isekainonbirinoukachapters.com"
91.137.27.140 - - [09/Jun/2025:21:56:54 -0400] "GET /category/read-farming-life-in-another-world/page/11/ HTTP/1.1" 200 33148 "-" "Mozilla/5.0 (compatible; MJ12bot/v1.4.8; http://mj12bot.com/)"
162.0.232.193 - - [09/Jun/2025:21:57:18 -0400] "POST /wp-cron.php?doing_wp_cron=1749520638.1560819149017333984375 HTTP/1.1" 200 0 "-" "WordPress/6.8.1; https://isekainonbirinoukachapters.com"
91.137.27.140 - - [09/Jun/2025:21:57:12 -0400] "GET /category/read-farming-life-in-another-world/page/15/ HTTP/1.1" 200 33126 "-" "Mozilla/5.0 (compatible; MJ12bot/v1.4.8; http://mj12bot.com/)"
162.0.232.193 - - [09/Jun/2025:21:57:35 -0400] "POST /wp-cron.php?doing_wp_cron=1749520654.4342288970947265625000 HTTP/1.1" 200 0 "-" "WordPress/6.8.1; https://isekainonbirinoukachapters.com"
91.137.27.140 - - [09/Jun/2025:21:57:29 -0400] "GET /category/read-farming-life-in-another-world/page/16/ HTTP/1.1" 200 33091 "-" "Mozilla/5.0 (compatible; MJ12bot/v1.4.8; http://mj12bot.com/)"
2600:1010:b147:5450:cc9:2549:ef15:f91 - - [09/Jun/2025:21:57:26 -0400] "GET /manga/farming-life-in-another-world-chapter-158/ HTTP/1.1" 200 34110 "https://isekainonbirinoukachapters.com/manga/farming-life-in-another-world-chapter-157/" "Mozilla/5.0 (iPhone; CPU iPhone OS 18_5 like Mac OS X) AppleWebKit/605.1.15 (KHTML, like Gecko) Version/18.5 Mobile/15E148 Safari/604.1"
162.0.232.193 - - [09/Jun/2025:21:58:02 -0400] "POST /wp-cron.php?doing_wp_cron=1749520681.9456410408020019531250 HTTP/1.1" 200 0 "-" "WordPress/6.8.1; https://isekainonbirinoukachapters.com"
91.137.27.140 - - [09/Jun/2025:21:57:53 -0400] "GET /category/read-farming-life-in-another-world/page/17/ HTTP/1.1" 200 32863 "-" "Mozilla/5.0 (compatible; MJ12bot/v1.4.8; http://mj12bot.com/)"
162.0.232.193 - - [09/Jun/2025:21:58:23 -0400] "GET /wp-content/uploads/89b93a66fa29a678cbd60ff176e1ea9a_1973.xml HTTP/1.1" 200 1362 "-" "Mozilla/5.0 (X11; Linux x86_64) AppleWebKit/537.36 (KHTML, like Gecko) Ubuntu Chromium/41.0.2272.76"
91.137.27.140 - - [09/Jun/2025:21:58:14 -0400] "GET /category/read-farming-life-in-another-world/page/9/ HTTP/1.1" 200 32930 "-" "Mozilla/5.0 (compatible; MJ12bot/v1.4.8; http://mj12bot.com/)"
91.137.27.140 - - [09/Jun/2025:21:58:33 -0400] "GET /manga/isekai-nonbiri-nouka-chapter-249/feed/ HTTP/1.1" 301 0 "-" "Mozilla/5.0 (compatible; MJ12bot/v1.4.8; http://mj12bot.com/)"
162.0.232.193 - - [09/Jun/2025:21:59:05 -0400] "POST /wp-cron.php?doing_wp_cron=1749520745.0348529815673828125000 HTTP/1.1" 200 0 "-" "WordPress/6.8.1; https://isekainonbirinoukachapters.com"
91.137.27.140 - - [09/Jun/2025:21:58:56 -0400] "GET / HTTP/1.1" 200 32194 "-" "Mozilla/5.0 (compatible; MJ12bot/v1.4.8; http://mj12bot.com/)"
20.171.207.143 - - [09/Jun/2025:21:59:04 -0400] "GET /manga/farming-life-in-another-world-chapter-158/ HTTP/1.1" 200 34053 "-" "Mozilla/5.0 AppleWebKit/537.36 (KHTML, like Gecko; compatible; GPTBot/1.2; +https://openai.com/gptbot)"
162.0.232.193 - - [09/Jun/2025:21:59:51 -0400] "POST /wp-cron.php?doing_wp_cron=1749520790.8332600593566894531250 HTTP/1.1" 200 0 "-" "WordPress/6.8.1; https://isekainonbirinoukachapters.com"
52.178.190.246 - - [09/Jun/2025:21:59:32 -0400] "GET /wp-admin/options.php HTTP/1.1" 302 0 "-" "-"
52.178.190.246 - - [09/Jun/2025:21:59:53 -0400] "GET /wp-login.php?redirect_to=https%3A%2F%2Fisekainonbirinoukachapters.com%2Fwp-admin%2Foptions.php&reauth=1 HTTP/1.1" 200 0 "-" "-"
162.0.232.193 - - [09/Jun/2025:22:00:07 -0400] "GET /wp-content/uploads/89b93a66fa29a678cbd60ff176e1ea9a_1973.xml HTTP/1.1" 200 1362 "-" "Mozilla/5.0 (X11; Linux x86_64) AppleWebKit/537.36 (KHTML, like Gecko) Ubuntu Chromium/41.0.2272.76"
2600:1010:b147:5450:cc9:2549:ef15:f91 - - [09/Jun/2025:21:59:56 -0400] "GET /manga/farming-life-in-another-world-chapter-159/ HTTP/1.1" 200 34106 "https://isekainonbirinoukachapters.com/manga/farming-life-in-another-world-chapter-158/" "Mozilla/5.0 (iPhone; CPU iPhone OS 18_5 like Mac OS X) AppleWebKit/605.1.15 (KHTML, like Gecko) Version/18.5 Mobile/15E148 Safari/604.1"
2403:4800:8470:2923:c12d:6de1:27e7:c4b3 - - [09/Jun/2025:22:00:30 -0400] "GET /manga/farming-life-in-another-world-chapter-20/ HTTP/1.1" 200 33951 "-" "Mozilla/5.0 (iPhone; CPU iPhone OS 18_5 like Mac OS X) AppleWebKit/605.1.15 (KHTML, like Gecko) Mobile/15E148"
162.0.232.193 - - [09/Jun/2025:22:01:44 -0400] "POST /wp-cron.php?doing_wp_cron=1749520903.3326680660247802734375 HTTP/1.1" 200 0 "-" "WordPress/6.8.1; https://isekainonbirinoukachapters.com"
2600:1010:b147:5450:cc9:2549:ef15:f91 - - [09/Jun/2025:22:01:31 -0400] "GET /manga/farming-life-in-another-world-chapter-160/ HTTP/1.1" 200 34104 "https://isekainonbirinoukachapters.com/manga/farming-life-in-another-world-chapter-159/" "Mozilla/5.0 (iPhone; CPU iPhone OS 18_5 like Mac OS X) AppleWebKit/605.1.15 (KHTML, like Gecko) Version/18.5 Mobile/15E148 Safari/604.1"
162.0.232.193 - - [09/Jun/2025:22:01:59 -0400] "GET /wp-content/uploads/89b93a66fa29a678cbd60ff176e1ea9a_1973.xml HTTP/1.1" 200 1362 "-" "Mozilla/5.0 (X11; Linux x86_64) AppleWebKit/537.36 (KHTML, like Gecko) Ubuntu Chromium/41.0.2272.76"
45.61.184.107 - - [09/Jun/2025:22:02:28 -0400] "GET /wp-login.php HTTP/1.1" 200 1910 "-" "Mozilla/5.0 (Windows NT 6.3; WOW64) AppleWebKit/537.36 (KHTML, like Gecko) Chrome/35.0.1916.153 Safari/537.36"
162.0.232.193 - - [09/Jun/2025:22:02:45 -0400] "POST /wp-cron.php?doing_wp_cron=1749520965.1497259140014648437500 HTTP/1.1" 200 0 "-" "WordPress/6.8.1; https://isekainonbirinoukachapters.com"
45.61.184.107 - - [09/Jun/2025:22:02:37 -0400] "POST /wp-login.php HTTP/1.1" 200 2047 "-" "Mozilla/5.0 (Windows NT 6.3; WOW64) AppleWebKit/537.36 (KHTML, like Gecko) Chrome/35.0.1916.153 Safari/537.36"
162.0.232.193 - - [09/Jun/2025:22:03:12 -0400] "POST /wp-cron.php?doing_wp_cron=1749520991.8363769054412841796875 HTTP/1.1" 200 0 "-" "WordPress/6.8.1; https://isekainonbirinoukachapters.com"
40.77.167.116 - - [09/Jun/2025:22:03:03 -0400] "GET /manga/farming-life-in-another-world-chapter-253/ HTTP/1.1" 200 34025 "-" "Mozilla/5.0 AppleWebKit/537.36 (KHTML, like Gecko; compatible; bingbot/2.0; +http://www.bing.com/bingbot.htm) Chrome/116.0.1938.76 Safari/537.36"
177.81.5.104 - - [09/Jun/2025:22:03:33 -0400] "GET /wp-content/cache/min/1/wp-content/plugins/wp-automatic/js/main-front.js?ver=1729190448 HTTP/1.1" 200 276 "https://isekainonbirinoukachapters.com/manga/farming-life-in-another-world-chapter-16/" "Mozilla/5.0 (Windows NT 10.0; Win64; x64; rv:139.0) Gecko/20100101 Firefox/139.0"
162.0.232.193 - - [09/Jun/2025:22:03:34 -0400] "GET /wp-content/uploads/89b93a66fa29a678cbd60ff176e1ea9a_1973.xml HTTP/1.1" 200 1362 "-" "Mozilla/5.0 (X11; Linux x86_64) AppleWebKit/537.36 (KHTML, like Gecko) Ubuntu Chromium/41.0.2272.76"
162.0.232.193 - - [09/Jun/2025:22:04:28 -0400] "POST /wp-cron.php?doing_wp_cron=1749521067.7407979965209960937500 HTTP/1.1" 200 0 "-" "WordPress/6.8.1; https://isekainonbirinoukachapters.com"
2600:1010:b147:5450:cc9:2549:ef15:f91 - - [09/Jun/2025:22:04:10 -0400] "GET /manga/farming-life-in-another-world-chapter-161/ HTTP/1.1" 200 34098 "https://isekainonbirinoukachapters.com/manga/farming-life-in-another-world-chapter-160/" "Mozilla/5.0 (iPhone; CPU iPhone OS 18_5 like Mac OS X) AppleWebKit/605.1.15 (KHTML, like Gecko) Version/18.5 Mobile/15E148 Safari/604.1"
216.73.216.247 - - [09/Jun/2025:22:05:12 -0400] "GET /sitemap_index.xml HTTP/1.1" 200 15176 "-" "Mozilla/5.0 AppleWebKit/537.36 (KHTML, like Gecko; compatible; ClaudeBot/1.0; [email protected])"
162.0.232.193 - - [09/Jun/2025:22:05:47 -0400] "POST /wp-cron.php?doing_wp_cron=1749521146.7442519664764404296875 HTTP/1.1" 200 0 "-" "WordPress/6.8.1; https://isekainonbirinoukachapters.com"
52.167.144.214 - - [09/Jun/2025:22:05:36 -0400] "GET /manga/farming-life-in-another-world-chapter-81/ HTTP/1.1" 200 33972 "-" "Mozilla/5.0 AppleWebKit/537.36 (KHTML, like Gecko; compatible; bingbot/2.0; +http://www.bing.com/bingbot.htm) Chrome/116.0.1938.76 Safari/537.36"
162.0.232.193 - - [09/Jun/2025:22:05:59 -0400] "GET /wp-content/uploads/89b93a66fa29a678cbd60ff176e1ea9a_1973.xml HTTP/1.1" 200 1362 "-" "Mozilla/5.0 (X11; Linux x86_64) AppleWebKit/537.36 (KHTML, like Gecko) Ubuntu Chromium/41.0.2272.76"
162.0.232.193 - - [09/Jun/2025:22:06:58 -0400] "POST /wp-cron.php?doing_wp_cron=1749521217.7611830234527587890625 HTTP/1.1" 200 0 "-" "WordPress/6.8.1; https://isekainonbirinoukachapters.com"
20.171.207.143 - - [09/Jun/2025:22:06:51 -0400] "GET /manga/farming-life-in-another-world-chapter-217/ HTTP/1.1" 200 34039 "-" "Mozilla/5.0 AppleWebKit/537.36 (KHTML, like Gecko; compatible; GPTBot/1.2; +https://openai.com/gptbot)"
175.32.255.112 - - [09/Jun/2025:22:07:10 -0400] "GET /manga/farming-life-in-another-world-chapter-52/ HTTP/1.1" 200 34495 "-" "Mozilla/5.0 (iPhone; CPU iPhone OS 18_5_0 like Mac OS X) AppleWebKit/605.1.15 (KHTML, like Gecko) CriOS/137.0.7151.79 Mobile/15E148 Safari/604.1"
162.0.232.193 - - [09/Jun/2025:22:07:35 -0400] "POST /wp-cron.php?doing_wp_cron=1749521255.1483440399169921875000 HTTP/1.1" 200 0 "-" "WordPress/6.8.1; https://isekainonbirinoukachapters.com"
175.32.255.112 - - [09/Jun/2025:22:07:20 -0400] "POST /wp-admin/admin-ajax.php HTTP/1.1" 200 61 "https://isekainonbirinoukachapters.com/manga/farming-life-in-another-world-chapter-52/" "Mozilla/5.0 (iPhone; CPU iPhone OS 18_5_0 like Mac OS X) AppleWebKit/605.1.15 (KHTML, like Gecko) CriOS/137.0.7151.79 Mobile/15E148 Safari/604.1"
162.0.232.193 - - [09/Jun/2025:22:08:48 -0400] "POST /wp-cron.php?doing_wp_cron=1749521328.1330609321594238281250 HTTP/1.1" 200 0 "-" "WordPress/6.8.1; https://isekainonbirinoukachapters.com"
175.32.255.112 - - [09/Jun/2025:22:08:41 -0400] "GET /manga/farming-life-in-another-world-chapter-53/ HTTP/1.1" 200 34510 "https://isekainonbirinoukachapters.com/manga/farming-life-in-another-world-chapter-52/" "Mozilla/5.0 (iPhone; CPU iPhone OS 18_5_0 like Mac OS X) AppleWebKit/605.1.15 (KHTML, like Gecko) CriOS/137.0.7151.79 Mobile/15E148 Safari/604.1"
162.0.232.193 - - [09/Jun/2025:22:08:58 -0400] "GET /wp-content/uploads/89b93a66fa29a678cbd60ff176e1ea9a_1973.xml HTTP/1.1" 200 1362 "-" "Mozilla/5.0 (X11; Linux x86_64) AppleWebKit/537.36 (KHTML, like Gecko) Ubuntu Chromium/41.0.2272.76"
175.32.255.112 - - [09/Jun/2025:22:08:57 -0400] "POST /wp-admin/admin-ajax.php HTTP/1.1" 200 61 "https://isekainonbirinoukachapters.com/manga/farming-life-in-another-world-chapter-53/" "Mozilla/5.0 (iPhone; CPU iPhone OS 18_5_0 like Mac OS X) AppleWebKit/605.1.15 (KHTML, like Gecko) CriOS/137.0.7151.79 Mobile/15E148 Safari/604.1"
130.191.100.182 - - [09/Jun/2025:22:09:28 -0400] "GET /manga/farming-life-in-another-world-chapter-12/ HTTP/1.1" 200 0 "-" "Mozilla/5.0 (iPhone; CPU iPhone OS 18_5 like Mac OS X) AppleWebKit/605.1.15 (KHTML, like Gecko) Mobile/15E148"
130.191.100.182 - - [09/Jun/2025:22:09:29 -0400] "POST /wp-admin/admin-ajax.php HTTP/1.1" 200 61 "https://isekainonbirinoukachapters.com/manga/farming-life-in-another-world-chapter-12/" "Mozilla/5.0 (iPhone; CPU iPhone OS 18_5 like Mac OS X) AppleWebKit/605.1.15 (KHTML, like Gecko) Version/18.5 Mobile/15E148 Safari/604.1"
130.191.100.182 - - [09/Jun/2025:22:09:31 -0400] "GET /manga/farming-life-in-another-world-chapter-12/ HTTP/1.1" 200 34159 "-" "Mozilla/5.0 (iPhone; CPU iPhone OS 18_5 like Mac OS X) AppleWebKit/605.1.15 (KHTML, like Gecko) Mobile/15E148"
114.119.153.138 - - [09/Jun/2025:22:11:36 -0400] "GET /manga/farming-life-in-another-world-chapter-198/ HTTP/1.1" 200 0 "https://isekainonbirinoukachapters.com/manga/isekai-nonbiri-nouka-chapter-27-paying-taxes/" "Mozilla/5.0 (Linux; Android 7.0;) AppleWebKit/537.36 (KHTML, like Gecko) Mobile Safari/537.36 (compatible; PetalBot;+https://webmaster.petalsearch.com/site/petalbot)"
162.0.232.193 - - [09/Jun/2025:22:12:31 -0400] "POST /wp-cron.php?doing_wp_cron=1749521550.3411769866943359375000 HTTP/1.1" 200 0 "-" "WordPress/6.8.1; https://isekainonbirinoukachapters.com"
162.0.232.193 - - [09/Jun/2025:22:12:49 -0400] "GET /wp-content/uploads/89b93a66fa29a678cbd60ff176e1ea9a_1973.xml HTTP/1.1" 200 1362 "-" "Mozilla/5.0 (X11; Linux x86_64) AppleWebKit/537.36 (KHTML, like Gecko) Ubuntu Chromium/41.0.2272.76"
175.32.255.112 - - [09/Jun/2025:22:13:09 -0400] "GET /manga/farming-life-in-another-world-chapter-54/ HTTP/1.1" 200 34626 "https://isekainonbirinoukachapters.com/manga/farming-life-in-another-world-chapter-53/" "Mozilla/5.0 (iPhone; CPU iPhone OS 18_5_0 like Mac OS X) AppleWebKit/605.1.15 (KHTML, like Gecko) CriOS/137.0.7151.79 Mobile/15E148 Safari/604.1"
162.0.232.193 - - [09/Jun/2025:22:14:41 -0400] "POST /wp-cron.php?doing_wp_cron=1749521681.4390211105346679687500 HTTP/1.1" 200 0 "-" "WordPress/6.8.1; https://isekainonbirinoukachapters.com"
162.0.232.193 - - [09/Jun/2025:22:14:46 -0400] "POST /wp-cron.php?doing_wp_cron=1749521685.7365989685058593750000 HTTP/1.1" 200 0 "-" "WordPress/6.8.1; https://isekainonbirinoukachapters.com"
2603:8000:c73c:b40:9809:2f01:9ed1:945f - - [09/Jun/2025:22:14:36 -0400] "GET / HTTP/1.1" 200 32184 "https://isekainonbirinoukachapters.com/manga/farming-life-in-another-world-chapter-111/" "Mozilla/5.0 (Windows NT 10.0; Win64; x64) AppleWebKit/537.36 (KHTML, like Gecko) Chrome/137.0.0.0 Safari/537.36"
2603:8000:c73c:b40:9809:2f01:9ed1:945f - - [09/Jun/2025:22:14:32 -0400] "POST /wp-admin/admin-ajax.php HTTP/1.1" 200 61 "https://isekainonbirinoukachapters.com/manga/farming-life-in-another-world-chapter-111/" "Mozilla/5.0 (Windows NT 10.0; Win64; x64) AppleWebKit/537.36 (KHTML, like Gecko) Chrome/137.0.0.0 Safari/537.36"
162.0.232.193 - - [09/Jun/2025:22:15:00 -0400] "GET /wp-content/uploads/89b93a66fa29a678cbd60ff176e1ea9a_1973.xml HTTP/1.1" 200 1362 "-" "Mozilla/5.0 (X11; Linux x86_64) AppleWebKit/537.36 (KHTML, like Gecko) Ubuntu Chromium/41.0.2272.76"
2603:8000:c73c:b40:9809:2f01:9ed1:945f - - [09/Jun/2025:22:14:47 -0400] "POST /wp-admin/admin-ajax.php HTTP/1.1" 200 61 "https://isekainonbirinoukachapters.com/manga/farming-life-in-another-world-chapter-109/" "Mozilla/5.0 (Windows NT 10.0; Win64; x64) AppleWebKit/537.36 (KHTML, like Gecko) Chrome/137.0.0.0 Safari/537.36"
2603:8000:c73c:b40:9809:2f01:9ed1:945f - - [09/Jun/2025:22:14:49 -0400] "GET / HTTP/1.1" 200 32191 "https://isekainonbirinoukachapters.com/manga/chapter-110/" "Mozilla/5.0 (Windows NT 10.0; Win64; x64) AppleWebKit/537.36 (KHTML, like Gecko) Chrome/137.0.0.0 Safari/537.36"
2603:8000:c73c:b40:9809:2f01:9ed1:945f - - [09/Jun/2025:22:14:54 -0400] "GET /category/farming-life-in-another-world-manga/ HTTP/1.1" 200 31137 "https://isekainonbirinoukachapters.com/manga/chapter-110/" "Mozilla/5.0 (Windows NT 10.0; Win64; x64) AppleWebKit/537.36 (KHTML, like Gecko) Chrome/137.0.0.0 Safari/537.36"
2603:8000:c73c:b40:9809:2f01:9ed1:945f - - [09/Jun/2025:22:14:51 -0400] "GET /isekai-nonbiri-nouka/ HTTP/1.1" 200 31863 "https://isekainonbirinoukachapters.com/manga/chapter-110/" "Mozilla/5.0 (Windows NT 10.0; Win64; x64) AppleWebKit/537.36 (KHTML, like Gecko) Chrome/137.0.0.0 Safari/537.36"
40.77.167.26 - - [09/Jun/2025:22:15:01 -0400] "GET /isekai-nonbiri-nouka-chapter-119/ HTTP/1.1" 301 0 "-" "Mozilla/5.0 AppleWebKit/537.36 (KHTML, like Gecko; compatible; bingbot/2.0; +http://www.bing.com/bingbot.htm) Chrome/116.0.1938.76 Safari/537.36"
2603:8000:c73c:b40:9809:2f01:9ed1:945f - - [09/Jun/2025:22:14:50 -0400] "GET / HTTP/1.1" 200 32190 "https://isekainonbirinoukachapters.com/manga/chapter-110/" "Mozilla/5.0 (Windows NT 10.0; Win64; x64) AppleWebKit/537.36 (KHTML, like Gecko) Chrome/137.0.0.0 Safari/537.36"
2603:8000:c73c:b40:9809:2f01:9ed1:945f - - [09/Jun/2025:22:15:05 -0400] "GET /manga/farming-life-in-another-world-chapter-109/ HTTP/1.1" 200 34173 "https://isekainonbirinoukachapters.com/manga/chapter-110/" "Mozilla/5.0 (Windows NT 10.0; Win64; x64) AppleWebKit/537.36 (KHTML, like Gecko) Chrome/137.0.0.0 Safari/537.36"
2603:8000:c73c:b40:9809:2f01:9ed1:945f - - [09/Jun/2025:22:15:09 -0400] "GET /manga/farming-life-in-another-world-chapter-111/ HTTP/1.1" 200 34057 "https://isekainonbirinoukachapters.com/manga/chapter-110/" "Mozilla/5.0 (Windows NT 10.0; Win64; x64) AppleWebKit/537.36 (KHTML, like Gecko) Chrome/137.0.0.0 Safari/537.36"
2603:8000:c73c:b40:9809:2f01:9ed1:945f - - [09/Jun/2025:22:15:11 -0400] "GET /manga/chapter-110/ HTTP/1.1" 200 34005 "https://isekainonbirinoukachapters.com/manga/farming-life-in-another-world-chapter-109/" "Mozilla/5.0 (Windows NT 10.0; Win64; x64) AppleWebKit/537.36 (KHTML, like Gecko) Chrome/137.0.0.0 Safari/537.36"
2603:8000:c73c:b40:9809:2f01:9ed1:945f - - [09/Jun/2025:22:15:11 -0400] "GET /manga/chapter-110/ HTTP/1.1" 200 34005 "https://isekainonbirinoukachapters.com/manga/farming-life-in-another-world-chapter-109/" "Mozilla/5.0 (Windows NT 10.0; Win64; x64) AppleWebKit/537.36 (KHTML, like Gecko) Chrome/137.0.0.0 Safari/537.36"
162.0.232.193 - - [09/Jun/2025:22:15:47 -0400] "POST /wp-cron.php?doing_wp_cron=1749521746.4344110488891601562500 HTTP/1.1" 200 0 "-" "WordPress/6.8.1; https://isekainonbirinoukachapters.com"
162.0.232.193 - - [09/Jun/2025:22:15:48 -0400] "POST /wp-cron.php?doing_wp_cron=1749521747.6341168880462646484375 HTTP/1.1" 200 0 "-" "WordPress/6.8.1; https://isekainonbirinoukachapters.com"
162.0.232.193 - - [09/Jun/2025:22:15:50 -0400] "POST /wp-cron.php?doing_wp_cron=1749521748.9505329132080078125000 HTTP/1.1" 200 0 "-" "WordPress/6.8.1; https://isekainonbirinoukachapters.com"
162.0.232.193 - - [09/Jun/2025:22:15:50 -0400] "POST /wp-cron.php?doing_wp_cron=1749521749.4422020912170410156250 HTTP/1.1" 200 0 "-" "WordPress/6.8.1; https://isekainonbirinoukachapters.com"
162.0.232.193 - - [09/Jun/2025:22:15:52 -0400] "POST /wp-cron.php?doing_wp_cron=1749521752.0340359210968017578125 HTTP/1.1" 200 0 "-" "WordPress/6.8.1; https://isekainonbirinoukachapters.com"
162.0.232.193 - - [09/Jun/2025:22:15:54 -0400] "POST /wp-cron.php?doing_wp_cron=1749521753.3425309658050537109375 HTTP/1.1" 200 0 "-" "WordPress/6.8.1; https://isekainonbirinoukachapters.com"
162.0.232.193 - - [09/Jun/2025:22:15:54 -0400] "POST /wp-cron.php?doing_wp_cron=1749521753.7501618862152099609375 HTTP/1.1" 200 0 "-" "WordPress/6.8.1; https://isekainonbirinoukachapters.com"
162.0.232.193 - - [09/Jun/2025:22:15:54 -0400] "POST /wp-cron.php?doing_wp_cron=1749521753.7358570098876953125000 HTTP/1.1" 200 0 "-" "WordPress/6.8.1; https://isekainonbirinoukachapters.com"
2603:8000:c73c:b40:9809:2f01:9ed1:945f - - [09/Jun/2025:22:15:39 -0400] "GET / HTTP/1.1" 200 32190 "https://isekainonbirinoukachapters.com/manga/chapter-110/" "Mozilla/5.0 (Windows NT 10.0; Win64; x64) AppleWebKit/537.36 (KHTML, like Gecko) Chrome/137.0.0.0 Safari/537.36"
2603:8000:c73c:b40:9809:2f01:9ed1:945f - - [09/Jun/2025:22:15:39 -0400] "GET / HTTP/1.1" 200 32190 "https://isekainonbirinoukachapters.com/manga/chapter-110/" "Mozilla/5.0 (Windows NT 10.0; Win64; x64) AppleWebKit/537.36 (KHTML, like Gecko) Chrome/137.0.0.0 Safari/537.36"
162.0.232.193 - - [09/Jun/2025:22:15:57 -0400] "POST /wp-cron.php?doing_wp_cron=1749521756.8414659500122070312500 HTTP/1.1" 200 0 "-" "WordPress/6.8.1; https://isekainonbirinoukachapters.com"
2603:8000:c73c:b40:9809:2f01:9ed1:945f - - [09/Jun/2025:22:15:40 -0400] "POST /wp-admin/admin-ajax.php HTTP/1.1" 200 61 "https://isekainonbirinoukachapters.com/manga/farming-life-in-another-world-chapter-107/" "Mozilla/5.0 (Windows NT 10.0; Win64; x64) AppleWebKit/537.36 (KHTML, like Gecko) Chrome/137.0.0.0 Safari/537.36"
162.0.232.193 - - [09/Jun/2025:22:16:01 -0400] "POST /wp-cron.php?doing_wp_cron=1749521760.5434780120849609375000 HTTP/1.1" 200 0 "-" "WordPress/6.8.1; https://isekainonbirinoukachapters.com"
2603:8000:c73c:b40:9809:2f01:9ed1:945f - - [09/Jun/2025:22:15:38 -0400] "GET / HTTP/1.1" 200 32190 "https://isekainonbirinoukachapters.com/manga/chapter-110/" "Mozilla/5.0 (Windows NT 10.0; Win64; x64) AppleWebKit/537.36 (KHTML, like Gecko) Chrome/137.0.0.0 Safari/537.36"
2603:8000:c73c:b40:9809:2f01:9ed1:945f - - [09/Jun/2025:22:15:38 -0400] "GET / HTTP/1.1" 200 32190 "https://isekainonbirinoukachapters.com/manga/chapter-110/" "Mozilla/5.0 (Windows NT 10.0; Win64; x64) AppleWebKit/537.36 (KHTML, like Gecko) Chrome/137.0.0.0 Safari/537.36"
2603:8000:c73c:b40:9809:2f01:9ed1:945f - - [09/Jun/2025:22:15:40 -0400] "GET /manga/farming-life-in-another-world-chapter-109/ HTTP/1.1" 200 34148 "https://isekainonbirinoukachapters.com/" "Mozilla/5.0 (Windows NT 10.0; Win64; x64) AppleWebKit/537.36 (KHTML, like Gecko) Chrome/137.0.0.0 Safari/537.36"
2603:8000:c73c:b40:9809:2f01:9ed1:945f - - [09/Jun/2025:22:15:42 -0400] "GET /isekai-nonbiri-nouka/ HTTP/1.1" 200 31855 "https://isekainonbirinoukachapters.com/manga/farming-life-in-another-world-chapter-107/" "Mozilla/5.0 (Windows NT 10.0; Win64; x64) AppleWebKit/537.36 (KHTML, like Gecko) Chrome/137.0.0.0 Safari/537.36"
2603:8000:c73c:b40:9809:2f01:9ed1:945f - - [09/Jun/2025:22:15:40 -0400] "GET / HTTP/1.1" 200 32183 "https://isekainonbirinoukachapters.com/manga/farming-life-in-another-world-chapter-109/" "Mozilla/5.0 (Windows NT 10.0; Win64; x64) AppleWebKit/537.36 (KHTML, like Gecko) Chrome/137.0.0.0 Safari/537.36"
2603:8000:c73c:b40:9809:2f01:9ed1:945f - - [09/Jun/2025:22:15:40 -0400] "GET / HTTP/1.1" 200 32184 "https://isekainonbirinoukachapters.com/manga/farming-life-in-another-world-chapter-107/" "Mozilla/5.0 (Windows NT 10.0; Win64; x64) AppleWebKit/537.36 (KHTML, like Gecko) Chrome/137.0.0.0 Safari/537.36"
2603:8000:c73c:b40:9809:2f01:9ed1:945f - - [09/Jun/2025:22:15:38 -0400] "GET / HTTP/1.1" 200 32190 "https://isekainonbirinoukachapters.com/manga/chapter-110/" "Mozilla/5.0 (Windows NT 10.0; Win64; x64) AppleWebKit/537.36 (KHTML, like Gecko) Chrome/137.0.0.0 Safari/537.36"
2603:8000:c73c:b40:9809:2f01:9ed1:945f - - [09/Jun/2025:22:15:38 -0400] "GET / HTTP/1.1" 200 30842 "https://isekainonbirinoukachapters.com/manga/chapter-110/" "Mozilla/5.0 (Windows NT 10.0; Win64; x64) AppleWebKit/537.36 (KHTML, like Gecko) Chrome/137.0.0.0 Safari/537.36"
2603:8000:c73c:b40:9809:2f01:9ed1:945f - - [09/Jun/2025:22:15:43 -0400] "GET / HTTP/1.1" 200 32183 "https://isekainonbirinoukachapters.com/manga/farming-life-in-another-world-chapter-107/" "Mozilla/5.0 (Windows NT 10.0; Win64; x64) AppleWebKit/537.36 (KHTML, like Gecko) Chrome/137.0.0.0 Safari/537.36"
2603:8000:c73c:b40:9809:2f01:9ed1:945f - - [09/Jun/2025:22:15:44 -0400] "GET /category/farming-life-in-another-world-manga/ HTTP/1.1" 200 31152 "https://isekainonbirinoukachapters.com/manga/farming-life-in-another-world-chapter-107/" "Mozilla/5.0 (Windows NT 10.0; Win64; x64) AppleWebKit/537.36 (KHTML, like Gecko) Chrome/137.0.0.0 Safari/537.36"
162.0.232.193 - - [09/Jun/2025:22:17:35 -0400] "POST /wp-cron.php?doing_wp_cron=1749521855.1341989040374755859375 HTTP/1.1" 200 0 "-" "WordPress/6.8.1; https://isekainonbirinoukachapters.com"
180.244.163.216 - - [09/Jun/2025:22:17:23 -0400] "GET / HTTP/1.1" 200 32213 "https://www.google.com/" "Mozilla/5.0 (Linux; Android 10; K) AppleWebKit/537.36 (KHTML, like Gecko) Chrome/133.0.0.0 Mobile Safari/537.36 ABB/133.0.6943.51"
162.0.232.193 - - [09/Jun/2025:22:17:50 -0400] "GET /wp-content/uploads/89b93a66fa29a678cbd60ff176e1ea9a_1973.xml HTTP/1.1" 200 1362 "-" "Mozilla/5.0 (X11; Linux x86_64) AppleWebKit/537.36 (KHTML, like Gecko) Ubuntu Chromium/41.0.2272.76"
20.171.207.143 - - [09/Jun/2025:22:19:37 -0400] "GET /detail/slim72179742.html HTTP/1.1" 200 0 "-" "Mozilla/5.0 AppleWebKit/537.36 (KHTML, like Gecko; compatible; GPTBot/1.2; +https://openai.com/gptbot)"
162.0.232.193 - - [09/Jun/2025:22:20:22 -0400] "POST /wp-cron.php?doing_wp_cron=1749522021.7451438903808593750000 HTTP/1.1" 200 0 "-" "WordPress/6.8.1; https://isekainonbirinoukachapters.com"
162.0.232.193 - - [09/Jun/2025:22:20:22 -0400] "POST /wp-cron.php?doing_wp_cron=1749522022.0549769401550292968750 HTTP/1.1" 200 0 "-" "WordPress/6.8.1; https://isekainonbirinoukachapters.com"
52.167.144.197 - - [09/Jun/2025:22:19:41 -0400] "GET /iOn-52zchck1142/ HTTP/1.1" 301 0 "-" "Mozilla/5.0 AppleWebKit/537.36 (KHTML, like Gecko; compatible; bingbot/2.0; +http://www.bing.com/bingbot.htm) Chrome/116.0.1938.76 Safari/537.36"
162.0.232.193 - - [09/Jun/2025:22:20:38 -0400] "GET /wp-content/uploads/89b93a66fa29a678cbd60ff176e1ea9a_1973.xml HTTP/1.1" 200 1362 "-" "Mozilla/5.0 (X11; Linux x86_64) AppleWebKit/537.36 (KHTML, like Gecko) Ubuntu Chromium/41.0.2272.76"
162.0.232.193 - - [09/Jun/2025:22:24:23 -0400] "POST /wp-cron.php?doing_wp_cron=1749522263.7017600536346435546875 HTTP/1.1" 200 0 "-" "WordPress/6.8.1; https://isekainonbirinoukachapters.com"
52.167.144.169 - - [09/Jun/2025:22:24:21 -0400] "GET /detail/shiny11889680.html HTTP/1.1" 301 0 "-" "Mozilla/5.0 AppleWebKit/537.36 (KHTML, like Gecko; compatible; bingbot/2.0; +http://www.bing.com/bingbot.htm) Chrome/116.0.1938.76 Safari/537.36"
162.0.232.193 - - [09/Jun/2025:22:24:25 -0400] "GET /wp-content/uploads/89b93a66fa29a678cbd60ff176e1ea9a_1973.xml HTTP/1.1" 200 1499 "-" "Mozilla/5.0 (X11; Linux x86_64) AppleWebKit/537.36 (KHTML, like Gecko) Ubuntu Chromium/41.0.2272.76"
162.0.232.193 - - [09/Jun/2025:22:25:34 -0400] "POST /wp-cron.php?doing_wp_cron=1749522334.8014938831329345703125 HTTP/1.1" 200 0 "-" "WordPress/6.8.1; https://isekainonbirinoukachapters.com"
54.36.148.164 - - [09/Jun/2025:22:25:34 -0400] "GET /category/read-farming-life-in-another-world/feed/ HTTP/1.1" 304 0 "-" "Mozilla/5.0 (compatible; AhrefsBot/7.0; +http://ahrefs.com/robot/)"
162.0.232.193 - - [09/Jun/2025:22:26:36 -0400] "POST /wp-cron.php?doing_wp_cron=1749522396.7580280303955078125000 HTTP/1.1" 200 0 "-" "WordPress/6.8.1; https://isekainonbirinoukachapters.com"
