2a00:23c7:8f22:9801:fb7d:c836:bbe2:5c0b - - [09/Jun/2025:22:26:35 -0400] "POST /wp-admin/admin-ajax.php HTTP/1.1" 200 61 "https://isekainonbirinoukachapters.com/manga/farming-life-in-another-world-chapter-47/" "Mozilla/5.0 (Linux; Android 10; K) AppleWebKit/537.36 (KHTML, like Gecko) Chrome/137.0.0.0 Mobile Safari/537.36"
162.0.232.193 - - [09/Jun/2025:22:26:39 -0400] "GET /wp-content/uploads/89b93a66fa29a678cbd60ff176e1ea9a_1973.xml HTTP/1.1" 200 1499 "-" "Mozilla/5.0 (X11; Linux x86_64) AppleWebKit/537.36 (KHTML, like Gecko) Ubuntu Chromium/41.0.2272.76"
162.0.232.193 - - [09/Jun/2025:22:27:42 -0400] "POST /wp-cron.php?doing_wp_cron=1749522462.1346170902252197265625 HTTP/1.1" 200 0 "-" "WordPress/6.8.1; https://isekainonbirinoukachapters.com"
20.171.207.143 - - [09/Jun/2025:22:27:41 -0400] "GET /detail/slide51477652.html HTTP/1.1" 301 0 "-" "Mozilla/5.0 AppleWebKit/537.36 (KHTML, like Gecko; compatible; GPTBot/1.2; +https://openai.com/gptbot)"
20.171.207.143 - - [09/Jun/2025:22:27:42 -0400] "GET / HTTP/1.1" 200 32194 "-" "Mozilla/5.0 AppleWebKit/537.36 (KHTML, like Gecko; compatible; GPTBot/1.2; +https://openai.com/gptbot)"
162.0.232.193 - - [09/Jun/2025:22:30:29 -0400] "POST /wp-cron.php?doing_wp_cron=1749522629.7553510665893554687500 HTTP/1.1" 200 0 "-" "WordPress/6.8.1; https://isekainonbirinoukachapters.com"
120.18.166.57 - - [09/Jun/2025:22:30:26 -0400] "GET /manga/farming-life-in-another-world-chapter-54/ HTTP/1.1" 200 34624 "https://isekainonbirinoukachapters.com/manga/farming-life-in-another-world-chapter-54/" "Mozilla/5.0 (iPhone; CPU iPhone OS 18_5_0 like Mac OS X) AppleWebKit/605.1.15 (KHTML, like Gecko) CriOS/137.0.7151.79 Mobile/15E148 Safari/604.1"
162.0.232.193 - - [09/Jun/2025:22:30:32 -0400] "GET /wp-content/uploads/89b93a66fa29a678cbd60ff176e1ea9a_1973.xml HTTP/1.1" 200 1499 "-" "Mozilla/5.0 (X11; Linux x86_64) AppleWebKit/537.36 (KHTML, like Gecko) Ubuntu Chromium/41.0.2272.76"
120.18.166.57 - - [09/Jun/2025:22:30:31 -0400] "POST /wp-admin/admin-ajax.php HTTP/1.1" 200 61 "https://isekainonbirinoukachapters.com/manga/farming-life-in-another-world-chapter-54/" "Mozilla/5.0 (iPhone; CPU iPhone OS 18_5_0 like Mac OS X) AppleWebKit/605.1.15 (KHTML, like Gecko) CriOS/137.0.7151.79 Mobile/15E148 Safari/604.1"
162.0.232.193 - - [09/Jun/2025:22:32:12 -0400] "POST /wp-cron.php?doing_wp_cron=1749522732.5467569828033447265625 HTTP/1.1" 200 0 "-" "WordPress/6.8.1; https://isekainonbirinoukachapters.com"
40.77.167.32 - - [09/Jun/2025:22:32:09 -0400] "GET /wyxwfd/x204112160838.shtm HTTP/1.1" 301 0 "-" "Mozilla/5.0 AppleWebKit/537.36 (KHTML, like Gecko; compatible; bingbot/2.0; +http://www.bing.com/bingbot.htm) Chrome/116.0.1938.76 Safari/537.36"
162.0.232.193 - - [09/Jun/2025:22:32:14 -0400] "GET /wp-content/uploads/89b93a66fa29a678cbd60ff176e1ea9a_1973.xml HTTP/1.1" 200 1499 "-" "Mozilla/5.0 (X11; Linux x86_64) AppleWebKit/537.36 (KHTML, like Gecko) Ubuntu Chromium/41.0.2272.76"
162.0.232.193 - - [09/Jun/2025:22:38:12 -0400] "POST /wp-cron.php?doing_wp_cron=1749523092.7260069847106933593750 HTTP/1.1" 200 0 "-" "WordPress/6.8.1; https://isekainonbirinoukachapters.com"
52.167.144.236 - - [09/Jun/2025:22:38:08 -0400] "GET /detail/hut31670482.html HTTP/1.1" 301 0 "-" "Mozilla/5.0 AppleWebKit/537.36 (KHTML, like Gecko; compatible; bingbot/2.0; +http://www.bing.com/bingbot.htm) Chrome/116.0.1938.76 Safari/537.36"
162.0.232.193 - - [09/Jun/2025:22:38:14 -0400] "GET /wp-content/uploads/89b93a66fa29a678cbd60ff176e1ea9a_1973.xml HTTP/1.1" 200 1499 "-" "Mozilla/5.0 (X11; Linux x86_64) AppleWebKit/537.36 (KHTML, like Gecko) Ubuntu Chromium/41.0.2272.76"
68.204.14.175 - - [09/Jun/2025:22:40:00 -0400] "GET /wp-content/uploads/2024/07/Isekai-Nonbiri-Nouka.jpg HTTP/1.1" 200 139004 "https://isekainonbirinoukachapters.com/" "okhttp/5.0.0-alpha.14"
162.0.232.193 - - [09/Jun/2025:22:40:38 -0400] "POST /wp-cron.php?doing_wp_cron=1749523238.2955648899078369140625 HTTP/1.1" 200 0 "-" "WordPress/6.8.1; https://isekainonbirinoukachapters.com"
177.207.117.153 - - [09/Jun/2025:22:40:32 -0400] "GET / HTTP/1.1" 200 32182 "https://www.google.com/" "Mozilla/5.0 (Windows NT 10.0; Win64; x64) AppleWebKit/537.36 (KHTML, like Gecko) Chrome/137.0.0.0 Safari/537.36"
162.0.232.193 - - [09/Jun/2025:22:40:41 -0400] "GET /wp-content/uploads/89b93a66fa29a678cbd60ff176e1ea9a_1973.xml HTTP/1.1" 200 1499 "-" "Mozilla/5.0 (X11; Linux x86_64) AppleWebKit/537.36 (KHTML, like Gecko) Ubuntu Chromium/41.0.2272.76"
177.207.117.153 - - [09/Jun/2025:22:40:41 -0400] "GET /wp-content/cache/min/1/wp-content/plugins/simple-social-buttons/assets/js/front.js?ver=1729190448 HTTP/1.1" 200 1488 "https://isekainonbirinoukachapters.com/" "Mozilla/5.0 (Windows NT 10.0; Win64; x64) AppleWebKit/537.36 (KHTML, like Gecko) Chrome/137.0.0.0 Safari/537.36"
2601:14b:4b81:e810:26a7:8757:4cf0:fb0d - - [09/Jun/2025:22:41:22 -0400] "GET /manga/farming-life-in-another-world-chapter-47/ HTTP/1.1" 200 34039 "https://isekainonbirinoukachapters.com/manga/farming-life-in-another-world-chapter-46/" "Mozilla/5.0 (Linux; Android 10; K) AppleWebKit/537.36 (KHTML, like Gecko) Chrome/137.0.0.0 Mobile Safari/537.36"
2601:14b:4b81:e810:26a7:8757:4cf0:fb0d - - [09/Jun/2025:22:41:32 -0400] "GET /manga/farming-life-in-another-world-chapter-47/ HTTP/1.1" 200 34039 "https://isekainonbirinoukachapters.com/manga/farming-life-in-another-world-chapter-46/" "Mozilla/5.0 (Linux; Android 10; K) AppleWebKit/537.36 (KHTML, like Gecko) Chrome/137.0.0.0 Mobile Safari/537.36"
162.0.232.193 - - [09/Jun/2025:22:41:39 -0400] "POST /wp-cron.php?doing_wp_cron=1749523299.5590879917144775390625 HTTP/1.1" 200 0 "-" "WordPress/6.8.1; https://isekainonbirinoukachapters.com"
2601:14b:4b81:e810:26a7:8757:4cf0:fb0d - - [09/Jun/2025:22:41:39 -0400] "GET /manga/farming-life-in-another-world-chapter-47/ HTTP/1.1" 200 34039 "https://isekainonbirinoukachapters.com/manga/farming-life-in-another-world-chapter-46/" "Mozilla/5.0 (Linux; Android 10; K) AppleWebKit/537.36 (KHTML, like Gecko) Chrome/137.0.0.0 Mobile Safari/537.36"
162.0.232.193 - - [09/Jun/2025:22:41:57 -0400] "POST /wp-cron.php?doing_wp_cron=1749523317.5568680763244628906250 HTTP/1.1" 200 0 "-" "WordPress/6.8.1; https://isekainonbirinoukachapters.com"
2001:e68:5408:f181:9878:4cdc:c0b1:dbda - - [09/Jun/2025:22:41:56 -0400] "GET /manga/farming-life-in-another-world-chapter-240/ HTTP/1.1" 200 34477 "https://isekainonbirinoukachapters.com/manga/farming-life-in-another-world-chapter-239/" "Mozilla/5.0 (iPhone; CPU iPhone OS 18_3 like Mac OS X) AppleWebKit/605.1.15 (KHTML, like Gecko) Version/18.3 Mobile/15E148 Safari/604.1"
2001:e68:5408:f181:9878:4cdc:c0b1:dbda - - [09/Jun/2025:22:41:59 -0400] "GET /wp-content/cache/min/1/wp-content/plugins/disqus-comment-system/public/js/comment_count.js?ver=1729190448 HTTP/1.1" 200 308 "https://isekainonbirinoukachapters.com/manga/farming-life-in-another-world-chapter-240/" "Mozilla/5.0 (iPhone; CPU iPhone OS 18_3 like Mac OS X) AppleWebKit/605.1.15 (KHTML, like Gecko) Version/18.3 Mobile/15E148 Safari/604.1"
2001:e68:5408:f181:9878:4cdc:c0b1:dbda - - [09/Jun/2025:22:41:59 -0400] "GET /wp-content/themes/toivo-lite/js/settings.min.js?ver=1.2.0 HTTP/1.1" 200 307 "https://isekainonbirinoukachapters.com/manga/farming-life-in-another-world-chapter-240/" "Mozilla/5.0 (iPhone; CPU iPhone OS 18_3 like Mac OS X) AppleWebKit/605.1.15 (KHTML, like Gecko) Version/18.3 Mobile/15E148 Safari/604.1"
2001:e68:5408:f181:9878:4cdc:c0b1:dbda - - [09/Jun/2025:22:41:59 -0400] "GET /wp-content/plugins/simple-social-buttons/assets/fonts/ssb-icon.ttf?eahqa2 HTTP/1.1" 200 7412 "https://isekainonbirinoukachapters.com/manga/farming-life-in-another-world-chapter-240/" "Mozilla/5.0 (iPhone; CPU iPhone OS 18_3 like Mac OS X) AppleWebKit/605.1.15 (KHTML, like Gecko) Version/18.3 Mobile/15E148 Safari/604.1"
2001:e68:5408:f181:9878:4cdc:c0b1:dbda - - [09/Jun/2025:22:42:00 -0400] "POST /wp-admin/admin-ajax.php HTTP/1.1" 200 61 "https://isekainonbirinoukachapters.com/manga/farming-life-in-another-world-chapter-240/" "Mozilla/5.0 (iPhone; CPU iPhone OS 18_3 like Mac OS X) AppleWebKit/605.1.15 (KHTML, like Gecko) Version/18.3 Mobile/15E148 Safari/604.1"
2001:e68:5408:f181:9878:4cdc:c0b1:dbda - - [09/Jun/2025:22:42:04 -0400] "GET /wp-content/uploads/2024/07/cropped-63b857c96f67c-192x192.jpg HTTP/1.1" 200 7984 "https://isekainonbirinoukachapters.com/manga/farming-life-in-another-world-chapter-240/" "Mozilla/5.0 (iPhone; CPU iPhone OS 18_3 like Mac OS X) AppleWebKit/605.1.15 (KHTML, like Gecko) Version/18.3 Mobile/15E148 Safari/604.1"
162.0.232.193 - - [09/Jun/2025:22:44:09 -0400] "POST /wp-cron.php?doing_wp_cron=1749523449.3695039749145507812500 HTTP/1.1" 200 0 "-" "WordPress/6.8.1; https://isekainonbirinoukachapters.com"
20.171.207.143 - - [09/Jun/2025:22:44:07 -0400] "GET /detail/diffi72876598.html HTTP/1.1" 301 0 "-" "Mozilla/5.0 AppleWebKit/537.36 (KHTML, like Gecko; compatible; GPTBot/1.2; +https://openai.com/gptbot)"
20.171.207.143 - - [09/Jun/2025:22:44:09 -0400] "GET / HTTP/1.1" 200 32194 "-" "Mozilla/5.0 AppleWebKit/537.36 (KHTML, like Gecko; compatible; GPTBot/1.2; +https://openai.com/gptbot)"
162.0.232.193 - - [09/Jun/2025:22:44:11 -0400] "GET /wp-content/uploads/89b93a66fa29a678cbd60ff176e1ea9a_1973.xml HTTP/1.1" 200 1499 "-" "Mozilla/5.0 (X11; Linux x86_64) AppleWebKit/537.36 (KHTML, like Gecko) Ubuntu Chromium/41.0.2272.76"
216.244.66.203 - - [09/Jun/2025:22:45:04 -0400] "GET /manga/isekai-nonbiri-nouka-chapter-3-opportumism-and-the-encounter/ HTTP/1.1" 301 0 "-" "Mozilla/5.0 (compatible; DotBot/1.2; +https://opensiteexplorer.org/dotbot; [email protected])"
131.252.53.149 - - [09/Jun/2025:22:45:39 -0400] "GET /favicon.ico HTTP/1.1" 404 1251 "-" "NetworkingExtension/8621.2.5.10.10 Network/4277.122.6 iOS/18.5"
162.0.232.193 - - [09/Jun/2025:22:45:40 -0400] "POST /wp-cron.php?doing_wp_cron=1749523539.8910241127014160156250 HTTP/1.1" 200 0 "-" "WordPress/6.8.1; https://isekainonbirinoukachapters.com"
162.0.232.193 - - [09/Jun/2025:22:45:40 -0400] "POST /wp-cron.php?doing_wp_cron=1749523539.8923599720001220703125 HTTP/1.1" 200 0 "-" "WordPress/6.8.1; https://isekainonbirinoukachapters.com"
131.252.53.149 - - [09/Jun/2025:22:45:39 -0400] "GET /apple-touch-icon-precomposed.png HTTP/1.1" 301 0 "-" "NetworkingExtension/8621.2.5.10.10 Network/4277.122.6 iOS/18.5"
131.252.53.149 - - [09/Jun/2025:22:45:39 -0400] "GET /apple-touch-icon.png HTTP/1.1" 301 0 "-" "NetworkingExtension/8621.2.5.10.10 Network/4277.122.6 iOS/18.5"
162.0.232.193 - - [09/Jun/2025:22:45:40 -0400] "POST /wp-cron.php?doing_wp_cron=1749523539.9120171070098876953125 HTTP/1.1" 200 0 "-" "WordPress/6.8.1; https://isekainonbirinoukachapters.com"
131.252.53.149 - - [09/Jun/2025:22:45:39 -0400] "GET /manga/farming-life-in-another-world-chapter-3/ HTTP/1.1" 200 10762 "-" "Mozilla/5.0 (Macintosh; Intel Mac OS X 10_11_1) AppleWebKit/601.2.4 (KHTML, like Gecko) Version/9.0.1 Safari/601.2.4 facebookexternalhit/1.1 Facebot Twitterbot/1.0"
131.252.53.149 - - [09/Jun/2025:22:45:40 -0400] "GET /wp-content/uploads/2024/07/cropped-63b857c96f67c-180x180.jpg HTTP/1.1" 200 7461 "-" "NetworkingExtension/8621.2.5.10.10 Network/4277.122.6 iOS/18.5"
131.252.53.149 - - [09/Jun/2025:22:45:40 -0400] "GET / HTTP/1.1" 200 32194 "-" "NetworkingExtension/8621.2.5.10.10 Network/4277.122.6 iOS/18.5"
131.252.53.149 - - [09/Jun/2025:22:45:40 -0400] "GET / HTTP/1.1" 200 32194 "-" "NetworkingExtension/8621.2.5.10.10 Network/4277.122.6 iOS/18.5"
162.0.232.193 - - [09/Jun/2025:22:45:42 -0400] "GET /wp-content/uploads/89b93a66fa29a678cbd60ff176e1ea9a_1973.xml HTTP/1.1" 200 1499 "-" "Mozilla/5.0 (X11; Linux x86_64) AppleWebKit/537.36 (KHTML, like Gecko) Ubuntu Chromium/41.0.2272.76"
162.0.232.193 - - [09/Jun/2025:22:51:30 -0400] "POST /wp-cron.php?doing_wp_cron=1749523890.6944200992584228515625 HTTP/1.1" 200 0 "-" "WordPress/6.8.1; https://isekainonbirinoukachapters.com"
2406:2d40:4435:e010:554d:cc91:ed6e:5d42 - - [09/Jun/2025:22:51:28 -0400] "GET /manga/isekai-nonbiri-nouka-chapter-1/ HTTP/1.1" 301 0 "-" "Mozilla/5.0 (iPhone; CPU iPhone OS 18_5 like Mac OS X) AppleWebKit/605.1.15 (KHTML, like Gecko) Mobile/15E148"
2406:2d40:4435:e010:554d:cc91:ed6e:5d42 - - [09/Jun/2025:22:51:31 -0400] "GET / HTTP/1.1" 200 32230 "-" "Mozilla/5.0 (iPhone; CPU iPhone OS 18_5 like Mac OS X) AppleWebKit/605.1.15 (KHTML, like Gecko) Mobile/15E148"
162.0.232.193 - - [09/Jun/2025:22:51:33 -0400] "GET /wp-content/uploads/89b93a66fa29a678cbd60ff176e1ea9a_1973.xml HTTP/1.1" 200 1362 "-" "Mozilla/5.0 (X11; Linux x86_64) AppleWebKit/537.36 (KHTML, like Gecko) Ubuntu Chromium/41.0.2272.76"
162.0.232.193 - - [09/Jun/2025:22:53:14 -0400] "POST /wp-cron.php?doing_wp_cron=1749523994.6102230548858642578125 HTTP/1.1" 200 0 "-" "WordPress/6.8.1; https://isekainonbirinoukachapters.com"
52.167.144.186 - - [09/Jun/2025:22:53:12 -0400] "GET /detail/ad10071320.html HTTP/1.1" 301 0 "-" "Mozilla/5.0 AppleWebKit/537.36 (KHTML, like Gecko; compatible; bingbot/2.0; +http://www.bing.com/bingbot.htm) Chrome/116.0.1938.76 Safari/537.36"
162.0.232.193 - - [09/Jun/2025:22:53:17 -0400] "GET /wp-content/uploads/89b93a66fa29a678cbd60ff176e1ea9a_1973.xml HTTP/1.1" 200 1499 "-" "Mozilla/5.0 (X11; Linux x86_64) AppleWebKit/537.36 (KHTML, like Gecko) Ubuntu Chromium/41.0.2272.76"
72.235.26.250 - - [09/Jun/2025:22:55:34 -0400] "GET /wp-content/uploads/2022/07/Isekai-Nonbiri-Nouka.webp HTTP/1.1" 200 0 "-" "Mozilla/5.0 (Android 14; Mobile; rv:139.0) Gecko/139.0 Firefox/139.0"
72.235.26.250 - - [09/Jun/2025:22:55:34 -0400] "GET /wp-content/uploads/2022/07/cropped-ezgif.com-gif-maker-1-270x270.png HTTP/1.1" 200 0 "-" "Mozilla/5.0 (Android 14; Mobile; rv:139.0) Gecko/139.0 Firefox/139.0"
72.235.26.250 - - [09/Jun/2025:22:55:34 -0400] "GET /wp-content/uploads/2022/07/cropped-ezgif.com-gif-maker-1-32x32.png HTTP/1.1" 200 0 "-" "Mozilla/5.0 (Android 14; Mobile; rv:139.0) Gecko/139.0 Firefox/139.0"
72.235.26.250 - - [09/Jun/2025:22:55:34 -0400] "GET /wp-content/uploads/2022/07/cropped-ezgif.com-gif-maker-1-192x192.png HTTP/1.1" 200 0 "-" "Mozilla/5.0 (Android 14; Mobile; rv:139.0) Gecko/139.0 Firefox/139.0"
72.235.26.250 - - [09/Jun/2025:22:55:34 -0400] "GET /wp-content/uploads/2022/07/Isekai-Nonbiri-Nouka.jpeg HTTP/1.1" 200 0 "-" "Mozilla/5.0 (Android 14; Mobile; rv:139.0) Gecko/139.0 Firefox/139.0"
72.235.26.250 - - [09/Jun/2025:22:55:34 -0400] "GET /wp-content/uploads/2022/07/cropped-ezgif.com-gif-maker-1-180x180.png HTTP/1.1" 200 0 "-" "Mozilla/5.0 (Android 14; Mobile; rv:139.0) Gecko/139.0 Firefox/139.0"
2600:1702:3b20:5c50:35b9:8ede:30c4:9188 - - [09/Jun/2025:23:00:39 -0400] "GET /favicon.ico HTTP/1.1" 404 1251 "-" "NetworkingExtension/8621.1.15.10.7 CFNetwork/3826.500.111.2.2 Darwin/24.4.0"
162.0.232.193 - - [09/Jun/2025:23:00:43 -0400] "POST /wp-cron.php?doing_wp_cron=1749524443.4746949672698974609375 HTTP/1.1" 200 0 "-" "WordPress/6.8.1; https://isekainonbirinoukachapters.com"
162.0.232.193 - - [09/Jun/2025:23:00:43 -0400] "POST /wp-cron.php?doing_wp_cron=1749524443.4867630004882812500000 HTTP/1.1" 200 0 "-" "WordPress/6.8.1; https://isekainonbirinoukachapters.com"
162.0.232.193 - - [09/Jun/2025:23:00:43 -0400] "POST /wp-cron.php?doing_wp_cron=1749524443.4917809963226318359375 HTTP/1.1" 200 0 "-" "WordPress/6.8.1; https://isekainonbirinoukachapters.com"
2600:1702:3b20:5c50:35b9:8ede:30c4:9188 - - [09/Jun/2025:23:00:39 -0400] "GET /apple-touch-icon-precomposed.png HTTP/1.1" 301 0 "-" "NetworkingExtension/8621.1.15.10.7 CFNetwork/3826.500.111.2.2 Darwin/24.4.0"
2600:1702:3b20:5c50:35b9:8ede:30c4:9188 - - [09/Jun/2025:23:00:39 -0400] "GET /apple-touch-icon.png HTTP/1.1" 301 0 "-" "NetworkingExtension/8621.1.15.10.7 CFNetwork/3826.500.111.2.2 Darwin/24.4.0"
2600:1702:3b20:5c50:35b9:8ede:30c4:9188 - - [09/Jun/2025:23:00:39 -0400] "GET /category/farming-life-in-another-world-manga/page/8/ HTTP/1.1" 200 10729 "-" "Mozilla/5.0 (Macintosh; Intel Mac OS X 10_11_1) AppleWebKit/601.2.4 (KHTML, like Gecko) Version/9.0.1 Safari/601.2.4 facebookexternalhit/1.1 Facebot Twitterbot/1.0"
2600:1702:3b20:5c50:35b9:8ede:30c4:9188 - - [09/Jun/2025:23:00:43 -0400] "GET / HTTP/1.1" 200 32194 "-" "NetworkingExtension/8621.1.15.10.7 CFNetwork/3826.500.111.2.2 Darwin/24.4.0"
2600:1702:3b20:5c50:35b9:8ede:30c4:9188 - - [09/Jun/2025:23:00:43 -0400] "GET / HTTP/1.1" 200 32194 "-" "NetworkingExtension/8621.1.15.10.7 CFNetwork/3826.500.111.2.2 Darwin/24.4.0"
162.0.232.193 - - [09/Jun/2025:23:00:46 -0400] "GET /wp-content/uploads/89b93a66fa29a678cbd60ff176e1ea9a_1973.xml HTTP/1.1" 200 1362 "-" "Mozilla/5.0 (X11; Linux x86_64) AppleWebKit/537.36 (KHTML, like Gecko) Ubuntu Chromium/41.0.2272.76"
162.0.232.193 - - [09/Jun/2025:23:02:59 -0400] "POST /wp-cron.php?doing_wp_cron=1749524579.6494700908660888671875 HTTP/1.1" 200 0 "-" "WordPress/6.8.1; https://isekainonbirinoukachapters.com"
198.98.61.148 - - [09/Jun/2025:23:02:56 -0400] "GET /wp-login.php HTTP/1.1" 200 1910 "-" "Mozilla/5.0 (Windows NT 5.1) AppleWebKit/537.36 (KHTML, like Gecko) Chrome/36.0.1985.125 Safari/537.36"
198.98.61.148 - - [09/Jun/2025:23:03:00 -0400] "POST /wp-login.php HTTP/1.1" 200 2047 "-" "Mozilla/5.0 (Windows NT 5.1) AppleWebKit/537.36 (KHTML, like Gecko) Chrome/36.0.1985.125 Safari/537.36"
162.0.232.193 - - [09/Jun/2025:23:03:01 -0400] "GET /wp-content/uploads/89b93a66fa29a678cbd60ff176e1ea9a_1973.xml HTTP/1.1" 200 1499 "-" "Mozilla/5.0 (X11; Linux x86_64) AppleWebKit/537.36 (KHTML, like Gecko) Ubuntu Chromium/41.0.2272.76"
162.0.232.193 - - [09/Jun/2025:23:10:16 -0400] "POST /wp-cron.php?doing_wp_cron=1749525016.8718380928039550781250 HTTP/1.1" 200 0 "-" "WordPress/6.8.1; https://isekainonbirinoukachapters.com"
52.167.144.211 - - [09/Jun/2025:23:10:10 -0400] "GET /class/info/page/shoppingrules/ HTTP/1.1" 301 0 "-" "Mozilla/5.0 AppleWebKit/537.36 (KHTML, like Gecko; compatible; bingbot/2.0; +http://www.bing.com/bingbot.htm) Chrome/116.0.1938.76 Safari/537.36"
162.0.232.193 - - [09/Jun/2025:23:10:18 -0400] "GET /wp-content/uploads/89b93a66fa29a678cbd60ff176e1ea9a_1973.xml HTTP/1.1" 200 1499 "-" "Mozilla/5.0 (X11; Linux x86_64) AppleWebKit/537.36 (KHTML, like Gecko) Ubuntu Chromium/41.0.2272.76"
114.119.159.246 - - [09/Jun/2025:23:10:25 -0400] "GET /manga/isekai-nonbiri-nouka-chapter-94/ HTTP/1.1" 301 0 "https://isekainonbirinoukachapters.com/category/farming-life-in-another-world/page/13/" "Mozilla/5.0 (Linux; Android 7.0;) AppleWebKit/537.36 (KHTML, like Gecko) Mobile Safari/537.36 (compatible; PetalBot;+https://webmaster.petalsearch.com/site/petalbot)"
114.119.159.246 - - [09/Jun/2025:23:10:26 -0400] "GET / HTTP/1.1" 200 32213 "https://isekainonbirinoukachapters.com/category/farming-life-in-another-world/page/13/" "Mozilla/5.0 (Linux; Android 7.0;) AppleWebKit/537.36 (KHTML, like Gecko) Mobile Safari/537.36 (compatible; PetalBot;+https://webmaster.petalsearch.com/site/petalbot)"
162.0.232.193 - - [09/Jun/2025:23:12:07 -0400] "POST /wp-cron.php?doing_wp_cron=1749525127.0408339500427246093750 HTTP/1.1" 200 0 "-" "WordPress/6.8.1; https://isekainonbirinoukachapters.com"
20.171.207.143 - - [09/Jun/2025:23:11:51 -0400] "GET /detail/dicta11773968.html HTTP/1.1" 301 0 "-" "Mozilla/5.0 AppleWebKit/537.36 (KHTML, like Gecko; compatible; GPTBot/1.2; +https://openai.com/gptbot)"
20.171.207.143 - - [09/Jun/2025:23:12:07 -0400] "GET / HTTP/1.1" 200 32194 "-" "Mozilla/5.0 AppleWebKit/537.36 (KHTML, like Gecko; compatible; GPTBot/1.2; +https://openai.com/gptbot)"
162.0.232.193 - - [09/Jun/2025:23:12:13 -0400] "GET /wp-content/uploads/89b93a66fa29a678cbd60ff176e1ea9a_1973.xml HTTP/1.1" 200 1362 "-" "Mozilla/5.0 (X11; Linux x86_64) AppleWebKit/537.36 (KHTML, like Gecko) Ubuntu Chromium/41.0.2272.76"
162.0.232.193 - - [09/Jun/2025:23:13:52 -0400] "POST /wp-cron.php?doing_wp_cron=1749525232.0498690605163574218750 HTTP/1.1" 200 0 "-" "WordPress/6.8.1; https://isekainonbirinoukachapters.com"
114.119.138.230 - - [09/Jun/2025:23:13:46 -0400] "GET /manga/isekai-nonbiri-nouka-chapter-218-preparation-for-fuushus-gift-2/ HTTP/1.1" 301 0 "https://isekainonbirinoukachapters.com/isekai-nonbiri-nouka-chapter-76/" "Mozilla/5.0 (Linux; Android 7.0;) AppleWebKit/537.36 (KHTML, like Gecko) Mobile Safari/537.36 (compatible; PetalBot;+https://webmaster.petalsearch.com/site/petalbot)"
114.119.138.230 - - [09/Jun/2025:23:13:53 -0400] "GET / HTTP/1.1" 200 32232 "https://isekainonbirinoukachapters.com/isekai-nonbiri-nouka-chapter-76/" "Mozilla/5.0 (Linux; Android 7.0;) AppleWebKit/537.36 (KHTML, like Gecko) Mobile Safari/537.36 (compatible; PetalBot;+https://webmaster.petalsearch.com/site/petalbot)"
162.0.232.193 - - [09/Jun/2025:23:13:55 -0400] "GET /wp-content/uploads/89b93a66fa29a678cbd60ff176e1ea9a_1973.xml HTTP/1.1" 200 1499 "-" "Mozilla/5.0 (X11; Linux x86_64) AppleWebKit/537.36 (KHTML, like Gecko) Ubuntu Chromium/41.0.2272.76"
185.92.25.46 - - [09/Jun/2025:23:14:47 -0400] "GET / HTTP/1.1" 200 32177 "https://isekainonbirinoukachapters.com/" "Mozilla/5.0 (Macintosh; Intel Mac OS X 10.15; rv:139.0) Gecko/20100101 Firefox/139.0"
185.92.25.46 - - [09/Jun/2025:23:14:50 -0400] "GET /wp-content/themes/toivo-lite/js/settings.min.js?ver=1.2.0 HTTP/1.1" 304 0 "https://isekainonbirinoukachapters.com/" "Mozilla/5.0 (Macintosh; Intel Mac OS X 10.15; rv:139.0) Gecko/20100101 Firefox/139.0"
185.92.25.46 - - [09/Jun/2025:23:14:50 -0400] "GET /wp-content/cache/min/1/wp-content/plugins/simple-social-buttons/assets/js/front.js?ver=1729190448 HTTP/1.1" 200 1488 "https://isekainonbirinoukachapters.com/" "Mozilla/5.0 (Macintosh; Intel Mac OS X 10.15; rv:139.0) Gecko/20100101 Firefox/139.0"
162.0.232.193 - - [09/Jun/2025:23:17:48 -0400] "POST /wp-cron.php?doing_wp_cron=1749525468.4520308971405029296875 HTTP/1.1" 200 0 "-" "WordPress/6.8.1; https://isekainonbirinoukachapters.com"
114.119.153.138 - - [09/Jun/2025:23:17:43 -0400] "GET /manga/isekai-nonbiri-nouka-chapter-6-reconfirmation/ HTTP/1.1" 301 0 "https://isekainonbirinoukachapters.com/isekai-nonbiri-nouka-chapter-76/" "Mozilla/5.0 (Linux; Android 7.0;) AppleWebKit/537.36 (KHTML, like Gecko) Mobile Safari/537.36 (compatible; PetalBot;+https://webmaster.petalsearch.com/site/petalbot)"
114.119.153.138 - - [09/Jun/2025:23:17:49 -0400] "GET / HTTP/1.1" 200 32232 "https://isekainonbirinoukachapters.com/isekai-nonbiri-nouka-chapter-76/" "Mozilla/5.0 (Linux; Android 7.0;) AppleWebKit/537.36 (KHTML, like Gecko) Mobile Safari/537.36 (compatible; PetalBot;+https://webmaster.petalsearch.com/site/petalbot)"
162.0.232.193 - - [09/Jun/2025:23:17:51 -0400] "GET /wp-content/uploads/89b93a66fa29a678cbd60ff176e1ea9a_1973.xml HTTP/1.1" 200 1362 "-" "Mozilla/5.0 (X11; Linux x86_64) AppleWebKit/537.36 (KHTML, like Gecko) Ubuntu Chromium/41.0.2272.76"
54.36.149.37 - - [09/Jun/2025:23:18:22 -0400] "GET /author/admin/feed/ HTTP/1.1" 304 0 "-" "Mozilla/5.0 (compatible; AhrefsBot/7.0; +http://ahrefs.com/robot/)"
162.0.232.193 - - [09/Jun/2025:23:21:23 -0400] "POST /wp-cron.php?doing_wp_cron=1749525683.0401439666748046875000 HTTP/1.1" 200 0 "-" "WordPress/6.8.1; https://isekainonbirinoukachapters.com"
2605:6440:4010:1000:b344:2ee9:a9ac:1cbe - - [09/Jun/2025:23:21:16 -0400] "GET /manga/farming-life-in-another-world-chapter-60/ HTTP/1.1" 200 34113 "-" "Mozilla/5.0 (iPhone; CPU iPhone OS 18_5 like Mac OS X) AppleWebKit/605.1.15 (KHTML, like Gecko) Mobile/15E148"
162.0.232.193 - - [09/Jun/2025:23:21:27 -0400] "GET /wp-content/uploads/89b93a66fa29a678cbd60ff176e1ea9a_1973.xml HTTP/1.1" 200 1362 "-" "Mozilla/5.0 (X11; Linux x86_64) AppleWebKit/537.36 (KHTML, like Gecko) Ubuntu Chromium/41.0.2272.76"
2605:6440:4010:1000:b344:2ee9:a9ac:1cbe - - [09/Jun/2025:23:21:25 -0400] "GET /manga/farming-life-in-another-world-chapter-60/ HTTP/1.1" 200 34113 "-" "Mozilla/5.0 (iPhone; CPU iPhone OS 18_5 like Mac OS X) AppleWebKit/605.1.15 (KHTML, like Gecko) Mobile/15E148"
162.62.231.139 - - [09/Jun/2025:23:21:58 -0400] "GET / HTTP/1.1" 301 0 "http://www.isekainonbirinoukachapters.com" "Mozilla/5.0 (iPhone; CPU iPhone OS 13_2_3 like Mac OS X) AppleWebKit/605.1.15 (KHTML, like Gecko) Version/13.0.3 Mobile/15E148 Safari/604.1"
162.62.231.139 - - [09/Jun/2025:23:21:59 -0400] "GET / HTTP/1.1" 200 32227 "https://www.isekainonbirinoukachapters.com/" "Mozilla/5.0 (iPhone; CPU iPhone OS 13_2_3 like Mac OS X) AppleWebKit/605.1.15 (KHTML, like Gecko) Version/13.0.3 Mobile/15E148 Safari/604.1"
114.119.158.133 - - [09/Jun/2025:23:22:10 -0400] "GET /manga/farming-life-in-another-world-chapter-70/ HTTP/1.1" 200 34201 "https://isekainonbirinoukachapters.com/manga/isekai-nonbiri-nouka-chapter-57-village-gathering-plan/" "Mozilla/5.0 (Linux; Android 7.0;) AppleWebKit/537.36 (KHTML, like Gecko) Mobile Safari/537.36 (compatible; PetalBot;+https://webmaster.petalsearch.com/site/petalbot)"
52.167.144.146 - - [09/Jun/2025:23:22:15 -0400] "GET /detail/angle72430966.html HTTP/1.1" 301 0 "-" "Mozilla/5.0 AppleWebKit/537.36 (KHTML, like Gecko; compatible; bingbot/2.0; +http://www.bing.com/bingbot.htm) Chrome/116.0.1938.76 Safari/537.36"
162.0.232.193 - - [09/Jun/2025:23:23:15 -0400] "POST /wp-cron.php?doing_wp_cron=1749525794.8427169322967529296875 HTTP/1.1" 200 0 "-" "WordPress/6.8.1; https://isekainonbirinoukachapters.com"
2600:1010:b147:5450:cc9:2549:ef15:f91 - - [09/Jun/2025:23:23:12 -0400] "GET /manga/farming-life-in-another-world-chapter-161/ HTTP/1.1" 200 34098 "https://isekainonbirinoukachapters.com/manga/farming-life-in-another-world-chapter-160/" "Mozilla/5.0 (iPhone; CPU iPhone OS 18_5 like Mac OS X) AppleWebKit/605.1.15 (KHTML, like Gecko) Version/18.5 Mobile/15E148 Safari/604.1"
162.0.232.193 - - [09/Jun/2025:23:23:18 -0400] "GET /wp-content/uploads/89b93a66fa29a678cbd60ff176e1ea9a_1973.xml HTTP/1.1" 200 1499 "-" "Mozilla/5.0 (X11; Linux x86_64) AppleWebKit/537.36 (KHTML, like Gecko) Ubuntu Chromium/41.0.2272.76"
40.77.167.159 - - [09/Jun/2025:23:23:48 -0400] "GET /KynJ-296orh4798/ HTTP/1.1" 301 0 "-" "Mozilla/5.0 AppleWebKit/537.36 (KHTML, like Gecko; compatible; bingbot/2.0; +http://www.bing.com/bingbot.htm) Chrome/116.0.1938.76 Safari/537.36"
162.0.232.193 - - [09/Jun/2025:23:26:28 -0400] "POST /wp-cron.php?doing_wp_cron=1749525988.4603469371795654296875 HTTP/1.1" 200 0 "-" "WordPress/6.8.1; https://isekainonbirinoukachapters.com"
114.119.153.138 - - [09/Jun/2025:23:26:16 -0400] "GET /manga/isekai-nonbiri-nouka-chapter-140-various-things-1/ HTTP/1.1" 301 0 "https://isekainonbirinoukachapters.com/isekai-nonbiri-nouka-chapter-76/" "Mozilla/5.0 (Linux; Android 7.0;) AppleWebKit/537.36 (KHTML, like Gecko) Mobile Safari/537.36 (compatible; PetalBot;+https://webmaster.petalsearch.com/site/petalbot)"
162.0.232.193 - - [09/Jun/2025:23:26:32 -0400] "GET /wp-content/uploads/89b93a66fa29a678cbd60ff176e1ea9a_1973.xml HTTP/1.1" 200 1362 "-" "Mozilla/5.0 (X11; Linux x86_64) AppleWebKit/537.36 (KHTML, like Gecko) Ubuntu Chromium/41.0.2272.76"
114.119.153.138 - - [09/Jun/2025:23:26:30 -0400] "GET / HTTP/1.1" 200 32232 "https://isekainonbirinoukachapters.com/isekai-nonbiri-nouka-chapter-76/" "Mozilla/5.0 (Linux; Android 7.0;) AppleWebKit/537.36 (KHTML, like Gecko) Mobile Safari/537.36 (compatible; PetalBot;+https://webmaster.petalsearch.com/site/petalbot)"
162.0.232.193 - - [09/Jun/2025:23:27:31 -0400] "POST /wp-cron.php?doing_wp_cron=1749526051.5353589057922363281250 HTTP/1.1" 200 0 "-" "WordPress/6.8.1; https://isekainonbirinoukachapters.com"
2600:1010:b147:5450:cc9:2549:ef15:f91 - - [09/Jun/2025:23:27:30 -0400] "GET /manga/farming-life-in-another-world-chapter-161/ HTTP/1.1" 200 34098 "https://isekainonbirinoukachapters.com/manga/farming-life-in-another-world-chapter-160/" "Mozilla/5.0 (iPhone; CPU iPhone OS 18_5 like Mac OS X) AppleWebKit/605.1.15 (KHTML, like Gecko) Version/18.5 Mobile/15E148 Safari/604.1"
162.0.232.193 - - [09/Jun/2025:23:28:30 -0400] "POST /wp-cron.php?doing_wp_cron=1749526110.1743309497833251953125 HTTP/1.1" 200 0 "-" "WordPress/6.8.1; https://isekainonbirinoukachapters.com"
136.158.60.192 - - [09/Jun/2025:23:28:25 -0400] "POST /wp-admin/admin-ajax.php HTTP/1.1" 200 61 "https://isekainonbirinoukachapters.com/manga/farming-life-in-another-world-chapter-87/" "Mozilla/5.0 (Linux; Android 10; K) AppleWebKit/537.36 (KHTML, like Gecko) Chrome/137.0.0.0 Mobile Safari/537.36"
162.0.232.193 - - [09/Jun/2025:23:28:35 -0400] "GET /wp-content/uploads/89b93a66fa29a678cbd60ff176e1ea9a_1973.xml HTTP/1.1" 200 1362 "-" "Mozilla/5.0 (X11; Linux x86_64) AppleWebKit/537.36 (KHTML, like Gecko) Ubuntu Chromium/41.0.2272.76"
120.18.166.57 - - [09/Jun/2025:23:28:51 -0400] "GET /manga/farming-life-in-another-world-chapter-55/ HTTP/1.1" 200 34516 "https://isekainonbirinoukachapters.com/manga/farming-life-in-another-world-chapter-54/" "Mozilla/5.0 (iPhone; CPU iPhone OS 18_5_0 like Mac OS X) AppleWebKit/605.1.15 (KHTML, like Gecko) CriOS/137.0.7151.79 Mobile/15E148 Safari/604.1"
120.18.166.57 - - [09/Jun/2025:23:28:54 -0400] "POST /wp-admin/admin-ajax.php HTTP/1.1" 200 61 "https://isekainonbirinoukachapters.com/manga/farming-life-in-another-world-chapter-55/" "Mozilla/5.0 (iPhone; CPU iPhone OS 18_5_0 like Mac OS X) AppleWebKit/605.1.15 (KHTML, like Gecko) CriOS/137.0.7151.79 Mobile/15E148 Safari/604.1"
162.0.232.193 - - [09/Jun/2025:23:30:49 -0400] "POST /wp-cron.php?doing_wp_cron=1749526249.1416590213775634765625 HTTP/1.1" 200 0 "-" "WordPress/6.8.1; https://isekainonbirinoukachapters.com"
114.119.159.246 - - [09/Jun/2025:23:30:39 -0400] "GET /manga/isekai-nonbiri-nouka-chapter-35-food-culture/ HTTP/1.1" 301 0 "https://isekainonbirinoukachapters.com/isekai-nonbiri-nouka-chapter-76/" "Mozilla/5.0 (Linux; Android 7.0;) AppleWebKit/537.36 (KHTML, like Gecko) Mobile Safari/537.36 (compatible; PetalBot;+https://webmaster.petalsearch.com/site/petalbot)"
114.119.159.246 - - [09/Jun/2025:23:30:50 -0400] "GET / HTTP/1.1" 200 32232 "https://isekainonbirinoukachapters.com/isekai-nonbiri-nouka-chapter-76/" "Mozilla/5.0 (Linux; Android 7.0;) AppleWebKit/537.36 (KHTML, like Gecko) Mobile Safari/537.36 (compatible; PetalBot;+https://webmaster.petalsearch.com/site/petalbot)"
162.0.232.193 - - [09/Jun/2025:23:30:57 -0400] "GET /wp-content/uploads/89b93a66fa29a678cbd60ff176e1ea9a_1973.xml HTTP/1.1" 200 1362 "-" "Mozilla/5.0 (X11; Linux x86_64) AppleWebKit/537.36 (KHTML, like Gecko) Ubuntu Chromium/41.0.2272.76"
120.18.166.57 - - [09/Jun/2025:23:31:33 -0400] "GET /manga/farming-life-in-another-world-chapter-54/ HTTP/1.1" 200 34231 "https://isekainonbirinoukachapters.com/manga/farming-life-in-another-world-chapter-55/" "Mozilla/5.0 (iPhone; CPU iPhone OS 18_5_0 like Mac OS X) AppleWebKit/605.1.15 (KHTML, like Gecko) CriOS/137.0.7151.79 Mobile/15E148 Safari/604.1"
120.18.166.57 - - [09/Jun/2025:23:31:36 -0400] "GET /manga/farming-life-in-another-world-chapter-56/ HTTP/1.1" 200 34483 "https://isekainonbirinoukachapters.com/manga/farming-life-in-another-world-chapter-55/" "Mozilla/5.0 (iPhone; CPU iPhone OS 18_5_0 like Mac OS X) AppleWebKit/605.1.15 (KHTML, like Gecko) CriOS/137.0.7151.79 Mobile/15E148 Safari/604.1"
120.18.166.57 - - [09/Jun/2025:23:31:39 -0400] "POST /wp-admin/admin-ajax.php HTTP/1.1" 200 61 "https://isekainonbirinoukachapters.com/manga/farming-life-in-another-world-chapter-56/" "Mozilla/5.0 (iPhone; CPU iPhone OS 18_5_0 like Mac OS X) AppleWebKit/605.1.15 (KHTML, like Gecko) CriOS/137.0.7151.79 Mobile/15E148 Safari/604.1"
216.73.216.247 - - [09/Jun/2025:23:31:41 -0400] "GET /detail/cycle81639423.html HTTP/1.1" 301 0 "-" "Mozilla/5.0 AppleWebKit/537.36 (KHTML, like Gecko; compatible; ClaudeBot/1.0; [email protected])"
216.73.216.247 - - [09/Jun/2025:23:31:41 -0400] "GET /detail/feath51055268.html HTTP/1.1" 301 0 "-" "Mozilla/5.0 AppleWebKit/537.36 (KHTML, like Gecko; compatible; ClaudeBot/1.0; [email protected])"
216.73.216.247 - - [09/Jun/2025:23:31:41 -0400] "GET /detail/dead82584471.html HTTP/1.1" 301 0 "-" "Mozilla/5.0 AppleWebKit/537.36 (KHTML, like Gecko; compatible; ClaudeBot/1.0; [email protected])"
216.73.216.247 - - [09/Jun/2025:23:31:41 -0400] "GET /detail/pit80979511.html HTTP/1.1" 301 0 "-" "Mozilla/5.0 AppleWebKit/537.36 (KHTML, like Gecko; compatible; ClaudeBot/1.0; [email protected])"
216.73.216.247 - - [09/Jun/2025:23:31:41 -0400] "GET /detail/signa50881828.html HTTP/1.1" 301 0 "-" "Mozilla/5.0 AppleWebKit/537.36 (KHTML, like Gecko; compatible; ClaudeBot/1.0; [email protected])"
216.73.216.247 - - [09/Jun/2025:23:31:42 -0400] "GET /detail/lend12529336.html HTTP/1.1" 301 0 "-" "Mozilla/5.0 AppleWebKit/537.36 (KHTML, like Gecko; compatible; ClaudeBot/1.0; [email protected])"
216.73.216.247 - - [09/Jun/2025:23:31:42 -0400] "GET /detail/arous61042461.html HTTP/1.1" 301 0 "-" "Mozilla/5.0 AppleWebKit/537.36 (KHTML, like Gecko; compatible; ClaudeBot/1.0; [email protected])"
216.73.216.247 - - [09/Jun/2025:23:31:42 -0400] "GET /detail/struc72861502.html HTTP/1.1" 301 0 "-" "Mozilla/5.0 AppleWebKit/537.36 (KHTML, like Gecko; compatible; ClaudeBot/1.0; [email protected])"
216.73.216.247 - - [09/Jun/2025:23:31:42 -0400] "GET /detail/invis41543347.html HTTP/1.1" 301 0 "-" "Mozilla/5.0 AppleWebKit/537.36 (KHTML, like Gecko; compatible; ClaudeBot/1.0; [email protected])"
162.0.232.193 - - [09/Jun/2025:23:32:26 -0400] "POST /wp-cron.php?doing_wp_cron=1749526345.8494288921356201171875 HTTP/1.1" 200 0 "-" "WordPress/6.8.1; https://isekainonbirinoukachapters.com"
216.73.216.247 - - [09/Jun/2025:23:32:25 -0400] "GET /detail/playe70181806.html HTTP/1.1" 301 0 "-" "Mozilla/5.0 AppleWebKit/537.36 (KHTML, like Gecko; compatible; ClaudeBot/1.0; [email protected])"
162.0.232.193 - - [09/Jun/2025:23:32:26 -0400] "POST /wp-cron.php?doing_wp_cron=1749526346.4383959770202636718750 HTTP/1.1" 200 0 "-" "WordPress/6.8.1; https://isekainonbirinoukachapters.com"
162.0.232.193 - - [09/Jun/2025:23:32:26 -0400] "POST /wp-cron.php?doing_wp_cron=1749526346.5546929836273193359375 HTTP/1.1" 200 0 "-" "WordPress/6.8.1; https://isekainonbirinoukachapters.com"
162.0.232.193 - - [09/Jun/2025:23:32:26 -0400] "POST /wp-cron.php?doing_wp_cron=1749526346.6500680446624755859375 HTTP/1.1" 200 0 "-" "WordPress/6.8.1; https://isekainonbirinoukachapters.com"
216.73.216.247 - - [09/Jun/2025:23:32:25 -0400] "GET /detail/peak12931496.html HTTP/1.1" 301 0 "-" "Mozilla/5.0 AppleWebKit/537.36 (KHTML, like Gecko; compatible; ClaudeBot/1.0; [email protected])"
216.73.216.247 - - [09/Jun/2025:23:32:25 -0400] "GET /detail/immea62429941.html HTTP/1.1" 301 0 "-" "Mozilla/5.0 AppleWebKit/537.36 (KHTML, like Gecko; compatible; ClaudeBot/1.0; [email protected])"
216.73.216.247 - - [09/Jun/2025:23:32:25 -0400] "GET /detail/rude41853515.html HTTP/1.1" 301 0 "-" "Mozilla/5.0 AppleWebKit/537.36 (KHTML, like Gecko; compatible; ClaudeBot/1.0; [email protected])"
216.73.216.247 - - [09/Jun/2025:23:32:25 -0400] "GET /detail/devil42815307.html HTTP/1.1" 301 0 "-" "Mozilla/5.0 AppleWebKit/537.36 (KHTML, like Gecko; compatible; ClaudeBot/1.0; [email protected])"
216.73.216.247 - - [09/Jun/2025:23:32:26 -0400] "GET /detail/hardw61314253.html HTTP/1.1" 301 0 "-" "Mozilla/5.0 AppleWebKit/537.36 (KHTML, like Gecko; compatible; ClaudeBot/1.0; [email protected])"
216.73.216.247 - - [09/Jun/2025:23:32:27 -0400] "GET /detail/delay81226215.html HTTP/1.1" 301 0 "-" "Mozilla/5.0 AppleWebKit/537.36 (KHTML, like Gecko; compatible; ClaudeBot/1.0; [email protected])"
216.73.216.247 - - [09/Jun/2025:23:32:27 -0400] "GET /detail/overt71142310.html HTTP/1.1" 301 0 "-" "Mozilla/5.0 AppleWebKit/537.36 (KHTML, like Gecko; compatible; ClaudeBot/1.0; [email protected])"
216.73.216.247 - - [09/Jun/2025:23:32:27 -0400] "GET /detail/need21136017.html HTTP/1.1" 301 0 "-" "Mozilla/5.0 AppleWebKit/537.36 (KHTML, like Gecko; compatible; ClaudeBot/1.0; [email protected])"
8.217.172.205 - - [09/Jun/2025:23:32:26 -0400] "GET /wp-json/oembed/1.0/embed?url=https%3A%2F%2Fisekainonbirinoukachapters.com%2Fmanga%2Ffarming-life-in-another-world-chapter-195%2F HTTP/1.1" 200 2601 "-" "AliyunSecBot/Aliyun ([email protected])"
162.0.232.193 - - [09/Jun/2025:23:32:29 -0400] "GET /wp-content/uploads/89b93a66fa29a678cbd60ff176e1ea9a_1973.xml HTTP/1.1" 200 1499 "-" "Mozilla/5.0 (X11; Linux x86_64) AppleWebKit/537.36 (KHTML, like Gecko) Ubuntu Chromium/41.0.2272.76"
216.73.216.247 - - [09/Jun/2025:23:33:09 -0400] "GET /detail/this52912812.html HTTP/1.1" 301 0 "-" "Mozilla/5.0 AppleWebKit/537.36 (KHTML, like Gecko; compatible; ClaudeBot/1.0; [email protected])"
216.73.216.247 - - [09/Jun/2025:23:33:09 -0400] "GET /detail/latte11122960.html HTTP/1.1" 301 0 "-" "Mozilla/5.0 AppleWebKit/537.36 (KHTML, like Gecko; compatible; ClaudeBot/1.0; [email protected])"
162.0.232.193 - - [09/Jun/2025:23:33:10 -0400] "POST /wp-cron.php?doing_wp_cron=1749526390.5486810207366943359375 HTTP/1.1" 200 0 "-" "WordPress/6.8.1; https://isekainonbirinoukachapters.com"
216.73.216.247 - - [09/Jun/2025:23:33:09 -0400] "GET /detail/surve70793734.html HTTP/1.1" 301 0 "-" "Mozilla/5.0 AppleWebKit/537.36 (KHTML, like Gecko; compatible; ClaudeBot/1.0; [email protected])"
216.73.216.247 - - [09/Jun/2025:23:33:10 -0400] "GET /detail/abund50082012.html HTTP/1.1" 301 0 "-" "Mozilla/5.0 AppleWebKit/537.36 (KHTML, like Gecko; compatible; ClaudeBot/1.0; [email protected])"
216.73.216.247 - - [09/Jun/2025:23:33:10 -0400] "GET /detail/greet22497121.html HTTP/1.1" 301 0 "-" "Mozilla/5.0 AppleWebKit/537.36 (KHTML, like Gecko; compatible; ClaudeBot/1.0; [email protected])"
216.73.216.247 - - [09/Jun/2025:23:33:11 -0400] "GET /detail/misgu60902149.html HTTP/1.1" 301 0 "-" "Mozilla/5.0 AppleWebKit/537.36 (KHTML, like Gecko; compatible; ClaudeBot/1.0; [email protected])"
216.73.216.247 - - [09/Jun/2025:23:33:10 -0400] "GET /detail/alrea71208078.html HTTP/1.1" 301 0 "-" "Mozilla/5.0 AppleWebKit/537.36 (KHTML, like Gecko; compatible; ClaudeBot/1.0; [email protected])"
216.73.216.247 - - [09/Jun/2025:23:33:11 -0400] "GET /detail/morta82243559.html HTTP/1.1" 301 0 "-" "Mozilla/5.0 AppleWebKit/537.36 (KHTML, like Gecko; compatible; ClaudeBot/1.0; [email protected])"
216.73.216.247 - - [09/Jun/2025:23:33:11 -0400] "GET /detail/trous41773243.html HTTP/1.1" 301 0 "-" "Mozilla/5.0 AppleWebKit/537.36 (KHTML, like Gecko; compatible; ClaudeBot/1.0; [email protected])"
2601:14b:4b81:e810:26a7:8757:4cf0:fb0d - - [09/Jun/2025:23:33:16 -0400] "GET /manga/farming-life-in-another-world-chapter-48/ HTTP/1.1" 200 34508 "https://isekainonbirinoukachapters.com/manga/farming-life-in-another-world-chapter-47/" "Mozilla/5.0 (Linux; Android 10; K) AppleWebKit/537.36 (KHTML, like Gecko) Chrome/137.0.0.0 Mobile Safari/537.36"
2601:14b:4b81:e810:26a7:8757:4cf0:fb0d - - [09/Jun/2025:23:33:17 -0400] "GET /manga/farming-life-in-another-world-chapter-48/ HTTP/1.1" 200 34508 "https://isekainonbirinoukachapters.com/manga/farming-life-in-another-world-chapter-47/" "Mozilla/5.0 (Linux; Android 10; K) AppleWebKit/537.36 (KHTML, like Gecko) Chrome/137.0.0.0 Mobile Safari/537.36"
2601:14b:4b81:e810:26a7:8757:4cf0:fb0d - - [09/Jun/2025:23:33:17 -0400] "POST /wp-admin/admin-ajax.php HTTP/1.1" 200 61 "https://isekainonbirinoukachapters.com/manga/farming-life-in-another-world-chapter-48/" "Mozilla/5.0 (Linux; Android 10; K) AppleWebKit/537.36 (KHTML, like Gecko) Chrome/137.0.0.0 Mobile Safari/537.36"
162.0.232.193 - - [09/Jun/2025:23:33:37 -0400] "POST /wp-cron.php?doing_wp_cron=1749526416.9461979866027832031250 HTTP/1.1" 200 0 "-" "WordPress/6.8.1; https://isekainonbirinoukachapters.com"
8.217.191.210 - - [09/Jun/2025:23:33:36 -0400] "GET /wp-json/oembed/1.0/embed?url=https%3A%2F%2Fisekainonbirinoukachapters.com%2Fmanga%2Ffarming-life-in-another-world-chapter-52%2F HTTP/1.1" 200 2595 "-" "AliyunSecBot/Aliyun ([email protected])"
69.1.44.131 - - [09/Jun/2025:23:33:43 -0400] "GET /manga/farming-life-in-another-world-chapter-29/ HTTP/1.1" 200 34499 "-" "Mozilla/5.0 (PlayStation; PlayStation 4/12.50) AppleWebKit/605.1.15 (KHTML, like Gecko) Version/17.0 Safari/605.1.15"
69.1.44.131 - - [09/Jun/2025:23:33:45 -0400] "GET /wp-content/plugins/simple-social-buttons/assets/fonts/ssb-icon.ttf?eahqa2 HTTP/1.1" 200 7412 "https://isekainonbirinoukachapters.com/manga/farming-life-in-another-world-chapter-29/" "Mozilla/5.0 (PlayStation; PlayStation 4/12.50) AppleWebKit/605.1.15 (KHTML, like Gecko) Version/17.0 Safari/605.1.15"
69.1.44.131 - - [09/Jun/2025:23:33:45 -0400] "GET /wp-content/cache/min/1/wp-content/plugins/disqus-comment-system/public/js/comment_embed.js?ver=1729190448 HTTP/1.1" 200 494 "https://isekainonbirinoukachapters.com/manga/farming-life-in-another-world-chapter-29/" "Mozilla/5.0 (PlayStation; PlayStation 4/12.50) AppleWebKit/605.1.15 (KHTML, like Gecko) Version/17.0 Safari/605.1.15"
162.0.232.193 - - [09/Jun/2025:23:33:51 -0400] "POST /wp-cron.php?doing_wp_cron=1749526431.4370961189270019531250 HTTP/1.1" 200 0 "-" "WordPress/6.8.1; https://isekainonbirinoukachapters.com"
69.1.44.131 - - [09/Jun/2025:23:33:50 -0400] "POST /wp-admin/admin-ajax.php HTTP/1.1" 200 61 "https://isekainonbirinoukachapters.com/manga/farming-life-in-another-world-chapter-29/" "Mozilla/5.0 (PlayStation; PlayStation 4/12.50) AppleWebKit/605.1.15 (KHTML, like Gecko) Version/17.0 Safari/605.1.15"
216.73.216.247 - - [09/Jun/2025:23:33:52 -0400] "GET /detail/she72068950.html HTTP/1.1" 301 0 "-" "Mozilla/5.0 AppleWebKit/537.36 (KHTML, like Gecko; compatible; ClaudeBot/1.0; [email protected])"
216.73.216.247 - - [09/Jun/2025:23:33:52 -0400] "GET /detail/span30515370.html HTTP/1.1" 301 0 "-" "Mozilla/5.0 AppleWebKit/537.36 (KHTML, like Gecko; compatible; ClaudeBot/1.0; [email protected])"
216.73.216.247 - - [09/Jun/2025:23:33:52 -0400] "GET /detail/insuf51270844.html HTTP/1.1" 301 0 "-" "Mozilla/5.0 AppleWebKit/537.36 (KHTML, like Gecko; compatible; ClaudeBot/1.0; [email protected])"
216.73.216.247 - - [09/Jun/2025:23:33:52 -0400] "GET /detail/merel41406955.html HTTP/1.1" 301 0 "-" "Mozilla/5.0 AppleWebKit/537.36 (KHTML, like Gecko; compatible; ClaudeBot/1.0; [email protected])"
216.73.216.247 - - [09/Jun/2025:23:33:52 -0400] "GET /detail/bring41797683.html HTTP/1.1" 301 0 "-" "Mozilla/5.0 AppleWebKit/537.36 (KHTML, like Gecko; compatible; ClaudeBot/1.0; [email protected])"
162.0.232.193 - - [09/Jun/2025:23:33:58 -0400] "POST /wp-cron.php?doing_wp_cron=1749526437.8731091022491455078125 HTTP/1.1" 200 0 "-" "WordPress/6.8.1; https://isekainonbirinoukachapters.com"
216.73.216.247 - - [09/Jun/2025:23:33:55 -0400] "GET /detail/meanw61482685.html HTTP/1.1" 301 0 "-" "Mozilla/5.0 AppleWebKit/537.36 (KHTML, like Gecko; compatible; ClaudeBot/1.0; [email protected])"
216.73.216.247 - - [09/Jun/2025:23:33:55 -0400] "GET /detail/sent61495917.html HTTP/1.1" 301 0 "-" "Mozilla/5.0 AppleWebKit/537.36 (KHTML, like Gecko; compatible; ClaudeBot/1.0; [email protected])"
216.73.216.247 - - [09/Jun/2025:23:33:55 -0400] "GET /detail/white50248436.html HTTP/1.1" 301 0 "-" "Mozilla/5.0 AppleWebKit/537.36 (KHTML, like Gecko; compatible; ClaudeBot/1.0; [email protected])"
216.73.216.247 - - [09/Jun/2025:23:33:56 -0400] "GET /detail/deep61080557.html HTTP/1.1" 301 0 "-" "Mozilla/5.0 AppleWebKit/537.36 (KHTML, like Gecko; compatible; ClaudeBot/1.0; [email protected])"
162.0.232.193 - - [09/Jun/2025:23:34:01 -0400] "GET /wp-content/uploads/89b93a66fa29a678cbd60ff176e1ea9a_1973.xml HTTP/1.1" 200 1362 "-" "Mozilla/5.0 (X11; Linux x86_64) AppleWebKit/537.36 (KHTML, like Gecko) Ubuntu Chromium/41.0.2272.76"
120.18.166.57 - - [09/Jun/2025:23:34:08 -0400] "GET /manga/farming-life-in-another-world-chapter-57/ HTTP/1.1" 200 34510 "https://isekainonbirinoukachapters.com/manga/farming-life-in-another-world-chapter-56/" "Mozilla/5.0 (iPhone; CPU iPhone OS 18_5_0 like Mac OS X) AppleWebKit/605.1.15 (KHTML, like Gecko) CriOS/137.0.7151.79 Mobile/15E148 Safari/604.1"
120.18.166.57 - - [09/Jun/2025:23:34:10 -0400] "POST /wp-admin/admin-ajax.php HTTP/1.1" 200 61 "https://isekainonbirinoukachapters.com/manga/farming-life-in-another-world-chapter-57/" "Mozilla/5.0 (iPhone; CPU iPhone OS 18_5_0 like Mac OS X) AppleWebKit/605.1.15 (KHTML, like Gecko) CriOS/137.0.7151.79 Mobile/15E148 Safari/604.1"
216.73.216.247 - - [09/Jun/2025:23:34:35 -0400] "GET /detail/chat81393423.html HTTP/1.1" 301 0 "-" "Mozilla/5.0 AppleWebKit/537.36 (KHTML, like Gecko; compatible; ClaudeBot/1.0; [email protected])"
216.73.216.247 - - [09/Jun/2025:23:34:35 -0400] "GET /detail/neces41420571.html HTTP/1.1" 301 0 "-" "Mozilla/5.0 AppleWebKit/537.36 (KHTML, like Gecko; compatible; ClaudeBot/1.0; [email protected])"
216.73.216.247 - - [09/Jun/2025:23:34:35 -0400] "GET /detail/repet30666986.html HTTP/1.1" 301 0 "-" "Mozilla/5.0 AppleWebKit/537.36 (KHTML, like Gecko; compatible; ClaudeBot/1.0; [email protected])"
216.73.216.247 - - [09/Jun/2025:23:34:36 -0400] "GET /detail/goat30920690.html HTTP/1.1" 301 0 "-" "Mozilla/5.0 AppleWebKit/537.36 (KHTML, like Gecko; compatible; ClaudeBot/1.0; [email protected])"
216.73.216.247 - - [09/Jun/2025:23:34:36 -0400] "GET /detail/speec82629207.html HTTP/1.1" 301 0 "-" "Mozilla/5.0 AppleWebKit/537.36 (KHTML, like Gecko; compatible; ClaudeBot/1.0; [email protected])"
216.73.216.247 - - [09/Jun/2025:23:34:38 -0400] "GET /detail/daugh60620885.html HTTP/1.1" 301 0 "-" "Mozilla/5.0 AppleWebKit/537.36 (KHTML, like Gecko; compatible; ClaudeBot/1.0; [email protected])"
216.73.216.247 - - [09/Jun/2025:23:34:38 -0400] "GET /detail/optio12022024.html HTTP/1.1" 301 0 "-" "Mozilla/5.0 AppleWebKit/537.36 (KHTML, like Gecko; compatible; ClaudeBot/1.0; [email protected])"
216.73.216.247 - - [09/Jun/2025:23:34:38 -0400] "GET /detail/sass22527889.html HTTP/1.1" 301 0 "-" "Mozilla/5.0 AppleWebKit/537.36 (KHTML, like Gecko; compatible; ClaudeBot/1.0; [email protected])"
216.73.216.247 - - [09/Jun/2025:23:34:38 -0400] "GET /detail/cheer82765095.html HTTP/1.1" 301 0 "-" "Mozilla/5.0 AppleWebKit/537.36 (KHTML, like Gecko; compatible; ClaudeBot/1.0; [email protected])"
8.217.143.230 - - [09/Jun/2025:23:34:43 -0400] "GET /?p=1997 HTTP/1.1" 301 0 "-" "AliyunSecBot/Aliyun ([email protected])"
8.217.212.36 - - [09/Jun/2025:23:34:45 -0400] "GET /manga/farming-life-in-another-world-chapter-233/ HTTP/1.1" 200 34158 "-" "AliyunSecBot/Aliyun ([email protected])"
162.0.232.193 - - [09/Jun/2025:23:35:26 -0400] "POST /wp-cron.php?doing_wp_cron=1749526525.7578859329223632812500 HTTP/1.1" 200 0 "-" "WordPress/6.8.1; https://isekainonbirinoukachapters.com"
8.217.209.210 - - [09/Jun/2025:23:35:24 -0400] "GET /wp-json/oembed/1.0/embed?url=https%3A%2F%2Fisekainonbirinoukachapters.com%2Fmanga%2Ffarming-life-in-another-world-chapter-106%2F HTTP/1.1" 200 2601 "-" "AliyunSecBot/Aliyun ([email protected])"
162.0.232.193 - - [09/Jun/2025:23:35:43 -0400] "POST /wp-cron.php?doing_wp_cron=1749526542.8358569145202636718750 HTTP/1.1" 200 0 "-" "WordPress/6.8.1; https://isekainonbirinoukachapters.com"
216.73.216.247 - - [09/Jun/2025:23:35:40 -0400] "GET /detail/sweep32353570.html HTTP/1.1" 301 0 "-" "Mozilla/5.0 AppleWebKit/537.36 (KHTML, like Gecko; compatible; ClaudeBot/1.0; [email protected])"
216.73.216.247 - - [09/Jun/2025:23:35:40 -0400] "GET /detail/clone21001273.html HTTP/1.1" 301 0 "-" "Mozilla/5.0 AppleWebKit/537.36 (KHTML, like Gecko; compatible; ClaudeBot/1.0; [email protected])"
162.0.232.193 - - [09/Jun/2025:23:35:43 -0400] "POST /wp-cron.php?doing_wp_cron=1749526542.7421679496765136718750 HTTP/1.1" 200 0 "-" "WordPress/6.8.1; https://isekainonbirinoukachapters.com"
216.73.216.247 - - [09/Jun/2025:23:35:40 -0400] "GET /detail/ton81416935.html HTTP/1.1" 301 0 "-" "Mozilla/5.0 AppleWebKit/537.36 (KHTML, like Gecko; compatible; ClaudeBot/1.0; [email protected])"
216.73.216.247 - - [09/Jun/2025:23:35:40 -0400] "GET /detail/guest71960334.html HTTP/1.1" 301 0 "-" "Mozilla/5.0 AppleWebKit/537.36 (KHTML, like Gecko; compatible; ClaudeBot/1.0; [email protected])"
216.73.216.247 - - [09/Jun/2025:23:35:41 -0400] "GET /detail/inval81961975.html HTTP/1.1" 301 0 "-" "Mozilla/5.0 AppleWebKit/537.36 (KHTML, like Gecko; compatible; ClaudeBot/1.0; [email protected])"
216.73.216.247 - - [09/Jun/2025:23:35:43 -0400] "GET /detail/cerem82374119.html HTTP/1.1" 301 0 "-" "Mozilla/5.0 AppleWebKit/537.36 (KHTML, like Gecko; compatible; ClaudeBot/1.0; [email protected])"
216.73.216.247 - - [09/Jun/2025:23:35:43 -0400] "GET /detail/domes60910229.html HTTP/1.1" 301 0 "-" "Mozilla/5.0 AppleWebKit/537.36 (KHTML, like Gecko; compatible; ClaudeBot/1.0; [email protected])"
216.73.216.247 - - [09/Jun/2025:23:35:43 -0400] "GET /detail/hand10529040.html HTTP/1.1" 301 0 "-" "Mozilla/5.0 AppleWebKit/537.36 (KHTML, like Gecko; compatible; ClaudeBot/1.0; [email protected])"
216.73.216.247 - - [09/Jun/2025:23:35:43 -0400] "GET /detail/futur41964371.html HTTP/1.1" 301 0 "-" "Mozilla/5.0 AppleWebKit/537.36 (KHTML, like Gecko; compatible; ClaudeBot/1.0; [email protected])"
162.0.232.193 - - [09/Jun/2025:23:36:01 -0400] "POST /wp-cron.php?doing_wp_cron=1749526561.1413600444793701171875 HTTP/1.1" 200 0 "-" "WordPress/6.8.1; https://isekainonbirinoukachapters.com"
43.159.145.149 - - [09/Jun/2025:23:36:00 -0400] "GET /manga/farming-life-in-another-world-chapter-11/ HTTP/1.1" 200 34578 "-" "Mozilla/5.0 (iPhone; CPU iPhone OS 13_2_3 like Mac OS X) AppleWebKit/605.1.15 (KHTML, like Gecko) Version/13.0.3 Mobile/15E148 Safari/604.1"
162.0.232.193 - - [09/Jun/2025:23:36:03 -0400] "GET /wp-content/uploads/89b93a66fa29a678cbd60ff176e1ea9a_1973.xml HTTP/1.1" 200 1499 "-" "Mozilla/5.0 (X11; Linux x86_64) AppleWebKit/537.36 (KHTML, like Gecko) Ubuntu Chromium/41.0.2272.76"
216.73.216.247 - - [09/Jun/2025:23:36:19 -0400] "GET /detail/slam80855111.html HTTP/1.1" 301 0 "-" "Mozilla/5.0 AppleWebKit/537.36 (KHTML, like Gecko; compatible; ClaudeBot/1.0; [email protected])"
216.73.216.247 - - [09/Jun/2025:23:36:19 -0400] "GET /detail/guilt60166429.html HTTP/1.1" 301 0 "-" "Mozilla/5.0 AppleWebKit/537.36 (KHTML, like Gecko; compatible; ClaudeBot/1.0; [email protected])"
216.73.216.247 - - [09/Jun/2025:23:36:19 -0400] "GET /detail/super21740409.html HTTP/1.1" 301 0 "-" "Mozilla/5.0 AppleWebKit/537.36 (KHTML, like Gecko; compatible; ClaudeBot/1.0; [email protected])"
