20.171.207.143 - - [10/Jun/2025:00:21:22 -0400] "GET /detail/spide71209702.html HTTP/1.1" 301 0 "-" "Mozilla/5.0 AppleWebKit/537.36 (KHTML, like Gecko; compatible; GPTBot/1.2; +https://openai.com/gptbot)"
20.171.207.143 - - [10/Jun/2025:00:21:22 -0400] "GET / HTTP/1.1" 200 32194 "-" "Mozilla/5.0 AppleWebKit/537.36 (KHTML, like Gecko; compatible; GPTBot/1.2; +https://openai.com/gptbot)"
20.171.207.143 - - [10/Jun/2025:00:21:24 -0400] "GET /detail/hairc40407571.html HTTP/1.1" 301 0 "-" "Mozilla/5.0 AppleWebKit/537.36 (KHTML, like Gecko; compatible; GPTBot/1.2; +https://openai.com/gptbot)"
20.171.207.143 - - [10/Jun/2025:00:21:25 -0400] "GET / HTTP/1.1" 200 32194 "-" "Mozilla/5.0 AppleWebKit/537.36 (KHTML, like Gecko; compatible; GPTBot/1.2; +https://openai.com/gptbot)"
20.171.207.143 - - [10/Jun/2025:00:21:29 -0400] "GET /detail/cheri51771724.html HTTP/1.1" 301 0 "-" "Mozilla/5.0 AppleWebKit/537.36 (KHTML, like Gecko; compatible; GPTBot/1.2; +https://openai.com/gptbot)"
2601:14b:4b81:e810:26a7:8757:4cf0:fb0d - - [10/Jun/2025:00:21:31 -0400] "GET /manga/farming-life-in-another-world-chapter-56/ HTTP/1.1" 200 34078 "https://isekainonbirinoukachapters.com/manga/farming-life-in-another-world-chapter-55/" "Mozilla/5.0 (Linux; Android 10; K) AppleWebKit/537.36 (KHTML, like Gecko) Chrome/137.0.0.0 Mobile Safari/537.36"
20.171.207.143 - - [10/Jun/2025:00:21:31 -0400] "GET / HTTP/1.1" 200 32194 "-" "Mozilla/5.0 AppleWebKit/537.36 (KHTML, like Gecko; compatible; GPTBot/1.2; +https://openai.com/gptbot)"
2601:14b:4b81:e810:26a7:8757:4cf0:fb0d - - [10/Jun/2025:00:21:32 -0400] "GET /manga/farming-life-in-another-world-chapter-56/ HTTP/1.1" 200 34078 "https://isekainonbirinoukachapters.com/manga/farming-life-in-another-world-chapter-55/" "Mozilla/5.0 (Linux; Android 10; K) AppleWebKit/537.36 (KHTML, like Gecko) Chrome/137.0.0.0 Mobile Safari/537.36"
20.171.207.143 - - [10/Jun/2025:00:21:41 -0400] "GET /detail/civil72201926.html HTTP/1.1" 301 0 "-" "Mozilla/5.0 AppleWebKit/537.36 (KHTML, like Gecko; compatible; GPTBot/1.2; +https://openai.com/gptbot)"
20.171.207.143 - - [10/Jun/2025:00:21:42 -0400] "GET / HTTP/1.1" 200 32194 "-" "Mozilla/5.0 AppleWebKit/537.36 (KHTML, like Gecko; compatible; GPTBot/1.2; +https://openai.com/gptbot)"
20.171.207.143 - - [10/Jun/2025:00:21:47 -0400] "GET /detail/irreg70233870.html HTTP/1.1" 301 0 "-" "Mozilla/5.0 AppleWebKit/537.36 (KHTML, like Gecko; compatible; GPTBot/1.2; +https://openai.com/gptbot)"
20.171.207.143 - - [10/Jun/2025:00:21:49 -0400] "GET / HTTP/1.1" 200 32194 "-" "Mozilla/5.0 AppleWebKit/537.36 (KHTML, like Gecko; compatible; GPTBot/1.2; +https://openai.com/gptbot)"
20.171.207.143 - - [10/Jun/2025:00:21:51 -0400] "GET /detail/tasty61457621.html HTTP/1.1" 301 0 "-" "Mozilla/5.0 AppleWebKit/537.36 (KHTML, like Gecko; compatible; GPTBot/1.2; +https://openai.com/gptbot)"
20.171.207.143 - - [10/Jun/2025:00:21:52 -0400] "GET / HTTP/1.1" 200 32194 "-" "Mozilla/5.0 AppleWebKit/537.36 (KHTML, like Gecko; compatible; GPTBot/1.2; +https://openai.com/gptbot)"
216.73.216.22 - - [10/Jun/2025:00:21:53 -0400] "GET /detail/telev10712984.html HTTP/1.1" 301 0 "-" "Mozilla/5.0 AppleWebKit/537.36 (KHTML, like Gecko; compatible; ClaudeBot/1.0; [email protected])"
216.73.216.22 - - [10/Jun/2025:00:21:53 -0400] "GET /detail/foreh50739564.html HTTP/1.1" 301 0 "-" "Mozilla/5.0 AppleWebKit/537.36 (KHTML, like Gecko; compatible; ClaudeBot/1.0; [email protected])"
216.73.216.22 - - [10/Jun/2025:00:21:53 -0400] "GET /detail/realm21370465.html HTTP/1.1" 301 0 "-" "Mozilla/5.0 AppleWebKit/537.36 (KHTML, like Gecko; compatible; ClaudeBot/1.0; [email protected])"
216.73.216.22 - - [10/Jun/2025:00:21:53 -0400] "GET /detail/fligh31125322.html HTTP/1.1" 301 0 "-" "Mozilla/5.0 AppleWebKit/537.36 (KHTML, like Gecko; compatible; ClaudeBot/1.0; [email protected])"
216.73.216.22 - - [10/Jun/2025:00:21:54 -0400] "GET /detail/destr20161417.html HTTP/1.1" 301 0 "-" "Mozilla/5.0 AppleWebKit/537.36 (KHTML, like Gecko; compatible; ClaudeBot/1.0; [email protected])"
216.73.216.22 - - [10/Jun/2025:00:21:55 -0400] "GET /detail/weld31047602.html HTTP/1.1" 301 0 "-" "Mozilla/5.0 AppleWebKit/537.36 (KHTML, like Gecko; compatible; ClaudeBot/1.0; [email protected])"
216.73.216.22 - - [10/Jun/2025:00:21:55 -0400] "GET /detail/pint12663064.html HTTP/1.1" 301 0 "-" "Mozilla/5.0 AppleWebKit/537.36 (KHTML, like Gecko; compatible; ClaudeBot/1.0; [email protected])"
162.0.232.193 - - [10/Jun/2025:00:21:56 -0400] "POST /wp-cron.php?doing_wp_cron=1749529316.4709289073944091796875 HTTP/1.1" 200 0 "-" "WordPress/6.8.1; https://isekainonbirinoukachapters.com"
216.73.216.22 - - [10/Jun/2025:00:21:55 -0400] "GET /detail/gasol42395155.html HTTP/1.1" 301 0 "-" "Mozilla/5.0 AppleWebKit/537.36 (KHTML, like Gecko; compatible; ClaudeBot/1.0; [email protected])"
2409:40e6:e:d85f:8000:: - - [10/Jun/2025:00:22:01 -0400] "GET /manga/farming-life-in-another-world-chapter-53/ HTTP/1.1" 200 34019 "-" "Mozilla/5.0 (X11; Linux x86_64) AppleWebKit/537.36 (KHTML, like Gecko) Chrome/137.0.0.0 Safari/537.36"
2409:40e6:e:d85f:8000:: - - [10/Jun/2025:00:22:04 -0400] "GET /manga/farming-life-in-another-world-chapter-53/ HTTP/1.1" 200 34011 "https://isekainonbirinoukachapters.com/manga/farming-life-in-another-world-chapter-52/" "Mozilla/5.0 (X11; Linux x86_64) AppleWebKit/537.36 (KHTML, like Gecko) Chrome/137.0.0.0 Safari/537.36"
162.0.232.193 - - [10/Jun/2025:00:22:26 -0400] "POST /wp-cron.php?doing_wp_cron=1749529346.5640969276428222656250 HTTP/1.1" 200 0 "-" "WordPress/6.8.1; https://isekainonbirinoukachapters.com"
20.171.207.143 - - [10/Jun/2025:00:22:26 -0400] "GET /detail/handl82018263.html HTTP/1.1" 301 0 "-" "Mozilla/5.0 AppleWebKit/537.36 (KHTML, like Gecko; compatible; GPTBot/1.2; +https://openai.com/gptbot)"
162.0.232.193 - - [10/Jun/2025:00:22:28 -0400] "POST /wp-cron.php?doing_wp_cron=1749529348.1940150260925292968750 HTTP/1.1" 200 0 "-" "WordPress/6.8.1; https://isekainonbirinoukachapters.com"
20.171.207.143 - - [10/Jun/2025:00:22:27 -0400] "GET / HTTP/1.1" 200 32194 "-" "Mozilla/5.0 AppleWebKit/537.36 (KHTML, like Gecko; compatible; GPTBot/1.2; +https://openai.com/gptbot)"
114.119.145.129 - - [10/Jun/2025:00:22:29 -0400] "GET /manga/farming-life-in-another-world-chapter-19/ HTTP/1.1" 200 34142 "https://isekainonbirinoukachapters.com/manga/isekai-nonbiri-nouka-chapter-57-village-gathering-plan/" "Mozilla/5.0 (Linux; Android 7.0;) AppleWebKit/537.36 (KHTML, like Gecko) Mobile Safari/537.36 (compatible; PetalBot;+https://webmaster.petalsearch.com/site/petalbot)"
20.171.207.143 - - [10/Jun/2025:00:22:35 -0400] "GET /detail/dolla31384650.html HTTP/1.1" 301 0 "-" "Mozilla/5.0 AppleWebKit/537.36 (KHTML, like Gecko; compatible; GPTBot/1.2; +https://openai.com/gptbot)"
20.171.207.143 - - [10/Jun/2025:00:22:35 -0400] "GET / HTTP/1.1" 200 32194 "-" "Mozilla/5.0 AppleWebKit/537.36 (KHTML, like Gecko; compatible; GPTBot/1.2; +https://openai.com/gptbot)"
216.73.216.22 - - [10/Jun/2025:00:22:36 -0400] "GET /detail/pile80119119.html HTTP/1.1" 301 0 "-" "Mozilla/5.0 AppleWebKit/537.36 (KHTML, like Gecko; compatible; ClaudeBot/1.0; [email protected])"
216.73.216.22 - - [10/Jun/2025:00:22:36 -0400] "GET /detail/pride51072348.html HTTP/1.1" 301 0 "-" "Mozilla/5.0 AppleWebKit/537.36 (KHTML, like Gecko; compatible; ClaudeBot/1.0; [email protected])"
216.73.216.22 - - [10/Jun/2025:00:22:36 -0400] "GET /detail/ameri11584016.html HTTP/1.1" 301 0 "-" "Mozilla/5.0 AppleWebKit/537.36 (KHTML, like Gecko; compatible; ClaudeBot/1.0; [email protected])"
216.73.216.22 - - [10/Jun/2025:00:22:36 -0400] "GET /detail/durab72614142.html HTTP/1.1" 301 0 "-" "Mozilla/5.0 AppleWebKit/537.36 (KHTML, like Gecko; compatible; ClaudeBot/1.0; [email protected])"
216.73.216.22 - - [10/Jun/2025:00:22:36 -0400] "GET /detail/eight20336241.html HTTP/1.1" 301 0 "-" "Mozilla/5.0 AppleWebKit/537.36 (KHTML, like Gecko; compatible; ClaudeBot/1.0; [email protected])"
216.73.216.22 - - [10/Jun/2025:00:22:37 -0400] "GET /detail/eat52825540.html HTTP/1.1" 301 0 "-" "Mozilla/5.0 AppleWebKit/537.36 (KHTML, like Gecko; compatible; ClaudeBot/1.0; [email protected])"
216.73.216.22 - - [10/Jun/2025:00:22:38 -0400] "GET /detail/irrat31522322.html HTTP/1.1" 301 0 "-" "Mozilla/5.0 AppleWebKit/537.36 (KHTML, like Gecko; compatible; ClaudeBot/1.0; [email protected])"
216.73.216.22 - - [10/Jun/2025:00:22:38 -0400] "GET /detail/mom21977625.html HTTP/1.1" 301 0 "-" "Mozilla/5.0 AppleWebKit/537.36 (KHTML, like Gecko; compatible; ClaudeBot/1.0; [email protected])"
92.239.194.237 - - [10/Jun/2025:00:22:39 -0400] "GET /manga/farming-life-in-another-world-chapter-1/ HTTP/1.1" 200 34389 "https://isekainonbirinoukachapters.com/" "Mozilla/5.0 (Linux; Android 10; K) AppleWebKit/537.36 (KHTML, like Gecko) Chrome/125.0.0.0 Mobile Safari/537.36"
92.239.194.237 - - [10/Jun/2025:00:22:42 -0400] "GET /wp-content/cache/min/1/wp-content/plugins/wp-automatic/js/main-front.js?ver=1729190448 HTTP/1.1" 200 276 "https://isekainonbirinoukachapters.com/manga/farming-life-in-another-world-chapter-1/" "Mozilla/5.0 (Linux; Android 10; K) AppleWebKit/537.36 (KHTML, like Gecko) Chrome/125.0.0.0 Mobile Safari/537.36"
92.239.194.237 - - [10/Jun/2025:00:22:42 -0400] "GET /wp-content/cache/min/1/wp-content/plugins/disqus-comment-system/public/js/comment_embed.js?ver=1729190448 HTTP/1.1" 200 494 "https://isekainonbirinoukachapters.com/manga/farming-life-in-another-world-chapter-1/" "Mozilla/5.0 (Linux; Android 10; K) AppleWebKit/537.36 (KHTML, like Gecko) Chrome/125.0.0.0 Mobile Safari/537.36"
162.0.232.193 - - [10/Jun/2025:00:22:49 -0400] "POST /wp-cron.php?doing_wp_cron=1749529369.7494649887084960937500 HTTP/1.1" 200 0 "-" "WordPress/6.8.1; https://isekainonbirinoukachapters.com"
198.98.50.39 - - [10/Jun/2025:00:22:48 -0400] "GET /wp-login.php HTTP/1.1" 200 1910 "-" "Mozilla/5.0 (Macintosh; Intel Mac OS X 10_7_5) AppleWebKit/537.36 (KHTML, like Gecko) Chrome/36.0.1985.125 Safari/537.36"
20.171.207.143 - - [10/Jun/2025:00:22:49 -0400] "GET /detail/seize32846346.html HTTP/1.1" 301 0 "-" "Mozilla/5.0 AppleWebKit/537.36 (KHTML, like Gecko; compatible; GPTBot/1.2; +https://openai.com/gptbot)"
198.98.50.39 - - [10/Jun/2025:00:22:50 -0400] "POST /wp-login.php HTTP/1.1" 200 2047 "-" "Mozilla/5.0 (Macintosh; Intel Mac OS X 10_7_5) AppleWebKit/537.36 (KHTML, like Gecko) Chrome/36.0.1985.125 Safari/537.36"
162.0.232.193 - - [10/Jun/2025:00:22:54 -0400] "POST /wp-cron.php?doing_wp_cron=1749529374.6611239910125732421875 HTTP/1.1" 200 0 "-" "WordPress/6.8.1; https://isekainonbirinoukachapters.com"
20.171.207.143 - - [10/Jun/2025:00:22:51 -0400] "GET / HTTP/1.1" 200 32196 "-" "Mozilla/5.0 AppleWebKit/537.36 (KHTML, like Gecko; compatible; GPTBot/1.2; +https://openai.com/gptbot)"
2409:40e6:e:d85f:8000:: - - [10/Jun/2025:00:22:52 -0400] "GET /manga/farming-life-in-another-world-chapter-54/ HTTP/1.1" 200 34134 "-" "Mozilla/5.0 (X11; Linux x86_64) AppleWebKit/537.36 (KHTML, like Gecko) Chrome/137.0.0.0 Safari/537.36"
162.0.232.193 - - [10/Jun/2025:00:22:58 -0400] "GET /wp-content/uploads/89b93a66fa29a678cbd60ff176e1ea9a_1973.xml HTTP/1.1" 200 1499 "-" "Mozilla/5.0 (X11; Linux x86_64) AppleWebKit/537.36 (KHTML, like Gecko) Ubuntu Chromium/41.0.2272.76"
20.171.207.143 - - [10/Jun/2025:00:22:57 -0400] "GET /detail/fatal21386065.html HTTP/1.1" 301 0 "-" "Mozilla/5.0 AppleWebKit/537.36 (KHTML, like Gecko; compatible; GPTBot/1.2; +https://openai.com/gptbot)"
2409:40e6:e:d85f:8000:: - - [10/Jun/2025:00:22:56 -0400] "GET /manga/farming-life-in-another-world-chapter-54/ HTTP/1.1" 200 34133 "https://isekainonbirinoukachapters.com/manga/farming-life-in-another-world-chapter-53/" "Mozilla/5.0 (X11; Linux x86_64) AppleWebKit/537.36 (KHTML, like Gecko) Chrome/137.0.0.0 Safari/537.36"
20.171.207.143 - - [10/Jun/2025:00:22:59 -0400] "GET / HTTP/1.1" 200 32194 "-" "Mozilla/5.0 AppleWebKit/537.36 (KHTML, like Gecko; compatible; GPTBot/1.2; +https://openai.com/gptbot)"
20.171.207.143 - - [10/Jun/2025:00:23:09 -0400] "GET /detail/disag82963383.html HTTP/1.1" 301 0 "-" "Mozilla/5.0 AppleWebKit/537.36 (KHTML, like Gecko; compatible; GPTBot/1.2; +https://openai.com/gptbot)"
20.171.207.143 - - [10/Jun/2025:00:23:09 -0400] "GET / HTTP/1.1" 200 32194 "-" "Mozilla/5.0 AppleWebKit/537.36 (KHTML, like Gecko; compatible; GPTBot/1.2; +https://openai.com/gptbot)"
20.171.207.143 - - [10/Jun/2025:00:23:11 -0400] "GET /detail/seaso82464623.html HTTP/1.1" 301 0 "-" "Mozilla/5.0 AppleWebKit/537.36 (KHTML, like Gecko; compatible; GPTBot/1.2; +https://openai.com/gptbot)"
20.171.207.143 - - [10/Jun/2025:00:23:11 -0400] "GET / HTTP/1.1" 200 32194 "-" "Mozilla/5.0 AppleWebKit/537.36 (KHTML, like Gecko; compatible; GPTBot/1.2; +https://openai.com/gptbot)"
216.73.216.22 - - [10/Jun/2025:00:23:17 -0400] "GET /detail/candl21628385.html HTTP/1.1" 301 0 "-" "Mozilla/5.0 AppleWebKit/537.36 (KHTML, like Gecko; compatible; ClaudeBot/1.0; [email protected])"
216.73.216.22 - - [10/Jun/2025:00:23:17 -0400] "GET /detail/nearl80116135.html HTTP/1.1" 301 0 "-" "Mozilla/5.0 AppleWebKit/537.36 (KHTML, like Gecko; compatible; ClaudeBot/1.0; [email protected])"
216.73.216.22 - - [10/Jun/2025:00:23:18 -0400] "GET /detail/diplo22669993.html HTTP/1.1" 301 0 "-" "Mozilla/5.0 AppleWebKit/537.36 (KHTML, like Gecko; compatible; ClaudeBot/1.0; [email protected])"
216.73.216.22 - - [10/Jun/2025:00:23:18 -0400] "GET /detail/owner41000195.html HTTP/1.1" 301 0 "-" "Mozilla/5.0 AppleWebKit/537.36 (KHTML, like Gecko; compatible; ClaudeBot/1.0; [email protected])"
216.73.216.22 - - [10/Jun/2025:00:23:18 -0400] "GET /detail/lane12570464.html HTTP/1.1" 301 0 "-" "Mozilla/5.0 AppleWebKit/537.36 (KHTML, like Gecko; compatible; ClaudeBot/1.0; [email protected])"
216.73.216.22 - - [10/Jun/2025:00:23:19 -0400] "GET /detail/poll11317952.html HTTP/1.1" 301 0 "-" "Mozilla/5.0 AppleWebKit/537.36 (KHTML, like Gecko; compatible; ClaudeBot/1.0; [email protected])"
20.171.207.143 - - [10/Jun/2025:00:23:18 -0400] "GET /detail/hambu10129128.html HTTP/1.1" 301 0 "-" "Mozilla/5.0 AppleWebKit/537.36 (KHTML, like Gecko; compatible; GPTBot/1.2; +https://openai.com/gptbot)"
216.73.216.22 - - [10/Jun/2025:00:23:19 -0400] "GET /detail/sound32312722.html HTTP/1.1" 301 0 "-" "Mozilla/5.0 AppleWebKit/537.36 (KHTML, like Gecko; compatible; ClaudeBot/1.0; [email protected])"
216.73.216.22 - - [10/Jun/2025:00:23:20 -0400] "GET /detail/forty42764155.html HTTP/1.1" 301 0 "-" "Mozilla/5.0 AppleWebKit/537.36 (KHTML, like Gecko; compatible; ClaudeBot/1.0; [email protected])"
20.171.207.143 - - [10/Jun/2025:00:23:21 -0400] "GET / HTTP/1.1" 200 32194 "-" "Mozilla/5.0 AppleWebKit/537.36 (KHTML, like Gecko; compatible; GPTBot/1.2; +https://openai.com/gptbot)"
2409:40e6:e:d85f:8000:: - - [10/Jun/2025:00:23:29 -0400] "GET /manga/farming-life-in-another-world-chapter-55/ HTTP/1.1" 200 34018 "-" "Mozilla/5.0 (X11; Linux x86_64) AppleWebKit/537.36 (KHTML, like Gecko) Chrome/137.0.0.0 Safari/537.36"
2409:40e6:e:d85f:8000:: - - [10/Jun/2025:00:23:30 -0400] "GET /manga/farming-life-in-another-world-chapter-55/ HTTP/1.1" 200 34013 "https://isekainonbirinoukachapters.com/manga/farming-life-in-another-world-chapter-54/" "Mozilla/5.0 (X11; Linux x86_64) AppleWebKit/537.36 (KHTML, like Gecko) Chrome/137.0.0.0 Safari/537.36"
2409:40e6:e:d85f:8000:: - - [10/Jun/2025:00:23:46 -0400] "GET /manga/farming-life-in-another-world-chapter-56/ HTTP/1.1" 200 33979 "-" "Mozilla/5.0 (X11; Linux x86_64) AppleWebKit/537.36 (KHTML, like Gecko) Chrome/137.0.0.0 Safari/537.36"
2409:40e6:e:d85f:8000:: - - [10/Jun/2025:00:23:47 -0400] "GET /manga/farming-life-in-another-world-chapter-56/ HTTP/1.1" 200 33979 "https://isekainonbirinoukachapters.com/manga/farming-life-in-another-world-chapter-55/" "Mozilla/5.0 (X11; Linux x86_64) AppleWebKit/537.36 (KHTML, like Gecko) Chrome/137.0.0.0 Safari/537.36"
162.0.232.193 - - [10/Jun/2025:00:23:57 -0400] "POST /wp-cron.php?doing_wp_cron=1749529437.6723670959472656250000 HTTP/1.1" 200 0 "-" "WordPress/6.8.1; https://isekainonbirinoukachapters.com"
2409:40e6:e:d85f:8000:: - - [10/Jun/2025:00:23:57 -0400] "GET /manga/farming-life-in-another-world-chapter-57/ HTTP/1.1" 200 34016 "-" "Mozilla/5.0 (X11; Linux x86_64) AppleWebKit/537.36 (KHTML, like Gecko) Chrome/137.0.0.0 Safari/537.36"
216.73.216.22 - - [10/Jun/2025:00:23:58 -0400] "GET /detail/equip51177492.html HTTP/1.1" 301 0 "-" "Mozilla/5.0 AppleWebKit/537.36 (KHTML, like Gecko; compatible; ClaudeBot/1.0; [email protected])"
216.73.216.22 - - [10/Jun/2025:00:23:58 -0400] "GET /detail/discu50096564.html HTTP/1.1" 301 0 "-" "Mozilla/5.0 AppleWebKit/537.36 (KHTML, like Gecko; compatible; ClaudeBot/1.0; [email protected])"
216.73.216.22 - - [10/Jun/2025:00:23:58 -0400] "GET /detail/care22812577.html HTTP/1.1" 301 0 "-" "Mozilla/5.0 AppleWebKit/537.36 (KHTML, like Gecko; compatible; ClaudeBot/1.0; [email protected])"
216.73.216.22 - - [10/Jun/2025:00:23:58 -0400] "GET /detail/thriv62726781.html HTTP/1.1" 301 0 "-" "Mozilla/5.0 AppleWebKit/537.36 (KHTML, like Gecko; compatible; ClaudeBot/1.0; [email protected])"
216.73.216.22 - - [10/Jun/2025:00:23:58 -0400] "GET /detail/meet11117448.html HTTP/1.1" 301 0 "-" "Mozilla/5.0 AppleWebKit/537.36 (KHTML, like Gecko; compatible; ClaudeBot/1.0; [email protected])"
216.73.216.22 - - [10/Jun/2025:00:24:00 -0400] "GET /detail/salar52419652.html HTTP/1.1" 301 0 "-" "Mozilla/5.0 AppleWebKit/537.36 (KHTML, like Gecko; compatible; ClaudeBot/1.0; [email protected])"
216.73.216.22 - - [10/Jun/2025:00:24:00 -0400] "GET /detail/hunge81081527.html HTTP/1.1" 301 0 "-" "Mozilla/5.0 AppleWebKit/537.36 (KHTML, like Gecko; compatible; ClaudeBot/1.0; [email protected])"
216.73.216.22 - - [10/Jun/2025:00:24:00 -0400] "GET /detail/ultim52378388.html HTTP/1.1" 301 0 "-" "Mozilla/5.0 AppleWebKit/537.36 (KHTML, like Gecko; compatible; ClaudeBot/1.0; [email protected])"
20.171.207.143 - - [10/Jun/2025:00:24:01 -0400] "GET /detail/trade11580944.html HTTP/1.1" 301 0 "-" "Mozilla/5.0 AppleWebKit/537.36 (KHTML, like Gecko; compatible; GPTBot/1.2; +https://openai.com/gptbot)"
2409:40e6:e:d85f:8000:: - - [10/Jun/2025:00:23:59 -0400] "GET /manga/farming-life-in-another-world-chapter-57/ HTTP/1.1" 200 34011 "https://isekainonbirinoukachapters.com/manga/farming-life-in-another-world-chapter-56/" "Mozilla/5.0 (X11; Linux x86_64) AppleWebKit/537.36 (KHTML, like Gecko) Chrome/137.0.0.0 Safari/537.36"
71.166.61.157 - - [10/Jun/2025:00:24:00 -0400] "GET /manga/farming-life-in-another-world-chapter-66/ HTTP/1.1" 200 34503 "https://isekainonbirinoukachapters.com/manga/farming-life-in-another-world-chapter-65/" "Mozilla/5.0 (iPhone; CPU iPhone OS 18_5 like Mac OS X) AppleWebKit/605.1.15 (KHTML, like Gecko) Version/18.5 Mobile/15E148 Safari/604.1"
71.166.61.157 - - [10/Jun/2025:00:24:03 -0400] "GET /wp-content/cache/min/1/wp-content/plugins/disqus-comment-system/public/js/comment_count.js?ver=1729190448 HTTP/1.1" 200 308 "https://isekainonbirinoukachapters.com/manga/farming-life-in-another-world-chapter-66/" "Mozilla/5.0 (iPhone; CPU iPhone OS 18_5 like Mac OS X) AppleWebKit/605.1.15 (KHTML, like Gecko) Version/18.5 Mobile/15E148 Safari/604.1"
71.166.61.157 - - [10/Jun/2025:00:24:03 -0400] "GET /wp-content/cache/min/1/wp-content/plugins/simple-social-buttons/assets/js/front.js?ver=1729190448 HTTP/1.1" 200 1488 "https://isekainonbirinoukachapters.com/manga/farming-life-in-another-world-chapter-66/" "Mozilla/5.0 (iPhone; CPU iPhone OS 18_5 like Mac OS X) AppleWebKit/605.1.15 (KHTML, like Gecko) Version/18.5 Mobile/15E148 Safari/604.1"
71.166.61.157 - - [10/Jun/2025:00:24:03 -0400] "GET /wp-content/themes/toivo-lite/js/settings.min.js?ver=1.2.0 HTTP/1.1" 200 307 "https://isekainonbirinoukachapters.com/manga/farming-life-in-another-world-chapter-66/" "Mozilla/5.0 (iPhone; CPU iPhone OS 18_5 like Mac OS X) AppleWebKit/605.1.15 (KHTML, like Gecko) Version/18.5 Mobile/15E148 Safari/604.1"
20.171.207.143 - - [10/Jun/2025:00:24:03 -0400] "GET / HTTP/1.1" 200 32196 "-" "Mozilla/5.0 AppleWebKit/537.36 (KHTML, like Gecko; compatible; GPTBot/1.2; +https://openai.com/gptbot)"
71.166.61.157 - - [10/Jun/2025:00:24:03 -0400] "POST /wp-admin/admin-ajax.php HTTP/1.1" 200 61 "https://isekainonbirinoukachapters.com/manga/farming-life-in-another-world-chapter-66/" "Mozilla/5.0 (iPhone; CPU iPhone OS 18_5 like Mac OS X) AppleWebKit/605.1.15 (KHTML, like Gecko) Version/18.5 Mobile/15E148 Safari/604.1"
52.167.144.170 - - [10/Jun/2025:00:24:05 -0400] "GET / HTTP/1.1" 200 32194 "-" "Mozilla/5.0 AppleWebKit/537.36 (KHTML, like Gecko; compatible; bingbot/2.0; +http://www.bing.com/bingbot.htm) Chrome/116.0.1938.76 Safari/537.36"
20.171.207.143 - - [10/Jun/2025:00:24:08 -0400] "GET /detail/prett72564582.html HTTP/1.1" 301 0 "-" "Mozilla/5.0 AppleWebKit/537.36 (KHTML, like Gecko; compatible; GPTBot/1.2; +https://openai.com/gptbot)"
20.171.207.143 - - [10/Jun/2025:00:24:08 -0400] "GET / HTTP/1.1" 200 32194 "-" "Mozilla/5.0 AppleWebKit/537.36 (KHTML, like Gecko; compatible; GPTBot/1.2; +https://openai.com/gptbot)"
162.0.232.193 - - [10/Jun/2025:00:24:18 -0400] "POST /wp-cron.php?doing_wp_cron=1749529458.0672938823699951171875 HTTP/1.1" 200 0 "-" "WordPress/6.8.1; https://isekainonbirinoukachapters.com"
20.171.207.143 - - [10/Jun/2025:00:24:17 -0400] "GET /detail/harde82802695.html HTTP/1.1" 301 0 "-" "Mozilla/5.0 AppleWebKit/537.36 (KHTML, like Gecko; compatible; GPTBot/1.2; +https://openai.com/gptbot)"
20.171.207.143 - - [10/Jun/2025:00:24:18 -0400] "GET / HTTP/1.1" 200 32194 "-" "Mozilla/5.0 AppleWebKit/537.36 (KHTML, like Gecko; compatible; GPTBot/1.2; +https://openai.com/gptbot)"
20.171.207.143 - - [10/Jun/2025:00:24:19 -0400] "GET /detail/asset62806309.html HTTP/1.1" 301 0 "-" "Mozilla/5.0 AppleWebKit/537.36 (KHTML, like Gecko; compatible; GPTBot/1.2; +https://openai.com/gptbot)"
20.171.207.143 - - [10/Jun/2025:00:24:19 -0400] "GET / HTTP/1.1" 200 32194 "-" "Mozilla/5.0 AppleWebKit/537.36 (KHTML, like Gecko; compatible; GPTBot/1.2; +https://openai.com/gptbot)"
2409:40e6:e:d85f:8000:: - - [10/Jun/2025:00:24:25 -0400] "GET /manga/farming-life-in-another-world-chapter-58/ HTTP/1.1" 200 34079 "-" "Mozilla/5.0 (X11; Linux x86_64) AppleWebKit/537.36 (KHTML, like Gecko) Chrome/137.0.0.0 Safari/537.36"
2409:40e6:e:d85f:8000:: - - [10/Jun/2025:00:24:27 -0400] "GET /manga/farming-life-in-another-world-chapter-58/ HTTP/1.1" 200 34106 "https://isekainonbirinoukachapters.com/manga/farming-life-in-another-world-chapter-57/" "Mozilla/5.0 (X11; Linux x86_64) AppleWebKit/537.36 (KHTML, like Gecko) Chrome/137.0.0.0 Safari/537.36"
162.0.232.193 - - [10/Jun/2025:00:24:32 -0400] "POST /wp-cron.php?doing_wp_cron=1749529472.3631789684295654296875 HTTP/1.1" 200 0 "-" "WordPress/6.8.1; https://isekainonbirinoukachapters.com"
20.171.207.143 - - [10/Jun/2025:00:24:30 -0400] "GET /detail/dairy60770789.html HTTP/1.1" 301 0 "-" "Mozilla/5.0 AppleWebKit/537.36 (KHTML, like Gecko; compatible; GPTBot/1.2; +https://openai.com/gptbot)"
20.171.207.143 - - [10/Jun/2025:00:24:32 -0400] "GET / HTTP/1.1" 200 32194 "-" "Mozilla/5.0 AppleWebKit/537.36 (KHTML, like Gecko; compatible; GPTBot/1.2; +https://openai.com/gptbot)"
20.171.207.143 - - [10/Jun/2025:00:24:38 -0400] "GET /detail/diary42913139.html HTTP/1.1" 301 0 "-" "Mozilla/5.0 AppleWebKit/537.36 (KHTML, like Gecko; compatible; GPTBot/1.2; +https://openai.com/gptbot)"
216.73.216.22 - - [10/Jun/2025:00:24:39 -0400] "GET /detail/bird51316868.html HTTP/1.1" 301 0 "-" "Mozilla/5.0 AppleWebKit/537.36 (KHTML, like Gecko; compatible; ClaudeBot/1.0; [email protected])"
216.73.216.22 - - [10/Jun/2025:00:24:40 -0400] "GET /detail/victi41907667.html HTTP/1.1" 301 0 "-" "Mozilla/5.0 AppleWebKit/537.36 (KHTML, like Gecko; compatible; ClaudeBot/1.0; [email protected])"
54.37.138.63 - - [10/Jun/2025:00:24:39 -0400] "GET /manga/farming-life-in-another-world-chapter-76/ HTTP/1.1" 200 34578 "https://isekainonbirinoukachapters.com/manga/farming-life-in-another-world-chapter-75/" "Mozilla/5.0 (Linux; Android 5.0.2; SM-T535) AppleWebKit/537.36 (KHTML, like Gecko) Chrome/94.0.4606.85 Safari/537.36 OPR/66.6.3445.73002"
216.73.216.22 - - [10/Jun/2025:00:24:39 -0400] "GET /detail/retra20814377.html HTTP/1.1" 301 0 "-" "Mozilla/5.0 AppleWebKit/537.36 (KHTML, like Gecko; compatible; ClaudeBot/1.0; [email protected])"
216.73.216.22 - - [10/Jun/2025:00:24:39 -0400] "GET /detail/caree40135067.html HTTP/1.1" 301 0 "-" "Mozilla/5.0 AppleWebKit/537.36 (KHTML, like Gecko; compatible; ClaudeBot/1.0; [email protected])"
216.73.216.22 - - [10/Jun/2025:00:24:40 -0400] "GET /detail/crux21383953.html HTTP/1.1" 301 0 "-" "Mozilla/5.0 AppleWebKit/537.36 (KHTML, like Gecko; compatible; ClaudeBot/1.0; [email protected])"
216.73.216.22 - - [10/Jun/2025:00:24:42 -0400] "GET /detail/quote12671256.html HTTP/1.1" 301 0 "-" "Mozilla/5.0 AppleWebKit/537.36 (KHTML, like Gecko; compatible; ClaudeBot/1.0; [email protected])"
216.73.216.22 - - [10/Jun/2025:00:24:42 -0400] "GET /detail/worth82845119.html HTTP/1.1" 301 0 "-" "Mozilla/5.0 AppleWebKit/537.36 (KHTML, like Gecko; compatible; ClaudeBot/1.0; [email protected])"
216.73.216.22 - - [10/Jun/2025:00:24:42 -0400] "GET /detail/costl42211459.html HTTP/1.1" 301 0 "-" "Mozilla/5.0 AppleWebKit/537.36 (KHTML, like Gecko; compatible; ClaudeBot/1.0; [email protected])"
20.171.207.143 - - [10/Jun/2025:00:24:39 -0400] "GET / HTTP/1.1" 200 32196 "-" "Mozilla/5.0 AppleWebKit/537.36 (KHTML, like Gecko; compatible; GPTBot/1.2; +https://openai.com/gptbot)"
54.37.138.63 - - [10/Jun/2025:00:24:43 -0400] "POST /wp-admin/admin-ajax.php HTTP/1.1" 200 61 "https://isekainonbirinoukachapters.com/manga/farming-life-in-another-world-chapter-76/" "Mozilla/5.0 (Linux; Android 5.0.2; SM-T535) AppleWebKit/537.36 (KHTML, like Gecko) Chrome/94.0.4606.85 Safari/537.36 OPR/66.6.3445.73002"
162.0.232.193 - - [10/Jun/2025:00:25:00 -0400] "POST /wp-cron.php?doing_wp_cron=1749529500.6878840923309326171875 HTTP/1.1" 200 0 "-" "WordPress/6.8.1; https://isekainonbirinoukachapters.com"
20.171.207.143 - - [10/Jun/2025:00:25:00 -0400] "GET /detail/legis22735673.html HTTP/1.1" 301 0 "-" "Mozilla/5.0 AppleWebKit/537.36 (KHTML, like Gecko; compatible; GPTBot/1.2; +https://openai.com/gptbot)"
20.171.207.143 - - [10/Jun/2025:00:25:01 -0400] "GET / HTTP/1.1" 200 32194 "-" "Mozilla/5.0 AppleWebKit/537.36 (KHTML, like Gecko; compatible; GPTBot/1.2; +https://openai.com/gptbot)"
162.0.232.193 - - [10/Jun/2025:00:25:03 -0400] "GET /wp-content/uploads/89b93a66fa29a678cbd60ff176e1ea9a_1973.xml HTTP/1.1" 200 1499 "-" "Mozilla/5.0 (X11; Linux x86_64) AppleWebKit/537.36 (KHTML, like Gecko) Ubuntu Chromium/41.0.2272.76"
43.157.147.3 - - [10/Jun/2025:00:25:02 -0400] "GET /manga/farming-life-in-another-world-chapter-54/ HTTP/1.1" 200 34200 "-" "Mozilla/5.0 (iPhone; CPU iPhone OS 13_2_3 like Mac OS X) AppleWebKit/605.1.15 (KHTML, like Gecko) Version/13.0.3 Mobile/15E148 Safari/604.1"
2409:40e6:e:d85f:8000:: - - [10/Jun/2025:00:25:09 -0400] "GET /manga/farming-life-in-another-world-chapter-59/ HTTP/1.1" 200 34024 "-" "Mozilla/5.0 (X11; Linux x86_64) AppleWebKit/537.36 (KHTML, like Gecko) Chrome/137.0.0.0 Safari/537.36"
2409:40e6:e:d85f:8000:: - - [10/Jun/2025:00:25:12 -0400] "GET /manga/farming-life-in-another-world-chapter-59/ HTTP/1.1" 200 34014 "https://isekainonbirinoukachapters.com/manga/farming-life-in-another-world-chapter-58/" "Mozilla/5.0 (X11; Linux x86_64) AppleWebKit/537.36 (KHTML, like Gecko) Chrome/137.0.0.0 Safari/537.36"
20.171.207.143 - - [10/Jun/2025:00:25:16 -0400] "GET /detail/metho70196446.html HTTP/1.1" 301 0 "-" "Mozilla/5.0 AppleWebKit/537.36 (KHTML, like Gecko; compatible; GPTBot/1.2; +https://openai.com/gptbot)"
20.171.207.143 - - [10/Jun/2025:00:25:18 -0400] "GET / HTTP/1.1" 200 32194 "-" "Mozilla/5.0 AppleWebKit/537.36 (KHTML, like Gecko; compatible; GPTBot/1.2; +https://openai.com/gptbot)"
54.36.148.8 - - [10/Jun/2025:00:25:19 -0400] "GET /category/isekai-nonbiri-nouka/feed/ HTTP/1.1" 304 0 "-" "Mozilla/5.0 (compatible; AhrefsBot/7.0; +http://ahrefs.com/robot/)"
20.171.207.143 - - [10/Jun/2025:00:25:27 -0400] "GET /detail/marry72080726.html HTTP/1.1" 301 0 "-" "Mozilla/5.0 AppleWebKit/537.36 (KHTML, like Gecko; compatible; GPTBot/1.2; +https://openai.com/gptbot)"
20.171.207.143 - - [10/Jun/2025:00:25:29 -0400] "GET / HTTP/1.1" 200 32196 "-" "Mozilla/5.0 AppleWebKit/537.36 (KHTML, like Gecko; compatible; GPTBot/1.2; +https://openai.com/gptbot)"
20.171.207.143 - - [10/Jun/2025:00:25:33 -0400] "GET /detail/humbl71538718.html HTTP/1.1" 301 0 "-" "Mozilla/5.0 AppleWebKit/537.36 (KHTML, like Gecko; compatible; GPTBot/1.2; +https://openai.com/gptbot)"
20.171.207.143 - - [10/Jun/2025:00:25:34 -0400] "GET / HTTP/1.1" 200 32194 "-" "Mozilla/5.0 AppleWebKit/537.36 (KHTML, like Gecko; compatible; GPTBot/1.2; +https://openai.com/gptbot)"
2601:14b:4b81:e810:26a7:8757:4cf0:fb0d - - [10/Jun/2025:00:25:36 -0400] "GET /manga/farming-life-in-another-world-chapter-57/ HTTP/1.1" 200 34107 "https://isekainonbirinoukachapters.com/manga/farming-life-in-another-world-chapter-56/" "Mozilla/5.0 (Linux; Android 10; K) AppleWebKit/537.36 (KHTML, like Gecko) Chrome/137.0.0.0 Mobile Safari/537.36"
2601:14b:4b81:e810:26a7:8757:4cf0:fb0d - - [10/Jun/2025:00:25:39 -0400] "GET /manga/farming-life-in-another-world-chapter-57/ HTTP/1.1" 200 34107 "https://isekainonbirinoukachapters.com/manga/farming-life-in-another-world-chapter-56/" "Mozilla/5.0 (Linux; Android 10; K) AppleWebKit/537.36 (KHTML, like Gecko) Chrome/137.0.0.0 Mobile Safari/537.36"
2409:40e6:e:d85f:8000:: - - [10/Jun/2025:00:25:40 -0400] "GET /manga/farming-life-in-another-world-chapter-60/ HTTP/1.1" 200 34424 "-" "Mozilla/5.0 (X11; Linux x86_64) AppleWebKit/537.36 (KHTML, like Gecko) Chrome/137.0.0.0 Safari/537.36"
52.167.144.170 - - [10/Jun/2025:00:25:41 -0400] "GET /YuR-73acc45532/ HTTP/1.1" 301 0 "-" "Mozilla/5.0 AppleWebKit/537.36 (KHTML, like Gecko; compatible; bingbot/2.0; +http://www.bing.com/bingbot.htm) Chrome/116.0.1938.76 Safari/537.36"
2409:40e6:e:d85f:8000:: - - [10/Jun/2025:00:25:42 -0400] "GET /manga/farming-life-in-another-world-chapter-60/ HTTP/1.1" 200 34412 "https://isekainonbirinoukachapters.com/manga/farming-life-in-another-world-chapter-59/" "Mozilla/5.0 (X11; Linux x86_64) AppleWebKit/537.36 (KHTML, like Gecko) Chrome/137.0.0.0 Safari/537.36"
2409:40e6:e:d85f:8000:: - - [10/Jun/2025:00:25:44 -0400] "POST /wp-admin/admin-ajax.php HTTP/1.1" 200 61 "https://isekainonbirinoukachapters.com/manga/farming-life-in-another-world-chapter-60/" "Mozilla/5.0 (X11; Linux x86_64) AppleWebKit/537.36 (KHTML, like Gecko) Chrome/137.0.0.0 Safari/537.36"
20.171.207.143 - - [10/Jun/2025:00:25:46 -0400] "GET /detail/daily11032712.html HTTP/1.1" 301 0 "-" "Mozilla/5.0 AppleWebKit/537.36 (KHTML, like Gecko; compatible; GPTBot/1.2; +https://openai.com/gptbot)"
114.119.159.246 - - [10/Jun/2025:00:25:48 -0400] "GET /category/manga/page/26/ HTTP/1.1" 200 32651 "https://isekainonbirinoukachapters.com/category/manga/page/22/" "Mozilla/5.0 (Linux; Android 7.0;) AppleWebKit/537.36 (KHTML, like Gecko) Mobile Safari/537.36 (compatible; PetalBot;+https://webmaster.petalsearch.com/site/petalbot)"
20.171.207.143 - - [10/Jun/2025:00:25:48 -0400] "GET / HTTP/1.1" 200 32194 "-" "Mozilla/5.0 AppleWebKit/537.36 (KHTML, like Gecko; compatible; GPTBot/1.2; +https://openai.com/gptbot)"
20.171.207.143 - - [10/Jun/2025:00:25:55 -0400] "GET /detail/parce60686869.html HTTP/1.1" 301 0 "-" "Mozilla/5.0 AppleWebKit/537.36 (KHTML, like Gecko; compatible; GPTBot/1.2; +https://openai.com/gptbot)"
20.171.207.143 - - [10/Jun/2025:00:25:56 -0400] "GET / HTTP/1.1" 200 32194 "-" "Mozilla/5.0 AppleWebKit/537.36 (KHTML, like Gecko; compatible; GPTBot/1.2; +https://openai.com/gptbot)"
162.0.232.193 - - [10/Jun/2025:00:26:03 -0400] "POST /wp-cron.php?doing_wp_cron=1749529562.9923479557037353515625 HTTP/1.1" 200 0 "-" "WordPress/6.8.1; https://isekainonbirinoukachapters.com"
20.171.207.143 - - [10/Jun/2025:00:26:02 -0400] "GET /detail/remai32712714.html HTTP/1.1" 301 0 "-" "Mozilla/5.0 AppleWebKit/537.36 (KHTML, like Gecko; compatible; GPTBot/1.2; +https://openai.com/gptbot)"
20.171.207.143 - - [10/Jun/2025:00:26:03 -0400] "GET / HTTP/1.1" 200 32194 "-" "Mozilla/5.0 AppleWebKit/537.36 (KHTML, like Gecko; compatible; GPTBot/1.2; +https://openai.com/gptbot)"
20.171.207.143 - - [10/Jun/2025:00:26:05 -0400] "GET /detail/parti20433433.html HTTP/1.1" 301 0 "-" "Mozilla/5.0 AppleWebKit/537.36 (KHTML, like Gecko; compatible; GPTBot/1.2; +https://openai.com/gptbot)"
2409:40e6:e:d85f:8000:: - - [10/Jun/2025:00:26:05 -0400] "GET /manga/farming-life-in-another-world-chapter-61/ HTTP/1.1" 200 34596 "-" "Mozilla/5.0 (X11; Linux x86_64) AppleWebKit/537.36 (KHTML, like Gecko) Chrome/137.0.0.0 Safari/537.36"
20.171.207.143 - - [10/Jun/2025:00:26:06 -0400] "GET / HTTP/1.1" 200 32190 "-" "Mozilla/5.0 AppleWebKit/537.36 (KHTML, like Gecko; compatible; GPTBot/1.2; +https://openai.com/gptbot)"
2409:40e6:e:d85f:8000:: - - [10/Jun/2025:00:26:08 -0400] "GET /manga/farming-life-in-another-world-chapter-61/ HTTP/1.1" 200 34565 "https://isekainonbirinoukachapters.com/manga/farming-life-in-another-world-chapter-60/" "Mozilla/5.0 (X11; Linux x86_64) AppleWebKit/537.36 (KHTML, like Gecko) Chrome/137.0.0.0 Safari/537.36"
216.73.216.22 - - [10/Jun/2025:00:26:11 -0400] "GET /detail/emoti62229789.html HTTP/1.1" 301 0 "-" "Mozilla/5.0 AppleWebKit/537.36 (KHTML, like Gecko; compatible; ClaudeBot/1.0; [email protected])"
216.73.216.22 - - [10/Jun/2025:00:26:11 -0400] "GET /detail/oppre80334799.html HTTP/1.1" 301 0 "-" "Mozilla/5.0 AppleWebKit/537.36 (KHTML, like Gecko; compatible; ClaudeBot/1.0; [email protected])"
216.73.216.22 - - [10/Jun/2025:00:26:11 -0400] "GET /detail/belon12945496.html HTTP/1.1" 301 0 "-" "Mozilla/5.0 AppleWebKit/537.36 (KHTML, like Gecko; compatible; ClaudeBot/1.0; [email protected])"
216.73.216.22 - - [10/Jun/2025:00:26:12 -0400] "GET /detail/pluge12235984.html HTTP/1.1" 301 0 "-" "Mozilla/5.0 AppleWebKit/537.36 (KHTML, like Gecko; compatible; ClaudeBot/1.0; [email protected])"
216.73.216.22 - - [10/Jun/2025:00:26:11 -0400] "GET /detail/glori51830380.html HTTP/1.1" 301 0 "-" "Mozilla/5.0 AppleWebKit/537.36 (KHTML, like Gecko; compatible; ClaudeBot/1.0; [email protected])"
20.171.207.143 - - [10/Jun/2025:00:26:13 -0400] "GET /detail/price32821282.html HTTP/1.1" 301 0 "-" "Mozilla/5.0 AppleWebKit/537.36 (KHTML, like Gecko; compatible; GPTBot/1.2; +https://openai.com/gptbot)"
2409:40e6:e:d85f:8000:: - - [10/Jun/2025:00:26:11 -0400] "POST /wp-admin/admin-ajax.php HTTP/1.1" 200 61 "https://isekainonbirinoukachapters.com/manga/farming-life-in-another-world-chapter-61/" "Mozilla/5.0 (X11; Linux x86_64) AppleWebKit/537.36 (KHTML, like Gecko) Chrome/137.0.0.0 Safari/537.36"
216.73.216.22 - - [10/Jun/2025:00:26:13 -0400] "GET /detail/swim60133405.html HTTP/1.1" 301 0 "-" "Mozilla/5.0 AppleWebKit/537.36 (KHTML, like Gecko; compatible; ClaudeBot/1.0; [email protected])"
216.73.216.22 - - [10/Jun/2025:00:26:13 -0400] "GET /detail/hang40009323.html HTTP/1.1" 301 0 "-" "Mozilla/5.0 AppleWebKit/537.36 (KHTML, like Gecko; compatible; ClaudeBot/1.0; [email protected])"
216.73.216.22 - - [10/Jun/2025:00:26:13 -0400] "GET /detail/farme42001291.html HTTP/1.1" 301 0 "-" "Mozilla/5.0 AppleWebKit/537.36 (KHTML, like Gecko; compatible; ClaudeBot/1.0; [email protected])"
20.171.207.143 - - [10/Jun/2025:00:26:14 -0400] "GET / HTTP/1.1" 200 32194 "-" "Mozilla/5.0 AppleWebKit/537.36 (KHTML, like Gecko; compatible; GPTBot/1.2; +https://openai.com/gptbot)"
162.0.232.193 - - [10/Jun/2025:00:26:21 -0400] "POST /wp-cron.php?doing_wp_cron=1749529580.7292070388793945312500 HTTP/1.1" 200 0 "-" "WordPress/6.8.1; https://isekainonbirinoukachapters.com"
20.171.207.143 - - [10/Jun/2025:00:26:20 -0400] "GET /detail/seven41212147.html HTTP/1.1" 301 0 "-" "Mozilla/5.0 AppleWebKit/537.36 (KHTML, like Gecko; compatible; GPTBot/1.2; +https://openai.com/gptbot)"
20.171.207.143 - - [10/Jun/2025:00:26:22 -0400] "GET / HTTP/1.1" 200 32194 "-" "Mozilla/5.0 AppleWebKit/537.36 (KHTML, like Gecko; compatible; GPTBot/1.2; +https://openai.com/gptbot)"
20.171.207.143 - - [10/Jun/2025:00:26:25 -0400] "GET /detail/avail81004575.html HTTP/1.1" 301 0 "-" "Mozilla/5.0 AppleWebKit/537.36 (KHTML, like Gecko; compatible; GPTBot/1.2; +https://openai.com/gptbot)"
162.0.232.193 - - [10/Jun/2025:00:26:28 -0400] "POST /wp-cron.php?doing_wp_cron=1749529588.4775230884552001953125 HTTP/1.1" 200 0 "-" "WordPress/6.8.1; https://isekainonbirinoukachapters.com"
20.171.207.143 - - [10/Jun/2025:00:26:26 -0400] "GET / HTTP/1.1" 200 32194 "-" "Mozilla/5.0 AppleWebKit/537.36 (KHTML, like Gecko; compatible; GPTBot/1.2; +https://openai.com/gptbot)"
54.37.138.63 - - [10/Jun/2025:00:26:29 -0400] "GET /manga/farming-life-in-another-world-chapter-77/ HTTP/1.1" 200 34466 "https://isekainonbirinoukachapters.com/manga/farming-life-in-another-world-chapter-76/" "Mozilla/5.0 (Linux; Android 5.0.2; SM-T535) AppleWebKit/537.36 (KHTML, like Gecko) Chrome/94.0.4606.85 Safari/537.36 OPR/66.6.3445.73002"
20.171.207.143 - - [10/Jun/2025:00:26:31 -0400] "GET /detail/minor22402249.html HTTP/1.1" 301 0 "-" "Mozilla/5.0 AppleWebKit/537.36 (KHTML, like Gecko; compatible; GPTBot/1.2; +https://openai.com/gptbot)"
20.171.207.143 - - [10/Jun/2025:00:26:32 -0400] "GET / HTTP/1.1" 200 32194 "-" "Mozilla/5.0 AppleWebKit/537.36 (KHTML, like Gecko; compatible; GPTBot/1.2; +https://openai.com/gptbot)"
54.37.138.63 - - [10/Jun/2025:00:26:32 -0400] "POST /wp-admin/admin-ajax.php HTTP/1.1" 200 61 "https://isekainonbirinoukachapters.com/manga/farming-life-in-another-world-chapter-77/" "Mozilla/5.0 (Linux; Android 5.0.2; SM-T535) AppleWebKit/537.36 (KHTML, like Gecko) Chrome/94.0.4606.85 Safari/537.36 OPR/66.6.3445.73002"
20.171.207.143 - - [10/Jun/2025:00:26:40 -0400] "GET /detail/reser60266029.html HTTP/1.1" 301 0 "-" "Mozilla/5.0 AppleWebKit/537.36 (KHTML, like Gecko; compatible; GPTBot/1.2; +https://openai.com/gptbot)"
20.171.207.143 - - [10/Jun/2025:00:26:41 -0400] "GET / HTTP/1.1" 200 32194 "-" "Mozilla/5.0 AppleWebKit/537.36 (KHTML, like Gecko; compatible; GPTBot/1.2; +https://openai.com/gptbot)"
162.0.232.193 - - [10/Jun/2025:00:26:56 -0400] "POST /wp-cron.php?doing_wp_cron=1749529615.8584489822387695312500 HTTP/1.1" 200 0 "-" "WordPress/6.8.1; https://isekainonbirinoukachapters.com"
20.171.207.143 - - [10/Jun/2025:00:26:55 -0400] "GET /detail/octob71277126.html HTTP/1.1" 301 0 "-" "Mozilla/5.0 AppleWebKit/537.36 (KHTML, like Gecko; compatible; GPTBot/1.2; +https://openai.com/gptbot)"
2409:40e6:e:d85f:8000:: - - [10/Jun/2025:00:26:54 -0400] "GET /manga/farming-life-in-another-world-chapter-62/ HTTP/1.1" 200 34492 "-" "Mozilla/5.0 (X11; Linux x86_64) AppleWebKit/537.36 (KHTML, like Gecko) Chrome/137.0.0.0 Safari/537.36"
20.171.207.143 - - [10/Jun/2025:00:26:56 -0400] "GET / HTTP/1.1" 200 32194 "-" "Mozilla/5.0 AppleWebKit/537.36 (KHTML, like Gecko; compatible; GPTBot/1.2; +https://openai.com/gptbot)"
2409:40e6:e:d85f:8000:: - - [10/Jun/2025:00:26:57 -0400] "GET /manga/farming-life-in-another-world-chapter-62/ HTTP/1.1" 200 34520 "https://isekainonbirinoukachapters.com/manga/farming-life-in-another-world-chapter-61/" "Mozilla/5.0 (X11; Linux x86_64) AppleWebKit/537.36 (KHTML, like Gecko) Chrome/137.0.0.0 Safari/537.36"
162.0.232.193 - - [10/Jun/2025:00:26:59 -0400] "GET /wp-content/uploads/89b93a66fa29a678cbd60ff176e1ea9a_1973.xml HTTP/1.1" 200 1362 "-" "Mozilla/5.0 (X11; Linux x86_64) AppleWebKit/537.36 (KHTML, like Gecko) Ubuntu Chromium/41.0.2272.76"
20.171.207.143 - - [10/Jun/2025:00:26:59 -0400] "GET /detail/repro11010176.html HTTP/1.1" 301 0 "-" "Mozilla/5.0 AppleWebKit/537.36 (KHTML, like Gecko; compatible; GPTBot/1.2; +https://openai.com/gptbot)"
216.73.216.22 - - [10/Jun/2025:00:26:59 -0400] "GET /detail/favor12273536.html HTTP/1.1" 301 0 "-" "Mozilla/5.0 AppleWebKit/537.36 (KHTML, like Gecko; compatible; ClaudeBot/1.0; [email protected])"
216.73.216.22 - - [10/Jun/2025:00:26:59 -0400] "GET /detail/candl20212385.html HTTP/1.1" 301 0 "-" "Mozilla/5.0 AppleWebKit/537.36 (KHTML, like Gecko; compatible; ClaudeBot/1.0; [email protected])"
216.73.216.22 - - [10/Jun/2025:00:26:59 -0400] "GET /detail/regar60828373.html HTTP/1.1" 301 0 "-" "Mozilla/5.0 AppleWebKit/537.36 (KHTML, like Gecko; compatible; ClaudeBot/1.0; [email protected])"
216.73.216.22 - - [10/Jun/2025:00:26:59 -0400] "GET /detail/altog32039162.html HTTP/1.1" 301 0 "-" "Mozilla/5.0 AppleWebKit/537.36 (KHTML, like Gecko; compatible; ClaudeBot/1.0; [email protected])"
216.73.216.22 - - [10/Jun/2025:00:26:59 -0400] "GET /detail/weld31055602.html HTTP/1.1" 301 0 "-" "Mozilla/5.0 AppleWebKit/537.36 (KHTML, like Gecko; compatible; ClaudeBot/1.0; [email protected])"
216.73.216.22 - - [10/Jun/2025:00:27:01 -0400] "GET /detail/fruit41800219.html HTTP/1.1" 301 0 "-" "Mozilla/5.0 AppleWebKit/537.36 (KHTML, like Gecko; compatible; ClaudeBot/1.0; [email protected])"
216.73.216.22 - - [10/Jun/2025:00:27:01 -0400] "GET /detail/airli52268636.html HTTP/1.1" 301 0 "-" "Mozilla/5.0 AppleWebKit/537.36 (KHTML, like Gecko; compatible; ClaudeBot/1.0; [email protected])"
2409:40e6:e:d85f:8000:: - - [10/Jun/2025:00:26:59 -0400] "POST /wp-admin/admin-ajax.php HTTP/1.1" 200 61 "https://isekainonbirinoukachapters.com/manga/farming-life-in-another-world-chapter-62/" "Mozilla/5.0 (X11; Linux x86_64) AppleWebKit/537.36 (KHTML, like Gecko) Chrome/137.0.0.0 Safari/537.36"
216.73.216.22 - - [10/Jun/2025:00:27:02 -0400] "GET /detail/lands72211734.html HTTP/1.1" 301 0 "-" "Mozilla/5.0 AppleWebKit/537.36 (KHTML, like Gecko; compatible; ClaudeBot/1.0; [email protected])"
20.171.207.143 - - [10/Jun/2025:00:26:59 -0400] "GET / HTTP/1.1" 200 32196 "-" "Mozilla/5.0 AppleWebKit/537.36 (KHTML, like Gecko; compatible; GPTBot/1.2; +https://openai.com/gptbot)"
20.171.207.143 - - [10/Jun/2025:00:27:07 -0400] "GET /detail/frida31120202.html HTTP/1.1" 301 0 "-" "Mozilla/5.0 AppleWebKit/537.36 (KHTML, like Gecko; compatible; GPTBot/1.2; +https://openai.com/gptbot)"
20.171.207.143 - - [10/Jun/2025:00:27:08 -0400] "GET / HTTP/1.1" 200 32196 "-" "Mozilla/5.0 AppleWebKit/537.36 (KHTML, like Gecko; compatible; GPTBot/1.2; +https://openai.com/gptbot)"
114.119.159.246 - - [10/Jun/2025:00:27:08 -0400] "GET /author/admin/page/12/ HTTP/1.1" 200 33262 "https://isekainonbirinoukachapters.com/author/admin/page/11/" "Mozilla/5.0 (Linux; Android 7.0;) AppleWebKit/537.36 (KHTML, like Gecko) Mobile Safari/537.36 (compatible; PetalBot;+https://webmaster.petalsearch.com/site/petalbot)"
2409:40e6:e:d85f:8000:: - - [10/Jun/2025:00:27:13 -0400] "GET /manga/farming-life-in-another-world-chapter-63/ HTTP/1.1" 200 34538 "-" "Mozilla/5.0 (X11; Linux x86_64) AppleWebKit/537.36 (KHTML, like Gecko) Chrome/137.0.0.0 Safari/537.36"
2409:40e6:e:d85f:8000:: - - [10/Jun/2025:00:27:15 -0400] "GET /manga/farming-life-in-another-world-chapter-63/ HTTP/1.1" 200 34549 "https://isekainonbirinoukachapters.com/manga/farming-life-in-another-world-chapter-62/" "Mozilla/5.0 (X11; Linux x86_64) AppleWebKit/537.36 (KHTML, like Gecko) Chrome/137.0.0.0 Safari/537.36"
2603:6010:7620:2300:696b:8d5d:d491:7443 - - [10/Jun/2025:00:27:18 -0400] "GET /manga/farming-life-in-another-world-chapter-256/ HTTP/1.1" 200 34341 "-" "Mozilla/5.0 (Windows NT 10.0; Win64; x64) AppleWebKit/537.36 (KHTML, like Gecko) Chrome/137.0.0.0 Safari/537.36"
2409:40e6:e:d85f:8000:: - - [10/Jun/2025:00:27:19 -0400] "POST /wp-admin/admin-ajax.php HTTP/1.1" 200 61 "https://isekainonbirinoukachapters.com/manga/farming-life-in-another-world-chapter-63/" "Mozilla/5.0 (X11; Linux x86_64) AppleWebKit/537.36 (KHTML, like Gecko) Chrome/137.0.0.0 Safari/537.36"
20.171.207.143 - - [10/Jun/2025:00:27:22 -0400] "GET /detail/eleph21017017.html HTTP/1.1" 301 0 "-" "Mozilla/5.0 AppleWebKit/537.36 (KHTML, like Gecko; compatible; GPTBot/1.2; +https://openai.com/gptbot)"
20.171.207.143 - - [10/Jun/2025:00:27:24 -0400] "GET / HTTP/1.1" 200 32194 "-" "Mozilla/5.0 AppleWebKit/537.36 (KHTML, like Gecko; compatible; GPTBot/1.2; +https://openai.com/gptbot)"
20.171.207.143 - - [10/Jun/2025:00:27:33 -0400] "GET /detail/deer62495061.html HTTP/1.1" 301 0 "-" "Mozilla/5.0 AppleWebKit/537.36 (KHTML, like Gecko; compatible; GPTBot/1.2; +https://openai.com/gptbot)"
20.171.207.143 - - [10/Jun/2025:00:27:34 -0400] "GET / HTTP/1.1" 200 32194 "-" "Mozilla/5.0 AppleWebKit/537.36 (KHTML, like Gecko; compatible; GPTBot/1.2; +https://openai.com/gptbot)"
20.171.207.143 - - [10/Jun/2025:00:27:35 -0400] "GET /detail/defy12435832.html HTTP/1.1" 301 0 "-" "Mozilla/5.0 AppleWebKit/537.36 (KHTML, like Gecko; compatible; GPTBot/1.2; +https://openai.com/gptbot)"
2603:6010:7620:2300:696b:8d5d:d491:7443 - - [10/Jun/2025:00:27:35 -0400] "POST /wp-admin/admin-ajax.php HTTP/1.1" 200 61 "https://isekainonbirinoukachapters.com/manga/farming-life-in-another-world-chapter-256/" "Mozilla/5.0 (Windows NT 10.0; Win64; x64) AppleWebKit/537.36 (KHTML, like Gecko) Chrome/137.0.0.0 Safari/537.36"
20.171.207.143 - - [10/Jun/2025:00:27:36 -0400] "GET / HTTP/1.1" 200 32194 "-" "Mozilla/5.0 AppleWebKit/537.36 (KHTML, like Gecko; compatible; GPTBot/1.2; +https://openai.com/gptbot)"
216.73.216.22 - - [10/Jun/2025:00:27:41 -0400] "GET /detail/cream82965471.html HTTP/1.1" 301 0 "-" "Mozilla/5.0 AppleWebKit/537.36 (KHTML, like Gecko; compatible; ClaudeBot/1.0; [email protected])"
216.73.216.22 - - [10/Jun/2025:00:27:41 -0400] "GET /detail/glass72981022.html HTTP/1.1" 301 0 "-" "Mozilla/5.0 AppleWebKit/537.36 (KHTML, like Gecko; compatible; ClaudeBot/1.0; [email protected])"
216.73.216.22 - - [10/Jun/2025:00:27:41 -0400] "GET /detail/espec42604955.html HTTP/1.1" 301 0 "-" "Mozilla/5.0 AppleWebKit/537.36 (KHTML, like Gecko; compatible; ClaudeBot/1.0; [email protected])"
216.73.216.22 - - [10/Jun/2025:00:27:42 -0400] "GET /detail/agric31463242.html HTTP/1.1" 301 0 "-" "Mozilla/5.0 AppleWebKit/537.36 (KHTML, like Gecko; compatible; ClaudeBot/1.0; [email protected])"
216.73.216.22 - - [10/Jun/2025:00:27:42 -0400] "GET /detail/earth12584704.html HTTP/1.1" 301 0 "-" "Mozilla/5.0 AppleWebKit/537.36 (KHTML, like Gecko; compatible; ClaudeBot/1.0; [email protected])"
216.73.216.22 - - [10/Jun/2025:00:27:42 -0400] "GET /detail/morni50473028.html HTTP/1.1" 301 0 "-" "Mozilla/5.0 AppleWebKit/537.36 (KHTML, like Gecko; compatible; ClaudeBot/1.0; [email protected])"
216.73.216.22 - - [10/Jun/2025:00:27:42 -0400] "GET /detail/museu51912900.html HTTP/1.1" 301 0 "-" "Mozilla/5.0 AppleWebKit/537.36 (KHTML, like Gecko; compatible; ClaudeBot/1.0; [email protected])"
216.73.216.22 - - [10/Jun/2025:00:27:43 -0400] "GET /detail/everl40118419.html HTTP/1.1" 301 0 "-" "Mozilla/5.0 AppleWebKit/537.36 (KHTML, like Gecko; compatible; ClaudeBot/1.0; [email protected])"
2409:40e6:e:d85f:8000:: - - [10/Jun/2025:00:27:49 -0400] "GET /manga/farming-life-in-another-world-chapter-64/ HTTP/1.1" 200 34499 "-" "Mozilla/5.0 (X11; Linux x86_64) AppleWebKit/537.36 (KHTML, like Gecko) Chrome/137.0.0.0 Safari/537.36"
20.171.207.143 - - [10/Jun/2025:00:27:49 -0400] "GET /detail/smash12731688.html HTTP/1.1" 301 0 "-" "Mozilla/5.0 AppleWebKit/537.36 (KHTML, like Gecko; compatible; GPTBot/1.2; +https://openai.com/gptbot)"
2409:40e6:e:d85f:8000:: - - [10/Jun/2025:00:27:50 -0400] "GET /manga/farming-life-in-another-world-chapter-64/ HTTP/1.1" 200 34500 "https://isekainonbirinoukachapters.com/manga/farming-life-in-another-world-chapter-63/" "Mozilla/5.0 (X11; Linux x86_64) AppleWebKit/537.36 (KHTML, like Gecko) Chrome/137.0.0.0 Safari/537.36"
20.171.207.143 - - [10/Jun/2025:00:27:50 -0400] "GET / HTTP/1.1" 200 32194 "-" "Mozilla/5.0 AppleWebKit/537.36 (KHTML, like Gecko; compatible; GPTBot/1.2; +https://openai.com/gptbot)"
2409:40e6:e:d85f:8000:: - - [10/Jun/2025:00:27:52 -0400] "POST /wp-admin/admin-ajax.php HTTP/1.1" 200 61 "https://isekainonbirinoukachapters.com/manga/farming-life-in-another-world-chapter-64/" "Mozilla/5.0 (X11; Linux x86_64) AppleWebKit/537.36 (KHTML, like Gecko) Chrome/137.0.0.0 Safari/537.36"
20.171.207.143 - - [10/Jun/2025:00:27:55 -0400] "GET /detail/width72627398.html HTTP/1.1" 301 0 "-" "Mozilla/5.0 AppleWebKit/537.36 (KHTML, like Gecko; compatible; GPTBot/1.2; +https://openai.com/gptbot)"
20.171.207.143 - - [10/Jun/2025:00:27:55 -0400] "GET / HTTP/1.1" 200 32194 "-" "Mozilla/5.0 AppleWebKit/537.36 (KHTML, like Gecko; compatible; GPTBot/1.2; +https://openai.com/gptbot)"
162.0.232.193 - - [10/Jun/2025:00:27:57 -0400] "POST /wp-cron.php?doing_wp_cron=1749529676.9641718864440917968750 HTTP/1.1" 200 0 "-" "WordPress/6.8.1; https://isekainonbirinoukachapters.com"
20.171.207.143 - - [10/Jun/2025:00:27:56 -0400] "GET /detail/sampl62199461.html HTTP/1.1" 301 0 "-" "Mozilla/5.0 AppleWebKit/537.36 (KHTML, like Gecko; compatible; GPTBot/1.2; +https://openai.com/gptbot)"
20.171.207.143 - - [10/Jun/2025:00:27:57 -0400] "GET / HTTP/1.1" 200 32196 "-" "Mozilla/5.0 AppleWebKit/537.36 (KHTML, like Gecko; compatible; GPTBot/1.2; +https://openai.com/gptbot)"
54.37.138.63 - - [10/Jun/2025:00:27:59 -0400] "GET /manga/farming-life-in-another-world-chapter-78/ HTTP/1.1" 200 34483 "https://isekainonbirinoukachapters.com/manga/farming-life-in-another-world-chapter-77/" "Mozilla/5.0 (Linux; Android 5.0.2; SM-T535) AppleWebKit/537.36 (KHTML, like Gecko) Chrome/94.0.4606.85 Safari/537.36 OPR/66.6.3445.73002"
20.171.207.143 - - [10/Jun/2025:00:28:01 -0400] "GET /detail/rabbi21172057.html HTTP/1.1" 301 0 "-" "Mozilla/5.0 AppleWebKit/537.36 (KHTML, like Gecko; compatible; GPTBot/1.2; +https://openai.com/gptbot)"
20.171.207.143 - - [10/Jun/2025:00:28:01 -0400] "GET / HTTP/1.1" 200 32194 "-" "Mozilla/5.0 AppleWebKit/537.36 (KHTML, like Gecko; compatible; GPTBot/1.2; +https://openai.com/gptbot)"
54.37.138.63 - - [10/Jun/2025:00:28:02 -0400] "POST /wp-admin/admin-ajax.php HTTP/1.1" 200 61 "https://isekainonbirinoukachapters.com/manga/farming-life-in-another-world-chapter-78/" "Mozilla/5.0 (Linux; Android 5.0.2; SM-T535) AppleWebKit/537.36 (KHTML, like Gecko) Chrome/94.0.4606.85 Safari/537.36 OPR/66.6.3445.73002"
