162.0.232.193 - - [09/Jun/2025:23:50:20 -0400] "POST /wp-cron.php?doing_wp_cron=1749527420.7590620517730712890625 HTTP/1.1" 200 0 "-" "WordPress/6.8.1; https://isekainonbirinoukachapters.com"
54.37.138.63 - - [09/Jun/2025:23:50:19 -0400] "GET /manga/farming-life-in-another-world-chapter-74/ HTTP/1.1" 200 34581 "https://isekainonbirinoukachapters.com/manga/farming-life-in-another-world-chapter-73/" "Mozilla/5.0 (Linux; Android 5.0.2; SM-T535) AppleWebKit/537.36 (KHTML, like Gecko) Chrome/94.0.4606.85 Safari/537.36 OPR/66.6.3445.73002"
54.37.138.63 - - [09/Jun/2025:23:50:24 -0400] "POST /wp-admin/admin-ajax.php HTTP/1.1" 200 61 "https://isekainonbirinoukachapters.com/manga/farming-life-in-another-world-chapter-74/" "Mozilla/5.0 (Linux; Android 5.0.2; SM-T535) AppleWebKit/537.36 (KHTML, like Gecko) Chrome/94.0.4606.85 Safari/537.36 OPR/66.6.3445.73002"
162.0.232.193 - - [09/Jun/2025:23:50:41 -0400] "POST /wp-cron.php?doing_wp_cron=1749527441.4373741149902343750000 HTTP/1.1" 200 0 "-" "WordPress/6.8.1; https://isekainonbirinoukachapters.com"
216.73.216.247 - - [09/Jun/2025:23:50:40 -0400] "GET /detail/biolo60013533.html HTTP/1.1" 301 0 "-" "Mozilla/5.0 AppleWebKit/537.36 (KHTML, like Gecko; compatible; ClaudeBot/1.0; [email protected])"
216.73.216.247 - - [09/Jun/2025:23:50:39 -0400] "GET /detail/gilt30743978.html HTTP/1.1" 301 0 "-" "Mozilla/5.0 AppleWebKit/537.36 (KHTML, like Gecko; compatible; ClaudeBot/1.0; [email protected])"
216.73.216.247 - - [09/Jun/2025:23:50:40 -0400] "GET /detail/histo40180619.html HTTP/1.1" 301 0 "-" "Mozilla/5.0 AppleWebKit/537.36 (KHTML, like Gecko; compatible; ClaudeBot/1.0; [email protected])"
216.73.216.247 - - [09/Jun/2025:23:50:39 -0400] "GET /detail/prote11184840.html HTTP/1.1" 301 0 "-" "Mozilla/5.0 AppleWebKit/537.36 (KHTML, like Gecko; compatible; ClaudeBot/1.0; [email protected])"
216.73.216.247 - - [09/Jun/2025:23:50:40 -0400] "GET /detail/sweat12137280.html HTTP/1.1" 301 0 "-" "Mozilla/5.0 AppleWebKit/537.36 (KHTML, like Gecko; compatible; ClaudeBot/1.0; [email protected])"
216.73.216.247 - - [09/Jun/2025:23:50:42 -0400] "GET /detail/quiet21520529.html HTTP/1.1" 301 0 "-" "Mozilla/5.0 AppleWebKit/537.36 (KHTML, like Gecko; compatible; ClaudeBot/1.0; [email protected])"
216.73.216.247 - - [09/Jun/2025:23:50:43 -0400] "GET /detail/cashi81295775.html HTTP/1.1" 301 0 "-" "Mozilla/5.0 AppleWebKit/537.36 (KHTML, like Gecko; compatible; ClaudeBot/1.0; [email protected])"
216.73.216.247 - - [09/Jun/2025:23:50:44 -0400] "GET /detail/mercu52443604.html HTTP/1.1" 301 0 "-" "Mozilla/5.0 AppleWebKit/537.36 (KHTML, like Gecko; compatible; ClaudeBot/1.0; [email protected])"
162.0.232.193 - - [09/Jun/2025:23:50:47 -0400] "POST /wp-cron.php?doing_wp_cron=1749527447.1683959960937500000000 HTTP/1.1" 200 0 "-" "WordPress/6.8.1; https://isekainonbirinoukachapters.com"
216.73.216.247 - - [09/Jun/2025:23:50:44 -0400] "GET /detail/peace60736093.html HTTP/1.1" 301 0 "-" "Mozilla/5.0 AppleWebKit/537.36 (KHTML, like Gecko; compatible; ClaudeBot/1.0; [email protected])"
162.0.232.193 - - [09/Jun/2025:23:51:25 -0400] "POST /wp-cron.php?doing_wp_cron=1749527485.4611608982086181640625 HTTP/1.1" 200 0 "-" "WordPress/6.8.1; https://isekainonbirinoukachapters.com"
216.73.216.247 - - [09/Jun/2025:23:51:24 -0400] "GET /detail/these71952750.html HTTP/1.1" 301 0 "-" "Mozilla/5.0 AppleWebKit/537.36 (KHTML, like Gecko; compatible; ClaudeBot/1.0; [email protected])"
216.73.216.247 - - [09/Jun/2025:23:51:24 -0400] "GET /detail/china81005111.html HTTP/1.1" 301 0 "-" "Mozilla/5.0 AppleWebKit/537.36 (KHTML, like Gecko; compatible; ClaudeBot/1.0; [email protected])"
216.73.216.247 - - [09/Jun/2025:23:51:24 -0400] "GET /detail/gross60163205.html HTTP/1.1" 301 0 "-" "Mozilla/5.0 AppleWebKit/537.36 (KHTML, like Gecko; compatible; ClaudeBot/1.0; [email protected])"
216.73.216.247 - - [09/Jun/2025:23:51:24 -0400] "GET /detail/illus50438268.html HTTP/1.1" 301 0 "-" "Mozilla/5.0 AppleWebKit/537.36 (KHTML, like Gecko; compatible; ClaudeBot/1.0; [email protected])"
216.73.216.247 - - [09/Jun/2025:23:51:24 -0400] "GET /detail/miser82982247.html HTTP/1.1" 301 0 "-" "Mozilla/5.0 AppleWebKit/537.36 (KHTML, like Gecko; compatible; ClaudeBot/1.0; [email protected])"
216.73.216.247 - - [09/Jun/2025:23:51:25 -0400] "GET /detail/verif32910706.html HTTP/1.1" 301 0 "-" "Mozilla/5.0 AppleWebKit/537.36 (KHTML, like Gecko; compatible; ClaudeBot/1.0; [email protected])"
216.73.216.247 - - [09/Jun/2025:23:51:26 -0400] "GET /detail/ridge71875014.html HTTP/1.1" 301 0 "-" "Mozilla/5.0 AppleWebKit/537.36 (KHTML, like Gecko; compatible; ClaudeBot/1.0; [email protected])"
216.73.216.247 - - [09/Jun/2025:23:51:26 -0400] "GET /detail/crow51635260.html HTTP/1.1" 301 0 "-" "Mozilla/5.0 AppleWebKit/537.36 (KHTML, like Gecko; compatible; ClaudeBot/1.0; [email protected])"
216.73.216.247 - - [09/Jun/2025:23:51:26 -0400] "GET /detail/assem22702353.html HTTP/1.1" 301 0 "-" "Mozilla/5.0 AppleWebKit/537.36 (KHTML, like Gecko; compatible; ClaudeBot/1.0; [email protected])"
162.0.232.193 - - [09/Jun/2025:23:51:29 -0400] "GET /wp-content/uploads/89b93a66fa29a678cbd60ff176e1ea9a_1973.xml HTTP/1.1" 200 1499 "-" "Mozilla/5.0 (X11; Linux x86_64) AppleWebKit/537.36 (KHTML, like Gecko) Ubuntu Chromium/41.0.2272.76"
162.0.232.193 - - [09/Jun/2025:23:52:26 -0400] "POST /wp-cron.php?doing_wp_cron=1749527545.7519190311431884765625 HTTP/1.1" 200 0 "-" "WordPress/6.8.1; https://isekainonbirinoukachapters.com"
162.0.232.193 - - [09/Jun/2025:23:52:26 -0400] "POST /wp-cron.php?doing_wp_cron=1749527546.0392799377441406250000 HTTP/1.1" 200 0 "-" "WordPress/6.8.1; https://isekainonbirinoukachapters.com"
216.73.216.247 - - [09/Jun/2025:23:52:23 -0400] "GET /detail/volum12935560.html HTTP/1.1" 301 0 "-" "Mozilla/5.0 AppleWebKit/537.36 (KHTML, like Gecko; compatible; ClaudeBot/1.0; [email protected])"
216.73.216.247 - - [09/Jun/2025:23:52:23 -0400] "GET /detail/stoma41084099.html HTTP/1.1" 301 0 "-" "Mozilla/5.0 AppleWebKit/537.36 (KHTML, like Gecko; compatible; ClaudeBot/1.0; [email protected])"
162.0.232.193 - - [09/Jun/2025:23:52:26 -0400] "POST /wp-cron.php?doing_wp_cron=1749527546.5411720275878906250000 HTTP/1.1" 200 0 "-" "WordPress/6.8.1; https://isekainonbirinoukachapters.com"
162.0.232.193 - - [09/Jun/2025:23:52:26 -0400] "POST /wp-cron.php?doing_wp_cron=1749527546.6371090412139892578125 HTTP/1.1" 200 0 "-" "WordPress/6.8.1; https://isekainonbirinoukachapters.com"
216.73.216.247 - - [09/Jun/2025:23:52:24 -0400] "GET /detail/irreg70221870.html HTTP/1.1" 301 0 "-" "Mozilla/5.0 AppleWebKit/537.36 (KHTML, like Gecko; compatible; ClaudeBot/1.0; [email protected])"
216.73.216.247 - - [09/Jun/2025:23:52:24 -0400] "GET /detail/viola32913930.html HTTP/1.1" 301 0 "-" "Mozilla/5.0 AppleWebKit/537.36 (KHTML, like Gecko; compatible; ClaudeBot/1.0; [email protected])"
162.0.232.193 - - [09/Jun/2025:23:52:27 -0400] "POST /wp-cron.php?doing_wp_cron=1749527547.1446900367736816406250 HTTP/1.1" 200 0 "-" "WordPress/6.8.1; https://isekainonbirinoukachapters.com"
216.73.216.247 - - [09/Jun/2025:23:52:24 -0400] "GET /detail/first11784728.html HTTP/1.1" 301 0 "-" "Mozilla/5.0 AppleWebKit/537.36 (KHTML, like Gecko; compatible; ClaudeBot/1.0; [email protected])"
216.73.216.247 - - [09/Jun/2025:23:52:26 -0400] "GET /detail/ago21649097.html HTTP/1.1" 301 0 "-" "Mozilla/5.0 AppleWebKit/537.36 (KHTML, like Gecko; compatible; ClaudeBot/1.0; [email protected])"
216.73.216.247 - - [09/Jun/2025:23:52:27 -0400] "GET /detail/snowy21676105.html HTTP/1.1" 301 0 "-" "Mozilla/5.0 AppleWebKit/537.36 (KHTML, like Gecko; compatible; ClaudeBot/1.0; [email protected])"
216.73.216.247 - - [09/Jun/2025:23:52:27 -0400] "GET /detail/resea52884628.html HTTP/1.1" 301 0 "-" "Mozilla/5.0 AppleWebKit/537.36 (KHTML, like Gecko; compatible; ClaudeBot/1.0; [email protected])"
216.73.216.247 - - [09/Jun/2025:23:52:26 -0400] "GET /detail/cabba71744838.html HTTP/1.1" 301 0 "-" "Mozilla/5.0 AppleWebKit/537.36 (KHTML, like Gecko; compatible; ClaudeBot/1.0; [email protected])"
216.73.216.247 - - [09/Jun/2025:23:53:06 -0400] "GET /detail/shy70480342.html HTTP/1.1" 301 0 "-" "Mozilla/5.0 AppleWebKit/537.36 (KHTML, like Gecko; compatible; ClaudeBot/1.0; [email protected])"
162.0.232.193 - - [09/Jun/2025:23:53:08 -0400] "POST /wp-cron.php?doing_wp_cron=1749527588.4649980068206787109375 HTTP/1.1" 200 0 "-" "WordPress/6.8.1; https://isekainonbirinoukachapters.com"
216.73.216.247 - - [09/Jun/2025:23:53:07 -0400] "GET /detail/eveni20352825.html HTTP/1.1" 301 0 "-" "Mozilla/5.0 AppleWebKit/537.36 (KHTML, like Gecko; compatible; ClaudeBot/1.0; [email protected])"
216.73.216.247 - - [09/Jun/2025:23:53:06 -0400] "GET /detail/seemi60066005.html HTTP/1.1" 301 0 "-" "Mozilla/5.0 AppleWebKit/537.36 (KHTML, like Gecko; compatible; ClaudeBot/1.0; [email protected])"
216.73.216.247 - - [09/Jun/2025:23:53:06 -0400] "GET /detail/remon31579770.html HTTP/1.1" 301 0 "-" "Mozilla/5.0 AppleWebKit/537.36 (KHTML, like Gecko; compatible; ClaudeBot/1.0; [email protected])"
216.73.216.247 - - [09/Jun/2025:23:53:07 -0400] "GET /detail/cotto32964098.html HTTP/1.1" 301 0 "-" "Mozilla/5.0 AppleWebKit/537.36 (KHTML, like Gecko; compatible; ClaudeBot/1.0; [email protected])"
216.73.216.247 - - [09/Jun/2025:23:53:09 -0400] "GET /detail/essay61229733.html HTTP/1.1" 301 0 "-" "Mozilla/5.0 AppleWebKit/537.36 (KHTML, like Gecko; compatible; ClaudeBot/1.0; [email protected])"
216.73.216.247 - - [09/Jun/2025:23:53:09 -0400] "GET /detail/paral40819443.html HTTP/1.1" 301 0 "-" "Mozilla/5.0 AppleWebKit/537.36 (KHTML, like Gecko; compatible; ClaudeBot/1.0; [email protected])"
216.73.216.247 - - [09/Jun/2025:23:53:09 -0400] "GET /detail/invin30131706.html HTTP/1.1" 301 0 "-" "Mozilla/5.0 AppleWebKit/537.36 (KHTML, like Gecko; compatible; ClaudeBot/1.0; [email protected])"
216.73.216.247 - - [09/Jun/2025:23:53:09 -0400] "GET /detail/blind81076975.html HTTP/1.1" 301 0 "-" "Mozilla/5.0 AppleWebKit/537.36 (KHTML, like Gecko; compatible; ClaudeBot/1.0; [email protected])"
162.0.232.193 - - [09/Jun/2025:23:53:12 -0400] "GET /wp-content/uploads/89b93a66fa29a678cbd60ff176e1ea9a_1973.xml HTTP/1.1" 200 1499 "-" "Mozilla/5.0 (X11; Linux x86_64) AppleWebKit/537.36 (KHTML, like Gecko) Ubuntu Chromium/41.0.2272.76"
54.37.138.63 - - [09/Jun/2025:23:53:16 -0400] "GET /manga/farming-life-in-another-world-chapter-75/ HTTP/1.1" 200 34678 "https://isekainonbirinoukachapters.com/manga/farming-life-in-another-world-chapter-74/" "Mozilla/5.0 (Linux; Android 5.0.2; SM-T535) AppleWebKit/537.36 (KHTML, like Gecko) Chrome/94.0.4606.85 Safari/537.36 OPR/66.6.3445.73002"
54.37.138.63 - - [09/Jun/2025:23:53:19 -0400] "GET /manga/farming-life-in-another-world-chapter-75/ HTTP/1.1" 200 34678 "https://isekainonbirinoukachapters.com/manga/farming-life-in-another-world-chapter-74/" "Mozilla/5.0 (Linux; Android 5.0.2; SM-T535) AppleWebKit/537.36 (KHTML, like Gecko) Chrome/94.0.4606.85 Safari/537.36 OPR/66.6.3445.73002"
2601:14b:4b81:e810:26a7:8757:4cf0:fb0d - - [09/Jun/2025:23:53:22 -0400] "GET /manga/farming-life-in-another-world-chapter-51/ HTTP/1.1" 200 34509 "https://isekainonbirinoukachapters.com/manga/farming-life-in-another-world-chapter-50/" "Mozilla/5.0 (Linux; Android 10; K) AppleWebKit/537.36 (KHTML, like Gecko) Chrome/137.0.0.0 Mobile Safari/537.36"
54.37.138.63 - - [09/Jun/2025:23:53:23 -0400] "POST /wp-admin/admin-ajax.php HTTP/1.1" 200 61 "https://isekainonbirinoukachapters.com/manga/farming-life-in-another-world-chapter-75/" "Mozilla/5.0 (Linux; Android 5.0.2; SM-T535) AppleWebKit/537.36 (KHTML, like Gecko) Chrome/94.0.4606.85 Safari/537.36 OPR/66.6.3445.73002"
2601:14b:4b81:e810:26a7:8757:4cf0:fb0d - - [09/Jun/2025:23:53:24 -0400] "POST /wp-admin/admin-ajax.php HTTP/1.1" 200 61 "https://isekainonbirinoukachapters.com/manga/farming-life-in-another-world-chapter-51/" "Mozilla/5.0 (Linux; Android 10; K) AppleWebKit/537.36 (KHTML, like Gecko) Chrome/137.0.0.0 Mobile Safari/537.36"
2601:14b:4b81:e810:26a7:8757:4cf0:fb0d - - [09/Jun/2025:23:53:24 -0400] "GET /manga/farming-life-in-another-world-chapter-51/ HTTP/1.1" 200 34509 "https://isekainonbirinoukachapters.com/manga/farming-life-in-another-world-chapter-50/" "Mozilla/5.0 (Linux; Android 10; K) AppleWebKit/537.36 (KHTML, like Gecko) Chrome/137.0.0.0 Mobile Safari/537.36"
2601:14b:4b81:e810:26a7:8757:4cf0:fb0d - - [09/Jun/2025:23:53:25 -0400] "GET / HTTP/1.1" 200 32207 "https://isekainonbirinoukachapters.com/manga/farming-life-in-another-world-chapter-51/" "Mozilla/5.0 (Linux; Android 10; K) AppleWebKit/537.36 (KHTML, like Gecko) Chrome/137.0.0.0 Mobile Safari/537.36"
2601:14b:4b81:e810:26a7:8757:4cf0:fb0d - - [09/Jun/2025:23:53:30 -0400] "GET / HTTP/1.1" 200 32207 "https://isekainonbirinoukachapters.com/manga/farming-life-in-another-world-chapter-51/" "Mozilla/5.0 (Linux; Android 10; K) AppleWebKit/537.36 (KHTML, like Gecko) Chrome/137.0.0.0 Mobile Safari/537.36"
216.73.216.247 - - [09/Jun/2025:23:53:48 -0400] "GET /detail/ahead81607351.html HTTP/1.1" 301 0 "-" "Mozilla/5.0 AppleWebKit/537.36 (KHTML, like Gecko; compatible; ClaudeBot/1.0; [email protected])"
216.73.216.247 - - [09/Jun/2025:23:53:48 -0400] "GET /detail/russi20832313.html HTTP/1.1" 301 0 "-" "Mozilla/5.0 AppleWebKit/537.36 (KHTML, like Gecko; compatible; ClaudeBot/1.0; [email protected])"
216.73.216.247 - - [09/Jun/2025:23:53:48 -0400] "GET /detail/lates60241389.html HTTP/1.1" 301 0 "-" "Mozilla/5.0 AppleWebKit/537.36 (KHTML, like Gecko; compatible; ClaudeBot/1.0; [email protected])"
216.73.216.247 - - [09/Jun/2025:23:53:49 -0400] "GET /detail/chapt11671576.html HTTP/1.1" 301 0 "-" "Mozilla/5.0 AppleWebKit/537.36 (KHTML, like Gecko; compatible; ClaudeBot/1.0; [email protected])"
216.73.216.247 - - [09/Jun/2025:23:53:48 -0400] "GET /detail/acqui51770412.html HTTP/1.1" 301 0 "-" "Mozilla/5.0 AppleWebKit/537.36 (KHTML, like Gecko; compatible; ClaudeBot/1.0; [email protected])"
216.73.216.247 - - [09/Jun/2025:23:53:51 -0400] "GET /detail/candi30933994.html HTTP/1.1" 301 0 "-" "Mozilla/5.0 AppleWebKit/537.36 (KHTML, like Gecko; compatible; ClaudeBot/1.0; [email protected])"
216.73.216.247 - - [09/Jun/2025:23:53:50 -0400] "GET /detail/dread70091358.html HTTP/1.1" 301 0 "-" "Mozilla/5.0 AppleWebKit/537.36 (KHTML, like Gecko; compatible; ClaudeBot/1.0; [email protected])"
216.73.216.247 - - [09/Jun/2025:23:53:51 -0400] "GET /detail/evee32971930.html HTTP/1.1" 301 0 "-" "Mozilla/5.0 AppleWebKit/537.36 (KHTML, like Gecko; compatible; ClaudeBot/1.0; [email protected])"
216.73.216.247 - - [09/Jun/2025:23:53:51 -0400] "GET /detail/domes60934229.html HTTP/1.1" 301 0 "-" "Mozilla/5.0 AppleWebKit/537.36 (KHTML, like Gecko; compatible; ClaudeBot/1.0; [email protected])"
162.0.232.193 - - [09/Jun/2025:23:54:41 -0400] "POST /wp-cron.php?doing_wp_cron=1749527680.7388720512390136718750 HTTP/1.1" 200 0 "-" "WordPress/6.8.1; https://isekainonbirinoukachapters.com"
162.0.232.193 - - [09/Jun/2025:23:54:41 -0400] "POST /wp-cron.php?doing_wp_cron=1749527680.8330180644989013671875 HTTP/1.1" 200 0 "-" "WordPress/6.8.1; https://isekainonbirinoukachapters.com"
216.73.216.247 - - [09/Jun/2025:23:54:38 -0400] "GET /detail/radia61859453.html HTTP/1.1" 301 0 "-" "Mozilla/5.0 AppleWebKit/537.36 (KHTML, like Gecko; compatible; ClaudeBot/1.0; [email protected])"
216.73.216.247 - - [09/Jun/2025:23:54:38 -0400] "GET /detail/hen82580927.html HTTP/1.1" 301 0 "-" "Mozilla/5.0 AppleWebKit/537.36 (KHTML, like Gecko; compatible; ClaudeBot/1.0; [email protected])"
162.0.232.193 - - [09/Jun/2025:23:54:41 -0400] "POST /wp-cron.php?doing_wp_cron=1749527681.5418190956115722656250 HTTP/1.1" 200 0 "-" "WordPress/6.8.1; https://isekainonbirinoukachapters.com"
162.0.232.193 - - [09/Jun/2025:23:54:41 -0400] "POST /wp-cron.php?doing_wp_cron=1749527681.3492360115051269531250 HTTP/1.1" 200 0 "-" "WordPress/6.8.1; https://isekainonbirinoukachapters.com"
216.73.216.247 - - [09/Jun/2025:23:54:38 -0400] "GET /detail/be81820015.html HTTP/1.1" 301 0 "-" "Mozilla/5.0 AppleWebKit/537.36 (KHTML, like Gecko; compatible; ClaudeBot/1.0; [email protected])"
216.73.216.247 - - [09/Jun/2025:23:54:38 -0400] "GET /detail/insul31594306.html HTTP/1.1" 301 0 "-" "Mozilla/5.0 AppleWebKit/537.36 (KHTML, like Gecko; compatible; ClaudeBot/1.0; [email protected])"
162.0.232.193 - - [09/Jun/2025:23:54:43 -0400] "POST /wp-cron.php?doing_wp_cron=1749527682.4453170299530029296875 HTTP/1.1" 200 0 "-" "WordPress/6.8.1; https://isekainonbirinoukachapters.com"
216.73.216.247 - - [09/Jun/2025:23:54:39 -0400] "GET /detail/awake62237685.html HTTP/1.1" 301 0 "-" "Mozilla/5.0 AppleWebKit/537.36 (KHTML, like Gecko; compatible; ClaudeBot/1.0; [email protected])"
216.73.216.247 - - [09/Jun/2025:23:54:41 -0400] "GET /detail/unres82773839.html HTTP/1.1" 301 0 "-" "Mozilla/5.0 AppleWebKit/537.36 (KHTML, like Gecko; compatible; ClaudeBot/1.0; [email protected])"
216.73.216.247 - - [09/Jun/2025:23:54:42 -0400] "GET /detail/cool81004231.html HTTP/1.1" 301 0 "-" "Mozilla/5.0 AppleWebKit/537.36 (KHTML, like Gecko; compatible; ClaudeBot/1.0; [email protected])"
216.73.216.247 - - [09/Jun/2025:23:54:42 -0400] "GET /detail/sad40320771.html HTTP/1.1" 301 0 "-" "Mozilla/5.0 AppleWebKit/537.36 (KHTML, like Gecko; compatible; ClaudeBot/1.0; [email protected])"
216.73.216.247 - - [09/Jun/2025:23:54:42 -0400] "GET /detail/therm41970819.html HTTP/1.1" 301 0 "-" "Mozilla/5.0 AppleWebKit/537.36 (KHTML, like Gecko; compatible; ClaudeBot/1.0; [email protected])"
162.0.232.193 - - [09/Jun/2025:23:54:51 -0400] "GET /wp-content/uploads/89b93a66fa29a678cbd60ff176e1ea9a_1973.xml HTTP/1.1" 200 1362 "-" "Mozilla/5.0 (X11; Linux x86_64) AppleWebKit/537.36 (KHTML, like Gecko) Ubuntu Chromium/41.0.2272.76"
216.73.216.247 - - [09/Jun/2025:23:55:21 -0400] "GET /detail/propo51570364.html HTTP/1.1" 301 0 "-" "Mozilla/5.0 AppleWebKit/537.36 (KHTML, like Gecko; compatible; ClaudeBot/1.0; [email protected])"
216.73.216.247 - - [09/Jun/2025:23:55:21 -0400] "GET /detail/punch21655281.html HTTP/1.1" 301 0 "-" "Mozilla/5.0 AppleWebKit/537.36 (KHTML, like Gecko; compatible; ClaudeBot/1.0; [email protected])"
216.73.216.247 - - [09/Jun/2025:23:55:21 -0400] "GET /detail/tend61083005.html HTTP/1.1" 301 0 "-" "Mozilla/5.0 AppleWebKit/537.36 (KHTML, like Gecko; compatible; ClaudeBot/1.0; [email protected])"
216.73.216.247 - - [09/Jun/2025:23:55:21 -0400] "GET /detail/curio80410223.html HTTP/1.1" 301 0 "-" "Mozilla/5.0 AppleWebKit/537.36 (KHTML, like Gecko; compatible; ClaudeBot/1.0; [email protected])"
216.73.216.247 - - [09/Jun/2025:23:55:21 -0400] "GET /detail/of31541090.html HTTP/1.1" 301 0 "-" "Mozilla/5.0 AppleWebKit/537.36 (KHTML, like Gecko; compatible; ClaudeBot/1.0; [email protected])"
216.73.216.247 - - [09/Jun/2025:23:55:25 -0400] "GET /detail/flush62958797.html HTTP/1.1" 301 0 "-" "Mozilla/5.0 AppleWebKit/537.36 (KHTML, like Gecko; compatible; ClaudeBot/1.0; [email protected])"
216.73.216.247 - - [09/Jun/2025:23:55:25 -0400] "GET /detail/bar71899062.html HTTP/1.1" 301 0 "-" "Mozilla/5.0 AppleWebKit/537.36 (KHTML, like Gecko; compatible; ClaudeBot/1.0; [email protected])"
216.73.216.247 - - [09/Jun/2025:23:55:24 -0400] "GET /detail/natio10316968.html HTTP/1.1" 301 0 "-" "Mozilla/5.0 AppleWebKit/537.36 (KHTML, like Gecko; compatible; ClaudeBot/1.0; [email protected])"
216.73.216.247 - - [09/Jun/2025:23:55:25 -0400] "GET /detail/recor21696393.html HTTP/1.1" 301 0 "-" "Mozilla/5.0 AppleWebKit/537.36 (KHTML, like Gecko; compatible; ClaudeBot/1.0; [email protected])"
8.217.212.62 - - [09/Jun/2025:23:55:27 -0400] "GET /wp-json/oembed/1.0/embed?url=https%3A%2F%2Fisekainonbirinoukachapters.com%2Fmanga%2Ffarming-life-in-another-world-chapter-214%2F HTTP/1.1" 200 2601 "-" "AliyunSecBot/Aliyun ([email protected])"
162.0.232.193 - - [09/Jun/2025:23:56:03 -0400] "POST /wp-cron.php?doing_wp_cron=1749527763.2463009357452392578125 HTTP/1.1" 200 0 "-" "WordPress/6.8.1; https://isekainonbirinoukachapters.com"
162.0.232.193 - - [09/Jun/2025:23:56:03 -0400] "POST /wp-cron.php?doing_wp_cron=1749527763.3583009243011474609375 HTTP/1.1" 200 0 "-" "WordPress/6.8.1; https://isekainonbirinoukachapters.com"
216.73.216.247 - - [09/Jun/2025:23:56:02 -0400] "GET /detail/jacke31148354.html HTTP/1.1" 301 0 "-" "Mozilla/5.0 AppleWebKit/537.36 (KHTML, like Gecko; compatible; ClaudeBot/1.0; [email protected])"
162.0.232.193 - - [09/Jun/2025:23:56:03 -0400] "POST /wp-cron.php?doing_wp_cron=1749527763.6437289714813232421875 HTTP/1.1" 200 0 "-" "WordPress/6.8.1; https://isekainonbirinoukachapters.com"
216.73.216.247 - - [09/Jun/2025:23:56:02 -0400] "GET /detail/visib40274331.html HTTP/1.1" 301 0 "-" "Mozilla/5.0 AppleWebKit/537.36 (KHTML, like Gecko; compatible; ClaudeBot/1.0; [email protected])"
216.73.216.247 - - [09/Jun/2025:23:56:02 -0400] "GET /detail/lion12708392.html HTTP/1.1" 301 0 "-" "Mozilla/5.0 AppleWebKit/537.36 (KHTML, like Gecko; compatible; ClaudeBot/1.0; [email protected])"
162.0.232.193 - - [09/Jun/2025:23:56:04 -0400] "POST /wp-cron.php?doing_wp_cron=1749527764.0446710586547851562500 HTTP/1.1" 200 0 "-" "WordPress/6.8.1; https://isekainonbirinoukachapters.com"
216.73.216.247 - - [09/Jun/2025:23:56:02 -0400] "GET /detail/we30524058.html HTTP/1.1" 301 0 "-" "Mozilla/5.0 AppleWebKit/537.36 (KHTML, like Gecko; compatible; ClaudeBot/1.0; [email protected])"
162.0.232.193 - - [09/Jun/2025:23:56:04 -0400] "POST /wp-cron.php?doing_wp_cron=1749527764.4412629604339599609375 HTTP/1.1" 200 0 "-" "WordPress/6.8.1; https://isekainonbirinoukachapters.com"
216.73.216.247 - - [09/Jun/2025:23:56:02 -0400] "GET /detail/stare41439683.html HTTP/1.1" 301 0 "-" "Mozilla/5.0 AppleWebKit/537.36 (KHTML, like Gecko; compatible; ClaudeBot/1.0; [email protected])"
216.73.216.247 - - [09/Jun/2025:23:56:04 -0400] "GET /detail/marbl22710937.html HTTP/1.1" 301 0 "-" "Mozilla/5.0 AppleWebKit/537.36 (KHTML, like Gecko; compatible; ClaudeBot/1.0; [email protected])"
216.73.216.247 - - [09/Jun/2025:23:56:04 -0400] "GET /detail/sales62903693.html HTTP/1.1" 301 0 "-" "Mozilla/5.0 AppleWebKit/537.36 (KHTML, like Gecko; compatible; ClaudeBot/1.0; [email protected])"
216.73.216.247 - - [09/Jun/2025:23:56:04 -0400] "GET /detail/engli50308228.html HTTP/1.1" 301 0 "-" "Mozilla/5.0 AppleWebKit/537.36 (KHTML, like Gecko; compatible; ClaudeBot/1.0; [email protected])"
216.73.216.247 - - [09/Jun/2025:23:56:05 -0400] "GET /detail/perfo21309337.html HTTP/1.1" 301 0 "-" "Mozilla/5.0 AppleWebKit/537.36 (KHTML, like Gecko; compatible; ClaudeBot/1.0; [email protected])"
162.0.232.193 - - [09/Jun/2025:23:56:44 -0400] "POST /wp-cron.php?doing_wp_cron=1749527804.2436580657958984375000 HTTP/1.1" 200 0 "-" "WordPress/6.8.1; https://isekainonbirinoukachapters.com"
216.73.216.247 - - [09/Jun/2025:23:56:43 -0400] "GET /detail/baker40758347.html HTTP/1.1" 301 0 "-" "Mozilla/5.0 AppleWebKit/537.36 (KHTML, like Gecko; compatible; ClaudeBot/1.0; [email protected])"
216.73.216.247 - - [09/Jun/2025:23:56:43 -0400] "GET /detail/scout22575409.html HTTP/1.1" 301 0 "-" "Mozilla/5.0 AppleWebKit/537.36 (KHTML, like Gecko; compatible; ClaudeBot/1.0; [email protected])"
216.73.216.247 - - [09/Jun/2025:23:56:43 -0400] "GET /detail/remon32191770.html HTTP/1.1" 301 0 "-" "Mozilla/5.0 AppleWebKit/537.36 (KHTML, like Gecko; compatible; ClaudeBot/1.0; [email protected])"
216.73.216.247 - - [09/Jun/2025:23:56:43 -0400] "GET /detail/above50196140.html HTTP/1.1" 301 0 "-" "Mozilla/5.0 AppleWebKit/537.36 (KHTML, like Gecko; compatible; ClaudeBot/1.0; [email protected])"
216.73.216.247 - - [09/Jun/2025:23:56:43 -0400] "GET /detail/cut70069382.html HTTP/1.1" 301 0 "-" "Mozilla/5.0 AppleWebKit/537.36 (KHTML, like Gecko; compatible; ClaudeBot/1.0; [email protected])"
216.73.216.247 - - [09/Jun/2025:23:56:45 -0400] "GET /detail/dew50854548.html HTTP/1.1" 301 0 "-" "Mozilla/5.0 AppleWebKit/537.36 (KHTML, like Gecko; compatible; ClaudeBot/1.0; [email protected])"
216.73.216.247 - - [09/Jun/2025:23:56:45 -0400] "GET /detail/pure10490752.html HTTP/1.1" 301 0 "-" "Mozilla/5.0 AppleWebKit/537.36 (KHTML, like Gecko; compatible; ClaudeBot/1.0; [email protected])"
216.73.216.247 - - [09/Jun/2025:23:56:45 -0400] "GET /detail/per12911184.html HTTP/1.1" 301 0 "-" "Mozilla/5.0 AppleWebKit/537.36 (KHTML, like Gecko; compatible; ClaudeBot/1.0; [email protected])"
162.0.232.193 - - [09/Jun/2025:23:56:47 -0400] "POST /wp-cron.php?doing_wp_cron=1749527807.0430169105529785156250 HTTP/1.1" 200 0 "-" "WordPress/6.8.1; https://isekainonbirinoukachapters.com"
216.73.216.247 - - [09/Jun/2025:23:56:45 -0400] "GET /detail/quota61137973.html HTTP/1.1" 301 0 "-" "Mozilla/5.0 AppleWebKit/537.36 (KHTML, like Gecko; compatible; ClaudeBot/1.0; [email protected])"
162.0.232.193 - - [09/Jun/2025:23:57:05 -0400] "POST /wp-cron.php?doing_wp_cron=1749527824.8491630554199218750000 HTTP/1.1" 200 0 "-" "WordPress/6.8.1; https://isekainonbirinoukachapters.com"
43.130.57.46 - - [09/Jun/2025:23:57:03 -0400] "GET /manga/farming-life-in-another-world-chapter-14/ HTTP/1.1" 200 34017 "-" "Mozilla/5.0 (iPhone; CPU iPhone OS 13_2_3 like Mac OS X) AppleWebKit/605.1.15 (KHTML, like Gecko) Version/13.0.3 Mobile/15E148 Safari/604.1"
162.0.232.193 - - [09/Jun/2025:23:57:08 -0400] "GET /wp-content/uploads/89b93a66fa29a678cbd60ff176e1ea9a_1973.xml HTTP/1.1" 200 1499 "-" "Mozilla/5.0 (X11; Linux x86_64) AppleWebKit/537.36 (KHTML, like Gecko) Ubuntu Chromium/41.0.2272.76"
43.155.188.157 - - [09/Jun/2025:23:57:35 -0400] "GET / HTTP/1.1" 200 32216 "http://isekainonbirinoukachapters.com" "Mozilla/5.0 (iPhone; CPU iPhone OS 13_2_3 like Mac OS X) AppleWebKit/605.1.15 (KHTML, like Gecko) Version/13.0.3 Mobile/15E148 Safari/604.1"
216.73.216.247 - - [09/Jun/2025:23:57:36 -0400] "GET /detail/snowy21212105.html HTTP/1.1" 301 0 "-" "Mozilla/5.0 AppleWebKit/537.36 (KHTML, like Gecko; compatible; ClaudeBot/1.0; [email protected])"
216.73.216.247 - - [09/Jun/2025:23:57:36 -0400] "GET /detail/pat42342691.html HTTP/1.1" 301 0 "-" "Mozilla/5.0 AppleWebKit/537.36 (KHTML, like Gecko; compatible; ClaudeBot/1.0; [email protected])"
216.73.216.247 - - [09/Jun/2025:23:57:36 -0400] "GET /detail/quiet20472529.html HTTP/1.1" 301 0 "-" "Mozilla/5.0 AppleWebKit/537.36 (KHTML, like Gecko; compatible; ClaudeBot/1.0; [email protected])"
216.73.216.247 - - [09/Jun/2025:23:57:36 -0400] "GET /detail/unfor21867689.html HTTP/1.1" 301 0 "-" "Mozilla/5.0 AppleWebKit/537.36 (KHTML, like Gecko; compatible; ClaudeBot/1.0; [email protected])"
216.73.216.247 - - [09/Jun/2025:23:57:37 -0400] "GET /detail/conve20272089.html HTTP/1.1" 301 0 "-" "Mozilla/5.0 AppleWebKit/537.36 (KHTML, like Gecko; compatible; ClaudeBot/1.0; [email protected])"
216.73.216.247 - - [09/Jun/2025:23:57:39 -0400] "GET /detail/advic31912922.html HTTP/1.1" 301 0 "-" "Mozilla/5.0 AppleWebKit/537.36 (KHTML, like Gecko; compatible; ClaudeBot/1.0; [email protected])"
216.73.216.247 - - [09/Jun/2025:23:57:39 -0400] "GET /detail/satis12993808.html HTTP/1.1" 301 0 "-" "Mozilla/5.0 AppleWebKit/537.36 (KHTML, like Gecko; compatible; ClaudeBot/1.0; [email protected])"
216.73.216.247 - - [09/Jun/2025:23:57:39 -0400] "GET /detail/apart31086106.html HTTP/1.1" 301 0 "-" "Mozilla/5.0 AppleWebKit/537.36 (KHTML, like Gecko; compatible; ClaudeBot/1.0; [email protected])"
216.73.216.247 - - [09/Jun/2025:23:57:39 -0400] "GET /detail/secon81388615.html HTTP/1.1" 301 0 "-" "Mozilla/5.0 AppleWebKit/537.36 (KHTML, like Gecko; compatible; ClaudeBot/1.0; [email protected])"
162.0.232.193 - - [09/Jun/2025:23:58:14 -0400] "POST /wp-cron.php?doing_wp_cron=1749527894.0688500404357910156250 HTTP/1.1" 200 0 "-" "WordPress/6.8.1; https://isekainonbirinoukachapters.com"
2a05:9403::5f9 - - [09/Jun/2025:23:58:13 -0400] "HEAD / HTTP/1.1" 200 0 "http://isekainonbirinoukachapters.com" "Mozilla/5.0 (Macintosh; Intel Mac OS X 10_15_7) AppleWebKit/537.36 (KHTML, like Gecko) Chrome/91.0.4472.124 Safari/537.36"
2a05:9403::5f9 - - [09/Jun/2025:23:58:15 -0400] "GET / HTTP/1.1" 200 32183 "http://isekainonbirinoukachapters.com" "Mozilla/5.0 (Windows NT 10.0; Win64; x64) AppleWebKit/537.36 (KHTML, like Gecko) Chrome/91.0.4472.124 Safari/537.36"
216.73.216.247 - - [09/Jun/2025:23:58:18 -0400] "GET /detail/rule20673009.html HTTP/1.1" 301 0 "-" "Mozilla/5.0 AppleWebKit/537.36 (KHTML, like Gecko; compatible; ClaudeBot/1.0; [email protected])"
216.73.216.247 - - [09/Jun/2025:23:58:18 -0400] "GET /detail/star12777520.html HTTP/1.1" 301 0 "-" "Mozilla/5.0 AppleWebKit/537.36 (KHTML, like Gecko; compatible; ClaudeBot/1.0; [email protected])"
162.0.232.193 - - [09/Jun/2025:23:58:20 -0400] "POST /wp-cron.php?doing_wp_cron=1749527900.3348419666290283203125 HTTP/1.1" 200 0 "-" "WordPress/6.8.1; https://isekainonbirinoukachapters.com"
216.73.216.247 - - [09/Jun/2025:23:58:18 -0400] "GET /detail/dose51874692.html HTTP/1.1" 301 0 "-" "Mozilla/5.0 AppleWebKit/537.36 (KHTML, like Gecko; compatible; ClaudeBot/1.0; [email protected])"
216.73.216.247 - - [09/Jun/2025:23:58:18 -0400] "GET /detail/dimen11206792.html HTTP/1.1" 301 0 "-" "Mozilla/5.0 AppleWebKit/537.36 (KHTML, like Gecko; compatible; ClaudeBot/1.0; [email protected])"
216.73.216.247 - - [09/Jun/2025:23:58:18 -0400] "GET /detail/treme60365925.html HTTP/1.1" 301 0 "-" "Mozilla/5.0 AppleWebKit/537.36 (KHTML, like Gecko; compatible; ClaudeBot/1.0; [email protected])"
216.73.216.247 - - [09/Jun/2025:23:58:20 -0400] "GET /detail/settl32454546.html HTTP/1.1" 301 0 "-" "Mozilla/5.0 AppleWebKit/537.36 (KHTML, like Gecko; compatible; ClaudeBot/1.0; [email protected])"
216.73.216.247 - - [09/Jun/2025:23:58:21 -0400] "GET /detail/middl72208822.html HTTP/1.1" 301 0 "-" "Mozilla/5.0 AppleWebKit/537.36 (KHTML, like Gecko; compatible; ClaudeBot/1.0; [email protected])"
216.73.216.247 - - [09/Jun/2025:23:58:21 -0400] "GET /detail/behin82165167.html HTTP/1.1" 301 0 "-" "Mozilla/5.0 AppleWebKit/537.36 (KHTML, like Gecko; compatible; ClaudeBot/1.0; [email protected])"
216.73.216.247 - - [09/Jun/2025:23:58:21 -0400] "GET /detail/radia61579453.html HTTP/1.1" 301 0 "-" "Mozilla/5.0 AppleWebKit/537.36 (KHTML, like Gecko; compatible; ClaudeBot/1.0; [email protected])"
162.0.232.193 - - [09/Jun/2025:23:58:40 -0400] "POST /wp-cron.php?doing_wp_cron=1749527920.3579978942871093750000 HTTP/1.1" 200 0 "-" "WordPress/6.8.1; https://isekainonbirinoukachapters.com"
114.119.158.133 - - [09/Jun/2025:23:58:39 -0400] "GET /manga/farming-life-in-another-world-chapter-162/ HTTP/1.1" 200 34098 "https://isekainonbirinoukachapters.com/manga/isekai-nonbiri-nouka-chapter-57-village-gathering-plan/" "Mozilla/5.0 (Linux; Android 7.0;) AppleWebKit/537.36 (KHTML, like Gecko) Mobile Safari/537.36 (compatible; PetalBot;+https://webmaster.petalsearch.com/site/petalbot)"
162.0.232.193 - - [09/Jun/2025:23:59:04 -0400] "POST /wp-cron.php?doing_wp_cron=1749527944.0462830066680908203125 HTTP/1.1" 200 0 "-" "WordPress/6.8.1; https://isekainonbirinoukachapters.com"
216.73.216.247 - - [09/Jun/2025:23:59:02 -0400] "GET /detail/bride60318213.html HTTP/1.1" 301 0 "-" "Mozilla/5.0 AppleWebKit/537.36 (KHTML, like Gecko; compatible; ClaudeBot/1.0; [email protected])"
216.73.216.247 - - [09/Jun/2025:23:59:02 -0400] "GET /detail/calen52597756.html HTTP/1.1" 301 0 "-" "Mozilla/5.0 AppleWebKit/537.36 (KHTML, like Gecko; compatible; ClaudeBot/1.0; [email protected])"
216.73.216.247 - - [09/Jun/2025:23:59:02 -0400] "GET /detail/volun40441635.html HTTP/1.1" 301 0 "-" "Mozilla/5.0 AppleWebKit/537.36 (KHTML, like Gecko; compatible; ClaudeBot/1.0; [email protected])"
216.73.216.247 - - [09/Jun/2025:23:59:02 -0400] "GET /detail/emplo61714509.html HTTP/1.1" 301 0 "-" "Mozilla/5.0 AppleWebKit/537.36 (KHTML, like Gecko; compatible; ClaudeBot/1.0; [email protected])"
216.73.216.247 - - [09/Jun/2025:23:59:02 -0400] "GET /detail/quiet21468529.html HTTP/1.1" 301 0 "-" "Mozilla/5.0 AppleWebKit/537.36 (KHTML, like Gecko; compatible; ClaudeBot/1.0; [email protected])"
216.73.216.247 - - [09/Jun/2025:23:59:05 -0400] "GET /detail/rosy12735880.html HTTP/1.1" 301 0 "-" "Mozilla/5.0 AppleWebKit/537.36 (KHTML, like Gecko; compatible; ClaudeBot/1.0; [email protected])"
216.73.216.247 - - [09/Jun/2025:23:59:05 -0400] "GET /detail/evapo82727047.html HTTP/1.1" 301 0 "-" "Mozilla/5.0 AppleWebKit/537.36 (KHTML, like Gecko; compatible; ClaudeBot/1.0; [email protected])"
216.73.216.247 - - [09/Jun/2025:23:59:06 -0400] "GET /detail/lemon60577173.html HTTP/1.1" 301 0 "-" "Mozilla/5.0 AppleWebKit/537.36 (KHTML, like Gecko; compatible; ClaudeBot/1.0; [email protected])"
162.0.232.193 - - [09/Jun/2025:23:59:10 -0400] "GET /wp-content/uploads/89b93a66fa29a678cbd60ff176e1ea9a_1973.xml HTTP/1.1" 200 1499 "-" "Mozilla/5.0 (X11; Linux x86_64) AppleWebKit/537.36 (KHTML, like Gecko) Ubuntu Chromium/41.0.2272.76"
8.217.212.189 - - [09/Jun/2025:23:59:20 -0400] "GET /?p=2206 HTTP/1.1" 301 0 "-" "AliyunSecBot/Aliyun ([email protected])"
8.217.28.237 - - [09/Jun/2025:23:59:21 -0400] "GET /manga/farming-life-in-another-world-chapter-23/ HTTP/1.1" 200 33971 "-" "AliyunSecBot/Aliyun ([email protected])"
23.162.8.97 - - [09/Jun/2025:23:59:38 -0400] "GET / HTTP/1.1" 200 32194 "-" "Mozilla/5.0 (Windows NT 10.0; Win64; x64) AppleWebKit/537.36 (KHTML, like Gecko) Chrome/137.0.0.0 Safari/537.36"
23.162.8.97 - - [09/Jun/2025:23:59:44 -0400] "GET /favicon.ico HTTP/1.1" 404 1251 "-" "Mozilla/5.0 (Windows NT 10.0; Win64; x64) AppleWebKit/537.36 (KHTML, like Gecko) Chrome/137.0.0.0 Safari/537.36"
216.73.216.247 - - [09/Jun/2025:23:59:45 -0400] "GET /detail/fruit41796219.html HTTP/1.1" 301 0 "-" "Mozilla/5.0 AppleWebKit/537.36 (KHTML, like Gecko; compatible; ClaudeBot/1.0; [email protected])"
216.73.216.247 - - [09/Jun/2025:23:59:46 -0400] "GET /detail/certa31136570.html HTTP/1.1" 301 0 "-" "Mozilla/5.0 AppleWebKit/537.36 (KHTML, like Gecko; compatible; ClaudeBot/1.0; [email protected])"
216.73.216.247 - - [09/Jun/2025:23:59:45 -0400] "GET /detail/yello50561004.html HTTP/1.1" 301 0 "-" "Mozilla/5.0 AppleWebKit/537.36 (KHTML, like Gecko; compatible; ClaudeBot/1.0; [email protected])"
216.73.216.247 - - [09/Jun/2025:23:59:46 -0400] "GET /detail/artic42204475.html HTTP/1.1" 301 0 "-" "Mozilla/5.0 AppleWebKit/537.36 (KHTML, like Gecko; compatible; ClaudeBot/1.0; [email protected])"
216.73.216.247 - - [09/Jun/2025:23:59:46 -0400] "GET /detail/shelt82482999.html HTTP/1.1" 301 0 "-" "Mozilla/5.0 AppleWebKit/537.36 (KHTML, like Gecko; compatible; ClaudeBot/1.0; [email protected])"
216.73.216.247 - - [09/Jun/2025:23:59:47 -0400] "GET /detail/strin62977637.html HTTP/1.1" 301 0 "-" "Mozilla/5.0 AppleWebKit/537.36 (KHTML, like Gecko; compatible; ClaudeBot/1.0; [email protected])"
216.73.216.247 - - [09/Jun/2025:23:59:49 -0400] "GET /detail/passi80869823.html HTTP/1.1" 301 0 "-" "Mozilla/5.0 AppleWebKit/537.36 (KHTML, like Gecko; compatible; ClaudeBot/1.0; [email protected])"
216.73.216.247 - - [09/Jun/2025:23:59:48 -0400] "GET /detail/vest62979901.html HTTP/1.1" 301 0 "-" "Mozilla/5.0 AppleWebKit/537.36 (KHTML, like Gecko; compatible; ClaudeBot/1.0; [email protected])"
2601:14b:4b81:e810:26a7:8757:4cf0:fb0d - - [09/Jun/2025:23:59:52 -0400] "GET /category/isekai-nonbiri-nouka/ HTTP/1.1" 200 31116 "https://isekainonbirinoukachapters.com/manga/farming-life-in-another-world-chapter-51/" "Mozilla/5.0 (Linux; Android 10; K) AppleWebKit/537.36 (KHTML, like Gecko) Chrome/137.0.0.0 Mobile Safari/537.36"
2601:14b:4b81:e810:26a7:8757:4cf0:fb0d - - [09/Jun/2025:23:59:53 -0400] "GET /manga/farming-life-in-another-world-chapter-52/ HTTP/1.1" 200 34077 "https://isekainonbirinoukachapters.com/manga/farming-life-in-another-world-chapter-51/" "Mozilla/5.0 (Linux; Android 10; K) AppleWebKit/537.36 (KHTML, like Gecko) Chrome/137.0.0.0 Mobile Safari/537.36"
2601:14b:4b81:e810:26a7:8757:4cf0:fb0d - - [09/Jun/2025:23:59:55 -0400] "GET /category/isekai-nonbiri-nouka/ HTTP/1.1" 200 31116 "https://isekainonbirinoukachapters.com/manga/farming-life-in-another-world-chapter-51/" "Mozilla/5.0 (Linux; Android 10; K) AppleWebKit/537.36 (KHTML, like Gecko) Chrome/137.0.0.0 Mobile Safari/537.36"
2601:14b:4b81:e810:26a7:8757:4cf0:fb0d - - [09/Jun/2025:23:59:57 -0400] "GET /manga/farming-life-in-another-world-chapter-52/ HTTP/1.1" 200 34077 "https://isekainonbirinoukachapters.com/manga/farming-life-in-another-world-chapter-51/" "Mozilla/5.0 (Linux; Android 10; K) AppleWebKit/537.36 (KHTML, like Gecko) Chrome/137.0.0.0 Mobile Safari/537.36"
2601:14b:4b81:e810:26a7:8757:4cf0:fb0d - - [09/Jun/2025:23:59:59 -0400] "GET /manga/farming-life-in-another-world-chapter-52/ HTTP/1.1" 200 34077 "https://isekainonbirinoukachapters.com/manga/farming-life-in-another-world-chapter-51/" "Mozilla/5.0 (Linux; Android 10; K) AppleWebKit/537.36 (KHTML, like Gecko) Chrome/137.0.0.0 Mobile Safari/537.36"
162.0.232.193 - - [10/Jun/2025:00:00:34 -0400] "POST /wp-cron.php?doing_wp_cron=1749528034.2550330162048339843750 HTTP/1.1" 200 0 "-" "WordPress/6.8.1; https://isekainonbirinoukachapters.com"
162.0.232.193 - - [10/Jun/2025:00:01:51 -0400] "POST /wp-cron.php?doing_wp_cron=1749528110.7488279342651367187500 HTTP/1.1" 200 0 "-" "WordPress/6.8.1; https://isekainonbirinoukachapters.com"
216.73.216.247 - - [10/Jun/2025:00:01:48 -0400] "GET /detail/taste50861180.html HTTP/1.1" 301 0 "-" "Mozilla/5.0 AppleWebKit/537.36 (KHTML, like Gecko; compatible; ClaudeBot/1.0; [email protected])"
216.73.216.247 - - [10/Jun/2025:00:01:48 -0400] "GET /detail/singu72977750.html HTTP/1.1" 301 0 "-" "Mozilla/5.0 AppleWebKit/537.36 (KHTML, like Gecko; compatible; ClaudeBot/1.0; [email protected])"
216.73.216.247 - - [10/Jun/2025:00:01:48 -0400] "GET /detail/bundl22690497.html HTTP/1.1" 301 0 "-" "Mozilla/5.0 AppleWebKit/537.36 (KHTML, like Gecko; compatible; ClaudeBot/1.0; [email protected])"
216.73.216.247 - - [10/Jun/2025:00:01:49 -0400] "GET /detail/grave61082421.html HTTP/1.1" 301 0 "-" "Mozilla/5.0 AppleWebKit/537.36 (KHTML, like Gecko; compatible; ClaudeBot/1.0; [email protected])"
216.73.216.247 - - [10/Jun/2025:00:01:48 -0400] "GET /detail/outli42930227.html HTTP/1.1" 301 0 "-" "Mozilla/5.0 AppleWebKit/537.36 (KHTML, like Gecko; compatible; ClaudeBot/1.0; [email protected])"
216.73.216.247 - - [10/Jun/2025:00:01:52 -0400] "GET /detail/upwar21975393.html HTTP/1.1" 301 0 "-" "Mozilla/5.0 AppleWebKit/537.36 (KHTML, like Gecko; compatible; ClaudeBot/1.0; [email protected])"
216.73.216.247 - - [10/Jun/2025:00:01:52 -0400] "GET /detail/semin80815807.html HTTP/1.1" 301 0 "-" "Mozilla/5.0 AppleWebKit/537.36 (KHTML, like Gecko; compatible; ClaudeBot/1.0; [email protected])"
216.73.216.247 - - [10/Jun/2025:00:01:51 -0400] "GET /detail/reass10694408.html HTTP/1.1" 301 0 "-" "Mozilla/5.0 AppleWebKit/537.36 (KHTML, like Gecko; compatible; ClaudeBot/1.0; [email protected])"
162.0.232.193 - - [10/Jun/2025:00:02:14 -0400] "POST /wp-cron.php?doing_wp_cron=1749528134.6454839706420898437500 HTTP/1.1" 200 0 "-" "WordPress/6.8.1; https://isekainonbirinoukachapters.com"
8.217.210.223 - - [10/Jun/2025:00:02:13 -0400] "GET /wp-json/oembed/1.0/embed?url=https%3A%2F%2Fisekainonbirinoukachapters.com%2Fmanga%2Ffarming-life-in-another-world-chapter-113%2F HTTP/1.1" 200 2601 "-" "AliyunSecBot/Aliyun ([email protected])"
162.0.232.193 - - [10/Jun/2025:00:02:19 -0400] "GET /wp-content/uploads/89b93a66fa29a678cbd60ff176e1ea9a_1973.xml HTTP/1.1" 200 1362 "-" "Mozilla/5.0 (X11; Linux x86_64) AppleWebKit/537.36 (KHTML, like Gecko) Ubuntu Chromium/41.0.2272.76"
8.217.165.228 - - [10/Jun/2025:00:02:27 -0400] "GET /?p=2049 HTTP/1.1" 301 0 "-" "AliyunSecBot/Aliyun ([email protected])"
216.73.216.247 - - [10/Jun/2025:00:02:30 -0400] "GET /detail/bathr21568689.html HTTP/1.1" 301 0 "-" "Mozilla/5.0 AppleWebKit/537.36 (KHTML, like Gecko; compatible; ClaudeBot/1.0; [email protected])"
216.73.216.247 - - [10/Jun/2025:00:02:30 -0400] "GET /detail/abili41468323.html HTTP/1.1" 301 0 "-" "Mozilla/5.0 AppleWebKit/537.36 (KHTML, like Gecko; compatible; ClaudeBot/1.0; [email protected])"
216.73.216.247 - - [10/Jun/2025:00:02:30 -0400] "GET /detail/none31976610.html HTTP/1.1" 301 0 "-" "Mozilla/5.0 AppleWebKit/537.36 (KHTML, like Gecko; compatible; ClaudeBot/1.0; [email protected])"
216.73.216.247 - - [10/Jun/2025:00:02:30 -0400] "GET /detail/rapt21027881.html HTTP/1.1" 301 0 "-" "Mozilla/5.0 AppleWebKit/537.36 (KHTML, like Gecko; compatible; ClaudeBot/1.0; [email protected])"
216.73.216.247 - - [10/Jun/2025:00:02:30 -0400] "GET /detail/cut70109382.html HTTP/1.1" 301 0 "-" "Mozilla/5.0 AppleWebKit/537.36 (KHTML, like Gecko; compatible; ClaudeBot/1.0; [email protected])"
216.73.216.247 - - [10/Jun/2025:00:02:33 -0400] "GET /detail/sidew80242279.html HTTP/1.1" 301 0 "-" "Mozilla/5.0 AppleWebKit/537.36 (KHTML, like Gecko; compatible; ClaudeBot/1.0; [email protected])"
216.73.216.247 - - [10/Jun/2025:00:02:34 -0400] "GET /detail/atlan40232587.html HTTP/1.1" 301 0 "-" "Mozilla/5.0 AppleWebKit/537.36 (KHTML, like Gecko; compatible; ClaudeBot/1.0; [email protected])"
216.73.216.247 - - [10/Jun/2025:00:02:34 -0400] "GET /detail/gear80434175.html HTTP/1.1" 301 0 "-" "Mozilla/5.0 AppleWebKit/537.36 (KHTML, like Gecko; compatible; ClaudeBot/1.0; [email protected])"
8.217.214.104 - - [10/Jun/2025:00:02:31 -0400] "GET /manga/farming-life-in-another-world-chapter-181/ HTTP/1.1" 200 34053 "-" "AliyunSecBot/Aliyun ([email protected])"
69.1.44.131 - - [10/Jun/2025:00:02:36 -0400] "GET /manga/farming-life-in-another-world-chapter-29/ HTTP/1.1" 200 34089 "-" "Mozilla/5.0 (PlayStation; PlayStation 4/12.50) AppleWebKit/605.1.15 (KHTML, like Gecko) Version/17.0 Safari/605.1.15"
2409:40e6:e:d85f:8000:: - - [10/Jun/2025:00:02:42 -0400] "GET /manga/farming-life-in-another-world-chapter-26/ HTTP/1.1" 200 34482 "-" "Mozilla/5.0 (Linux; Android 10; K) AppleWebKit/537.36 (KHTML, like Gecko) Chrome/137.0.0.0 Mobile Safari/537.36"
2409:40e6:e:d85f:8000:: - - [10/Jun/2025:00:02:45 -0400] "GET /manga/farming-life-in-another-world-chapter-26/ HTTP/1.1" 200 34501 "https://isekainonbirinoukachapters.com/manga/farming-life-in-another-world-chapter-25/" "Mozilla/5.0 (Linux; Android 10; K) AppleWebKit/537.36 (KHTML, like Gecko) Chrome/137.0.0.0 Mobile Safari/537.36"
2409:40e6:e:d85f:8000:: - - [10/Jun/2025:00:02:51 -0400] "POST /wp-admin/admin-ajax.php HTTP/1.1" 200 61 "https://isekainonbirinoukachapters.com/manga/farming-life-in-another-world-chapter-26/" "Mozilla/5.0 (Linux; Android 10; K) AppleWebKit/537.36 (KHTML, like Gecko) Chrome/137.0.0.0 Mobile Safari/537.36"
162.0.232.193 - - [10/Jun/2025:00:03:16 -0400] "POST /wp-cron.php?doing_wp_cron=1749528195.9360809326171875000000 HTTP/1.1" 200 0 "-" "WordPress/6.8.1; https://isekainonbirinoukachapters.com"
162.0.232.193 - - [10/Jun/2025:00:03:16 -0400] "POST /wp-cron.php?doing_wp_cron=1749528196.5473959445953369140625 HTTP/1.1" 200 0 "-" "WordPress/6.8.1; https://isekainonbirinoukachapters.com"
216.73.216.247 - - [10/Jun/2025:00:03:13 -0400] "GET /detail/needy32502234.html HTTP/1.1" 301 0 "-" "Mozilla/5.0 AppleWebKit/537.36 (KHTML, like Gecko; compatible; ClaudeBot/1.0; [email protected])"
162.0.232.193 - - [10/Jun/2025:00:03:17 -0400] "POST /wp-cron.php?doing_wp_cron=1749528196.6426858901977539062500 HTTP/1.1" 200 0 "-" "WordPress/6.8.1; https://isekainonbirinoukachapters.com"
216.73.216.247 - - [10/Jun/2025:00:03:14 -0400] "GET /detail/kick11180600.html HTTP/1.1" 301 0 "-" "Mozilla/5.0 AppleWebKit/537.36 (KHTML, like Gecko; compatible; ClaudeBot/1.0; [email protected])"
162.0.232.193 - - [10/Jun/2025:00:03:17 -0400] "POST /wp-cron.php?doing_wp_cron=1749528196.7335751056671142578125 HTTP/1.1" 200 0 "-" "WordPress/6.8.1; https://isekainonbirinoukachapters.com"
216.73.216.247 - - [10/Jun/2025:00:03:14 -0400] "GET /detail/predi72241606.html HTTP/1.1" 301 0 "-" "Mozilla/5.0 AppleWebKit/537.36 (KHTML, like Gecko; compatible; ClaudeBot/1.0; [email protected])"
162.0.232.193 - - [10/Jun/2025:00:03:17 -0400] "POST /wp-cron.php?doing_wp_cron=1749528196.8561038970947265625000 HTTP/1.1" 200 0 "-" "WordPress/6.8.1; https://isekainonbirinoukachapters.com"
216.73.216.247 - - [10/Jun/2025:00:03:14 -0400] "GET /detail/kid70012134.html HTTP/1.1" 301 0 "-" "Mozilla/5.0 AppleWebKit/537.36 (KHTML, like Gecko; compatible; ClaudeBot/1.0; [email protected])"
216.73.216.247 - - [10/Jun/2025:00:03:14 -0400] "GET /detail/snack22610081.html HTTP/1.1" 301 0 "-" "Mozilla/5.0 AppleWebKit/537.36 (KHTML, like Gecko; compatible; ClaudeBot/1.0; [email protected])"
216.73.216.247 - - [10/Jun/2025:00:03:17 -0400] "GET /detail/gramm52424948.html HTTP/1.1" 301 0 "-" "Mozilla/5.0 AppleWebKit/537.36 (KHTML, like Gecko; compatible; ClaudeBot/1.0; [email protected])"
216.73.216.247 - - [10/Jun/2025:00:03:17 -0400] "GET /detail/beari22371713.html HTTP/1.1" 301 0 "-" "Mozilla/5.0 AppleWebKit/537.36 (KHTML, like Gecko; compatible; ClaudeBot/1.0; [email protected])"
216.73.216.247 - - [10/Jun/2025:00:03:17 -0400] "GET /detail/allia42875691.html HTTP/1.1" 301 0 "-" "Mozilla/5.0 AppleWebKit/537.36 (KHTML, like Gecko; compatible; ClaudeBot/1.0; [email protected])"
212.118.53.218 - - [10/Jun/2025:00:03:16 -0400] "GET / HTTP/1.1" 200 32196 "-" "Mozilla/5.0 (Macintosh; Intel Mac OS X 10_15_7) AppleWebKit/537.36 (KHTML, like Gecko) Chrome/133.0.0.0 Safari/537.36"
212.118.53.218 - - [10/Jun/2025:00:03:23 -0400] "GET /comments/feed/ HTTP/1.1" 200 431 "-" "Mozilla/5.0 (Macintosh; Intel Mac OS X 10_15_7) AppleWebKit/537.36 (KHTML, like Gecko) Chrome/133.0.0.0 Safari/537.36"
162.0.232.193 - - [10/Jun/2025:00:03:33 -0400] "POST /wp-cron.php?doing_wp_cron=1749528212.9566969871520996093750 HTTP/1.1" 200 0 "-" "WordPress/6.8.1; https://isekainonbirinoukachapters.com"
2409:40e6:e:d85f:8000:: - - [10/Jun/2025:00:03:31 -0400] "GET /manga/farming-life-in-another-world-chapter-27/ HTTP/1.1" 200 34516 "-" "Mozilla/5.0 (Linux; Android 10; K) AppleWebKit/537.36 (KHTML, like Gecko) Chrome/137.0.0.0 Mobile Safari/537.36"
2409:40e6:e:d85f:8000:: - - [10/Jun/2025:00:03:35 -0400] "GET /manga/farming-life-in-another-world-chapter-27/ HTTP/1.1" 200 34509 "https://isekainonbirinoukachapters.com/manga/farming-life-in-another-world-chapter-26/" "Mozilla/5.0 (Linux; Android 10; K) AppleWebKit/537.36 (KHTML, like Gecko) Chrome/137.0.0.0 Mobile Safari/537.36"
2409:40e6:e:d85f:8000:: - - [10/Jun/2025:00:03:37 -0400] "POST /wp-admin/admin-ajax.php HTTP/1.1" 200 61 "https://isekainonbirinoukachapters.com/manga/farming-life-in-another-world-chapter-27/" "Mozilla/5.0 (Linux; Android 10; K) AppleWebKit/537.36 (KHTML, like Gecko) Chrome/137.0.0.0 Mobile Safari/537.36"
162.0.232.193 - - [10/Jun/2025:00:03:52 -0400] "POST /wp-cron.php?doing_wp_cron=1749528232.4556779861450195312500 HTTP/1.1" 200 0 "-" "WordPress/6.8.1; https://isekainonbirinoukachapters.com"
2409:40e6:e:d85f:8000:: - - [10/Jun/2025:00:03:51 -0400] "GET /manga/farming-life-in-another-world-chapter-28/ HTTP/1.1" 200 34581 "-" "Mozilla/5.0 (Linux; Android 10; K) AppleWebKit/537.36 (KHTML, like Gecko) Chrome/137.0.0.0 Mobile Safari/537.36"
162.0.232.193 - - [10/Jun/2025:00:03:56 -0400] "POST /wp-cron.php?doing_wp_cron=1749528236.0827159881591796875000 HTTP/1.1" 200 0 "-" "WordPress/6.8.1; https://isekainonbirinoukachapters.com"
216.73.216.247 - - [10/Jun/2025:00:03:55 -0400] "GET /detail/retre21450305.html HTTP/1.1" 301 0 "-" "Mozilla/5.0 AppleWebKit/537.36 (KHTML, like Gecko; compatible; ClaudeBot/1.0; [email protected])"
2409:40e6:e:d85f:8000:: - - [10/Jun/2025:00:03:54 -0400] "GET /manga/farming-life-in-another-world-chapter-28/ HTTP/1.1" 200 34581 "https://isekainonbirinoukachapters.com/manga/farming-life-in-another-world-chapter-27/" "Mozilla/5.0 (Linux; Android 10; K) AppleWebKit/537.36 (KHTML, like Gecko) Chrome/137.0.0.0 Mobile Safari/537.36"
216.73.216.247 - - [10/Jun/2025:00:03:55 -0400] "GET /detail/meet10381448.html HTTP/1.1" 301 0 "-" "Mozilla/5.0 AppleWebKit/537.36 (KHTML, like Gecko; compatible; ClaudeBot/1.0; [email protected])"
216.73.216.247 - - [10/Jun/2025:00:03:55 -0400] "GET /detail/flue22159977.html HTTP/1.1" 301 0 "-" "Mozilla/5.0 AppleWebKit/537.36 (KHTML, like Gecko; compatible; ClaudeBot/1.0; [email protected])"
216.73.216.247 - - [10/Jun/2025:00:03:55 -0400] "GET /detail/heel20137753.html HTTP/1.1" 301 0 "-" "Mozilla/5.0 AppleWebKit/537.36 (KHTML, like Gecko; compatible; ClaudeBot/1.0; [email protected])"
216.73.216.247 - - [10/Jun/2025:00:03:55 -0400] "GET /detail/exper71312806.html HTTP/1.1" 301 0 "-" "Mozilla/5.0 AppleWebKit/537.36 (KHTML, like Gecko; compatible; ClaudeBot/1.0; [email protected])"
216.73.216.247 - - [10/Jun/2025:00:03:58 -0400] "GET /detail/survi31050258.html HTTP/1.1" 301 0 "-" "Mozilla/5.0 AppleWebKit/537.36 (KHTML, like Gecko; compatible; ClaudeBot/1.0; [email protected])"
216.73.216.247 - - [10/Jun/2025:00:03:59 -0400] "GET /detail/catal20342193.html HTTP/1.1" 301 0 "-" "Mozilla/5.0 AppleWebKit/537.36 (KHTML, like Gecko; compatible; ClaudeBot/1.0; [email protected])"
216.73.216.247 - - [10/Jun/2025:00:03:59 -0400] "GET /detail/wage20570857.html HTTP/1.1" 301 0 "-" "Mozilla/5.0 AppleWebKit/537.36 (KHTML, like Gecko; compatible; ClaudeBot/1.0; [email protected])"
2409:40e6:e:d85f:8000:: - - [10/Jun/2025:00:04:00 -0400] "POST /wp-admin/admin-ajax.php HTTP/1.1" 200 61 "https://isekainonbirinoukachapters.com/manga/farming-life-in-another-world-chapter-28/" "Mozilla/5.0 (Linux; Android 10; K) AppleWebKit/537.36 (KHTML, like Gecko) Chrome/137.0.0.0 Mobile Safari/537.36"
162.0.232.193 - - [10/Jun/2025:00:04:10 -0400] "GET /wp-content/uploads/89b93a66fa29a678cbd60ff176e1ea9a_1973.xml HTTP/1.1" 200 1362 "-" "Mozilla/5.0 (X11; Linux x86_64) AppleWebKit/537.36 (KHTML, like Gecko) Ubuntu Chromium/41.0.2272.76"
2409:40e6:e:d85f:8000:: - - [10/Jun/2025:00:04:15 -0400] "GET /manga/farming-life-in-another-world-chapter-29/ HTTP/1.1" 200 34179 "-" "Mozilla/5.0 (Linux; Android 10; K) AppleWebKit/537.36 (KHTML, like Gecko) Chrome/137.0.0.0 Mobile Safari/537.36"
2409:40e6:e:d85f:8000:: - - [10/Jun/2025:00:04:19 -0400] "GET /manga/farming-life-in-another-world-chapter-29/ HTTP/1.1" 200 34190 "https://isekainonbirinoukachapters.com/manga/farming-life-in-another-world-chapter-28/" "Mozilla/5.0 (Linux; Android 10; K) AppleWebKit/537.36 (KHTML, like Gecko) Chrome/137.0.0.0 Mobile Safari/537.36"
