20.171.207.143 - - [10/Jun/2025:01:36:54 -0400] "GET / HTTP/1.1" 200 32194 "-" "Mozilla/5.0 AppleWebKit/537.36 (KHTML, like Gecko; compatible; GPTBot/1.2; +https://openai.com/gptbot)"
162.0.232.193 - - [10/Jun/2025:01:36:57 -0400] "POST /wp-cron.php?doing_wp_cron=1749533817.4645199775695800781250 HTTP/1.1" 200 0 "-" "WordPress/6.8.1; https://isekainonbirinoukachapters.com"
20.171.207.143 - - [10/Jun/2025:01:36:56 -0400] "GET /detail/brush60908989.html HTTP/1.1" 301 0 "-" "Mozilla/5.0 AppleWebKit/537.36 (KHTML, like Gecko; compatible; GPTBot/1.2; +https://openai.com/gptbot)"
20.171.207.143 - - [10/Jun/2025:01:36:58 -0400] "GET / HTTP/1.1" 200 32194 "-" "Mozilla/5.0 AppleWebKit/537.36 (KHTML, like Gecko; compatible; GPTBot/1.2; +https://openai.com/gptbot)"
20.171.207.143 - - [10/Jun/2025:01:37:01 -0400] "GET /detail/plain51164532.html HTTP/1.1" 301 0 "-" "Mozilla/5.0 AppleWebKit/537.36 (KHTML, like Gecko; compatible; GPTBot/1.2; +https://openai.com/gptbot)"
20.171.207.143 - - [10/Jun/2025:01:37:01 -0400] "GET / HTTP/1.1" 200 32194 "-" "Mozilla/5.0 AppleWebKit/537.36 (KHTML, like Gecko; compatible; GPTBot/1.2; +https://openai.com/gptbot)"
162.0.232.193 - - [10/Jun/2025:01:37:03 -0400] "GET /wp-content/uploads/89b93a66fa29a678cbd60ff176e1ea9a_1973.xml HTTP/1.1" 200 1499 "-" "Mozilla/5.0 (X11; Linux x86_64) AppleWebKit/537.36 (KHTML, like Gecko) Ubuntu Chromium/41.0.2272.76"
20.171.207.143 - - [10/Jun/2025:01:37:06 -0400] "GET /detail/cruel41677267.html HTTP/1.1" 301 0 "-" "Mozilla/5.0 AppleWebKit/537.36 (KHTML, like Gecko; compatible; GPTBot/1.2; +https://openai.com/gptbot)"
40.77.167.7 - - [10/Jun/2025:01:37:06 -0400] "GET /POS-98powkb5663/ HTTP/1.1" 301 0 "-" "Mozilla/5.0 AppleWebKit/537.36 (KHTML, like Gecko; compatible; bingbot/2.0; +http://www.bing.com/bingbot.htm) Chrome/116.0.1938.76 Safari/537.36"
20.171.207.143 - - [10/Jun/2025:01:37:08 -0400] "GET / HTTP/1.1" 200 32194 "-" "Mozilla/5.0 AppleWebKit/537.36 (KHTML, like Gecko; compatible; GPTBot/1.2; +https://openai.com/gptbot)"
20.171.207.143 - - [10/Jun/2025:01:37:11 -0400] "GET /detail/estab41285731.html HTTP/1.1" 301 0 "-" "Mozilla/5.0 AppleWebKit/537.36 (KHTML, like Gecko; compatible; GPTBot/1.2; +https://openai.com/gptbot)"
20.171.207.143 - - [10/Jun/2025:01:37:12 -0400] "GET / HTTP/1.1" 200 32194 "-" "Mozilla/5.0 AppleWebKit/537.36 (KHTML, like Gecko; compatible; GPTBot/1.2; +https://openai.com/gptbot)"
20.171.207.143 - - [10/Jun/2025:01:37:15 -0400] "GET /detail/draft12734896.html HTTP/1.1" 301 0 "-" "Mozilla/5.0 AppleWebKit/537.36 (KHTML, like Gecko; compatible; GPTBot/1.2; +https://openai.com/gptbot)"
20.171.207.143 - - [10/Jun/2025:01:37:17 -0400] "GET / HTTP/1.1" 200 32194 "-" "Mozilla/5.0 AppleWebKit/537.36 (KHTML, like Gecko; compatible; GPTBot/1.2; +https://openai.com/gptbot)"
20.171.207.143 - - [10/Jun/2025:01:37:19 -0400] "GET /detail/painf40214315.html HTTP/1.1" 301 0 "-" "Mozilla/5.0 AppleWebKit/537.36 (KHTML, like Gecko; compatible; GPTBot/1.2; +https://openai.com/gptbot)"
20.171.207.143 - - [10/Jun/2025:01:37:20 -0400] "GET / HTTP/1.1" 200 32196 "-" "Mozilla/5.0 AppleWebKit/537.36 (KHTML, like Gecko; compatible; GPTBot/1.2; +https://openai.com/gptbot)"
20.171.207.143 - - [10/Jun/2025:01:37:23 -0400] "GET /detail/utmos42654995.html HTTP/1.1" 301 0 "-" "Mozilla/5.0 AppleWebKit/537.36 (KHTML, like Gecko; compatible; GPTBot/1.2; +https://openai.com/gptbot)"
20.171.207.143 - - [10/Jun/2025:01:37:25 -0400] "GET / HTTP/1.1" 200 32194 "-" "Mozilla/5.0 AppleWebKit/537.36 (KHTML, like Gecko; compatible; GPTBot/1.2; +https://openai.com/gptbot)"
20.171.207.143 - - [10/Jun/2025:01:37:28 -0400] "GET /detail/drown61331549.html HTTP/1.1" 301 0 "-" "Mozilla/5.0 AppleWebKit/537.36 (KHTML, like Gecko; compatible; GPTBot/1.2; +https://openai.com/gptbot)"
20.171.207.143 - - [10/Jun/2025:01:37:29 -0400] "GET / HTTP/1.1" 200 32194 "-" "Mozilla/5.0 AppleWebKit/537.36 (KHTML, like Gecko; compatible; GPTBot/1.2; +https://openai.com/gptbot)"
20.171.207.143 - - [10/Jun/2025:01:37:32 -0400] "GET /detail/curio82858223.html HTTP/1.1" 301 0 "-" "Mozilla/5.0 AppleWebKit/537.36 (KHTML, like Gecko; compatible; GPTBot/1.2; +https://openai.com/gptbot)"
20.171.207.143 - - [10/Jun/2025:01:37:35 -0400] "GET / HTTP/1.1" 200 32194 "-" "Mozilla/5.0 AppleWebKit/537.36 (KHTML, like Gecko; compatible; GPTBot/1.2; +https://openai.com/gptbot)"
20.171.207.143 - - [10/Jun/2025:01:37:38 -0400] "GET /detail/rainb81351303.html HTTP/1.1" 301 0 "-" "Mozilla/5.0 AppleWebKit/537.36 (KHTML, like Gecko; compatible; GPTBot/1.2; +https://openai.com/gptbot)"
20.171.207.143 - - [10/Jun/2025:01:37:39 -0400] "GET / HTTP/1.1" 200 32194 "-" "Mozilla/5.0 AppleWebKit/537.36 (KHTML, like Gecko; compatible; GPTBot/1.2; +https://openai.com/gptbot)"
20.171.207.143 - - [10/Jun/2025:01:37:44 -0400] "GET /detail/suita51977340.html HTTP/1.1" 301 0 "-" "Mozilla/5.0 AppleWebKit/537.36 (KHTML, like Gecko; compatible; GPTBot/1.2; +https://openai.com/gptbot)"
20.171.207.143 - - [10/Jun/2025:01:37:45 -0400] "GET / HTTP/1.1" 200 32194 "-" "Mozilla/5.0 AppleWebKit/537.36 (KHTML, like Gecko; compatible; GPTBot/1.2; +https://openai.com/gptbot)"
20.171.207.143 - - [10/Jun/2025:01:37:49 -0400] "GET /detail/ensur30542050.html HTTP/1.1" 301 0 "-" "Mozilla/5.0 AppleWebKit/537.36 (KHTML, like Gecko; compatible; GPTBot/1.2; +https://openai.com/gptbot)"
20.171.207.143 - - [10/Jun/2025:01:37:50 -0400] "GET / HTTP/1.1" 200 32194 "-" "Mozilla/5.0 AppleWebKit/537.36 (KHTML, like Gecko; compatible; GPTBot/1.2; +https://openai.com/gptbot)"
20.171.207.143 - - [10/Jun/2025:01:37:54 -0400] "GET /detail/sense71233078.html HTTP/1.1" 301 0 "-" "Mozilla/5.0 AppleWebKit/537.36 (KHTML, like Gecko; compatible; GPTBot/1.2; +https://openai.com/gptbot)"
20.171.207.143 - - [10/Jun/2025:01:37:56 -0400] "GET / HTTP/1.1" 200 32194 "-" "Mozilla/5.0 AppleWebKit/537.36 (KHTML, like Gecko; compatible; GPTBot/1.2; +https://openai.com/gptbot)"
162.0.232.193 - - [10/Jun/2025:01:37:59 -0400] "POST /wp-cron.php?doing_wp_cron=1749533879.7774360179901123046875 HTTP/1.1" 200 0 "-" "WordPress/6.8.1; https://isekainonbirinoukachapters.com"
20.171.207.143 - - [10/Jun/2025:01:37:59 -0400] "GET /detail/safet82373199.html HTTP/1.1" 301 0 "-" "Mozilla/5.0 AppleWebKit/537.36 (KHTML, like Gecko; compatible; GPTBot/1.2; +https://openai.com/gptbot)"
20.171.207.143 - - [10/Jun/2025:01:38:00 -0400] "GET / HTTP/1.1" 200 32194 "-" "Mozilla/5.0 AppleWebKit/537.36 (KHTML, like Gecko; compatible; GPTBot/1.2; +https://openai.com/gptbot)"
20.171.207.143 - - [10/Jun/2025:01:38:03 -0400] "GET /detail/disso20830617.html HTTP/1.1" 301 0 "-" "Mozilla/5.0 AppleWebKit/537.36 (KHTML, like Gecko; compatible; GPTBot/1.2; +https://openai.com/gptbot)"
20.171.207.143 - - [10/Jun/2025:01:38:03 -0400] "GET / HTTP/1.1" 200 32194 "-" "Mozilla/5.0 AppleWebKit/537.36 (KHTML, like Gecko; compatible; GPTBot/1.2; +https://openai.com/gptbot)"
20.171.207.143 - - [10/Jun/2025:01:38:06 -0400] "GET /detail/liqui70954702.html HTTP/1.1" 301 0 "-" "Mozilla/5.0 AppleWebKit/537.36 (KHTML, like Gecko; compatible; GPTBot/1.2; +https://openai.com/gptbot)"
20.171.207.143 - - [10/Jun/2025:01:38:07 -0400] "GET / HTTP/1.1" 200 32194 "-" "Mozilla/5.0 AppleWebKit/537.36 (KHTML, like Gecko; compatible; GPTBot/1.2; +https://openai.com/gptbot)"
20.171.207.143 - - [10/Jun/2025:01:38:09 -0400] "GET /detail/lodge31250314.html HTTP/1.1" 301 0 "-" "Mozilla/5.0 AppleWebKit/537.36 (KHTML, like Gecko; compatible; GPTBot/1.2; +https://openai.com/gptbot)"
20.171.207.143 - - [10/Jun/2025:01:38:10 -0400] "GET / HTTP/1.1" 200 32194 "-" "Mozilla/5.0 AppleWebKit/537.36 (KHTML, like Gecko; compatible; GPTBot/1.2; +https://openai.com/gptbot)"
20.171.207.143 - - [10/Jun/2025:01:38:12 -0400] "GET /detail/somet71308102.html HTTP/1.1" 301 0 "-" "Mozilla/5.0 AppleWebKit/537.36 (KHTML, like Gecko; compatible; GPTBot/1.2; +https://openai.com/gptbot)"
20.171.207.143 - - [10/Jun/2025:01:38:14 -0400] "GET / HTTP/1.1" 200 32194 "-" "Mozilla/5.0 AppleWebKit/537.36 (KHTML, like Gecko; compatible; GPTBot/1.2; +https://openai.com/gptbot)"
20.171.207.143 - - [10/Jun/2025:01:38:16 -0400] "GET /detail/dance60216477.html HTTP/1.1" 301 0 "-" "Mozilla/5.0 AppleWebKit/537.36 (KHTML, like Gecko; compatible; GPTBot/1.2; +https://openai.com/gptbot)"
162.0.232.193 - - [10/Jun/2025:01:38:18 -0400] "POST /wp-cron.php?doing_wp_cron=1749533898.0742459297180175781250 HTTP/1.1" 200 0 "-" "WordPress/6.8.1; https://isekainonbirinoukachapters.com"
20.171.207.143 - - [10/Jun/2025:01:38:17 -0400] "GET / HTTP/1.1" 200 32194 "-" "Mozilla/5.0 AppleWebKit/537.36 (KHTML, like Gecko; compatible; GPTBot/1.2; +https://openai.com/gptbot)"
20.171.207.143 - - [10/Jun/2025:01:38:20 -0400] "GET /detail/hardw62706253.html HTTP/1.1" 301 0 "-" "Mozilla/5.0 AppleWebKit/537.36 (KHTML, like Gecko; compatible; GPTBot/1.2; +https://openai.com/gptbot)"
20.171.207.143 - - [10/Jun/2025:01:38:21 -0400] "GET / HTTP/1.1" 200 32194 "-" "Mozilla/5.0 AppleWebKit/537.36 (KHTML, like Gecko; compatible; GPTBot/1.2; +https://openai.com/gptbot)"
20.171.207.143 - - [10/Jun/2025:01:38:24 -0400] "GET /detail/poten60602245.html HTTP/1.1" 301 0 "-" "Mozilla/5.0 AppleWebKit/537.36 (KHTML, like Gecko; compatible; GPTBot/1.2; +https://openai.com/gptbot)"
20.171.207.143 - - [10/Jun/2025:01:38:24 -0400] "GET / HTTP/1.1" 200 32194 "-" "Mozilla/5.0 AppleWebKit/537.36 (KHTML, like Gecko; compatible; GPTBot/1.2; +https://openai.com/gptbot)"
162.0.232.193 - - [10/Jun/2025:01:38:28 -0400] "POST /wp-cron.php?doing_wp_cron=1749533908.1023778915405273437500 HTTP/1.1" 200 0 "-" "WordPress/6.8.1; https://isekainonbirinoukachapters.com"
20.171.207.143 - - [10/Jun/2025:01:38:27 -0400] "GET /detail/durab70746142.html HTTP/1.1" 301 0 "-" "Mozilla/5.0 AppleWebKit/537.36 (KHTML, like Gecko; compatible; GPTBot/1.2; +https://openai.com/gptbot)"
20.171.207.143 - - [10/Jun/2025:01:38:28 -0400] "GET / HTTP/1.1" 200 32194 "-" "Mozilla/5.0 AppleWebKit/537.36 (KHTML, like Gecko; compatible; GPTBot/1.2; +https://openai.com/gptbot)"
20.171.207.143 - - [10/Jun/2025:01:38:30 -0400] "GET /detail/divis61498021.html HTTP/1.1" 301 0 "-" "Mozilla/5.0 AppleWebKit/537.36 (KHTML, like Gecko; compatible; GPTBot/1.2; +https://openai.com/gptbot)"
20.171.207.143 - - [10/Jun/2025:01:38:32 -0400] "GET / HTTP/1.1" 200 32194 "-" "Mozilla/5.0 AppleWebKit/537.36 (KHTML, like Gecko; compatible; GPTBot/1.2; +https://openai.com/gptbot)"
20.171.207.143 - - [10/Jun/2025:01:38:35 -0400] "GET /detail/skill51604852.html HTTP/1.1" 301 0 "-" "Mozilla/5.0 AppleWebKit/537.36 (KHTML, like Gecko; compatible; GPTBot/1.2; +https://openai.com/gptbot)"
20.171.207.143 - - [10/Jun/2025:01:38:35 -0400] "GET / HTTP/1.1" 200 32194 "-" "Mozilla/5.0 AppleWebKit/537.36 (KHTML, like Gecko; compatible; GPTBot/1.2; +https://openai.com/gptbot)"
20.171.207.143 - - [10/Jun/2025:01:38:39 -0400] "GET /detail/digit61582837.html HTTP/1.1" 301 0 "-" "Mozilla/5.0 AppleWebKit/537.36 (KHTML, like Gecko; compatible; GPTBot/1.2; +https://openai.com/gptbot)"
20.171.207.143 - - [10/Jun/2025:01:38:39 -0400] "GET / HTTP/1.1" 200 32194 "-" "Mozilla/5.0 AppleWebKit/537.36 (KHTML, like Gecko; compatible; GPTBot/1.2; +https://openai.com/gptbot)"
20.171.207.143 - - [10/Jun/2025:01:38:43 -0400] "GET /detail/adequ60954157.html HTTP/1.1" 301 0 "-" "Mozilla/5.0 AppleWebKit/537.36 (KHTML, like Gecko; compatible; GPTBot/1.2; +https://openai.com/gptbot)"
20.171.207.143 - - [10/Jun/2025:01:38:44 -0400] "GET / HTTP/1.1" 200 32194 "-" "Mozilla/5.0 AppleWebKit/537.36 (KHTML, like Gecko; compatible; GPTBot/1.2; +https://openai.com/gptbot)"
162.0.232.193 - - [10/Jun/2025:01:38:47 -0400] "POST /wp-cron.php?doing_wp_cron=1749533927.4694929122924804687500 HTTP/1.1" 200 0 "-" "WordPress/6.8.1; https://isekainonbirinoukachapters.com"
20.171.207.143 - - [10/Jun/2025:01:38:47 -0400] "GET /detail/beyon62344621.html HTTP/1.1" 301 0 "-" "Mozilla/5.0 AppleWebKit/537.36 (KHTML, like Gecko; compatible; GPTBot/1.2; +https://openai.com/gptbot)"
20.171.207.143 - - [10/Jun/2025:01:38:47 -0400] "GET / HTTP/1.1" 200 32194 "-" "Mozilla/5.0 AppleWebKit/537.36 (KHTML, like Gecko; compatible; GPTBot/1.2; +https://openai.com/gptbot)"
20.171.207.143 - - [10/Jun/2025:01:38:50 -0400] "GET /detail/watch60260357.html HTTP/1.1" 301 0 "-" "Mozilla/5.0 AppleWebKit/537.36 (KHTML, like Gecko; compatible; GPTBot/1.2; +https://openai.com/gptbot)"
20.171.207.143 - - [10/Jun/2025:01:38:51 -0400] "GET / HTTP/1.1" 200 32194 "-" "Mozilla/5.0 AppleWebKit/537.36 (KHTML, like Gecko; compatible; GPTBot/1.2; +https://openai.com/gptbot)"
40.77.167.7 - - [10/Jun/2025:01:38:52 -0400] "GET /manga/farming-life-in-another-world-chapter-142/ HTTP/1.1" 200 34005 "-" "Mozilla/5.0 AppleWebKit/537.36 (KHTML, like Gecko; compatible; bingbot/2.0; +http://www.bing.com/bingbot.htm) Chrome/116.0.1938.76 Safari/537.36"
162.0.232.193 - - [10/Jun/2025:01:38:54 -0400] "POST /wp-cron.php?doing_wp_cron=1749533934.6372148990631103515625 HTTP/1.1" 200 0 "-" "WordPress/6.8.1; https://isekainonbirinoukachapters.com"
20.171.207.143 - - [10/Jun/2025:01:38:53 -0400] "GET /detail/tower71841182.html HTTP/1.1" 301 0 "-" "Mozilla/5.0 AppleWebKit/537.36 (KHTML, like Gecko; compatible; GPTBot/1.2; +https://openai.com/gptbot)"
20.171.207.143 - - [10/Jun/2025:01:38:54 -0400] "GET / HTTP/1.1" 200 32194 "-" "Mozilla/5.0 AppleWebKit/537.36 (KHTML, like Gecko; compatible; GPTBot/1.2; +https://openai.com/gptbot)"
162.0.232.193 - - [10/Jun/2025:01:38:57 -0400] "POST /wp-cron.php?doing_wp_cron=1749533936.9610240459442138671875 HTTP/1.1" 200 0 "-" "WordPress/6.8.1; https://isekainonbirinoukachapters.com"
20.171.207.143 - - [10/Jun/2025:01:38:56 -0400] "GET /detail/furth32183202.html HTTP/1.1" 301 0 "-" "Mozilla/5.0 AppleWebKit/537.36 (KHTML, like Gecko; compatible; GPTBot/1.2; +https://openai.com/gptbot)"
20.171.207.143 - - [10/Jun/2025:01:38:57 -0400] "GET / HTTP/1.1" 200 32194 "-" "Mozilla/5.0 AppleWebKit/537.36 (KHTML, like Gecko; compatible; GPTBot/1.2; +https://openai.com/gptbot)"
162.0.232.193 - - [10/Jun/2025:01:38:58 -0400] "GET /wp-content/uploads/89b93a66fa29a678cbd60ff176e1ea9a_1973.xml HTTP/1.1" 200 1499 "-" "Mozilla/5.0 (X11; Linux x86_64) AppleWebKit/537.36 (KHTML, like Gecko) Ubuntu Chromium/41.0.2272.76"
20.171.207.143 - - [10/Jun/2025:01:38:59 -0400] "GET /detail/boost40374203.html HTTP/1.1" 301 0 "-" "Mozilla/5.0 AppleWebKit/537.36 (KHTML, like Gecko; compatible; GPTBot/1.2; +https://openai.com/gptbot)"
20.171.207.143 - - [10/Jun/2025:01:39:00 -0400] "GET / HTTP/1.1" 200 32194 "-" "Mozilla/5.0 AppleWebKit/537.36 (KHTML, like Gecko; compatible; GPTBot/1.2; +https://openai.com/gptbot)"
20.171.207.143 - - [10/Jun/2025:01:39:02 -0400] "GET /detail/adequ62518157.html HTTP/1.1" 301 0 "-" "Mozilla/5.0 AppleWebKit/537.36 (KHTML, like Gecko; compatible; GPTBot/1.2; +https://openai.com/gptbot)"
20.171.207.143 - - [10/Jun/2025:01:39:03 -0400] "GET / HTTP/1.1" 200 32194 "-" "Mozilla/5.0 AppleWebKit/537.36 (KHTML, like Gecko; compatible; GPTBot/1.2; +https://openai.com/gptbot)"
20.171.207.143 - - [10/Jun/2025:01:39:05 -0400] "GET /detail/ought70018814.html HTTP/1.1" 301 0 "-" "Mozilla/5.0 AppleWebKit/537.36 (KHTML, like Gecko; compatible; GPTBot/1.2; +https://openai.com/gptbot)"
20.171.207.143 - - [10/Jun/2025:01:39:06 -0400] "GET / HTTP/1.1" 200 32194 "-" "Mozilla/5.0 AppleWebKit/537.36 (KHTML, like Gecko; compatible; GPTBot/1.2; +https://openai.com/gptbot)"
20.171.207.143 - - [10/Jun/2025:01:39:08 -0400] "GET /detail/donke20386905.html HTTP/1.1" 301 0 "-" "Mozilla/5.0 AppleWebKit/537.36 (KHTML, like Gecko; compatible; GPTBot/1.2; +https://openai.com/gptbot)"
20.171.207.143 - - [10/Jun/2025:01:39:10 -0400] "GET / HTTP/1.1" 200 32194 "-" "Mozilla/5.0 AppleWebKit/537.36 (KHTML, like Gecko; compatible; GPTBot/1.2; +https://openai.com/gptbot)"
20.171.207.143 - - [10/Jun/2025:01:39:12 -0400] "GET /detail/consu71797934.html HTTP/1.1" 301 0 "-" "Mozilla/5.0 AppleWebKit/537.36 (KHTML, like Gecko; compatible; GPTBot/1.2; +https://openai.com/gptbot)"
20.171.207.143 - - [10/Jun/2025:01:39:12 -0400] "GET / HTTP/1.1" 200 32194 "-" "Mozilla/5.0 AppleWebKit/537.36 (KHTML, like Gecko; compatible; GPTBot/1.2; +https://openai.com/gptbot)"
20.171.207.143 - - [10/Jun/2025:01:39:15 -0400] "GET /detail/dozen82480303.html HTTP/1.1" 301 0 "-" "Mozilla/5.0 AppleWebKit/537.36 (KHTML, like Gecko; compatible; GPTBot/1.2; +https://openai.com/gptbot)"
20.171.207.143 - - [10/Jun/2025:01:39:16 -0400] "GET / HTTP/1.1" 200 32196 "-" "Mozilla/5.0 AppleWebKit/537.36 (KHTML, like Gecko; compatible; GPTBot/1.2; +https://openai.com/gptbot)"
20.171.207.143 - - [10/Jun/2025:01:39:19 -0400] "GET /detail/conta30421922.html HTTP/1.1" 301 0 "-" "Mozilla/5.0 AppleWebKit/537.36 (KHTML, like Gecko; compatible; GPTBot/1.2; +https://openai.com/gptbot)"
20.171.207.143 - - [10/Jun/2025:01:39:20 -0400] "GET / HTTP/1.1" 200 32196 "-" "Mozilla/5.0 AppleWebKit/537.36 (KHTML, like Gecko; compatible; GPTBot/1.2; +https://openai.com/gptbot)"
54.36.149.29 - - [10/Jun/2025:01:39:21 -0400] "GET /manga/farming-life-in-another-world-chapter-2/ HTTP/1.1" 200 34138 "-" "Mozilla/5.0 (compatible; AhrefsBot/7.0; +http://ahrefs.com/robot/)"
20.171.207.143 - - [10/Jun/2025:01:39:23 -0400] "GET /detail/evapo81247047.html HTTP/1.1" 301 0 "-" "Mozilla/5.0 AppleWebKit/537.36 (KHTML, like Gecko; compatible; GPTBot/1.2; +https://openai.com/gptbot)"
20.171.207.143 - - [10/Jun/2025:01:39:26 -0400] "GET / HTTP/1.1" 200 32194 "-" "Mozilla/5.0 AppleWebKit/537.36 (KHTML, like Gecko; compatible; GPTBot/1.2; +https://openai.com/gptbot)"
20.171.207.143 - - [10/Jun/2025:01:39:30 -0400] "GET /detail/capta80240639.html HTTP/1.1" 301 0 "-" "Mozilla/5.0 AppleWebKit/537.36 (KHTML, like Gecko; compatible; GPTBot/1.2; +https://openai.com/gptbot)"
20.171.207.143 - - [10/Jun/2025:01:39:31 -0400] "GET / HTTP/1.1" 200 32194 "-" "Mozilla/5.0 AppleWebKit/537.36 (KHTML, like Gecko; compatible; GPTBot/1.2; +https://openai.com/gptbot)"
20.171.207.143 - - [10/Jun/2025:01:39:37 -0400] "GET /detail/saint70086214.html HTTP/1.1" 301 0 "-" "Mozilla/5.0 AppleWebKit/537.36 (KHTML, like Gecko; compatible; GPTBot/1.2; +https://openai.com/gptbot)"
20.171.207.143 - - [10/Jun/2025:01:39:38 -0400] "GET / HTTP/1.1" 200 32194 "-" "Mozilla/5.0 AppleWebKit/537.36 (KHTML, like Gecko; compatible; GPTBot/1.2; +https://openai.com/gptbot)"
20.171.207.143 - - [10/Jun/2025:01:39:43 -0400] "GET /detail/insti62913829.html HTTP/1.1" 301 0 "-" "Mozilla/5.0 AppleWebKit/537.36 (KHTML, like Gecko; compatible; GPTBot/1.2; +https://openai.com/gptbot)"
20.171.207.143 - - [10/Jun/2025:01:39:46 -0400] "GET / HTTP/1.1" 200 32196 "-" "Mozilla/5.0 AppleWebKit/537.36 (KHTML, like Gecko; compatible; GPTBot/1.2; +https://openai.com/gptbot)"
20.171.207.143 - - [10/Jun/2025:01:39:50 -0400] "GET /detail/drown60479549.html HTTP/1.1" 301 0 "-" "Mozilla/5.0 AppleWebKit/537.36 (KHTML, like Gecko; compatible; GPTBot/1.2; +https://openai.com/gptbot)"
20.171.207.143 - - [10/Jun/2025:01:39:50 -0400] "GET / HTTP/1.1" 200 32194 "-" "Mozilla/5.0 AppleWebKit/537.36 (KHTML, like Gecko; compatible; GPTBot/1.2; +https://openai.com/gptbot)"
162.0.232.193 - - [10/Jun/2025:01:39:58 -0400] "POST /wp-cron.php?doing_wp_cron=1749533998.7450668811798095703125 HTTP/1.1" 200 0 "-" "WordPress/6.8.1; https://isekainonbirinoukachapters.com"
20.171.207.143 - - [10/Jun/2025:01:39:57 -0400] "GET /detail/brita70863238.html HTTP/1.1" 301 0 "-" "Mozilla/5.0 AppleWebKit/537.36 (KHTML, like Gecko; compatible; GPTBot/1.2; +https://openai.com/gptbot)"
20.171.207.143 - - [10/Jun/2025:01:39:59 -0400] "GET / HTTP/1.1" 200 32194 "-" "Mozilla/5.0 AppleWebKit/537.36 (KHTML, like Gecko; compatible; GPTBot/1.2; +https://openai.com/gptbot)"
20.171.207.143 - - [10/Jun/2025:01:40:04 -0400] "GET /detail/obsta60841821.html HTTP/1.1" 301 0 "-" "Mozilla/5.0 AppleWebKit/537.36 (KHTML, like Gecko; compatible; GPTBot/1.2; +https://openai.com/gptbot)"
20.171.207.143 - - [10/Jun/2025:01:40:05 -0400] "GET / HTTP/1.1" 200 32194 "-" "Mozilla/5.0 AppleWebKit/537.36 (KHTML, like Gecko; compatible; GPTBot/1.2; +https://openai.com/gptbot)"
20.171.207.143 - - [10/Jun/2025:01:40:11 -0400] "GET /detail/gestu70298302.html HTTP/1.1" 301 0 "-" "Mozilla/5.0 AppleWebKit/537.36 (KHTML, like Gecko; compatible; GPTBot/1.2; +https://openai.com/gptbot)"
20.171.207.143 - - [10/Jun/2025:01:40:13 -0400] "GET / HTTP/1.1" 200 32194 "-" "Mozilla/5.0 AppleWebKit/537.36 (KHTML, like Gecko; compatible; GPTBot/1.2; +https://openai.com/gptbot)"
162.0.232.193 - - [10/Jun/2025:01:40:18 -0400] "POST /wp-cron.php?doing_wp_cron=1749534018.5729100704193115234375 HTTP/1.1" 200 0 "-" "WordPress/6.8.1; https://isekainonbirinoukachapters.com"
20.171.207.143 - - [10/Jun/2025:01:40:16 -0400] "GET /detail/takeo41937907.html HTTP/1.1" 301 0 "-" "Mozilla/5.0 AppleWebKit/537.36 (KHTML, like Gecko; compatible; GPTBot/1.2; +https://openai.com/gptbot)"
20.171.207.143 - - [10/Jun/2025:01:40:19 -0400] "GET / HTTP/1.1" 200 32196 "-" "Mozilla/5.0 AppleWebKit/537.36 (KHTML, like Gecko; compatible; GPTBot/1.2; +https://openai.com/gptbot)"
20.171.207.143 - - [10/Jun/2025:01:40:25 -0400] "GET /detail/horro41959523.html HTTP/1.1" 301 0 "-" "Mozilla/5.0 AppleWebKit/537.36 (KHTML, like Gecko; compatible; GPTBot/1.2; +https://openai.com/gptbot)"
20.171.207.143 - - [10/Jun/2025:01:40:26 -0400] "GET / HTTP/1.1" 200 32196 "-" "Mozilla/5.0 AppleWebKit/537.36 (KHTML, like Gecko; compatible; GPTBot/1.2; +https://openai.com/gptbot)"
162.0.232.193 - - [10/Jun/2025:01:40:35 -0400] "POST /wp-cron.php?doing_wp_cron=1749534034.8560619354248046875000 HTTP/1.1" 200 0 "-" "WordPress/6.8.1; https://isekainonbirinoukachapters.com"
20.171.207.143 - - [10/Jun/2025:01:40:34 -0400] "GET /detail/upsta71625030.html HTTP/1.1" 301 0 "-" "Mozilla/5.0 AppleWebKit/537.36 (KHTML, like Gecko; compatible; GPTBot/1.2; +https://openai.com/gptbot)"
20.171.207.143 - - [10/Jun/2025:01:40:35 -0400] "GET / HTTP/1.1" 200 32194 "-" "Mozilla/5.0 AppleWebKit/537.36 (KHTML, like Gecko; compatible; GPTBot/1.2; +https://openai.com/gptbot)"
20.171.207.143 - - [10/Jun/2025:01:40:42 -0400] "GET /detail/ticke31953186.html HTTP/1.1" 301 0 "-" "Mozilla/5.0 AppleWebKit/537.36 (KHTML, like Gecko; compatible; GPTBot/1.2; +https://openai.com/gptbot)"
20.171.207.143 - - [10/Jun/2025:01:40:44 -0400] "GET / HTTP/1.1" 200 32194 "-" "Mozilla/5.0 AppleWebKit/537.36 (KHTML, like Gecko; compatible; GPTBot/1.2; +https://openai.com/gptbot)"
162.0.232.193 - - [10/Jun/2025:01:40:51 -0400] "POST /wp-cron.php?doing_wp_cron=1749534050.7570118904113769531250 HTTP/1.1" 200 0 "-" "WordPress/6.8.1; https://isekainonbirinoukachapters.com"
20.171.207.143 - - [10/Jun/2025:01:40:49 -0400] "GET /detail/posta52803060.html HTTP/1.1" 301 0 "-" "Mozilla/5.0 AppleWebKit/537.36 (KHTML, like Gecko; compatible; GPTBot/1.2; +https://openai.com/gptbot)"
20.171.207.143 - - [10/Jun/2025:01:40:51 -0400] "GET / HTTP/1.1" 200 32194 "-" "Mozilla/5.0 AppleWebKit/537.36 (KHTML, like Gecko; compatible; GPTBot/1.2; +https://openai.com/gptbot)"
162.0.232.193 - - [10/Jun/2025:01:40:57 -0400] "POST /wp-cron.php?doing_wp_cron=1749534056.8797030448913574218750 HTTP/1.1" 200 0 "-" "WordPress/6.8.1; https://isekainonbirinoukachapters.com"
20.171.207.143 - - [10/Jun/2025:01:40:55 -0400] "GET /detail/pride50960348.html HTTP/1.1" 301 0 "-" "Mozilla/5.0 AppleWebKit/537.36 (KHTML, like Gecko; compatible; GPTBot/1.2; +https://openai.com/gptbot)"
162.0.232.193 - - [10/Jun/2025:01:41:02 -0400] "GET /wp-content/uploads/89b93a66fa29a678cbd60ff176e1ea9a_1973.xml HTTP/1.1" 200 1362 "-" "Mozilla/5.0 (X11; Linux x86_64) AppleWebKit/537.36 (KHTML, like Gecko) Ubuntu Chromium/41.0.2272.76"
20.171.207.143 - - [10/Jun/2025:01:40:57 -0400] "GET / HTTP/1.1" 200 32194 "-" "Mozilla/5.0 AppleWebKit/537.36 (KHTML, like Gecko; compatible; GPTBot/1.2; +https://openai.com/gptbot)"
20.171.207.143 - - [10/Jun/2025:01:41:02 -0400] "GET /detail/volta81487159.html HTTP/1.1" 301 0 "-" "Mozilla/5.0 AppleWebKit/537.36 (KHTML, like Gecko; compatible; GPTBot/1.2; +https://openai.com/gptbot)"
174.62.80.109 - - [10/Jun/2025:01:41:02 -0400] "GET /category/farming-life-in-another-world-manga/ HTTP/1.1" 200 31126 "-" "Mozilla/5.0 (Macintosh; Intel Mac OS X 10_15_7) AppleWebKit/537.36 (KHTML, like Gecko) Chrome/135.0.0.0 Safari/537.36"
20.171.207.143 - - [10/Jun/2025:01:41:05 -0400] "GET / HTTP/1.1" 200 32194 "-" "Mozilla/5.0 AppleWebKit/537.36 (KHTML, like Gecko; compatible; GPTBot/1.2; +https://openai.com/gptbot)"
20.171.207.143 - - [10/Jun/2025:01:41:10 -0400] "GET /detail/queue82421791.html HTTP/1.1" 301 0 "-" "Mozilla/5.0 AppleWebKit/537.36 (KHTML, like Gecko; compatible; GPTBot/1.2; +https://openai.com/gptbot)"
174.62.80.109 - - [10/Jun/2025:01:41:09 -0400] "GET /manga/farming-life-in-another-world-chapter-21/ HTTP/1.1" 200 34378 "-" "Mozilla/5.0 (Macintosh; Intel Mac OS X 10_15_7) AppleWebKit/537.36 (KHTML, like Gecko) Chrome/135.0.0.0 Safari/537.36"
174.62.80.109 - - [10/Jun/2025:01:41:14 -0400] "GET /wp-includes/js/jquery/jquery-migrate.min.js?ver=3.4.1 HTTP/1.1" 304 0 "https://isekainonbirinoukachapters.com/manga/farming-life-in-another-world-chapter-21/" "Mozilla/5.0 (Macintosh; Intel Mac OS X 10_15_7) AppleWebKit/537.36 (KHTML, like Gecko) Chrome/135.0.0.0 Safari/537.36"
20.171.207.143 - - [10/Jun/2025:01:41:12 -0400] "GET / HTTP/1.1" 200 32194 "-" "Mozilla/5.0 AppleWebKit/537.36 (KHTML, like Gecko; compatible; GPTBot/1.2; +https://openai.com/gptbot)"
174.62.80.109 - - [10/Jun/2025:01:41:14 -0400] "POST /wp-admin/admin-ajax.php HTTP/1.1" 200 61 "https://isekainonbirinoukachapters.com/manga/farming-life-in-another-world-chapter-21/" "Mozilla/5.0 (Macintosh; Intel Mac OS X 10_15_7) AppleWebKit/537.36 (KHTML, like Gecko) Chrome/135.0.0.0 Safari/537.36"
20.171.207.143 - - [10/Jun/2025:01:41:18 -0400] "GET /detail/darin30491506.html HTTP/1.1" 301 0 "-" "Mozilla/5.0 AppleWebKit/537.36 (KHTML, like Gecko; compatible; GPTBot/1.2; +https://openai.com/gptbot)"
20.171.207.143 - - [10/Jun/2025:01:41:23 -0400] "GET / HTTP/1.1" 200 32194 "-" "Mozilla/5.0 AppleWebKit/537.36 (KHTML, like Gecko; compatible; GPTBot/1.2; +https://openai.com/gptbot)"
20.171.207.143 - - [10/Jun/2025:01:41:27 -0400] "GET /detail/ought72282814.html HTTP/1.1" 301 0 "-" "Mozilla/5.0 AppleWebKit/537.36 (KHTML, like Gecko; compatible; GPTBot/1.2; +https://openai.com/gptbot)"
20.171.207.143 - - [10/Jun/2025:01:41:28 -0400] "GET / HTTP/1.1" 200 32194 "-" "Mozilla/5.0 AppleWebKit/537.36 (KHTML, like Gecko; compatible; GPTBot/1.2; +https://openai.com/gptbot)"
20.171.207.143 - - [10/Jun/2025:01:41:36 -0400] "GET /detail/prais12329256.html HTTP/1.1" 301 0 "-" "Mozilla/5.0 AppleWebKit/537.36 (KHTML, like Gecko; compatible; GPTBot/1.2; +https://openai.com/gptbot)"
20.171.207.143 - - [10/Jun/2025:01:41:38 -0400] "GET / HTTP/1.1" 200 32194 "-" "Mozilla/5.0 AppleWebKit/537.36 (KHTML, like Gecko; compatible; GPTBot/1.2; +https://openai.com/gptbot)"
20.171.207.143 - - [10/Jun/2025:01:41:44 -0400] "GET /detail/pictu42784027.html HTTP/1.1" 301 0 "-" "Mozilla/5.0 AppleWebKit/537.36 (KHTML, like Gecko; compatible; GPTBot/1.2; +https://openai.com/gptbot)"
20.171.207.143 - - [10/Jun/2025:01:41:45 -0400] "GET / HTTP/1.1" 200 32194 "-" "Mozilla/5.0 AppleWebKit/537.36 (KHTML, like Gecko; compatible; GPTBot/1.2; +https://openai.com/gptbot)"
20.171.207.143 - - [10/Jun/2025:01:41:51 -0400] "GET /detail/illus51934268.html HTTP/1.1" 301 0 "-" "Mozilla/5.0 AppleWebKit/537.36 (KHTML, like Gecko; compatible; GPTBot/1.2; +https://openai.com/gptbot)"
20.171.207.143 - - [10/Jun/2025:01:41:53 -0400] "GET / HTTP/1.1" 200 32194 "-" "Mozilla/5.0 AppleWebKit/537.36 (KHTML, like Gecko; compatible; GPTBot/1.2; +https://openai.com/gptbot)"
162.0.232.193 - - [10/Jun/2025:01:42:00 -0400] "POST /wp-cron.php?doing_wp_cron=1749534119.7722730636596679687500 HTTP/1.1" 200 0 "-" "WordPress/6.8.1; https://isekainonbirinoukachapters.com"
20.171.207.143 - - [10/Jun/2025:01:41:58 -0400] "GET /detail/onion31989794.html HTTP/1.1" 301 0 "-" "Mozilla/5.0 AppleWebKit/537.36 (KHTML, like Gecko; compatible; GPTBot/1.2; +https://openai.com/gptbot)"
20.171.207.143 - - [10/Jun/2025:01:42:00 -0400] "GET / HTTP/1.1" 200 32194 "-" "Mozilla/5.0 AppleWebKit/537.36 (KHTML, like Gecko; compatible; GPTBot/1.2; +https://openai.com/gptbot)"
20.171.207.143 - - [10/Jun/2025:01:42:04 -0400] "GET /detail/betra81014935.html HTTP/1.1" 301 0 "-" "Mozilla/5.0 AppleWebKit/537.36 (KHTML, like Gecko; compatible; GPTBot/1.2; +https://openai.com/gptbot)"
20.171.207.143 - - [10/Jun/2025:01:42:06 -0400] "GET / HTTP/1.1" 200 32194 "-" "Mozilla/5.0 AppleWebKit/537.36 (KHTML, like Gecko; compatible; GPTBot/1.2; +https://openai.com/gptbot)"
20.171.207.143 - - [10/Jun/2025:01:42:10 -0400] "GET /detail/powde61654909.html HTTP/1.1" 301 0 "-" "Mozilla/5.0 AppleWebKit/537.36 (KHTML, like Gecko; compatible; GPTBot/1.2; +https://openai.com/gptbot)"
20.171.207.143 - - [10/Jun/2025:01:42:11 -0400] "GET / HTTP/1.1" 200 32194 "-" "Mozilla/5.0 AppleWebKit/537.36 (KHTML, like Gecko; compatible; GPTBot/1.2; +https://openai.com/gptbot)"
20.171.207.143 - - [10/Jun/2025:01:42:15 -0400] "GET /detail/track40989851.html HTTP/1.1" 301 0 "-" "Mozilla/5.0 AppleWebKit/537.36 (KHTML, like Gecko; compatible; GPTBot/1.2; +https://openai.com/gptbot)"
162.0.232.193 - - [10/Jun/2025:01:42:18 -0400] "POST /wp-cron.php?doing_wp_cron=1749534138.7466459274291992187500 HTTP/1.1" 200 0 "-" "WordPress/6.8.1; https://isekainonbirinoukachapters.com"
20.171.207.143 - - [10/Jun/2025:01:42:17 -0400] "GET / HTTP/1.1" 200 32194 "-" "Mozilla/5.0 AppleWebKit/537.36 (KHTML, like Gecko; compatible; GPTBot/1.2; +https://openai.com/gptbot)"
20.171.207.143 - - [10/Jun/2025:01:42:21 -0400] "GET /detail/frame80178039.html HTTP/1.1" 301 0 "-" "Mozilla/5.0 AppleWebKit/537.36 (KHTML, like Gecko; compatible; GPTBot/1.2; +https://openai.com/gptbot)"
20.171.207.143 - - [10/Jun/2025:01:42:23 -0400] "GET / HTTP/1.1" 200 32194 "-" "Mozilla/5.0 AppleWebKit/537.36 (KHTML, like Gecko; compatible; GPTBot/1.2; +https://openai.com/gptbot)"
162.0.232.193 - - [10/Jun/2025:01:42:29 -0400] "POST /wp-cron.php?doing_wp_cron=1749534148.9409921169281005859375 HTTP/1.1" 200 0 "-" "WordPress/6.8.1; https://isekainonbirinoukachapters.com"
20.171.207.143 - - [10/Jun/2025:01:42:27 -0400] "GET /detail/estab41729731.html HTTP/1.1" 301 0 "-" "Mozilla/5.0 AppleWebKit/537.36 (KHTML, like Gecko; compatible; GPTBot/1.2; +https://openai.com/gptbot)"
20.171.207.143 - - [10/Jun/2025:01:42:29 -0400] "GET / HTTP/1.1" 200 32194 "-" "Mozilla/5.0 AppleWebKit/537.36 (KHTML, like Gecko; compatible; GPTBot/1.2; +https://openai.com/gptbot)"
20.171.207.143 - - [10/Jun/2025:01:42:33 -0400] "GET /detail/worke60748749.html HTTP/1.1" 301 0 "-" "Mozilla/5.0 AppleWebKit/537.36 (KHTML, like Gecko; compatible; GPTBot/1.2; +https://openai.com/gptbot)"
20.171.207.143 - - [10/Jun/2025:01:42:35 -0400] "GET / HTTP/1.1" 200 32194 "-" "Mozilla/5.0 AppleWebKit/537.36 (KHTML, like Gecko; compatible; GPTBot/1.2; +https://openai.com/gptbot)"
20.171.207.143 - - [10/Jun/2025:01:42:39 -0400] "GET /detail/disci80974895.html HTTP/1.1" 301 0 "-" "Mozilla/5.0 AppleWebKit/537.36 (KHTML, like Gecko; compatible; GPTBot/1.2; +https://openai.com/gptbot)"
20.171.207.143 - - [10/Jun/2025:01:42:41 -0400] "GET / HTTP/1.1" 200 32196 "-" "Mozilla/5.0 AppleWebKit/537.36 (KHTML, like Gecko; compatible; GPTBot/1.2; +https://openai.com/gptbot)"
162.0.232.193 - - [10/Jun/2025:01:42:47 -0400] "POST /wp-cron.php?doing_wp_cron=1749534167.0330309867858886718750 HTTP/1.1" 200 0 "-" "WordPress/6.8.1; https://isekainonbirinoukachapters.com"
20.171.207.143 - - [10/Jun/2025:01:42:44 -0400] "GET /detail/anniv40735739.html HTTP/1.1" 301 0 "-" "Mozilla/5.0 AppleWebKit/537.36 (KHTML, like Gecko; compatible; GPTBot/1.2; +https://openai.com/gptbot)"
20.171.207.143 - - [10/Jun/2025:01:42:47 -0400] "GET / HTTP/1.1" 200 32194 "-" "Mozilla/5.0 AppleWebKit/537.36 (KHTML, like Gecko; compatible; GPTBot/1.2; +https://openai.com/gptbot)"
162.0.232.193 - - [10/Jun/2025:01:42:57 -0400] "POST /wp-cron.php?doing_wp_cron=1749534176.4538218975067138671875 HTTP/1.1" 200 0 "-" "WordPress/6.8.1; https://isekainonbirinoukachapters.com"
20.171.207.143 - - [10/Jun/2025:01:42:54 -0400] "GET /detail/unaff40614027.html HTTP/1.1" 301 0 "-" "Mozilla/5.0 AppleWebKit/537.36 (KHTML, like Gecko; compatible; GPTBot/1.2; +https://openai.com/gptbot)"
20.171.207.143 - - [10/Jun/2025:01:42:57 -0400] "GET / HTTP/1.1" 200 32194 "-" "Mozilla/5.0 AppleWebKit/537.36 (KHTML, like Gecko; compatible; GPTBot/1.2; +https://openai.com/gptbot)"
162.0.232.193 - - [10/Jun/2025:01:43:05 -0400] "GET /wp-content/uploads/89b93a66fa29a678cbd60ff176e1ea9a_1973.xml HTTP/1.1" 200 1499 "-" "Mozilla/5.0 (X11; Linux x86_64) AppleWebKit/537.36 (KHTML, like Gecko) Ubuntu Chromium/41.0.2272.76"
20.171.207.143 - - [10/Jun/2025:01:43:05 -0400] "GET /detail/packa32812802.html HTTP/1.1" 301 0 "-" "Mozilla/5.0 AppleWebKit/537.36 (KHTML, like Gecko; compatible; GPTBot/1.2; +https://openai.com/gptbot)"
20.171.207.143 - - [10/Jun/2025:01:43:09 -0400] "GET / HTTP/1.1" 200 32194 "-" "Mozilla/5.0 AppleWebKit/537.36 (KHTML, like Gecko; compatible; GPTBot/1.2; +https://openai.com/gptbot)"
20.171.207.143 - - [10/Jun/2025:01:43:16 -0400] "GET /detail/submi81593935.html HTTP/1.1" 301 0 "-" "Mozilla/5.0 AppleWebKit/537.36 (KHTML, like Gecko; compatible; GPTBot/1.2; +https://openai.com/gptbot)"
20.171.207.143 - - [10/Jun/2025:01:43:20 -0400] "GET / HTTP/1.1" 200 32194 "-" "Mozilla/5.0 AppleWebKit/537.36 (KHTML, like Gecko; compatible; GPTBot/1.2; +https://openai.com/gptbot)"
20.171.207.143 - - [10/Jun/2025:01:43:29 -0400] "GET /detail/chair50164236.html HTTP/1.1" 301 0 "-" "Mozilla/5.0 AppleWebKit/537.36 (KHTML, like Gecko; compatible; GPTBot/1.2; +https://openai.com/gptbot)"
20.171.207.143 - - [10/Jun/2025:01:43:33 -0400] "GET / HTTP/1.1" 200 32196 "-" "Mozilla/5.0 AppleWebKit/537.36 (KHTML, like Gecko; compatible; GPTBot/1.2; +https://openai.com/gptbot)"
20.171.207.143 - - [10/Jun/2025:01:43:40 -0400] "GET /detail/purpl82428279.html HTTP/1.1" 301 0 "-" "Mozilla/5.0 AppleWebKit/537.36 (KHTML, like Gecko; compatible; GPTBot/1.2; +https://openai.com/gptbot)"
20.171.207.143 - - [10/Jun/2025:01:43:42 -0400] "GET / HTTP/1.1" 200 32194 "-" "Mozilla/5.0 AppleWebKit/537.36 (KHTML, like Gecko; compatible; GPTBot/1.2; +https://openai.com/gptbot)"
20.171.207.143 - - [10/Jun/2025:01:43:51 -0400] "GET /detail/costu30301714.html HTTP/1.1" 301 0 "-" "Mozilla/5.0 AppleWebKit/537.36 (KHTML, like Gecko; compatible; GPTBot/1.2; +https://openai.com/gptbot)"
174.62.80.109 - - [10/Jun/2025:01:43:51 -0400] "GET /manga/farming-life-in-another-world-chapter-22/ HTTP/1.1" 200 34531 "-" "Mozilla/5.0 (Macintosh; Intel Mac OS X 10_15_7) AppleWebKit/537.36 (KHTML, like Gecko) Chrome/135.0.0.0 Safari/537.36"
20.171.207.143 - - [10/Jun/2025:01:43:52 -0400] "GET / HTTP/1.1" 200 32194 "-" "Mozilla/5.0 AppleWebKit/537.36 (KHTML, like Gecko; compatible; GPTBot/1.2; +https://openai.com/gptbot)"
174.62.80.109 - - [10/Jun/2025:01:43:53 -0400] "POST /wp-admin/admin-ajax.php HTTP/1.1" 200 61 "https://isekainonbirinoukachapters.com/manga/farming-life-in-another-world-chapter-22/" "Mozilla/5.0 (Macintosh; Intel Mac OS X 10_15_7) AppleWebKit/537.36 (KHTML, like Gecko) Chrome/135.0.0.0 Safari/537.36"
162.0.232.193 - - [10/Jun/2025:01:43:58 -0400] "POST /wp-cron.php?doing_wp_cron=1749534238.7608358860015869140625 HTTP/1.1" 200 0 "-" "WordPress/6.8.1; https://isekainonbirinoukachapters.com"
2402:1980:40e:ca7e:b033:fd0f:bd09:6894 - - [10/Jun/2025:01:43:58 -0400] "GET /manga/farming-life-in-another-world-chapter-253/ HTTP/1.1" 200 34479 "https://isekainonbirinoukachapters.com/" "Mozilla/5.0 (iPhone; CPU iPhone OS 18_5 like Mac OS X) AppleWebKit/605.1.15 (KHTML, like Gecko) Version/18.5 Mobile/15E148 Safari/604.1"
20.171.207.143 - - [10/Jun/2025:01:44:00 -0400] "GET /detail/owner41504195.html HTTP/1.1" 301 0 "-" "Mozilla/5.0 AppleWebKit/537.36 (KHTML, like Gecko; compatible; GPTBot/1.2; +https://openai.com/gptbot)"
2402:1980:40e:ca7e:b033:fd0f:bd09:6894 - - [10/Jun/2025:01:44:00 -0400] "POST /wp-admin/admin-ajax.php HTTP/1.1" 200 61 "https://isekainonbirinoukachapters.com/manga/farming-life-in-another-world-chapter-253/" "Mozilla/5.0 (iPhone; CPU iPhone OS 18_5 like Mac OS X) AppleWebKit/605.1.15 (KHTML, like Gecko) Version/18.5 Mobile/15E148 Safari/604.1"
20.171.207.143 - - [10/Jun/2025:01:44:02 -0400] "GET / HTTP/1.1" 200 32194 "-" "Mozilla/5.0 AppleWebKit/537.36 (KHTML, like Gecko; compatible; GPTBot/1.2; +https://openai.com/gptbot)"
20.171.207.143 - - [10/Jun/2025:01:44:08 -0400] "GET /detail/shift62450501.html HTTP/1.1" 301 0 "-" "Mozilla/5.0 AppleWebKit/537.36 (KHTML, like Gecko; compatible; GPTBot/1.2; +https://openai.com/gptbot)"
20.171.207.143 - - [10/Jun/2025:01:44:09 -0400] "GET / HTTP/1.1" 200 32194 "-" "Mozilla/5.0 AppleWebKit/537.36 (KHTML, like Gecko; compatible; GPTBot/1.2; +https://openai.com/gptbot)"
52.167.144.204 - - [10/Jun/2025:01:44:15 -0400] "GET /sitemap_index.xml HTTP/1.1" 200 16992 "-" "Mozilla/5.0 AppleWebKit/537.36 (KHTML, like Gecko; compatible; bingbot/2.0; +http://www.bing.com/bingbot.htm) Chrome/116.0.1938.76 Safari/537.36"
20.171.207.143 - - [10/Jun/2025:01:44:16 -0400] "GET /detail/quota60493973.html HTTP/1.1" 301 0 "-" "Mozilla/5.0 AppleWebKit/537.36 (KHTML, like Gecko; compatible; GPTBot/1.2; +https://openai.com/gptbot)"
20.171.207.143 - - [10/Jun/2025:01:44:17 -0400] "GET / HTTP/1.1" 200 32194 "-" "Mozilla/5.0 AppleWebKit/537.36 (KHTML, like Gecko; compatible; GPTBot/1.2; +https://openai.com/gptbot)"
162.0.232.193 - - [10/Jun/2025:01:44:23 -0400] "POST /wp-cron.php?doing_wp_cron=1749534262.9849290847778320312500 HTTP/1.1" 200 0 "-" "WordPress/6.8.1; https://isekainonbirinoukachapters.com"
20.171.207.143 - - [10/Jun/2025:01:44:22 -0400] "GET /detail/diagr61087125.html HTTP/1.1" 301 0 "-" "Mozilla/5.0 AppleWebKit/537.36 (KHTML, like Gecko; compatible; GPTBot/1.2; +https://openai.com/gptbot)"
20.171.207.143 - - [10/Jun/2025:01:44:23 -0400] "GET / HTTP/1.1" 200 32194 "-" "Mozilla/5.0 AppleWebKit/537.36 (KHTML, like Gecko; compatible; GPTBot/1.2; +https://openai.com/gptbot)"
162.0.232.193 - - [10/Jun/2025:01:44:29 -0400] "POST /wp-cron.php?doing_wp_cron=1749534269.4597480297088623046875 HTTP/1.1" 200 0 "-" "WordPress/6.8.1; https://isekainonbirinoukachapters.com"
20.171.207.143 - - [10/Jun/2025:01:44:28 -0400] "GET /detail/domes61514229.html HTTP/1.1" 301 0 "-" "Mozilla/5.0 AppleWebKit/537.36 (KHTML, like Gecko; compatible; GPTBot/1.2; +https://openai.com/gptbot)"
20.171.207.143 - - [10/Jun/2025:01:44:30 -0400] "GET / HTTP/1.1" 200 32194 "-" "Mozilla/5.0 AppleWebKit/537.36 (KHTML, like Gecko; compatible; GPTBot/1.2; +https://openai.com/gptbot)"
20.171.207.143 - - [10/Jun/2025:01:44:33 -0400] "GET /detail/brush61268989.html HTTP/1.1" 301 0 "-" "Mozilla/5.0 AppleWebKit/537.36 (KHTML, like Gecko; compatible; GPTBot/1.2; +https://openai.com/gptbot)"
20.171.207.143 - - [10/Jun/2025:01:44:34 -0400] "GET / HTTP/1.1" 200 32194 "-" "Mozilla/5.0 AppleWebKit/537.36 (KHTML, like Gecko; compatible; GPTBot/1.2; +https://openai.com/gptbot)"
20.171.207.143 - - [10/Jun/2025:01:44:38 -0400] "GET /detail/infer32554754.html HTTP/1.1" 301 0 "-" "Mozilla/5.0 AppleWebKit/537.36 (KHTML, like Gecko; compatible; GPTBot/1.2; +https://openai.com/gptbot)"
20.171.207.143 - - [10/Jun/2025:01:44:40 -0400] "GET / HTTP/1.1" 200 32194 "-" "Mozilla/5.0 AppleWebKit/537.36 (KHTML, like Gecko; compatible; GPTBot/1.2; +https://openai.com/gptbot)"
20.171.207.143 - - [10/Jun/2025:01:44:43 -0400] "GET /detail/playg12581224.html HTTP/1.1" 301 0 "-" "Mozilla/5.0 AppleWebKit/537.36 (KHTML, like Gecko; compatible; GPTBot/1.2; +https://openai.com/gptbot)"
20.171.207.143 - - [10/Jun/2025:01:44:44 -0400] "GET / HTTP/1.1" 200 32194 "-" "Mozilla/5.0 AppleWebKit/537.36 (KHTML, like Gecko; compatible; GPTBot/1.2; +https://openai.com/gptbot)"
162.0.232.193 - - [10/Jun/2025:01:44:49 -0400] "POST /wp-cron.php?doing_wp_cron=1749534289.1658780574798583984375 HTTP/1.1" 200 0 "-" "WordPress/6.8.1; https://isekainonbirinoukachapters.com"
20.171.207.143 - - [10/Jun/2025:01:44:48 -0400] "GET /detail/disho40566379.html HTTP/1.1" 301 0 "-" "Mozilla/5.0 AppleWebKit/537.36 (KHTML, like Gecko; compatible; GPTBot/1.2; +https://openai.com/gptbot)"
20.171.207.143 - - [10/Jun/2025:01:44:50 -0400] "GET / HTTP/1.1" 200 32194 "-" "Mozilla/5.0 AppleWebKit/537.36 (KHTML, like Gecko; compatible; GPTBot/1.2; +https://openai.com/gptbot)"
20.171.207.143 - - [10/Jun/2025:01:44:52 -0400] "GET /detail/flexi21058057.html HTTP/1.1" 301 0 "-" "Mozilla/5.0 AppleWebKit/537.36 (KHTML, like Gecko; compatible; GPTBot/1.2; +https://openai.com/gptbot)"
162.0.232.193 - - [10/Jun/2025:01:44:55 -0400] "POST /wp-cron.php?doing_wp_cron=1749534294.8807590007781982421875 HTTP/1.1" 200 0 "-" "WordPress/6.8.1; https://isekainonbirinoukachapters.com"
20.171.207.143 - - [10/Jun/2025:01:44:54 -0400] "GET / HTTP/1.1" 200 32194 "-" "Mozilla/5.0 AppleWebKit/537.36 (KHTML, like Gecko; compatible; GPTBot/1.2; +https://openai.com/gptbot)"
162.0.232.193 - - [10/Jun/2025:01:45:00 -0400] "GET /wp-content/uploads/89b93a66fa29a678cbd60ff176e1ea9a_1973.xml HTTP/1.1" 200 1362 "-" "Mozilla/5.0 (X11; Linux x86_64) AppleWebKit/537.36 (KHTML, like Gecko) Ubuntu Chromium/41.0.2272.76"
20.171.207.143 - - [10/Jun/2025:01:44:58 -0400] "GET /detail/acqui50850412.html HTTP/1.1" 301 0 "-" "Mozilla/5.0 AppleWebKit/537.36 (KHTML, like Gecko; compatible; GPTBot/1.2; +https://openai.com/gptbot)"
20.171.207.143 - - [10/Jun/2025:01:45:00 -0400] "GET / HTTP/1.1" 200 32194 "-" "Mozilla/5.0 AppleWebKit/537.36 (KHTML, like Gecko; compatible; GPTBot/1.2; +https://openai.com/gptbot)"
20.171.207.143 - - [10/Jun/2025:01:45:04 -0400] "GET /detail/south12120376.html HTTP/1.1" 301 0 "-" "Mozilla/5.0 AppleWebKit/537.36 (KHTML, like Gecko; compatible; GPTBot/1.2; +https://openai.com/gptbot)"
20.171.207.143 - - [10/Jun/2025:01:45:06 -0400] "GET / HTTP/1.1" 200 32194 "-" "Mozilla/5.0 AppleWebKit/537.36 (KHTML, like Gecko; compatible; GPTBot/1.2; +https://openai.com/gptbot)"
20.171.207.143 - - [10/Jun/2025:01:45:17 -0400] "GET /detail/force71548710.html HTTP/1.1" 301 0 "-" "Mozilla/5.0 AppleWebKit/537.36 (KHTML, like Gecko; compatible; GPTBot/1.2; +https://openai.com/gptbot)"
20.171.207.143 - - [10/Jun/2025:01:45:19 -0400] "GET / HTTP/1.1" 200 32194 "-" "Mozilla/5.0 AppleWebKit/537.36 (KHTML, like Gecko; compatible; GPTBot/1.2; +https://openai.com/gptbot)"
20.171.207.143 - - [10/Jun/2025:01:45:30 -0400] "GET /detail/gentl32617026.html HTTP/1.1" 301 0 "-" "Mozilla/5.0 AppleWebKit/537.36 (KHTML, like Gecko; compatible; GPTBot/1.2; +https://openai.com/gptbot)"
20.171.207.143 - - [10/Jun/2025:01:45:33 -0400] "GET / HTTP/1.1" 200 32194 "-" "Mozilla/5.0 AppleWebKit/537.36 (KHTML, like Gecko; compatible; GPTBot/1.2; +https://openai.com/gptbot)"
20.171.207.143 - - [10/Jun/2025:01:45:42 -0400] "GET /detail/spade10235624.html HTTP/1.1" 301 0 "-" "Mozilla/5.0 AppleWebKit/537.36 (KHTML, like Gecko; compatible; GPTBot/1.2; +https://openai.com/gptbot)"
20.171.207.143 - - [10/Jun/2025:01:45:43 -0400] "GET / HTTP/1.1" 200 32196 "-" "Mozilla/5.0 AppleWebKit/537.36 (KHTML, like Gecko; compatible; GPTBot/1.2; +https://openai.com/gptbot)"
20.171.207.143 - - [10/Jun/2025:01:45:53 -0400] "GET /detail/saint70078214.html HTTP/1.1" 301 0 "-" "Mozilla/5.0 AppleWebKit/537.36 (KHTML, like Gecko; compatible; GPTBot/1.2; +https://openai.com/gptbot)"
162.0.232.193 - - [10/Jun/2025:01:45:55 -0400] "POST /wp-cron.php?doing_wp_cron=1749534355.0040340423583984375000 HTTP/1.1" 200 0 "-" "WordPress/6.8.1; https://isekainonbirinoukachapters.com"
20.171.207.143 - - [10/Jun/2025:01:45:54 -0400] "GET / HTTP/1.1" 200 32196 "-" "Mozilla/5.0 AppleWebKit/537.36 (KHTML, like Gecko; compatible; GPTBot/1.2; +https://openai.com/gptbot)"
20.171.207.143 - - [10/Jun/2025:01:46:02 -0400] "GET /detail/takeo40301907.html HTTP/1.1" 301 0 "-" "Mozilla/5.0 AppleWebKit/537.36 (KHTML, like Gecko; compatible; GPTBot/1.2; +https://openai.com/gptbot)"
20.171.207.143 - - [10/Jun/2025:01:46:03 -0400] "GET / HTTP/1.1" 200 32194 "-" "Mozilla/5.0 AppleWebKit/537.36 (KHTML, like Gecko; compatible; GPTBot/1.2; +https://openai.com/gptbot)"
20.171.207.143 - - [10/Jun/2025:01:46:11 -0400] "GET /detail/canva72794798.html HTTP/1.1" 301 0 "-" "Mozilla/5.0 AppleWebKit/537.36 (KHTML, like Gecko; compatible; GPTBot/1.2; +https://openai.com/gptbot)"
20.171.207.143 - - [10/Jun/2025:01:46:13 -0400] "GET / HTTP/1.1" 200 32194 "-" "Mozilla/5.0 AppleWebKit/537.36 (KHTML, like Gecko; compatible; GPTBot/1.2; +https://openai.com/gptbot)"
162.0.232.193 - - [10/Jun/2025:01:46:20 -0400] "POST /wp-cron.php?doing_wp_cron=1749534380.2528409957885742187500 HTTP/1.1" 200 0 "-" "WordPress/6.8.1; https://isekainonbirinoukachapters.com"
20.171.207.143 - - [10/Jun/2025:01:46:18 -0400] "GET /detail/preva71306206.html HTTP/1.1" 301 0 "-" "Mozilla/5.0 AppleWebKit/537.36 (KHTML, like Gecko; compatible; GPTBot/1.2; +https://openai.com/gptbot)"
20.171.207.143 - - [10/Jun/2025:01:46:20 -0400] "GET / HTTP/1.1" 200 32196 "-" "Mozilla/5.0 AppleWebKit/537.36 (KHTML, like Gecko; compatible; GPTBot/1.2; +https://openai.com/gptbot)"
162.0.232.193 - - [10/Jun/2025:01:46:30 -0400] "POST /wp-cron.php?doing_wp_cron=1749534390.0365869998931884765625 HTTP/1.1" 200 0 "-" "WordPress/6.8.1; https://isekainonbirinoukachapters.com"
20.171.207.143 - - [10/Jun/2025:01:46:26 -0400] "GET /detail/kilom10661248.html HTTP/1.1" 301 0 "-" "Mozilla/5.0 AppleWebKit/537.36 (KHTML, like Gecko; compatible; GPTBot/1.2; +https://openai.com/gptbot)"
20.171.207.143 - - [10/Jun/2025:01:46:30 -0400] "GET / HTTP/1.1" 200 32194 "-" "Mozilla/5.0 AppleWebKit/537.36 (KHTML, like Gecko; compatible; GPTBot/1.2; +https://openai.com/gptbot)"
2a02:8108:841e:a300:a564:2966:547e:68ed - - [10/Jun/2025:01:46:34 -0400] "GET /manga/isekai-nonbiri-nouka-chapter-32-lasti/ HTTP/1.1" 301 0 "https://isekainonbirinoukachapters.com/" "Mozilla/5.0 (Macintosh; Intel Mac OS X 10_15_7) AppleWebKit/605.1.15 (KHTML, like Gecko) Version/18.5 Safari/605.1.15"
20.171.207.143 - - [10/Jun/2025:01:46:35 -0400] "GET /detail/whils80011247.html HTTP/1.1" 301 0 "-" "Mozilla/5.0 AppleWebKit/537.36 (KHTML, like Gecko; compatible; GPTBot/1.2; +https://openai.com/gptbot)"
2a02:8108:841e:a300:a564:2966:547e:68ed - - [10/Jun/2025:01:46:36 -0400] "GET / HTTP/1.1" 200 32176 "https://isekainonbirinoukachapters.com/" "Mozilla/5.0 (Macintosh; Intel Mac OS X 10_15_7) AppleWebKit/605.1.15 (KHTML, like Gecko) Version/18.5 Safari/605.1.15"
20.171.207.143 - - [10/Jun/2025:01:46:36 -0400] "GET / HTTP/1.1" 200 32194 "-" "Mozilla/5.0 AppleWebKit/537.36 (KHTML, like Gecko; compatible; GPTBot/1.2; +https://openai.com/gptbot)"
2a02:8108:841e:a300:a564:2966:547e:68ed - - [10/Jun/2025:01:46:38 -0400] "GET /wp-includes/js/jquery/jquery.min.js?ver=3.7.1 HTTP/1.1" 200 29744 "https://isekainonbirinoukachapters.com/" "Mozilla/5.0 (Macintosh; Intel Mac OS X 10_15_7) AppleWebKit/605.1.15 (KHTML, like Gecko) Version/18.5 Safari/605.1.15"
2a02:8108:841e:a300:a564:2966:547e:68ed - - [10/Jun/2025:01:46:38 -0400] "GET /wp-content/cache/min/1/wp-content/plugins/simple-social-buttons/assets/js/front.js?ver=1729190448 HTTP/1.1" 200 1488 "https://isekainonbirinoukachapters.com/" "Mozilla/5.0 (Macintosh; Intel Mac OS X 10_15_7) AppleWebKit/605.1.15 (KHTML, like Gecko) Version/18.5 Safari/605.1.15"
2a02:8108:841e:a300:a564:2966:547e:68ed - - [10/Jun/2025:01:46:38 -0400] "GET /wp-content/cache/min/1/wp-content/plugins/comic-easel/js/keynav.js?ver=1729190448 HTTP/1.1" 200 221 "https://isekainonbirinoukachapters.com/" "Mozilla/5.0 (Macintosh; Intel Mac OS X 10_15_7) AppleWebKit/605.1.15 (KHTML, like Gecko) Version/18.5 Safari/605.1.15"
2a02:8108:841e:a300:a564:2966:547e:68ed - - [10/Jun/2025:01:46:39 -0400] "GET /wp-content/themes/toivo-lite/js/settings.min.js?ver=1.2.0 HTTP/1.1" 200 307 "https://isekainonbirinoukachapters.com/" "Mozilla/5.0 (Macintosh; Intel Mac OS X 10_15_7) AppleWebKit/605.1.15 (KHTML, like Gecko) Version/18.5 Safari/605.1.15"
2a02:8108:841e:a300:a564:2966:547e:68ed - - [10/Jun/2025:01:46:39 -0400] "GET /wp-includes/js/jquery/jquery-migrate.min.js?ver=3.4.1 HTTP/1.1" 200 4678 "https://isekainonbirinoukachapters.com/" "Mozilla/5.0 (Macintosh; Intel Mac OS X 10_15_7) AppleWebKit/605.1.15 (KHTML, like Gecko) Version/18.5 Safari/605.1.15"
2a02:8108:841e:a300:a564:2966:547e:68ed - - [10/Jun/2025:01:46:39 -0400] "GET /wp-content/themes/toivo-lite/js/responsive-nav.min.js?ver=1.2.0 HTTP/1.1" 200 2102 "https://isekainonbirinoukachapters.com/" "Mozilla/5.0 (Macintosh; Intel Mac OS X 10_15_7) AppleWebKit/605.1.15 (KHTML, like Gecko) Version/18.5 Safari/605.1.15"
2a02:8108:841e:a300:a564:2966:547e:68ed - - [10/Jun/2025:01:46:40 -0400] "GET /wp-content/uploads/2024/07/cropped-63b857c96f67c-32x32.jpg HTTP/1.1" 200 1070 "https://isekainonbirinoukachapters.com/" "Mozilla/5.0 (Macintosh; Intel Mac OS X 10_15_7) AppleWebKit/605.1.15 (KHTML, like Gecko) Version/18.5 Safari/605.1.15"
20.171.207.143 - - [10/Jun/2025:01:46:45 -0400] "GET /detail/urban32727442.html HTTP/1.1" 301 0 "-" "Mozilla/5.0 AppleWebKit/537.36 (KHTML, like Gecko; compatible; GPTBot/1.2; +https://openai.com/gptbot)"
162.0.232.193 - - [10/Jun/2025:01:46:47 -0400] "POST /wp-cron.php?doing_wp_cron=1749534407.6709239482879638671875 HTTP/1.1" 200 0 "-" "WordPress/6.8.1; https://isekainonbirinoukachapters.com"
20.171.207.143 - - [10/Jun/2025:01:46:46 -0400] "GET / HTTP/1.1" 200 32194 "-" "Mozilla/5.0 AppleWebKit/537.36 (KHTML, like Gecko; compatible; GPTBot/1.2; +https://openai.com/gptbot)"
174.62.80.109 - - [10/Jun/2025:01:46:50 -0400] "GET /manga/farming-life-in-another-world-chapter-23/ HTTP/1.1" 200 34377 "-" "Mozilla/5.0 (Macintosh; Intel Mac OS X 10_15_7) AppleWebKit/537.36 (KHTML, like Gecko) Chrome/135.0.0.0 Safari/537.36"
174.62.80.109 - - [10/Jun/2025:01:46:52 -0400] "GET /category/farming-life-in-another-world-manga/ HTTP/1.1" 200 31126 "-" "Mozilla/5.0 (Macintosh; Intel Mac OS X 10_15_7) AppleWebKit/537.36 (KHTML, like Gecko) Chrome/135.0.0.0 Safari/537.36"
