216.73.216.202 - - [17/Jun/2025:08:51:12 -0400] "GET /entity/2663035769 HTTP/1.1" 301 0 "-" "Mozilla/5.0 AppleWebKit/537.36 (KHTML, like Gecko; compatible; ClaudeBot/1.0; [email protected])"
4.213.99.61 - - [17/Jun/2025:08:51:26 -0400] "GET /wp-includes/fonts.php HTTP/1.1" 403 1242 "binance.com" "Mozilla/5.0 (Windows NT 10.0; Win64; x64) AppleWebKit/537.36 (KHTML, like Gecko) Chrome/90.0.4430.85 Safari/537.36"
216.73.216.202 - - [17/Jun/2025:08:51:36 -0400] "GET /entity/2662457202 HTTP/1.1" 301 0 "-" "Mozilla/5.0 AppleWebKit/537.36 (KHTML, like Gecko; compatible; ClaudeBot/1.0; [email protected])"
216.73.216.202 - - [17/Jun/2025:08:51:39 -0400] "GET /entity/2662292668 HTTP/1.1" 301 0 "-" "Mozilla/5.0 AppleWebKit/537.36 (KHTML, like Gecko; compatible; ClaudeBot/1.0; [email protected])"
4.213.99.61 - - [17/Jun/2025:08:51:42 -0400] "GET /wp-includes/global-styles-and-settings.php HTTP/1.1" 403 1242 "binance.com" "Mozilla/5.0 (Windows NT 10.0; Win64; x64) AppleWebKit/537.36 (KHTML, like Gecko) Chrome/90.0.4430.85 Safari/537.36"
216.73.216.202 - - [17/Jun/2025:08:51:42 -0400] "GET /entity/2662724252 HTTP/1.1" 301 0 "-" "Mozilla/5.0 AppleWebKit/537.36 (KHTML, like Gecko; compatible; ClaudeBot/1.0; [email protected])"
216.73.216.202 - - [17/Jun/2025:08:51:45 -0400] "GET /entity/2662929538 HTTP/1.1" 301 0 "-" "Mozilla/5.0 AppleWebKit/537.36 (KHTML, like Gecko; compatible; ClaudeBot/1.0; [email protected])"
216.73.216.202 - - [17/Jun/2025:08:51:48 -0400] "GET /entity/2662694653 HTTP/1.1" 301 0 "-" "Mozilla/5.0 AppleWebKit/537.36 (KHTML, like Gecko; compatible; ClaudeBot/1.0; [email protected])"
216.73.216.202 - - [17/Jun/2025:08:51:51 -0400] "GET /entity/2662763851 HTTP/1.1" 301 0 "-" "Mozilla/5.0 AppleWebKit/537.36 (KHTML, like Gecko; compatible; ClaudeBot/1.0; [email protected])"
216.73.216.202 - - [17/Jun/2025:08:51:54 -0400] "GET /entity/2662664794 HTTP/1.1" 301 0 "-" "Mozilla/5.0 AppleWebKit/537.36 (KHTML, like Gecko; compatible; ClaudeBot/1.0; [email protected])"
4.213.99.61 - - [17/Jun/2025:08:52:10 -0400] "GET /wp-includes/https-detection.php HTTP/1.1" 403 1242 "binance.com" "Mozilla/5.0 (Windows NT 10.0; Win64; x64) AppleWebKit/537.36 (KHTML, like Gecko) Chrome/90.0.4430.85 Safari/537.36"
4.213.99.61 - - [17/Jun/2025:08:52:21 -0400] "GET /wp-includes/https-migration.php HTTP/1.1" 403 1242 "binance.com" "Mozilla/5.0 (Windows NT 10.0; Win64; x64) AppleWebKit/537.36 (KHTML, like Gecko) Chrome/90.0.4430.85 Safari/537.36"
216.73.216.202 - - [17/Jun/2025:08:52:31 -0400] "GET /entity/2663038333 HTTP/1.1" 301 0 "-" "Mozilla/5.0 AppleWebKit/537.36 (KHTML, like Gecko; compatible; ClaudeBot/1.0; [email protected])"
216.73.216.202 - - [17/Jun/2025:08:52:33 -0400] "GET /entity/2662421580 HTTP/1.1" 301 0 "-" "Mozilla/5.0 AppleWebKit/537.36 (KHTML, like Gecko; compatible; ClaudeBot/1.0; [email protected])"
216.73.216.202 - - [17/Jun/2025:08:52:36 -0400] "GET /entity/2662280622 HTTP/1.1" 301 0 "-" "Mozilla/5.0 AppleWebKit/537.36 (KHTML, like Gecko; compatible; ClaudeBot/1.0; [email protected])"
216.73.216.202 - - [17/Jun/2025:08:52:42 -0400] "GET /entity/2662998734 HTTP/1.1" 301 0 "-" "Mozilla/5.0 AppleWebKit/537.36 (KHTML, like Gecko; compatible; ClaudeBot/1.0; [email protected])"
216.73.216.202 - - [17/Jun/2025:08:52:45 -0400] "GET /entity/2662761287 HTTP/1.1" 301 0 "-" "Mozilla/5.0 AppleWebKit/537.36 (KHTML, like Gecko; compatible; ClaudeBot/1.0; [email protected])"
4.213.99.61 - - [17/Jun/2025:08:52:49 -0400] "GET /wp-includes/robots-template.php HTTP/1.1" 403 1242 "binance.com" "Mozilla/5.0 (Windows NT 10.0; Win64; x64) AppleWebKit/537.36 (KHTML, like Gecko) Chrome/90.0.4430.85 Safari/537.36"
216.73.216.202 - - [17/Jun/2025:08:52:48 -0400] "GET /entity/2662368784 HTTP/1.1" 301 0 "-" "Mozilla/5.0 AppleWebKit/537.36 (KHTML, like Gecko; compatible; ClaudeBot/1.0; [email protected])"
216.73.216.202 - - [17/Jun/2025:08:52:51 -0400] "GET /entity/2662388006 HTTP/1.1" 301 0 "-" "Mozilla/5.0 AppleWebKit/537.36 (KHTML, like Gecko; compatible; ClaudeBot/1.0; [email protected])"
4.213.99.61 - - [17/Jun/2025:08:53:09 -0400] "GET /wp-includes/script-modules.php HTTP/1.1" 403 1242 "binance.com" "Mozilla/5.0 (Windows NT 10.0; Win64; x64) AppleWebKit/537.36 (KHTML, like Gecko) Chrome/90.0.4430.85 Safari/537.36"
194.195.113.17 - - [17/Jun/2025:08:53:10 -0400] "POST /xmlrpc.php HTTP/1.1" 200 186 "https://w3.junglejuicewebtoon.com" "Mozilla/5.0 (Macintosh; Intel Mac OS X 10_15_7) AppleWebKit/537.36 (KHTML, like Gecko) Chrome/115.0.5790.102 Safari/537.36"
194.195.113.17 - - [17/Jun/2025:08:53:12 -0400] "POST /xmlrpc.php HTTP/1.1" 200 186 "https://w3.junglejuicewebtoon.com" "Mozilla/5.0 (Macintosh; Intel Mac OS X 14_4_1) AppleWebKit/605.1.15 (KHTML, like Gecko) Version/17.3.1 Safari/605.1.15"
194.195.113.17 - - [17/Jun/2025:08:53:13 -0400] "POST /wp-login.php HTTP/1.1" 200 2010 "https://w3.junglejuicewebtoon.com" "Mozilla/5.0 (Macintosh; Intel Mac OS X 14_6) AppleWebKit/605.1.15 (KHTML, like Gecko) Version/17.5 Safari/605.1.15"
4.213.99.61 - - [17/Jun/2025:08:53:26 -0400] "GET /wp-includes/style-engine.php HTTP/1.1" 403 1242 "binance.com" "Mozilla/5.0 (Windows NT 10.0; Win64; x64) AppleWebKit/537.36 (KHTML, like Gecko) Chrome/90.0.4430.85 Safari/537.36"
216.73.216.202 - - [17/Jun/2025:08:53:40 -0400] "GET /entity/2662350076 HTTP/1.1" 301 0 "-" "Mozilla/5.0 AppleWebKit/537.36 (KHTML, like Gecko; compatible; ClaudeBot/1.0; [email protected])"
216.73.216.202 - - [17/Jun/2025:08:53:43 -0400] "GET /entity/2662642115 HTTP/1.1" 301 0 "-" "Mozilla/5.0 AppleWebKit/537.36 (KHTML, like Gecko; compatible; ClaudeBot/1.0; [email protected])"
4.213.99.61 - - [17/Jun/2025:08:53:47 -0400] "GET /wp-includes/template-canvas.php HTTP/1.1" 403 1242 "binance.com" "Mozilla/5.0 (Windows NT 10.0; Win64; x64) AppleWebKit/537.36 (KHTML, like Gecko) Chrome/90.0.4430.85 Safari/537.36"
216.73.216.202 - - [17/Jun/2025:08:53:46 -0400] "GET /entity/2662723101 HTTP/1.1" 301 0 "-" "Mozilla/5.0 AppleWebKit/537.36 (KHTML, like Gecko; compatible; ClaudeBot/1.0; [email protected])"
216.73.216.202 - - [17/Jun/2025:08:53:49 -0400] "GET /entity/2662386597 HTTP/1.1" 301 0 "-" "Mozilla/5.0 AppleWebKit/537.36 (KHTML, like Gecko; compatible; ClaudeBot/1.0; [email protected])"
216.73.216.202 - - [17/Jun/2025:08:53:52 -0400] "GET /entity/2662521530 HTTP/1.1" 301 0 "-" "Mozilla/5.0 AppleWebKit/537.36 (KHTML, like Gecko; compatible; ClaudeBot/1.0; [email protected])"
216.73.216.202 - - [17/Jun/2025:08:53:55 -0400] "GET /entity/2662943632 HTTP/1.1" 301 0 "-" "Mozilla/5.0 AppleWebKit/537.36 (KHTML, like Gecko; compatible; ClaudeBot/1.0; [email protected])"
216.73.216.202 - - [17/Jun/2025:08:53:58 -0400] "GET /entity/2662989252 HTTP/1.1" 301 0 "-" "Mozilla/5.0 AppleWebKit/537.36 (KHTML, like Gecko; compatible; ClaudeBot/1.0; [email protected])"
4.213.99.61 - - [17/Jun/2025:08:54:07 -0400] "GET /wp-includes/theme-previews.php HTTP/1.1" 403 1242 "binance.com" "Mozilla/5.0 (Windows NT 10.0; Win64; x64) AppleWebKit/537.36 (KHTML, like Gecko) Chrome/90.0.4430.85 Safari/537.36"
4.213.99.61 - - [17/Jun/2025:08:54:30 -0400] "GET /wp-includes/theme-templates.php HTTP/1.1" 403 1242 "binance.com" "Mozilla/5.0 (Windows NT 10.0; Win64; x64) AppleWebKit/537.36 (KHTML, like Gecko) Chrome/90.0.4430.85 Safari/537.36"
216.73.216.202 - - [17/Jun/2025:08:54:37 -0400] "GET /entity/2662811519 HTTP/1.1" 301 0 "-" "Mozilla/5.0 AppleWebKit/537.36 (KHTML, like Gecko; compatible; ClaudeBot/1.0; [email protected])"
216.73.216.202 - - [17/Jun/2025:08:54:41 -0400] "GET /entity/2662950808 HTTP/1.1" 301 0 "-" "Mozilla/5.0 AppleWebKit/537.36 (KHTML, like Gecko; compatible; ClaudeBot/1.0; [email protected])"
216.73.216.202 - - [17/Jun/2025:08:54:44 -0400] "GET /entity/2662263964 HTTP/1.1" 301 0 "-" "Mozilla/5.0 AppleWebKit/537.36 (KHTML, like Gecko; compatible; ClaudeBot/1.0; [email protected])"
216.73.216.202 - - [17/Jun/2025:08:54:47 -0400] "GET /entity/2662826766 HTTP/1.1" 301 0 "-" "Mozilla/5.0 AppleWebKit/537.36 (KHTML, like Gecko; compatible; ClaudeBot/1.0; [email protected])"
4.213.99.61 - - [17/Jun/2025:08:54:49 -0400] "GET /wp-includes/ID3/ HTTP/1.1" 200 1350 "binance.com" "Mozilla/5.0 (Windows NT 10.0; Win64; x64) AppleWebKit/537.36 (KHTML, like Gecko) Chrome/90.0.4430.85 Safari/537.36"
216.73.216.202 - - [17/Jun/2025:08:54:50 -0400] "GET /entity/2663022568 HTTP/1.1" 301 0 "-" "Mozilla/5.0 AppleWebKit/537.36 (KHTML, like Gecko; compatible; ClaudeBot/1.0; [email protected])"
216.73.216.202 - - [17/Jun/2025:08:54:53 -0400] "GET /entity/2662784224 HTTP/1.1" 301 0 "-" "Mozilla/5.0 AppleWebKit/537.36 (KHTML, like Gecko; compatible; ClaudeBot/1.0; [email protected])"
216.73.216.202 - - [17/Jun/2025:08:54:56 -0400] "GET /entity/2662872386 HTTP/1.1" 301 0 "-" "Mozilla/5.0 AppleWebKit/537.36 (KHTML, like Gecko; compatible; ClaudeBot/1.0; [email protected])"
4.213.99.61 - - [17/Jun/2025:08:55:13 -0400] "GET /wp-includes/ID3/ HTTP/1.1" 200 1350 "binance.com" "Mozilla/5.0 (Windows NT 10.0; Win64; x64) AppleWebKit/537.36 (KHTML, like Gecko) Chrome/90.0.4430.85 Safari/537.36"
216.73.216.202 - - [17/Jun/2025:08:55:14 -0400] "GET /entity/2662821003 HTTP/1.1" 301 0 "-" "Mozilla/5.0 AppleWebKit/537.36 (KHTML, like Gecko; compatible; ClaudeBot/1.0; [email protected])"
216.73.216.202 - - [17/Jun/2025:08:55:17 -0400] "GET /entity/2662442850 HTTP/1.1" 301 0 "-" "Mozilla/5.0 AppleWebKit/537.36 (KHTML, like Gecko; compatible; ClaudeBot/1.0; [email protected])"
216.73.216.202 - - [17/Jun/2025:08:55:20 -0400] "GET /entity/2662549083 HTTP/1.1" 301 0 "-" "Mozilla/5.0 AppleWebKit/537.36 (KHTML, like Gecko; compatible; ClaudeBot/1.0; [email protected])"
216.73.216.202 - - [17/Jun/2025:08:55:23 -0400] "GET /entity/2662632633 HTTP/1.1" 301 0 "-" "Mozilla/5.0 AppleWebKit/537.36 (KHTML, like Gecko; compatible; ClaudeBot/1.0; [email protected])"
216.73.216.202 - - [17/Jun/2025:08:55:26 -0400] "GET /entity/2662757826 HTTP/1.1" 301 0 "-" "Mozilla/5.0 AppleWebKit/537.36 (KHTML, like Gecko; compatible; ClaudeBot/1.0; [email protected])"
4.213.99.61 - - [17/Jun/2025:08:55:30 -0400] "GET /wp-includes/IXR/ HTTP/1.1" 200 1179 "binance.com" "Mozilla/5.0 (Windows NT 10.0; Win64; x64) AppleWebKit/537.36 (KHTML, like Gecko) Chrome/90.0.4430.85 Safari/537.36"
216.73.216.202 - - [17/Jun/2025:08:55:29 -0400] "GET /entity/2662553953 HTTP/1.1" 301 0 "-" "Mozilla/5.0 AppleWebKit/537.36 (KHTML, like Gecko; compatible; ClaudeBot/1.0; [email protected])"
216.73.216.202 - - [17/Jun/2025:08:55:35 -0400] "GET /entity/2662899939 HTTP/1.1" 301 0 "-" "Mozilla/5.0 AppleWebKit/537.36 (KHTML, like Gecko; compatible; ClaudeBot/1.0; [email protected])"
216.73.216.202 - - [17/Jun/2025:08:55:55 -0400] "GET /entity/2662451439 HTTP/1.1" 301 0 "-" "Mozilla/5.0 AppleWebKit/537.36 (KHTML, like Gecko; compatible; ClaudeBot/1.0; [email protected])"
216.73.216.202 - - [17/Jun/2025:08:55:58 -0400] "GET /entity/2662588422 HTTP/1.1" 301 0 "-" "Mozilla/5.0 AppleWebKit/537.36 (KHTML, like Gecko; compatible; ClaudeBot/1.0; [email protected])"
216.73.216.202 - - [17/Jun/2025:08:56:01 -0400] "GET /entity/2662324833 HTTP/1.1" 301 0 "-" "Mozilla/5.0 AppleWebKit/537.36 (KHTML, like Gecko; compatible; ClaudeBot/1.0; [email protected])"
216.73.216.202 - - [17/Jun/2025:08:56:04 -0400] "GET /entity/2662965160 HTTP/1.1" 301 0 "-" "Mozilla/5.0 AppleWebKit/537.36 (KHTML, like Gecko; compatible; ClaudeBot/1.0; [email protected])"
216.73.216.202 - - [17/Jun/2025:08:56:07 -0400] "GET /entity/2662747193 HTTP/1.1" 301 0 "-" "Mozilla/5.0 AppleWebKit/537.36 (KHTML, like Gecko; compatible; ClaudeBot/1.0; [email protected])"
216.73.216.202 - - [17/Jun/2025:08:56:10 -0400] "GET /entity/2662776790 HTTP/1.1" 301 0 "-" "Mozilla/5.0 AppleWebKit/537.36 (KHTML, like Gecko; compatible; ClaudeBot/1.0; [email protected])"
216.73.216.202 - - [17/Jun/2025:08:56:13 -0400] "GET /entity/2662949657 HTTP/1.1" 301 0 "-" "Mozilla/5.0 AppleWebKit/537.36 (KHTML, like Gecko; compatible; ClaudeBot/1.0; [email protected])"
4.213.99.61 - - [17/Jun/2025:08:56:25 -0400] "GET /wp-includes/IXR/ HTTP/1.1" 200 1179 "binance.com" "Mozilla/5.0 (Windows NT 10.0; Win64; x64) AppleWebKit/537.36 (KHTML, like Gecko) Chrome/90.0.4430.85 Safari/537.36"
80.15.12.194 - - [17/Jun/2025:08:56:36 -0400] "GET / HTTP/1.1" 301 0 "-" "Mozilla/5.0 (Windows NT 10.0; Win64; x64) AppleWebKit/537.36 (KHTML, like Gecko) Chrome/128.0.0.0 Safari/537.36"
216.73.216.202 - - [17/Jun/2025:08:56:42 -0400] "GET /entity/2662431062 HTTP/1.1" 301 0 "-" "Mozilla/5.0 AppleWebKit/537.36 (KHTML, like Gecko; compatible; ClaudeBot/1.0; [email protected])"
4.213.99.61 - - [17/Jun/2025:08:56:44 -0400] "GET /wp-includes/PHPMailer/ HTTP/1.1" 200 696 "binance.com" "Mozilla/5.0 (Windows NT 10.0; Win64; x64) AppleWebKit/537.36 (KHTML, like Gecko) Chrome/90.0.4430.85 Safari/537.36"
216.73.216.202 - - [17/Jun/2025:08:56:44 -0400] "GET /entity/2662422477 HTTP/1.1" 301 0 "-" "Mozilla/5.0 AppleWebKit/537.36 (KHTML, like Gecko; compatible; ClaudeBot/1.0; [email protected])"
216.73.216.202 - - [17/Jun/2025:08:56:47 -0400] "GET /entity/2662415301 HTTP/1.1" 301 0 "-" "Mozilla/5.0 AppleWebKit/537.36 (KHTML, like Gecko; compatible; ClaudeBot/1.0; [email protected])"
216.73.216.202 - - [17/Jun/2025:08:56:50 -0400] "GET /entity/2662297280 HTTP/1.1" 301 0 "-" "Mozilla/5.0 AppleWebKit/537.36 (KHTML, like Gecko; compatible; ClaudeBot/1.0; [email protected])"
216.73.216.202 - - [17/Jun/2025:08:56:53 -0400] "GET /entity/2662405819 HTTP/1.1" 301 0 "-" "Mozilla/5.0 AppleWebKit/537.36 (KHTML, like Gecko; compatible; ClaudeBot/1.0; [email protected])"
216.73.216.202 - - [17/Jun/2025:08:56:56 -0400] "GET /entity/2662996428 HTTP/1.1" 301 0 "-" "Mozilla/5.0 AppleWebKit/537.36 (KHTML, like Gecko; compatible; ClaudeBot/1.0; [email protected])"
216.73.216.202 - - [17/Jun/2025:08:56:59 -0400] "GET /entity/2662429653 HTTP/1.1" 301 0 "-" "Mozilla/5.0 AppleWebKit/537.36 (KHTML, like Gecko; compatible; ClaudeBot/1.0; [email protected])"
4.213.99.61 - - [17/Jun/2025:08:57:13 -0400] "GET /wp-includes/PHPMailer/ HTTP/1.1" 200 696 "binance.com" "Mozilla/5.0 (Windows NT 10.0; Win64; x64) AppleWebKit/537.36 (KHTML, like Gecko) Chrome/90.0.4430.85 Safari/537.36"
216.73.216.202 - - [17/Jun/2025:08:57:21 -0400] "GET /entity/2662798318 HTTP/1.1" 301 0 "-" "Mozilla/5.0 AppleWebKit/537.36 (KHTML, like Gecko; compatible; ClaudeBot/1.0; [email protected])"
216.73.216.202 - - [17/Jun/2025:08:57:23 -0400] "GET /entity/2662668513 HTTP/1.1" 301 0 "-" "Mozilla/5.0 AppleWebKit/537.36 (KHTML, like Gecko; compatible; ClaudeBot/1.0; [email protected])"
216.73.216.202 - - [17/Jun/2025:08:57:26 -0400] "GET /entity/2662400949 HTTP/1.1" 301 0 "-" "Mozilla/5.0 AppleWebKit/537.36 (KHTML, like Gecko; compatible; ClaudeBot/1.0; [email protected])"
4.213.99.61 - - [17/Jun/2025:08:57:29 -0400] "GET /wp-includes/Text/ HTTP/1.1" 200 717 "binance.com" "Mozilla/5.0 (Windows NT 10.0; Win64; x64) AppleWebKit/537.36 (KHTML, like Gecko) Chrome/90.0.4430.85 Safari/537.36"
216.73.216.202 - - [17/Jun/2025:08:57:29 -0400] "GET /entity/2662465533 HTTP/1.1" 301 0 "-" "Mozilla/5.0 AppleWebKit/537.36 (KHTML, like Gecko; compatible; ClaudeBot/1.0; [email protected])"
216.73.216.202 - - [17/Jun/2025:08:57:32 -0400] "GET /entity/2662893914 HTTP/1.1" 301 0 "-" "Mozilla/5.0 AppleWebKit/537.36 (KHTML, like Gecko; compatible; ClaudeBot/1.0; [email protected])"
216.73.216.202 - - [17/Jun/2025:08:57:35 -0400] "GET /entity/2662432217 HTTP/1.1" 301 0 "-" "Mozilla/5.0 AppleWebKit/537.36 (KHTML, like Gecko; compatible; ClaudeBot/1.0; [email protected])"
216.73.216.202 - - [17/Jun/2025:08:57:38 -0400] "GET /entity/2662530119 HTTP/1.1" 301 0 "-" "Mozilla/5.0 AppleWebKit/537.36 (KHTML, like Gecko; compatible; ClaudeBot/1.0; [email protected])"
4.213.99.61 - - [17/Jun/2025:08:57:45 -0400] "GET /wp-includes/Text/ HTTP/1.1" 200 717 "binance.com" "Mozilla/5.0 (Windows NT 10.0; Win64; x64) AppleWebKit/537.36 (KHTML, like Gecko) Chrome/90.0.4430.85 Safari/537.36"
216.73.216.202 - - [17/Jun/2025:08:57:55 -0400] "GET /entity/2662336879 HTTP/1.1" 301 0 "-" "Mozilla/5.0 AppleWebKit/537.36 (KHTML, like Gecko; compatible; ClaudeBot/1.0; [email protected])"
216.73.216.202 - - [17/Jun/2025:08:57:58 -0400] "GET /entity/2662562280 HTTP/1.1" 301 0 "-" "Mozilla/5.0 AppleWebKit/537.36 (KHTML, like Gecko; compatible; ClaudeBot/1.0; [email protected])"
4.213.99.61 - - [17/Jun/2025:08:58:01 -0400] "GET /wp-includes/Text/Diff/ HTTP/1.1" 200 710 "binance.com" "Mozilla/5.0 (Windows NT 10.0; Win64; x64) AppleWebKit/537.36 (KHTML, like Gecko) Chrome/90.0.4430.85 Safari/537.36"
216.73.216.202 - - [17/Jun/2025:08:58:01 -0400] "GET /entity/2662563435 HTTP/1.1" 301 0 "-" "Mozilla/5.0 AppleWebKit/537.36 (KHTML, like Gecko; compatible; ClaudeBot/1.0; [email protected])"
216.73.216.202 - - [17/Jun/2025:08:58:04 -0400] "GET /entity/2662971443 HTTP/1.1" 301 0 "-" "Mozilla/5.0 AppleWebKit/537.36 (KHTML, like Gecko; compatible; ClaudeBot/1.0; [email protected])"
216.73.216.202 - - [17/Jun/2025:08:58:07 -0400] "GET /entity/2662419016 HTTP/1.1" 301 0 "-" "Mozilla/5.0 AppleWebKit/537.36 (KHTML, like Gecko; compatible; ClaudeBot/1.0; [email protected])"
216.73.216.202 - - [17/Jun/2025:08:58:10 -0400] "GET /entity/2662645830 HTTP/1.1" 301 0 "-" "Mozilla/5.0 AppleWebKit/537.36 (KHTML, like Gecko; compatible; ClaudeBot/1.0; [email protected])"
216.73.216.202 - - [17/Jun/2025:08:58:13 -0400] "GET /entity/2662881868 HTTP/1.1" 301 0 "-" "Mozilla/5.0 AppleWebKit/537.36 (KHTML, like Gecko; compatible; ClaudeBot/1.0; [email protected])"
4.213.99.61 - - [17/Jun/2025:08:58:18 -0400] "GET /wp-includes/Text/Diff/ HTTP/1.1" 200 710 "binance.com" "Mozilla/5.0 (Windows NT 10.0; Win64; x64) AppleWebKit/537.36 (KHTML, like Gecko) Chrome/90.0.4430.85 Safari/537.36"
4.213.99.61 - - [17/Jun/2025:08:58:35 -0400] "GET /wp-includes/Text/Diff/Engine/ HTTP/1.1" 200 766 "binance.com" "Mozilla/5.0 (Windows NT 10.0; Win64; x64) AppleWebKit/537.36 (KHTML, like Gecko) Chrome/90.0.4430.85 Safari/537.36"
216.73.216.202 - - [17/Jun/2025:08:58:42 -0400] "GET /entity/2662748344 HTTP/1.1" 301 0 "-" "Mozilla/5.0 AppleWebKit/537.36 (KHTML, like Gecko; compatible; ClaudeBot/1.0; [email protected])"
216.73.216.202 - - [17/Jun/2025:08:58:44 -0400] "GET /entity/2662578938 HTTP/1.1" 301 0 "-" "Mozilla/5.0 AppleWebKit/537.36 (KHTML, like Gecko; compatible; ClaudeBot/1.0; [email protected])"
4.213.99.61 - - [17/Jun/2025:08:58:47 -0400] "GET /wp-includes/Text/Diff/Engine/ HTTP/1.1" 200 766 "binance.com" "Mozilla/5.0 (Windows NT 10.0; Win64; x64) AppleWebKit/537.36 (KHTML, like Gecko) Chrome/90.0.4430.85 Safari/537.36"
216.73.216.202 - - [17/Jun/2025:08:58:47 -0400] "GET /entity/2662327139 HTTP/1.1" 301 0 "-" "Mozilla/5.0 AppleWebKit/537.36 (KHTML, like Gecko; compatible; ClaudeBot/1.0; [email protected])"
216.73.216.202 - - [17/Jun/2025:08:58:50 -0400] "GET /entity/2662640960 HTTP/1.1" 301 0 "-" "Mozilla/5.0 AppleWebKit/537.36 (KHTML, like Gecko; compatible; ClaudeBot/1.0; [email protected])"
216.73.216.202 - - [17/Jun/2025:08:58:53 -0400] "GET /entity/2662836506 HTTP/1.1" 301 0 "-" "Mozilla/5.0 AppleWebKit/537.36 (KHTML, like Gecko; compatible; ClaudeBot/1.0; [email protected])"
216.73.216.202 - - [17/Jun/2025:08:58:56 -0400] "GET /entity/2662522685 HTTP/1.1" 301 0 "-" "Mozilla/5.0 AppleWebKit/537.36 (KHTML, like Gecko; compatible; ClaudeBot/1.0; [email protected])"
4.213.99.61 - - [17/Jun/2025:08:58:58 -0400] "GET /wp-includes/Text/Diff/Renderer/ HTTP/1.1" 200 640 "binance.com" "Mozilla/5.0 (Windows NT 10.0; Win64; x64) AppleWebKit/537.36 (KHTML, like Gecko) Chrome/90.0.4430.85 Safari/537.36"
216.73.216.202 - - [17/Jun/2025:08:58:59 -0400] "GET /entity/2662395182 HTTP/1.1" 301 0 "-" "Mozilla/5.0 AppleWebKit/537.36 (KHTML, like Gecko; compatible; ClaudeBot/1.0; [email protected])"
4.213.99.61 - - [17/Jun/2025:08:59:18 -0400] "GET /wp-includes/Text/Diff/Renderer/ HTTP/1.1" 200 640 "binance.com" "Mozilla/5.0 (Windows NT 10.0; Win64; x64) AppleWebKit/537.36 (KHTML, like Gecko) Chrome/90.0.4430.85 Safari/537.36"
216.73.216.202 - - [17/Jun/2025:08:59:23 -0400] "GET /entity/2663052429 HTTP/1.1" 301 0 "-" "Mozilla/5.0 AppleWebKit/537.36 (KHTML, like Gecko; compatible; ClaudeBot/1.0; [email protected])"
216.73.216.202 - - [17/Jun/2025:08:59:25 -0400] "GET /entity/2662676840 HTTP/1.1" 301 0 "-" "Mozilla/5.0 AppleWebKit/537.36 (KHTML, like Gecko; compatible; ClaudeBot/1.0; [email protected])"
216.73.216.202 - - [17/Jun/2025:08:59:28 -0400] "GET /entity/2662367633 HTTP/1.1" 301 0 "-" "Mozilla/5.0 AppleWebKit/537.36 (KHTML, like Gecko; compatible; ClaudeBot/1.0; [email protected])"
4.213.99.61 - - [17/Jun/2025:08:59:31 -0400] "GET /wp-includes/blocks/ HTTP/1.1" 403 1242 "binance.com" "Mozilla/5.0 (Windows NT 10.0; Win64; x64) AppleWebKit/537.36 (KHTML, like Gecko) Chrome/90.0.4430.85 Safari/537.36"
216.73.216.202 - - [17/Jun/2025:08:59:31 -0400] "GET /entity/2662590728 HTTP/1.1" 301 0 "-" "Mozilla/5.0 AppleWebKit/537.36 (KHTML, like Gecko; compatible; ClaudeBot/1.0; [email protected])"
216.73.216.202 - - [17/Jun/2025:08:59:34 -0400] "GET /entity/2662464636 HTTP/1.1" 301 0 "-" "Mozilla/5.0 AppleWebKit/537.36 (KHTML, like Gecko; compatible; ClaudeBot/1.0; [email protected])"
216.73.216.202 - - [17/Jun/2025:08:59:37 -0400] "GET /entity/2662299844 HTTP/1.1" 301 0 "-" "Mozilla/5.0 AppleWebKit/537.36 (KHTML, like Gecko; compatible; ClaudeBot/1.0; [email protected])"
216.73.216.202 - - [17/Jun/2025:08:59:40 -0400] "GET /entity/2662705288 HTTP/1.1" 301 0 "-" "Mozilla/5.0 AppleWebKit/537.36 (KHTML, like Gecko; compatible; ClaudeBot/1.0; [email protected])"
4.213.99.61 - - [17/Jun/2025:09:00:11 -0400] "GET /wp-includes/pomo/ HTTP/1.1" 200 1081 "binance.com" "Mozilla/5.0 (Windows NT 10.0; Win64; x64) AppleWebKit/537.36 (KHTML, like Gecko) Chrome/90.0.4430.85 Safari/537.36"
216.73.216.202 - - [17/Jun/2025:09:00:04 -0400] "GET /entity/2662653006 HTTP/1.1" 200 0 "-" "Mozilla/5.0 AppleWebKit/537.36 (KHTML, like Gecko; compatible; ClaudeBot/1.0; [email protected])"
216.73.216.202 - - [17/Jun/2025:09:00:18 -0400] "GET /entity/2662850858 HTTP/1.1" 200 0 "-" "Mozilla/5.0 AppleWebKit/537.36 (KHTML, like Gecko; compatible; ClaudeBot/1.0; [email protected])"
4.213.99.61 - - [17/Jun/2025:09:00:31 -0400] "GET /wp-includes/pomo/ HTTP/1.1" 200 1081 "binance.com" "Mozilla/5.0 (Windows NT 10.0; Win64; x64) AppleWebKit/537.36 (KHTML, like Gecko) Chrome/90.0.4430.85 Safari/537.36"
216.73.216.202 - - [17/Jun/2025:09:00:29 -0400] "GET /entity/2662937869 HTTP/1.1" 200 0 "-" "Mozilla/5.0 AppleWebKit/537.36 (KHTML, like Gecko; compatible; ClaudeBot/1.0; [email protected])"
4.213.99.61 - - [17/Jun/2025:09:00:41 -0400] "GET /wp-includes/sitemaps/ HTTP/1.1" 200 1108 "binance.com" "Mozilla/5.0 (Windows NT 10.0; Win64; x64) AppleWebKit/537.36 (KHTML, like Gecko) Chrome/90.0.4430.85 Safari/537.36"
216.73.216.202 - - [17/Jun/2025:09:00:40 -0400] "GET /entity/2662513203 HTTP/1.1" 200 0 "-" "Mozilla/5.0 AppleWebKit/537.36 (KHTML, like Gecko; compatible; ClaudeBot/1.0; [email protected])"
4.213.99.61 - - [17/Jun/2025:09:01:06 -0400] "GET /wp-includes/sitemaps/ HTTP/1.1" 200 1108 "binance.com" "Mozilla/5.0 (Windows NT 10.0; Win64; x64) AppleWebKit/537.36 (KHTML, like Gecko) Chrome/90.0.4430.85 Safari/537.36"
216.73.216.202 - - [17/Jun/2025:09:01:05 -0400] "GET /entity/2662463227 HTTP/1.1" 200 0 "-" "Mozilla/5.0 AppleWebKit/537.36 (KHTML, like Gecko; compatible; ClaudeBot/1.0; [email protected])"
4.213.99.61 - - [17/Jun/2025:09:01:25 -0400] "GET /wp-includes/sitemaps/providers/ HTTP/1.1" 200 719 "binance.com" "Mozilla/5.0 (Windows NT 10.0; Win64; x64) AppleWebKit/537.36 (KHTML, like Gecko) Chrome/90.0.4430.85 Safari/537.36"
216.73.216.202 - - [17/Jun/2025:09:01:20 -0400] "GET /entity/2662932999 HTTP/1.1" 200 0 "-" "Mozilla/5.0 AppleWebKit/537.36 (KHTML, like Gecko; compatible; ClaudeBot/1.0; [email protected])"
216.73.216.202 - - [17/Jun/2025:09:01:28 -0400] "GET /entity/2662250767 HTTP/1.1" 301 0 "-" "Mozilla/5.0 AppleWebKit/537.36 (KHTML, like Gecko; compatible; ClaudeBot/1.0; [email protected])"
4.213.99.61 - - [17/Jun/2025:09:01:37 -0400] "GET /wp-includes/sitemaps/providers/ HTTP/1.1" 200 719 "binance.com" "Mozilla/5.0 (Windows NT 10.0; Win64; x64) AppleWebKit/537.36 (KHTML, like Gecko) Chrome/90.0.4430.85 Safari/537.36"
216.73.216.202 - - [17/Jun/2025:09:01:37 -0400] "GET /entity/2662866365 HTTP/1.1" 301 0 "-" "Mozilla/5.0 AppleWebKit/537.36 (KHTML, like Gecko; compatible; ClaudeBot/1.0; [email protected])"
216.73.216.202 - - [17/Jun/2025:09:01:43 -0400] "GET /entity/2662890199 HTTP/1.1" 301 0 "-" "Mozilla/5.0 AppleWebKit/537.36 (KHTML, like Gecko; compatible; ClaudeBot/1.0; [email protected])"
216.73.216.202 - - [17/Jun/2025:09:01:48 -0400] "GET /entity/2662466942 HTTP/1.1" 301 0 "-" "Mozilla/5.0 AppleWebKit/537.36 (KHTML, like Gecko; compatible; ClaudeBot/1.0; [email protected])"
216.73.216.202 - - [17/Jun/2025:09:01:51 -0400] "GET /entity/2662311632 HTTP/1.1" 301 0 "-" "Mozilla/5.0 AppleWebKit/537.36 (KHTML, like Gecko; compatible; ClaudeBot/1.0; [email protected])"
4.213.99.61 - - [17/Jun/2025:09:01:56 -0400] "GET /wp-includes/widgets/ HTTP/1.1" 200 1444 "binance.com" "Mozilla/5.0 (Windows NT 10.0; Win64; x64) AppleWebKit/537.36 (KHTML, like Gecko) Chrome/90.0.4430.85 Safari/537.36"
216.73.216.202 - - [17/Jun/2025:09:01:57 -0400] "GET /entity/2662580351 HTTP/1.1" 301 0 "-" "Mozilla/5.0 AppleWebKit/537.36 (KHTML, like Gecko; compatible; ClaudeBot/1.0; [email protected])"
216.73.216.202 - - [17/Jun/2025:09:02:00 -0400] "GET /entity/2662421322 HTTP/1.1" 301 0 "-" "Mozilla/5.0 AppleWebKit/537.36 (KHTML, like Gecko; compatible; ClaudeBot/1.0; [email protected])"
216.73.216.202 - - [17/Jun/2025:09:02:03 -0400] "GET /entity/2662339185 HTTP/1.1" 301 0 "-" "Mozilla/5.0 AppleWebKit/537.36 (KHTML, like Gecko; compatible; ClaudeBot/1.0; [email protected])"
216.73.216.202 - - [17/Jun/2025:09:02:06 -0400] "GET /entity/2662702724 HTTP/1.1" 301 0 "-" "Mozilla/5.0 AppleWebKit/537.36 (KHTML, like Gecko; compatible; ClaudeBot/1.0; [email protected])"
216.73.216.202 - - [17/Jun/2025:09:02:09 -0400] "GET /entity/2662703879 HTTP/1.1" 301 0 "-" "Mozilla/5.0 AppleWebKit/537.36 (KHTML, like Gecko; compatible; ClaudeBot/1.0; [email protected])"
4.213.99.61 - - [17/Jun/2025:09:02:21 -0400] "GET /wp-includes/widgets/ HTTP/1.1" 200 1444 "binance.com" "Mozilla/5.0 (Windows NT 10.0; Win64; x64) AppleWebKit/537.36 (KHTML, like Gecko) Chrome/90.0.4430.85 Safari/537.36"
216.73.216.202 - - [17/Jun/2025:09:02:29 -0400] "GET /entity/2662404664 HTTP/1.1" 301 0 "-" "Mozilla/5.0 AppleWebKit/537.36 (KHTML, like Gecko; compatible; ClaudeBot/1.0; [email protected])"
216.73.216.202 - - [17/Jun/2025:09:02:31 -0400] "GET /entity/2662477323 HTTP/1.1" 301 0 "-" "Mozilla/5.0 AppleWebKit/537.36 (KHTML, like Gecko; compatible; ClaudeBot/1.0; [email protected])"
216.73.216.202 - - [17/Jun/2025:09:02:34 -0400] "GET /entity/2662417865 HTTP/1.1" 301 0 "-" "Mozilla/5.0 AppleWebKit/537.36 (KHTML, like Gecko; compatible; ClaudeBot/1.0; [email protected])"
216.73.216.202 - - [17/Jun/2025:09:02:37 -0400] "GET /entity/2662445414 HTTP/1.1" 301 0 "-" "Mozilla/5.0 AppleWebKit/537.36 (KHTML, like Gecko; compatible; ClaudeBot/1.0; [email protected])"
216.73.216.202 - - [17/Jun/2025:09:02:40 -0400] "GET /entity/2662453745 HTTP/1.1" 301 0 "-" "Mozilla/5.0 AppleWebKit/537.36 (KHTML, like Gecko; compatible; ClaudeBot/1.0; [email protected])"
216.73.216.202 - - [17/Jun/2025:09:02:43 -0400] "GET /entity/2662631220 HTTP/1.1" 301 0 "-" "Mozilla/5.0 AppleWebKit/537.36 (KHTML, like Gecko; compatible; ClaudeBot/1.0; [email protected])"
4.213.99.61 - - [17/Jun/2025:09:02:47 -0400] "GET /wp-includes/widgets/class-wp-widget-block.php HTTP/1.1" 403 1242 "binance.com" "Mozilla/5.0 (Windows NT 10.0; Win64; x64) AppleWebKit/537.36 (KHTML, like Gecko) Chrome/90.0.4430.85 Safari/537.36"
216.73.216.202 - - [17/Jun/2025:09:02:46 -0400] "GET /entity/2663020262 HTTP/1.1" 301 0 "-" "Mozilla/5.0 AppleWebKit/537.36 (KHTML, like Gecko; compatible; ClaudeBot/1.0; [email protected])"
47.128.43.46 - - [17/Jun/2025:09:02:55 -0400] "GET /wp-includes/post.php HTTP/1.1" 403 1242 "-" "Mozilla/5.0 (Linux; Android 5.0) AppleWebKit/537.36 (KHTML, like Gecko) Mobile Safari/537.36 (compatible; Bytespider; [email protected])"
4.213.99.61 - - [17/Jun/2025:09:03:03 -0400] "GET /wp-includes/css/ HTTP/1.1" 200 1776 "binance.com" "Mozilla/5.0 (Windows NT 10.0; Win64; x64) AppleWebKit/537.36 (KHTML, like Gecko) Chrome/90.0.4430.85 Safari/537.36"
216.73.216.202 - - [17/Jun/2025:09:03:10 -0400] "GET /entity/2662688886 HTTP/1.1" 301 0 "-" "Mozilla/5.0 AppleWebKit/537.36 (KHTML, like Gecko; compatible; ClaudeBot/1.0; [email protected])"
216.73.216.202 - - [17/Jun/2025:09:03:12 -0400] "GET /entity/2662638654 HTTP/1.1" 301 0 "-" "Mozilla/5.0 AppleWebKit/537.36 (KHTML, like Gecko; compatible; ClaudeBot/1.0; [email protected])"
216.73.216.202 - - [17/Jun/2025:09:03:15 -0400] "GET /entity/2662558565 HTTP/1.1" 301 0 "-" "Mozilla/5.0 AppleWebKit/537.36 (KHTML, like Gecko; compatible; ClaudeBot/1.0; [email protected])"
216.73.216.202 - - [17/Jun/2025:09:03:18 -0400] "GET /entity/2662378524 HTTP/1.1" 301 0 "-" "Mozilla/5.0 AppleWebKit/537.36 (KHTML, like Gecko; compatible; ClaudeBot/1.0; [email protected])"
4.213.99.61 - - [17/Jun/2025:09:03:20 -0400] "GET /wp-includes/css/dist/ HTTP/1.1" 200 1152 "binance.com" "Mozilla/5.0 (Windows NT 10.0; Win64; x64) AppleWebKit/537.36 (KHTML, like Gecko) Chrome/90.0.4430.85 Safari/537.36"
216.73.216.202 - - [17/Jun/2025:09:03:21 -0400] "GET /entity/2662328548 HTTP/1.1" 301 0 "-" "Mozilla/5.0 AppleWebKit/537.36 (KHTML, like Gecko; compatible; ClaudeBot/1.0; [email protected])"
216.73.216.202 - - [17/Jun/2025:09:03:24 -0400] "GET /entity/2662928387 HTTP/1.1" 301 0 "-" "Mozilla/5.0 AppleWebKit/537.36 (KHTML, like Gecko; compatible; ClaudeBot/1.0; [email protected])"
216.73.216.202 - - [17/Jun/2025:09:03:27 -0400] "GET /entity/2662828179 HTTP/1.1" 301 0 "-" "Mozilla/5.0 AppleWebKit/537.36 (KHTML, like Gecko; compatible; ClaudeBot/1.0; [email protected])"
4.213.99.61 - - [17/Jun/2025:09:03:35 -0400] "GET /wp-includes/fonts/ HTTP/1.1" 200 1240 "binance.com" "Mozilla/5.0 (Windows NT 10.0; Win64; x64) AppleWebKit/537.36 (KHTML, like Gecko) Chrome/90.0.4430.85 Safari/537.36"
4.213.99.61 - - [17/Jun/2025:09:03:48 -0400] "GET /wp-includes/fonts/ HTTP/1.1" 200 1240 "binance.com" "Mozilla/5.0 (Windows NT 10.0; Win64; x64) AppleWebKit/537.36 (KHTML, like Gecko) Chrome/90.0.4430.85 Safari/537.36"
216.73.216.202 - - [17/Jun/2025:09:03:58 -0400] "GET /entity/2662939020 HTTP/1.1" 301 0 "-" "Mozilla/5.0 AppleWebKit/537.36 (KHTML, like Gecko; compatible; ClaudeBot/1.0; [email protected])"
216.73.216.202 - - [17/Jun/2025:09:04:01 -0400] "GET /entity/2662286647 HTTP/1.1" 301 0 "-" "Mozilla/5.0 AppleWebKit/537.36 (KHTML, like Gecko; compatible; ClaudeBot/1.0; [email protected])"
4.213.99.61 - - [17/Jun/2025:09:04:02 -0400] "GET /wp-includes/fonts/class-wp-font-collection.php HTTP/1.1" 403 1242 "binance.com" "Mozilla/5.0 (Windows NT 10.0; Win64; x64) AppleWebKit/537.36 (KHTML, like Gecko) Chrome/90.0.4430.85 Safari/537.36"
216.73.216.202 - - [17/Jun/2025:09:04:04 -0400] "GET /entity/2662695804 HTTP/1.1" 301 0 "-" "Mozilla/5.0 AppleWebKit/537.36 (KHTML, like Gecko; compatible; ClaudeBot/1.0; [email protected])"
216.73.216.202 - - [17/Jun/2025:09:04:07 -0400] "GET /entity/2662677995 HTTP/1.1" 301 0 "-" "Mozilla/5.0 AppleWebKit/537.36 (KHTML, like Gecko; compatible; ClaudeBot/1.0; [email protected])"
216.73.216.202 - - [17/Jun/2025:09:04:10 -0400] "GET /entity/2662761545 HTTP/1.1" 301 0 "-" "Mozilla/5.0 AppleWebKit/537.36 (KHTML, like Gecko; compatible; ClaudeBot/1.0; [email protected])"
4.213.99.61 - - [17/Jun/2025:09:04:13 -0400] "GET /wp-includes/fonts/class-wp-font-face-resolver.php HTTP/1.1" 403 1242 "binance.com" "Mozilla/5.0 (Windows NT 10.0; Win64; x64) AppleWebKit/537.36 (KHTML, like Gecko) Chrome/90.0.4430.85 Safari/537.36"
216.73.216.202 - - [17/Jun/2025:09:04:13 -0400] "GET /entity/2662648136 HTTP/1.1" 301 0 "-" "Mozilla/5.0 AppleWebKit/537.36 (KHTML, like Gecko; compatible; ClaudeBot/1.0; [email protected])"
216.73.216.202 - - [17/Jun/2025:09:04:16 -0400] "GET /entity/2662930693 HTTP/1.1" 301 0 "-" "Mozilla/5.0 AppleWebKit/537.36 (KHTML, like Gecko; compatible; ClaudeBot/1.0; [email protected])"
4.213.99.61 - - [17/Jun/2025:09:04:32 -0400] "GET /wp-includes/fonts/class-wp-font-face.php HTTP/1.1" 403 1242 "binance.com" "Mozilla/5.0 (Windows NT 10.0; Win64; x64) AppleWebKit/537.36 (KHTML, like Gecko) Chrome/90.0.4430.85 Safari/537.36"
4.213.99.61 - - [17/Jun/2025:09:04:50 -0400] "GET /wp-includes/fonts/class-wp-font-library.php HTTP/1.1" 403 1242 "binance.com" "Mozilla/5.0 (Windows NT 10.0; Win64; x64) AppleWebKit/537.36 (KHTML, like Gecko) Chrome/90.0.4430.85 Safari/537.36"
216.73.216.202 - - [17/Jun/2025:09:04:55 -0400] "GET /entity/2662434523 HTTP/1.1" 301 0 "-" "Mozilla/5.0 AppleWebKit/537.36 (KHTML, like Gecko; compatible; ClaudeBot/1.0; [email protected])"
216.73.216.202 - - [17/Jun/2025:09:04:57 -0400] "GET /entity/2662901090 HTTP/1.1" 301 0 "-" "Mozilla/5.0 AppleWebKit/537.36 (KHTML, like Gecko; compatible; ClaudeBot/1.0; [email protected])"
216.73.216.202 - - [17/Jun/2025:09:05:00 -0400] "GET /entity/2662662488 HTTP/1.1" 301 0 "-" "Mozilla/5.0 AppleWebKit/537.36 (KHTML, like Gecko; compatible; ClaudeBot/1.0; [email protected])"
216.73.216.202 - - [17/Jun/2025:09:05:03 -0400] "GET /entity/2662731428 HTTP/1.1" 301 0 "-" "Mozilla/5.0 AppleWebKit/537.36 (KHTML, like Gecko; compatible; ClaudeBot/1.0; [email protected])"
216.73.216.202 - - [17/Jun/2025:09:05:06 -0400] "GET /entity/2662907115 HTTP/1.1" 301 0 "-" "Mozilla/5.0 AppleWebKit/537.36 (KHTML, like Gecko; compatible; ClaudeBot/1.0; [email protected])"
4.213.99.61 - - [17/Jun/2025:09:05:09 -0400] "GET /wp-includes/fonts/class-wp-font-utils.php HTTP/1.1" 403 1242 "binance.com" "Mozilla/5.0 (Windows NT 10.0; Win64; x64) AppleWebKit/537.36 (KHTML, like Gecko) Chrome/90.0.4430.85 Safari/537.36"
216.73.216.202 - - [17/Jun/2025:09:05:09 -0400] "GET /entity/2663053580 HTTP/1.1" 301 0 "-" "Mozilla/5.0 AppleWebKit/537.36 (KHTML, like Gecko; compatible; ClaudeBot/1.0; [email protected])"
216.73.216.202 - - [17/Jun/2025:09:05:12 -0400] "GET /entity/2662768463 HTTP/1.1" 301 0 "-" "Mozilla/5.0 AppleWebKit/537.36 (KHTML, like Gecko; compatible; ClaudeBot/1.0; [email protected])"
4.213.99.61 - - [17/Jun/2025:09:05:39 -0400] "GET /wp-includes/images/ HTTP/1.1" 200 1659 "binance.com" "Mozilla/5.0 (Windows NT 10.0; Win64; x64) AppleWebKit/537.36 (KHTML, like Gecko) Chrome/90.0.4430.85 Safari/537.36"
216.73.216.202 - - [17/Jun/2025:09:05:51 -0400] "GET /entity/2662389161 HTTP/1.1" 301 0 "-" "Mozilla/5.0 AppleWebKit/537.36 (KHTML, like Gecko; compatible; ClaudeBot/1.0; [email protected])"
4.213.99.61 - - [17/Jun/2025:09:05:53 -0400] "GET /wp-includes/images/crystal/ HTTP/1.1" 200 1191 "binance.com" "Mozilla/5.0 (Windows NT 10.0; Win64; x64) AppleWebKit/537.36 (KHTML, like Gecko) Chrome/90.0.4430.85 Safari/537.36"
216.73.216.202 - - [17/Jun/2025:09:05:53 -0400] "GET /entity/2662923773 HTTP/1.1" 301 0 "-" "Mozilla/5.0 AppleWebKit/537.36 (KHTML, like Gecko; compatible; ClaudeBot/1.0; [email protected])"
216.73.216.202 - - [17/Jun/2025:09:05:56 -0400] "GET /entity/2662951066 HTTP/1.1" 301 0 "-" "Mozilla/5.0 AppleWebKit/537.36 (KHTML, like Gecko; compatible; ClaudeBot/1.0; [email protected])"
216.73.216.202 - - [17/Jun/2025:09:05:59 -0400] "GET /entity/2662302150 HTTP/1.1" 301 0 "-" "Mozilla/5.0 AppleWebKit/537.36 (KHTML, like Gecko; compatible; ClaudeBot/1.0; [email protected])"
216.73.216.202 - - [17/Jun/2025:09:06:02 -0400] "GET /entity/2662479629 HTTP/1.1" 301 0 "-" "Mozilla/5.0 AppleWebKit/537.36 (KHTML, like Gecko; compatible; ClaudeBot/1.0; [email protected])"
216.73.216.202 - - [17/Jun/2025:09:06:05 -0400] "GET /entity/2662335724 HTTP/1.1" 301 0 "-" "Mozilla/5.0 AppleWebKit/537.36 (KHTML, like Gecko; compatible; ClaudeBot/1.0; [email protected])"
216.73.216.202 - - [17/Jun/2025:09:06:08 -0400] "GET /entity/2662328290 HTTP/1.1" 301 0 "-" "Mozilla/5.0 AppleWebKit/537.36 (KHTML, like Gecko; compatible; ClaudeBot/1.0; [email protected])"
198.27.67.210 - - [17/Jun/2025:09:06:09 -0400] "POST /xmlrpc.php HTTP/1.1" 200 186 "https://w3.junglejuicewebtoon.com" "Mozilla/5.0 (Windows NT 10.0; Win64; x64) AppleWebKit/537.36 (KHTML, like Gecko) Chrome/116.0.5845.96 Safari/537.36 Edg/116.0.1938.62"
4.213.99.61 - - [17/Jun/2025:09:06:15 -0400] "GET /wp-includes/images/media/ HTTP/1.1" 200 1294 "binance.com" "Mozilla/5.0 (Windows NT 10.0; Win64; x64) AppleWebKit/537.36 (KHTML, like Gecko) Chrome/90.0.4430.85 Safari/537.36"
4.213.99.61 - - [17/Jun/2025:09:06:32 -0400] "GET /wp-includes/images/smilies/ HTTP/1.1" 200 1426 "binance.com" "Mozilla/5.0 (Windows NT 10.0; Win64; x64) AppleWebKit/537.36 (KHTML, like Gecko) Chrome/90.0.4430.85 Safari/537.36"
216.73.216.202 - - [17/Jun/2025:09:06:32 -0400] "GET /entity/2662299586 HTTP/1.1" 301 0 "-" "Mozilla/5.0 AppleWebKit/537.36 (KHTML, like Gecko; compatible; ClaudeBot/1.0; [email protected])"
216.73.216.202 - - [17/Jun/2025:09:06:34 -0400] "GET /entity/2663004759 HTTP/1.1" 301 0 "-" "Mozilla/5.0 AppleWebKit/537.36 (KHTML, like Gecko; compatible; ClaudeBot/1.0; [email protected])"
216.73.216.202 - - [17/Jun/2025:09:06:37 -0400] "GET /entity/2662467841 HTTP/1.1" 301 0 "-" "Mozilla/5.0 AppleWebKit/537.36 (KHTML, like Gecko; compatible; ClaudeBot/1.0; [email protected])"
216.73.216.202 - - [17/Jun/2025:09:06:40 -0400] "GET /entity/2662675431 HTTP/1.1" 301 0 "-" "Mozilla/5.0 AppleWebKit/537.36 (KHTML, like Gecko; compatible; ClaudeBot/1.0; [email protected])"
216.73.216.202 - - [17/Jun/2025:09:06:43 -0400] "GET /entity/2662832791 HTTP/1.1" 301 0 "-" "Mozilla/5.0 AppleWebKit/537.36 (KHTML, like Gecko; compatible; ClaudeBot/1.0; [email protected])"
216.73.216.202 - - [17/Jun/2025:09:06:46 -0400] "GET /entity/2662782815 HTTP/1.1" 301 0 "-" "Mozilla/5.0 AppleWebKit/537.36 (KHTML, like Gecko; compatible; ClaudeBot/1.0; [email protected])"
4.213.99.61 - - [17/Jun/2025:09:06:47 -0400] "GET /wp-includes/images/wlw/ HTTP/1.1" 301 0 "binance.com" "Mozilla/5.0 (Windows NT 10.0; Win64; x64) AppleWebKit/537.36 (KHTML, like Gecko) Chrome/90.0.4430.85 Safari/537.36"
4.213.99.61 - - [17/Jun/2025:09:06:49 -0400] "GET / HTTP/1.1" 301 0 "binance.com" "Mozilla/5.0 (Windows NT 10.0; Win64; x64) AppleWebKit/537.36 (KHTML, like Gecko) Chrome/90.0.4430.85 Safari/537.36"
216.73.216.202 - - [17/Jun/2025:09:06:49 -0400] "GET /entity/2662692347 HTTP/1.1" 301 0 "-" "Mozilla/5.0 AppleWebKit/537.36 (KHTML, like Gecko; compatible; ClaudeBot/1.0; [email protected])"
47.128.59.56 - - [17/Jun/2025:09:06:55 -0400] "GET /wp-includes/class-wp-http-curl.php HTTP/1.1" 403 1242 "-" "Mozilla/5.0 (Linux; Android 5.0) AppleWebKit/537.36 (KHTML, like Gecko) Mobile Safari/537.36 (compatible; Bytespider; [email protected])"
4.213.99.61 - - [17/Jun/2025:09:07:09 -0400] "GET /wp-includes/js/%20 HTTP/1.1" 301 0 "binance.com" "Mozilla/5.0 (Windows NT 10.0; Win64; x64) AppleWebKit/537.36 (KHTML, like Gecko) Chrome/90.0.4430.85 Safari/537.36"
4.213.99.61 - - [17/Jun/2025:09:07:11 -0400] "GET / HTTP/1.1" 301 0 "binance.com" "Mozilla/5.0 (Windows NT 10.0; Win64; x64) AppleWebKit/537.36 (KHTML, like Gecko) Chrome/90.0.4430.85 Safari/537.36"
216.73.216.202 - - [17/Jun/2025:09:07:12 -0400] "GET /entity/2662755262 HTTP/1.1" 301 0 "-" "Mozilla/5.0 AppleWebKit/537.36 (KHTML, like Gecko; compatible; ClaudeBot/1.0; [email protected])"
216.73.216.202 - - [17/Jun/2025:09:07:15 -0400] "GET /entity/2662972336 HTTP/1.1" 301 0 "-" "Mozilla/5.0 AppleWebKit/537.36 (KHTML, like Gecko; compatible; ClaudeBot/1.0; [email protected])"
216.73.216.202 - - [17/Jun/2025:09:07:18 -0400] "GET /entity/2662704137 HTTP/1.1" 301 0 "-" "Mozilla/5.0 AppleWebKit/537.36 (KHTML, like Gecko; compatible; ClaudeBot/1.0; [email protected])"
216.73.216.202 - - [17/Jun/2025:09:07:21 -0400] "GET /entity/2662673125 HTTP/1.1" 301 0 "-" "Mozilla/5.0 AppleWebKit/537.36 (KHTML, like Gecko; compatible; ClaudeBot/1.0; [email protected])"
216.73.216.202 - - [17/Jun/2025:09:07:24 -0400] "GET /entity/2662454896 HTTP/1.1" 301 0 "-" "Mozilla/5.0 AppleWebKit/537.36 (KHTML, like Gecko; compatible; ClaudeBot/1.0; [email protected])"
216.73.216.202 - - [17/Jun/2025:09:07:27 -0400] "GET /entity/2662278316 HTTP/1.1" 301 0 "-" "Mozilla/5.0 AppleWebKit/537.36 (KHTML, like Gecko; compatible; ClaudeBot/1.0; [email protected])"
216.73.216.202 - - [17/Jun/2025:09:07:30 -0400] "GET /entity/2662911727 HTTP/1.1" 301 0 "-" "Mozilla/5.0 AppleWebKit/537.36 (KHTML, like Gecko; compatible; ClaudeBot/1.0; [email protected])"
4.213.99.61 - - [17/Jun/2025:09:07:37 -0400] "GET /wp-includes/js/codemirror/ HTTP/1.1" 200 1119 "binance.com" "Mozilla/5.0 (Windows NT 10.0; Win64; x64) AppleWebKit/537.36 (KHTML, like Gecko) Chrome/90.0.4430.85 Safari/537.36"
216.73.216.202 - - [17/Jun/2025:09:07:50 -0400] "GET /entity/2662379421 HTTP/1.1" 301 0 "-" "Mozilla/5.0 AppleWebKit/537.36 (KHTML, like Gecko; compatible; ClaudeBot/1.0; [email protected])"
4.213.99.61 - - [17/Jun/2025:09:07:55 -0400] "GET /wp-includes/js/plupload/ HTTP/1.1" 200 1163 "binance.com" "Mozilla/5.0 (Windows NT 10.0; Win64; x64) AppleWebKit/537.36 (KHTML, like Gecko) Chrome/90.0.4430.85 Safari/537.36"
216.73.216.202 - - [17/Jun/2025:09:07:56 -0400] "GET /entity/2662348667 HTTP/1.1" 301 0 "-" "Mozilla/5.0 AppleWebKit/537.36 (KHTML, like Gecko; compatible; ClaudeBot/1.0; [email protected])"
216.73.216.202 - - [17/Jun/2025:09:07:59 -0400] "GET /entity/2662288953 HTTP/1.1" 301 0 "-" "Mozilla/5.0 AppleWebKit/537.36 (KHTML, like Gecko; compatible; ClaudeBot/1.0; [email protected])"
216.73.216.202 - - [17/Jun/2025:09:08:02 -0400] "GET /entity/2662898784 HTTP/1.1" 301 0 "-" "Mozilla/5.0 AppleWebKit/537.36 (KHTML, like Gecko; compatible; ClaudeBot/1.0; [email protected])"
216.73.216.202 - - [17/Jun/2025:09:08:05 -0400] "GET /entity/2662300999 HTTP/1.1" 301 0 "-" "Mozilla/5.0 AppleWebKit/537.36 (KHTML, like Gecko; compatible; ClaudeBot/1.0; [email protected])"
216.73.216.202 - - [17/Jun/2025:09:08:08 -0400] "GET /entity/2662375960 HTTP/1.1" 301 0 "-" "Mozilla/5.0 AppleWebKit/537.36 (KHTML, like Gecko; compatible; ClaudeBot/1.0; [email protected])"
4.213.99.61 - - [17/Jun/2025:09:08:12 -0400] "GET /.well-known/ HTTP/1.1" 200 625 "binance.com" "Mozilla/5.0 (Windows NT 10.0; Win64; x64) AppleWebKit/537.36 (KHTML, like Gecko) Chrome/90.0.4430.85 Safari/537.36"
216.73.216.202 - - [17/Jun/2025:09:08:11 -0400] "GET /entity/2662619432 HTTP/1.1" 301 0 "-" "Mozilla/5.0 AppleWebKit/537.36 (KHTML, like Gecko; compatible; ClaudeBot/1.0; [email protected])"
216.73.216.202 - - [17/Jun/2025:09:08:29 -0400] "GET /entity/2662538446 HTTP/1.1" 301 0 "-" "Mozilla/5.0 AppleWebKit/537.36 (KHTML, like Gecko; compatible; ClaudeBot/1.0; [email protected])"
216.73.216.202 - - [17/Jun/2025:09:08:33 -0400] "GET /entity/2662691192 HTTP/1.1" 301 0 "-" "Mozilla/5.0 AppleWebKit/537.36 (KHTML, like Gecko; compatible; ClaudeBot/1.0; [email protected])"
216.73.216.202 - - [17/Jun/2025:09:08:36 -0400] "GET /entity/2662682607 HTTP/1.1" 301 0 "-" "Mozilla/5.0 AppleWebKit/537.36 (KHTML, like Gecko; compatible; ClaudeBot/1.0; [email protected])"
216.73.216.202 - - [17/Jun/2025:09:08:39 -0400] "GET /entity/2662383136 HTTP/1.1" 301 0 "-" "Mozilla/5.0 AppleWebKit/537.36 (KHTML, like Gecko; compatible; ClaudeBot/1.0; [email protected])"
216.73.216.202 - - [17/Jun/2025:09:08:42 -0400] "GET /entity/2662313045 HTTP/1.1" 301 0 "-" "Mozilla/5.0 AppleWebKit/537.36 (KHTML, like Gecko; compatible; ClaudeBot/1.0; [email protected])"
216.73.216.202 - - [17/Jun/2025:09:08:45 -0400] "GET /entity/2662482193 HTTP/1.1" 301 0 "-" "Mozilla/5.0 AppleWebKit/537.36 (KHTML, like Gecko; compatible; ClaudeBot/1.0; [email protected])"
216.73.216.202 - - [17/Jun/2025:09:08:48 -0400] "GET /entity/2662444005 HTTP/1.1" 301 0 "-" "Mozilla/5.0 AppleWebKit/537.36 (KHTML, like Gecko; compatible; ClaudeBot/1.0; [email protected])"
216.73.216.202 - - [17/Jun/2025:09:09:12 -0400] "GET /entity/2662559716 HTTP/1.1" 301 0 "-" "Mozilla/5.0 AppleWebKit/537.36 (KHTML, like Gecko; compatible; ClaudeBot/1.0; [email protected])"
216.73.216.202 - - [17/Jun/2025:09:09:15 -0400] "GET /entity/2662584707 HTTP/1.1" 200 0 "-" "Mozilla/5.0 AppleWebKit/537.36 (KHTML, like Gecko; compatible; ClaudeBot/1.0; [email protected])"
216.73.216.202 - - [17/Jun/2025:09:09:27 -0400] "GET /entity/2662762438 HTTP/1.1" 200 0 "-" "Mozilla/5.0 AppleWebKit/537.36 (KHTML, like Gecko; compatible; ClaudeBot/1.0; [email protected])"
216.73.216.202 - - [17/Jun/2025:09:09:41 -0400] "GET /entity/2662824460 HTTP/1.1" 301 0 "-" "Mozilla/5.0 AppleWebKit/537.36 (KHTML, like Gecko; compatible; ClaudeBot/1.0; [email protected])"
216.73.216.202 - - [17/Jun/2025:09:09:42 -0400] "GET /entity/2662843682 HTTP/1.1" 301 0 "-" "Mozilla/5.0 AppleWebKit/537.36 (KHTML, like Gecko; compatible; ClaudeBot/1.0; [email protected])"
216.73.216.202 - - [17/Jun/2025:09:09:48 -0400] "GET /entity/2662265119 HTTP/1.1" 301 0 "-" "Mozilla/5.0 AppleWebKit/537.36 (KHTML, like Gecko; compatible; ClaudeBot/1.0; [email protected])"
216.73.216.202 - - [17/Jun/2025:09:09:56 -0400] "GET /entity/2662585858 HTTP/1.1" 301 0 "-" "Mozilla/5.0 AppleWebKit/537.36 (KHTML, like Gecko; compatible; ClaudeBot/1.0; [email protected])"
216.73.216.202 - - [17/Jun/2025:09:09:57 -0400] "GET /entity/2662425041 HTTP/1.1" 301 0 "-" "Mozilla/5.0 AppleWebKit/537.36 (KHTML, like Gecko; compatible; ClaudeBot/1.0; [email protected])"
216.73.216.202 - - [17/Jun/2025:09:10:00 -0400] "GET /entity/2662667100 HTTP/1.1" 301 0 "-" "Mozilla/5.0 AppleWebKit/537.36 (KHTML, like Gecko; compatible; ClaudeBot/1.0; [email protected])"
216.73.216.202 - - [17/Jun/2025:09:10:03 -0400] "GET /entity/2662318808 HTTP/1.1" 301 0 "-" "Mozilla/5.0 AppleWebKit/537.36 (KHTML, like Gecko; compatible; ClaudeBot/1.0; [email protected])"
216.73.216.202 - - [17/Jun/2025:09:10:06 -0400] "GET /entity/2662942739 HTTP/1.1" 301 0 "-" "Mozilla/5.0 AppleWebKit/537.36 (KHTML, like Gecko; compatible; ClaudeBot/1.0; [email protected])"
216.73.216.202 - - [17/Jun/2025:09:10:09 -0400] "GET /entity/2662844837 HTTP/1.1" 301 0 "-" "Mozilla/5.0 AppleWebKit/537.36 (KHTML, like Gecko; compatible; ClaudeBot/1.0; [email protected])"
216.73.216.202 - - [17/Jun/2025:09:10:12 -0400] "GET /entity/2662399794 HTTP/1.1" 301 0 "-" "Mozilla/5.0 AppleWebKit/537.36 (KHTML, like Gecko; compatible; ClaudeBot/1.0; [email protected])"
216.73.216.202 - - [17/Jun/2025:09:10:34 -0400] "GET /entity/2662706443 HTTP/1.1" 301 0 "-" "Mozilla/5.0 AppleWebKit/537.36 (KHTML, like Gecko; compatible; ClaudeBot/1.0; [email protected])"
216.73.216.202 - - [17/Jun/2025:09:10:37 -0400] "GET /entity/2662298693 HTTP/1.1" 301 0 "-" "Mozilla/5.0 AppleWebKit/537.36 (KHTML, like Gecko; compatible; ClaudeBot/1.0; [email protected])"
216.73.216.202 - - [17/Jun/2025:09:10:40 -0400] "GET /entity/2662914033 HTTP/1.1" 301 0 "-" "Mozilla/5.0 AppleWebKit/537.36 (KHTML, like Gecko; compatible; ClaudeBot/1.0; [email protected])"
216.73.216.202 - - [17/Jun/2025:09:10:43 -0400] "GET /entity/2662896220 HTTP/1.1" 301 0 "-" "Mozilla/5.0 AppleWebKit/537.36 (KHTML, like Gecko; compatible; ClaudeBot/1.0; [email protected])"
216.73.216.202 - - [17/Jun/2025:09:10:46 -0400] "GET /entity/2662978361 HTTP/1.1" 301 0 "-" "Mozilla/5.0 AppleWebKit/537.36 (KHTML, like Gecko; compatible; ClaudeBot/1.0; [email protected])"
216.73.216.202 - - [17/Jun/2025:09:10:49 -0400] "GET /entity/2662910572 HTTP/1.1" 301 0 "-" "Mozilla/5.0 AppleWebKit/537.36 (KHTML, like Gecko; compatible; ClaudeBot/1.0; [email protected])"
216.73.216.202 - - [17/Jun/2025:09:10:52 -0400] "GET /entity/2662908266 HTTP/1.1" 301 0 "-" "Mozilla/5.0 AppleWebKit/537.36 (KHTML, like Gecko; compatible; ClaudeBot/1.0; [email protected])"
47.128.22.124 - - [17/Jun/2025:09:10:55 -0400] "GET /wp-includes/js/dist/script-modules/a11y/ HTTP/1.1" 200 667 "-" "Mozilla/5.0 (Linux; Android 5.0) AppleWebKit/537.36 (KHTML, like Gecko) Mobile Safari/537.36 (compatible; Bytespider; [email protected])"
216.73.216.202 - - [17/Jun/2025:09:11:12 -0400] "GET /entity/2662671970 HTTP/1.1" 301 0 "-" "Mozilla/5.0 AppleWebKit/537.36 (KHTML, like Gecko; compatible; ClaudeBot/1.0; [email protected])"
216.73.216.202 - - [17/Jun/2025:09:11:15 -0400] "GET /entity/2662819590 HTTP/1.1" 301 0 "-" "Mozilla/5.0 AppleWebKit/537.36 (KHTML, like Gecko; compatible; ClaudeBot/1.0; [email protected])"
216.73.216.202 - - [17/Jun/2025:09:11:18 -0400] "GET /entity/2662909421 HTTP/1.1" 301 0 "-" "Mozilla/5.0 AppleWebKit/537.36 (KHTML, like Gecko; compatible; ClaudeBot/1.0; [email protected])"
216.73.216.202 - - [17/Jun/2025:09:11:21 -0400] "GET /entity/2662540752 HTTP/1.1" 301 0 "-" "Mozilla/5.0 AppleWebKit/537.36 (KHTML, like Gecko; compatible; ClaudeBot/1.0; [email protected])"
216.73.216.202 - - [17/Jun/2025:09:11:24 -0400] "GET /entity/2663031157 HTTP/1.1" 301 0 "-" "Mozilla/5.0 AppleWebKit/537.36 (KHTML, like Gecko; compatible; ClaudeBot/1.0; [email protected])"
216.73.216.202 - - [17/Jun/2025:09:11:27 -0400] "GET /entity/2662616868 HTTP/1.1" 301 0 "-" "Mozilla/5.0 AppleWebKit/537.36 (KHTML, like Gecko; compatible; ClaudeBot/1.0; [email protected])"
216.73.216.202 - - [17/Jun/2025:09:11:30 -0400] "GET /entity/2662487063 HTTP/1.1" 301 0 "-" "Mozilla/5.0 AppleWebKit/537.36 (KHTML, like Gecko; compatible; ClaudeBot/1.0; [email protected])"
216.73.216.202 - - [17/Jun/2025:09:11:57 -0400] "GET /entity/2662615717 HTTP/1.1" 301 0 "-" "Mozilla/5.0 AppleWebKit/537.36 (KHTML, like Gecko; compatible; ClaudeBot/1.0; [email protected])"
216.73.216.202 - - [17/Jun/2025:09:11:59 -0400] "GET /entity/2662345206 HTTP/1.1" 301 0 "-" "Mozilla/5.0 AppleWebKit/537.36 (KHTML, like Gecko; compatible; ClaudeBot/1.0; [email protected])"
216.73.216.202 - - [17/Jun/2025:09:12:02 -0400] "GET /entity/2662995277 HTTP/1.1" 301 0 "-" "Mozilla/5.0 AppleWebKit/537.36 (KHTML, like Gecko; compatible; ClaudeBot/1.0; [email protected])"
