66.249.79.229 - - [16/Jun/2025:08:34:29 -0400] "GET /goodscode/j/bedelry/579251440.phtml HTTP/1.1" 200 23913 "-" "Mozilla/5.0 (Linux; Android 6.0.1; Nexus 5X Build/MMB29P) AppleWebKit/537.36 (KHTML, like Gecko) Chrome/136.0.7103.113 Mobile Safari/537.36 (compatible; GoogleOther)"
66.249.79.229 - - [16/Jun/2025:08:34:38 -0400] "GET /goodscode/1355360626.phtml HTTP/1.1" 200 24008 "-" "Mozilla/5.0 (Linux; Android 6.0.1; Nexus 5X Build/MMB29P) AppleWebKit/537.36 (KHTML, like Gecko) Chrome/136.0.7103.113 Mobile Safari/537.36 (compatible; GoogleOther)"
114.119.146.179 - - [16/Jun/2025:08:34:42 -0400] "GET /remonster-chapter-29-1/ HTTP/1.1" 200 12302 "https://remonster.online/remonster-chapter-29-2/" "Mozilla/5.0 (Linux; Android 7.0;) AppleWebKit/537.36 (KHTML, like Gecko) Mobile Safari/537.36 (compatible; PetalBot;+https://webmaster.petalsearch.com/site/petalbot)"
66.249.79.229 - - [16/Jun/2025:08:34:47 -0400] "GET /manga/re-monster-chapter-13 HTTP/1.1" 200 24673 "-" "Mozilla/5.0 (Linux; Android 6.0.1; Nexus 5X Build/MMB29P) AppleWebKit/537.36 (KHTML, like Gecko) Chrome/136.0.7103.113 Mobile Safari/537.36 (compatible; Googlebot/2.1; +http://www.google.com/bot.html)"
66.249.79.229 - - [16/Jun/2025:08:34:48 -0400] "GET /detail/mesomycetes/86641270.phtml HTTP/1.1" 200 24191 "-" "Mozilla/5.0 (Linux; Android 6.0.1; Nexus 5X Build/MMB29P) AppleWebKit/537.36 (KHTML, like Gecko) Chrome/136.0.7103.113 Mobile Safari/537.36 (compatible; GoogleOther)"
66.249.79.229 - - [16/Jun/2025:08:34:57 -0400] "GET /goods/gi/hybodont133663174.phtml HTTP/1.1" 200 24086 "-" "Mozilla/5.0 (Linux; Android 6.0.1; Nexus 5X Build/MMB29P) AppleWebKit/537.36 (KHTML, like Gecko) Chrome/136.0.7103.113 Mobile Safari/537.36 (compatible; GoogleOther)"
66.249.79.229 - - [16/Jun/2025:08:35:07 -0400] "GET /goodscode/conglutin1383896706.phtml HTTP/1.1" 200 24213 "-" "Mozilla/5.0 (Linux; Android 6.0.1; Nexus 5X Build/MMB29P) AppleWebKit/537.36 (KHTML, like Gecko) Chrome/136.0.7103.113 Mobile Safari/537.36 (compatible; GoogleOther)"
66.249.79.229 - - [16/Jun/2025:08:35:16 -0400] "GET /info132594080.phtml HTTP/1.1" 200 23152 "-" "Mozilla/5.0 (Linux; Android 6.0.1; Nexus 5X Build/MMB29P) AppleWebKit/537.36 (KHTML, like Gecko) Chrome/136.0.7103.113 Mobile Safari/537.36 (compatible; GoogleOther)"
66.249.79.229 - - [16/Jun/2025:08:35:25 -0400] "GET /entity/79091186.phtml HTTP/1.1" 200 25269 "-" "Mozilla/5.0 (Linux; Android 6.0.1; Nexus 5X Build/MMB29P) AppleWebKit/537.36 (KHTML, like Gecko) Chrome/136.0.7103.113 Mobile Safari/537.36 (compatible; GoogleOther)"
162.0.232.193 - - [16/Jun/2025:08:35:34 -0400] "POST /wp-cron.php?doing_wp_cron=1750077334.6370029449462890625000 HTTP/1.1" 200 0 "-" "WordPress/6.6.2; https://remonster.online"
2a03:2880:f800:6:: - - [16/Jun/2025:08:35:32 -0400] "GET /shopdetail/175543618 HTTP/1.1" 301 0 "-" "meta-externalagent/1.1 (+https://developers.facebook.com/docs/sharing/webmasters/crawler)"
66.249.79.229 - - [16/Jun/2025:08:35:35 -0400] "GET /entity109157774.phtml HTTP/1.1" 200 23491 "-" "Mozilla/5.0 (Linux; Android 6.0.1; Nexus 5X Build/MMB29P) AppleWebKit/537.36 (KHTML, like Gecko) Chrome/136.0.7103.113 Mobile Safari/537.36 (compatible; GoogleOther)"
66.249.79.229 - - [16/Jun/2025:08:35:44 -0400] "GET /item/coprosma1388079378.phtml HTTP/1.1" 200 23975 "-" "Mozilla/5.0 (Linux; Android 6.0.1; Nexus 5X Build/MMB29P) AppleWebKit/537.36 (KHTML, like Gecko) Chrome/136.0.7103.113 Mobile Safari/537.36 (compatible; GoogleOther)"
66.249.79.229 - - [16/Jun/2025:08:35:54 -0400] "GET /items/125680816.phtml HTTP/1.1" 200 24645 "-" "Mozilla/5.0 (Linux; Android 6.0.1; Nexus 5X Build/MMB29P) AppleWebKit/537.36 (KHTML, like Gecko) Chrome/136.0.7103.113 Mobile Safari/537.36 (compatible; GoogleOther)"
66.249.79.229 - - [16/Jun/2025:08:36:03 -0400] "GET /product/indefinable122451970.phtml HTTP/1.1" 200 23965 "-" "Mozilla/5.0 (Linux; Android 6.0.1; Nexus 5X Build/MMB29P) AppleWebKit/537.36 (KHTML, like Gecko) Chrome/136.0.7103.113 Mobile Safari/537.36 (compatible; GoogleOther)"
114.119.146.179 - - [16/Jun/2025:08:36:13 -0400] "GET /remonster-chapter-1/ HTTP/1.1" 200 12866 "https://remonster.online/category/re-monster/page/12/" "Mozilla/5.0 (Linux; Android 7.0;) AppleWebKit/537.36 (KHTML, like Gecko) Mobile Safari/537.36 (compatible; PetalBot;+https://webmaster.petalsearch.com/site/petalbot)"
66.249.79.230 - - [16/Jun/2025:08:36:13 -0400] "GET /goodscode/872534108.phtml HTTP/1.1" 200 23778 "-" "Mozilla/5.0 (Linux; Android 6.0.1; Nexus 5X Build/MMB29P) AppleWebKit/537.36 (KHTML, like Gecko) Chrome/136.0.7103.113 Mobile Safari/537.36 (compatible; GoogleOther)"
216.73.216.184 - - [16/Jun/2025:08:36:21 -0400] "GET /sitemap-detail-2272.xml HTTP/1.1" 200 10681 "-" "Mozilla/5.0 AppleWebKit/537.36 (KHTML, like Gecko; compatible; ClaudeBot/1.0; [email protected])"
66.249.79.229 - - [16/Jun/2025:08:36:22 -0400] "GET /goodscode/t/irreprehensibly153458256.phtml HTTP/1.1" 200 25067 "-" "Mozilla/5.0 (Linux; Android 6.0.1; Nexus 5X Build/MMB29P) AppleWebKit/537.36 (KHTML, like Gecko) Chrome/136.0.7103.113 Mobile Safari/537.36 (compatible; GoogleOther)"
162.0.232.193 - - [16/Jun/2025:08:36:24 -0400] "POST /wp-cron.php?doing_wp_cron=1750077384.1550750732421875000000 HTTP/1.1" 200 0 "-" "WordPress/6.6.2; https://remonster.online"
216.73.216.184 - - [16/Jun/2025:08:36:22 -0400] "GET /category/remonster-manga/page/7 HTTP/1.1" 301 0 "-" "Mozilla/5.0 AppleWebKit/537.36 (KHTML, like Gecko; compatible; ClaudeBot/1.0; [email protected])"
216.73.216.184 - - [16/Jun/2025:08:36:24 -0400] "GET /category/remonster-manga/page/7/ HTTP/1.1" 200 17566 "https://remonster.online/category/remonster-manga/page/7" "Mozilla/5.0 AppleWebKit/537.36 (KHTML, like Gecko; compatible; ClaudeBot/1.0; [email protected])"
66.249.79.229 - - [16/Jun/2025:08:36:31 -0400] "GET /shopbrand/confinement/349387402.phtml HTTP/1.1" 200 25289 "-" "Mozilla/5.0 (Linux; Android 6.0.1; Nexus 5X Build/MMB29P) AppleWebKit/537.36 (KHTML, like Gecko) Chrome/136.0.7103.113 Mobile Safari/537.36 (compatible; Googlebot/2.1; +http://www.google.com/bot.html)"
66.249.79.229 - - [16/Jun/2025:08:36:32 -0400] "GET /shopbrand/102953218.phtml HTTP/1.1" 200 24167 "-" "Mozilla/5.0 (Linux; Android 6.0.1; Nexus 5X Build/MMB29P) AppleWebKit/537.36 (KHTML, like Gecko) Chrome/136.0.7103.113 Mobile Safari/537.36 (compatible; GoogleOther)"
66.249.79.229 - - [16/Jun/2025:08:36:33 -0400] "GET /remonster-chapter-29-2/feed/ HTTP/1.1" 200 24619 "-" "Mozilla/5.0 (Linux; Android 6.0.1; Nexus 5X Build/MMB29P) AppleWebKit/537.36 (KHTML, like Gecko) Chrome/136.0.7103.113 Mobile Safari/537.36 (compatible; Googlebot/2.1; +http://www.google.com/bot.html)"
66.249.79.229 - - [16/Jun/2025:08:36:36 -0400] "POST /get-message-notify HTTP/1.1" 200 24574 "https://remonster.online/remonster-chapter-29-2/feed/" "Mozilla/5.0 (Linux; Android 6.0.1; Nexus 5X Build/MMB29P) AppleWebKit/537.36 (KHTML, like Gecko) Chrome/136.0.7103.113 Mobile Safari/537.36 (compatible; Googlebot/2.1; +http://www.google.com/bot.html)"
66.249.79.229 - - [16/Jun/2025:08:36:41 -0400] "GET /products/123795314.phtml HTTP/1.1" 200 26395 "-" "Mozilla/5.0 (Linux; Android 6.0.1; Nexus 5X Build/MMB29P) AppleWebKit/537.36 (KHTML, like Gecko) Chrome/136.0.7103.113 Mobile Safari/537.36 (compatible; GoogleOther)"
66.249.79.229 - - [16/Jun/2025:08:36:50 -0400] "GET /items/zi/fixity121958468.phtml HTTP/1.1" 200 26665 "-" "Mozilla/5.0 (Linux; Android 6.0.1; Nexus 5X Build/MMB29P) AppleWebKit/537.36 (KHTML, like Gecko) Chrome/136.0.7103.113 Mobile Safari/537.36 (compatible; GoogleOther)"
66.249.79.230 - - [16/Jun/2025:08:37:00 -0400] "GET /goodscode/booly/131977730.phtml HTTP/1.1" 200 24953 "-" "Mozilla/5.0 (Linux; Android 6.0.1; Nexus 5X Build/MMB29P) AppleWebKit/537.36 (KHTML, like Gecko) Chrome/136.0.7103.113 Mobile Safari/537.36 (compatible; GoogleOther)"
162.0.232.193 - - [16/Jun/2025:08:37:04 -0400] "POST /wp-cron.php?doing_wp_cron=1750077424.2452440261840820312500 HTTP/1.1" 200 0 "-" "WordPress/6.6.2; https://remonster.online"
216.73.216.184 - - [16/Jun/2025:08:37:02 -0400] "GET /category/remonster-manga/page/12 HTTP/1.1" 301 0 "-" "Mozilla/5.0 AppleWebKit/537.36 (KHTML, like Gecko; compatible; ClaudeBot/1.0; [email protected])"
216.73.216.184 - - [16/Jun/2025:08:37:05 -0400] "GET /category/remonster-manga/page/12/ HTTP/1.1" 200 18298 "https://remonster.online/category/remonster-manga/page/12" "Mozilla/5.0 AppleWebKit/537.36 (KHTML, like Gecko; compatible; ClaudeBot/1.0; [email protected])"
66.249.79.230 - - [16/Jun/2025:08:37:09 -0400] "GET /item/obstinate120643550.phtml HTTP/1.1" 200 23798 "-" "Mozilla/5.0 (Linux; Android 6.0.1; Nexus 5X Build/MMB29P) AppleWebKit/537.36 (KHTML, like Gecko) Chrome/136.0.7103.113 Mobile Safari/537.36 (compatible; GoogleOther)"
66.249.79.229 - - [16/Jun/2025:08:37:19 -0400] "GET /goodscode/l/glissons/584545628.phtml HTTP/1.1" 200 24236 "-" "Mozilla/5.0 (Linux; Android 6.0.1; Nexus 5X Build/MMB29P) AppleWebKit/537.36 (KHTML, like Gecko) Chrome/136.0.7103.113 Mobile Safari/537.36 (compatible; GoogleOther)"
66.249.79.229 - - [16/Jun/2025:08:37:25 -0400] "GET /shopdetail/foundress/349411984.phtml HTTP/1.1" 200 24329 "-" "Mozilla/5.0 (Linux; Android 6.0.1; Nexus 5X Build/MMB29P) AppleWebKit/537.36 (KHTML, like Gecko) Chrome/136.0.7103.113 Mobile Safari/537.36 (compatible; Googlebot/2.1; +http://www.google.com/bot.html)"
66.249.79.229 - - [16/Jun/2025:08:37:28 -0400] "GET /special/misenter138483884.phtml HTTP/1.1" 200 27098 "-" "Mozilla/5.0 (Linux; Android 6.0.1; Nexus 5X Build/MMB29P) AppleWebKit/537.36 (KHTML, like Gecko) Chrome/136.0.7103.113 Mobile Safari/537.36 (compatible; GoogleOther)"
66.249.79.229 - - [16/Jun/2025:08:37:29 -0400] "POST /get-message-notify HTTP/1.1" 200 24574 "https://remonster.online/shopdetail/foundress/349411984.phtml" "Mozilla/5.0 (Linux; Android 6.0.1; Nexus 5X Build/MMB29P) AppleWebKit/537.36 (KHTML, like Gecko) Chrome/136.0.7103.113 Mobile Safari/537.36 (compatible; Googlebot/2.1; +http://www.google.com/bot.html)"
2405:9800:b570:7b29:40ab:c7e7:0:2f1b - - [16/Jun/2025:08:37:32 -0400] "GET /remonster-chapter-83/ HTTP/1.1" 200 13374 "https://www.google.com/" "Mozilla/5.0 (Windows NT 10.0; Win64; x64) AppleWebKit/537.36 (KHTML, like Gecko) Chrome/137.0.0.0 Safari/537.36"
2405:9800:b570:7b29:40ab:c7e7:0:2f1b - - [16/Jun/2025:08:37:35 -0400] "GET /wp-content/plugins/wp-rocket/assets/js/wpr-beacon.min.js HTTP/1.1" 304 0 "https://remonster.online/remonster-chapter-83/" "Mozilla/5.0 (Windows NT 10.0; Win64; x64) AppleWebKit/537.36 (KHTML, like Gecko) Chrome/137.0.0.0 Safari/537.36"
75.107.133.229 - - [16/Jun/2025:08:37:35 -0400] "GET / HTTP/1.1" 200 10788 "-" "Mozilla/5.0 (iPhone; CPU iPhone OS 18_5 like Mac OS X) AppleWebKit/605.1.15 (KHTML, like Gecko) Version/18.5 Mobile/15E148 Safari/604.1"
162.0.232.193 - - [16/Jun/2025:08:37:37 -0400] "POST /wp-cron.php?doing_wp_cron=1750077456.9371459484100341796875 HTTP/1.1" 200 0 "-" "WordPress/6.6.2; https://remonster.online"
66.249.79.229 - - [16/Jun/2025:08:37:37 -0400] "GET /shopping578790926.phtml HTTP/1.1" 200 24331 "-" "Mozilla/5.0 (Linux; Android 6.0.1; Nexus 5X Build/MMB29P) AppleWebKit/537.36 (KHTML, like Gecko) Chrome/136.0.7103.113 Mobile Safari/537.36 (compatible; GoogleOther)"
2600:1702:a40:830:c090:a49e:4b1a:3023 - - [16/Jun/2025:08:37:33 -0400] "POST /wp-admin/admin-ajax.php HTTP/1.1" 200 69 "https://remonster.online/manga/re-monster-chapter-56/" "Mozilla/5.0 (iPhone; CPU iPhone OS 18_4_1 like Mac OS X) AppleWebKit/605.1.15 (KHTML, like Gecko) Version/18.4 Mobile/15E148 Safari/604.1"
2405:9800:b570:7b29:40ab:c7e7:0:2f1b - - [16/Jun/2025:08:37:35 -0400] "POST /wp-admin/admin-ajax.php HTTP/1.1" 200 69 "https://remonster.online/remonster-chapter-83/" "Mozilla/5.0 (Windows NT 10.0; Win64; x64) AppleWebKit/537.36 (KHTML, like Gecko) Chrome/137.0.0.0 Safari/537.36"
75.107.133.229 - - [16/Jun/2025:08:37:40 -0400] "GET / HTTP/1.1" 200 10788 "-" "Mozilla/5.0 (iPhone; CPU iPhone OS 18_5 like Mac OS X) AppleWebKit/605.1.15 (KHTML, like Gecko) Version/18.5 Mobile/15E148 Safari/604.1"
75.107.133.229 - - [16/Jun/2025:08:37:42 -0400] "GET /wp-content/themes/toivo-lite/js/functions.min.js?ver=1.2.0 HTTP/1.1" 304 0 "https://remonster.online/" "Mozilla/5.0 (iPhone; CPU iPhone OS 18_5 like Mac OS X) AppleWebKit/605.1.15 (KHTML, like Gecko) Version/18.5 Mobile/15E148 Safari/604.1"
66.249.79.229 - - [16/Jun/2025:08:37:47 -0400] "GET /item/contraptious/136657558.phtml HTTP/1.1" 200 24259 "-" "Mozilla/5.0 (Linux; Android 6.0.1; Nexus 5X Build/MMB29P) AppleWebKit/537.36 (KHTML, like Gecko) Chrome/136.0.7103.113 Mobile Safari/537.36 (compatible; GoogleOther)"
66.249.79.229 - - [16/Jun/2025:08:37:56 -0400] "GET /special83587834.phtml HTTP/1.1" 200 24239 "-" "Mozilla/5.0 (Linux; Android 6.0.1; Nexus 5X Build/MMB29P) AppleWebKit/537.36 (KHTML, like Gecko) Chrome/136.0.7103.113 Mobile Safari/537.36 (compatible; GoogleOther)"
66.249.79.229 - - [16/Jun/2025:08:38:05 -0400] "GET /entity113805060.phtml HTTP/1.1" 200 23856 "-" "Mozilla/5.0 (Linux; Android 6.0.1; Nexus 5X Build/MMB29P) AppleWebKit/537.36 (KHTML, like Gecko) Chrome/136.0.7103.113 Mobile Safari/537.36 (compatible; GoogleOther)"
66.249.79.230 - - [16/Jun/2025:08:38:15 -0400] "GET /special/l/nyentek586827072.phtml HTTP/1.1" 200 23520 "-" "Mozilla/5.0 (Linux; Android 6.0.1; Nexus 5X Build/MMB29P) AppleWebKit/537.36 (KHTML, like Gecko) Chrome/136.0.7103.113 Mobile Safari/537.36 (compatible; GoogleOther)"
66.249.79.229 - - [16/Jun/2025:08:38:17 -0400] "GET /detail/vvi/resplendishant349394144.phtml HTTP/1.1" 200 24548 "-" "Mozilla/5.0 (Linux; Android 6.0.1; Nexus 5X Build/MMB29P) AppleWebKit/537.36 (KHTML, like Gecko) Chrome/136.0.7103.113 Mobile Safari/537.36 (compatible; Googlebot/2.1; +http://www.google.com/bot.html)"
66.249.79.229 - - [16/Jun/2025:08:38:20 -0400] "POST /get-message-notify HTTP/1.1" 200 24574 "https://remonster.online/detail/vvi/resplendishant349394144.phtml" "Mozilla/5.0 (Linux; Android 6.0.1; Nexus 5X Build/MMB29P) AppleWebKit/537.36 (KHTML, like Gecko) Chrome/136.0.7103.113 Mobile Safari/537.36 (compatible; Googlebot/2.1; +http://www.google.com/bot.html)"
66.249.79.229 - - [16/Jun/2025:08:38:24 -0400] "GET /entity/p/glossing580277724.phtml HTTP/1.1" 200 23919 "-" "Mozilla/5.0 (Linux; Android 6.0.1; Nexus 5X Build/MMB29P) AppleWebKit/537.36 (KHTML, like Gecko) Chrome/136.0.7103.113 Mobile Safari/537.36 (compatible; GoogleOther)"
66.249.79.229 - - [16/Jun/2025:08:38:34 -0400] "GET /goodscode/req/accessarily/83752464.phtml HTTP/1.1" 200 24617 "-" "Mozilla/5.0 (Linux; Android 6.0.1; Nexus 5X Build/MMB29P) AppleWebKit/537.36 (KHTML, like Gecko) Chrome/136.0.7103.113 Mobile Safari/537.36 (compatible; GoogleOther)"
66.249.79.229 - - [16/Jun/2025:08:38:43 -0400] "GET /goods/xpw/dysnomy111736192.phtml HTTP/1.1" 200 23794 "-" "Mozilla/5.0 (Linux; Android 6.0.1; Nexus 5X Build/MMB29P) AppleWebKit/537.36 (KHTML, like Gecko) Chrome/136.0.7103.113 Mobile Safari/537.36 (compatible; GoogleOther)"
162.0.232.193 - - [16/Jun/2025:08:38:50 -0400] "POST /wp-cron.php?doing_wp_cron=1750077530.1531910896301269531250 HTTP/1.1" 200 0 "-" "WordPress/6.6.2; https://remonster.online"
54.225.0.213 - - [16/Jun/2025:08:38:48 -0400] "GET /wp-login.php HTTP/1.1" 200 1749 "-" "Mozilla/5.0"
54.225.0.213 - - [16/Jun/2025:08:38:50 -0400] "GET /?author=1 HTTP/1.1" 301 0 "-" "Mozilla/5.0"
66.249.79.229 - - [16/Jun/2025:08:38:53 -0400] "GET /product81064232.phtml HTTP/1.1" 200 24425 "-" "Mozilla/5.0 (Linux; Android 6.0.1; Nexus 5X Build/MMB29P) AppleWebKit/537.36 (KHTML, like Gecko) Chrome/136.0.7103.113 Mobile Safari/537.36 (compatible; GoogleOther)"
54.225.0.213 - - [16/Jun/2025:08:38:51 -0400] "GET /?author=2 HTTP/1.1" 301 0 "-" "Mozilla/5.0"
66.249.79.231 - - [16/Jun/2025:08:39:02 -0400] "GET /items/jog/atomism/113661164.phtml HTTP/1.1" 200 23847 "-" "Mozilla/5.0 (Linux; Android 6.0.1; Nexus 5X Build/MMB29P) AppleWebKit/537.36 (KHTML, like Gecko) Chrome/136.0.7103.113 Mobile Safari/537.36 (compatible; GoogleOther)"
66.249.79.230 - - [16/Jun/2025:08:39:11 -0400] "GET /item/fg/stulla/102635188.phtml HTTP/1.1" 200 24154 "-" "Mozilla/5.0 (Linux; Android 6.0.1; Nexus 5X Build/MMB29P) AppleWebKit/537.36 (KHTML, like Gecko) Chrome/136.0.7103.113 Mobile Safari/537.36 (compatible; GoogleOther)"
72.49.209.138 - - [16/Jun/2025:08:39:14 -0400] "GET /manga/remonster-chapter-106/ HTTP/1.1" 200 14266 "-" "Mozilla/5.0 (Windows NT 10.0; Win64; x64; rv:139.0) Gecko/20100101 Firefox/139.0"
72.49.209.138 - - [16/Jun/2025:08:39:21 -0400] "GET /wp-content/plugins/links-auto-replacer/public/js/lar-public.js?ver=2.0.0 HTTP/1.1" 304 0 "https://remonster.online/manga/remonster-chapter-106/" "Mozilla/5.0 (Windows NT 10.0; Win64; x64; rv:139.0) Gecko/20100101 Firefox/139.0"
72.49.209.138 - - [16/Jun/2025:08:39:21 -0400] "GET /wp-content/plugins/disqus-comment-system/public/js/comment_embed.js?ver=3.1.2 HTTP/1.1" 304 0 "https://remonster.online/manga/remonster-chapter-106/" "Mozilla/5.0 (Windows NT 10.0; Win64; x64; rv:139.0) Gecko/20100101 Firefox/139.0"
72.49.209.138 - - [16/Jun/2025:08:39:21 -0400] "GET /wp-content/themes/toivo-lite/js/responsive-nav.min.js?ver=1.2.0 HTTP/1.1" 304 0 "https://remonster.online/manga/remonster-chapter-106/" "Mozilla/5.0 (Windows NT 10.0; Win64; x64; rv:139.0) Gecko/20100101 Firefox/139.0"
72.49.209.138 - - [16/Jun/2025:08:39:21 -0400] "GET /wp-content/themes/toivo-lite/js/settings.min.js?ver=1.2.0 HTTP/1.1" 304 0 "https://remonster.online/manga/remonster-chapter-106/" "Mozilla/5.0 (Windows NT 10.0; Win64; x64; rv:139.0) Gecko/20100101 Firefox/139.0"
72.49.209.138 - - [16/Jun/2025:08:39:21 -0400] "GET /wp-includes/js/comment-reply.min.js?ver=6.6.2 HTTP/1.1" 304 0 "https://remonster.online/manga/remonster-chapter-106/" "Mozilla/5.0 (Windows NT 10.0; Win64; x64; rv:139.0) Gecko/20100101 Firefox/139.0"
66.249.79.229 - - [16/Jun/2025:08:39:21 -0400] "GET /special/1355294196.phtml HTTP/1.1" 200 24250 "-" "Mozilla/5.0 (Linux; Android 6.0.1; Nexus 5X Build/MMB29P) AppleWebKit/537.36 (KHTML, like Gecko) Chrome/136.0.7103.113 Mobile Safari/537.36 (compatible; GoogleOther)"
66.249.79.229 - - [16/Jun/2025:08:39:31 -0400] "GET /item/n/hindberry16691776.phtml HTTP/1.1" 200 26343 "-" "Mozilla/5.0 (Linux; Android 6.0.1; Nexus 5X Build/MMB29P) AppleWebKit/537.36 (KHTML, like Gecko) Chrome/136.0.7103.113 Mobile Safari/537.36 (compatible; GoogleOther)"
162.0.232.193 - - [16/Jun/2025:08:39:38 -0400] "POST /wp-cron.php?doing_wp_cron=1750077577.9419341087341308593750 HTTP/1.1" 200 0 "-" "WordPress/6.6.2; https://remonster.online"
216.73.216.184 - - [16/Jun/2025:08:39:35 -0400] "GET /remonster-chapter-66/feed HTTP/1.1" 301 0 "-" "Mozilla/5.0 AppleWebKit/537.36 (KHTML, like Gecko; compatible; ClaudeBot/1.0; [email protected])"
72.49.209.138 - - [16/Jun/2025:08:39:39 -0400] "GET /wp-content/themes/toivo-lite/fonts/genericons/genericons/Genericons.eot HTTP/1.1" 304 0 "https://remonster.online/wp-content/themes/toivo-lite/fonts/genericons/genericons/genericons.min.css?ver=3.3" "Mozilla/5.0 (Windows NT 10.0; Win64; x64; rv:139.0) Gecko/20100101 Firefox/139.0"
216.73.216.184 - - [16/Jun/2025:08:39:38 -0400] "GET /remonster-chapter-66/feed/ HTTP/1.1" 200 401 "https://remonster.online/remonster-chapter-66/feed" "Mozilla/5.0 AppleWebKit/537.36 (KHTML, like Gecko; compatible; ClaudeBot/1.0; [email protected])"
66.249.79.229 - - [16/Jun/2025:08:39:40 -0400] "GET /detail/1388202606.phtml HTTP/1.1" 200 24419 "-" "Mozilla/5.0 (Linux; Android 6.0.1; Nexus 5X Build/MMB29P) AppleWebKit/537.36 (KHTML, like Gecko) Chrome/136.0.7103.113 Mobile Safari/537.36 (compatible; GoogleOther)"
66.249.79.229 - - [16/Jun/2025:08:39:49 -0400] "GET /product/xc/fleaking1380543088.phtml HTTP/1.1" 200 23852 "-" "Mozilla/5.0 (Linux; Android 6.0.1; Nexus 5X Build/MMB29P) AppleWebKit/537.36 (KHTML, like Gecko) Chrome/136.0.7103.113 Mobile Safari/537.36 (compatible; GoogleOther)"
66.249.79.229 - - [16/Jun/2025:08:39:50 -0400] "GET /sitemap-hot-2972995.xml HTTP/1.1" 200 10940 "-" "Mozilla/5.0 (compatible; Googlebot/2.1; +http://www.google.com/bot.html)"
66.249.79.229 - - [16/Jun/2025:08:39:58 -0400] "GET /products/oxyria10813268.phtml HTTP/1.1" 200 25345 "-" "Mozilla/5.0 (Linux; Android 6.0.1; Nexus 5X Build/MMB29P) AppleWebKit/537.36 (KHTML, like Gecko) Chrome/136.0.7103.113 Mobile Safari/537.36 (compatible; GoogleOther)"
66.249.79.229 - - [16/Jun/2025:08:40:01 -0400] "GET /info/taxaspidean/349420588.phtml HTTP/1.1" 200 23703 "-" "Mozilla/5.0 (Linux; Android 6.0.1; Nexus 5X Build/MMB29P) AppleWebKit/537.36 (KHTML, like Gecko) Chrome/136.0.7103.113 Mobile Safari/537.36 (compatible; Googlebot/2.1; +http://www.google.com/bot.html)"
66.249.79.229 - - [16/Jun/2025:08:40:08 -0400] "GET /items/pachyglossal1384864520.phtml HTTP/1.1" 200 24076 "-" "Mozilla/5.0 (Linux; Android 6.0.1; Nexus 5X Build/MMB29P) AppleWebKit/537.36 (KHTML, like Gecko) Chrome/136.0.7103.113 Mobile Safari/537.36 (compatible; GoogleOther)"
66.249.79.229 - - [16/Jun/2025:08:40:17 -0400] "GET /special82848900.phtml HTTP/1.1" 200 25125 "-" "Mozilla/5.0 (Linux; Android 6.0.1; Nexus 5X Build/MMB29P) AppleWebKit/537.36 (KHTML, like Gecko) Chrome/136.0.7103.113 Mobile Safari/537.36 (compatible; GoogleOther)"
2406:3003:2064:15:d0b0:d6d0:ef8a:2073 - - [16/Jun/2025:08:40:19 -0400] "GET /manga/re-monster-chapter-48/ HTTP/1.1" 200 17416 "-" "Mozilla/5.0 (iPhone; CPU iPhone OS 18_5 like Mac OS X) AppleWebKit/605.1.15 (KHTML, like Gecko) Mobile/15E148"
66.249.79.229 - - [16/Jun/2025:08:40:27 -0400] "GET /detail/136989576.phtml HTTP/1.1" 200 23907 "-" "Mozilla/5.0 (Linux; Android 6.0.1; Nexus 5X Build/MMB29P) AppleWebKit/537.36 (KHTML, like Gecko) Chrome/136.0.7103.113 Mobile Safari/537.36 (compatible; GoogleOther)"
2003:d8:9f4c:f000:ac1c:5c62:2e22:25bf - - [16/Jun/2025:08:40:27 -0400] "GET /manga/re-monster-chapter-53/ HTTP/1.1" 200 17792 "-" "Mozilla/5.0 (Linux; Android 10; K) AppleWebKit/537.36 (KHTML, like Gecko) Chrome/137.0.0.0 Mobile Safari/537.36"
2406:3003:2064:15:d0b0:d6d0:ef8a:2073 - - [16/Jun/2025:08:40:29 -0400] "GET /manga/re-monster-chapter-48/ HTTP/1.1" 200 17416 "-" "Mozilla/5.0 (iPhone; CPU iPhone OS 18_5 like Mac OS X) AppleWebKit/605.1.15 (KHTML, like Gecko) Mobile/15E148"
2003:d8:9f4c:f000:ac1c:5c62:2e22:25bf - - [16/Jun/2025:08:40:27 -0400] "GET /tag/kichi/ HTTP/1.1" 301 0 "-" "Mozilla/5.0 (Linux; Android 10; K) AppleWebKit/537.36 (KHTML, like Gecko) Chrome/137.0.0.0 Mobile Safari/537.36"
162.0.232.193 - - [16/Jun/2025:08:40:31 -0400] "POST /wp-cron.php?doing_wp_cron=1750077631.4377911090850830078125 HTTP/1.1" 200 0 "-" "WordPress/6.6.2; https://remonster.online"
2003:d8:9f4c:f000:ac1c:5c62:2e22:25bf - - [16/Jun/2025:08:40:29 -0400] "POST /wp-admin/admin-ajax.php HTTP/1.1" 200 69 "https://remonster.online/manga/re-monster-chapter-53/" "Mozilla/5.0 (Linux; Android 10; K) AppleWebKit/537.36 (KHTML, like Gecko) Chrome/137.0.0.0 Mobile Safari/537.36"
66.249.79.229 - - [16/Jun/2025:08:40:36 -0400] "GET /entity/126155128.phtml HTTP/1.1" 200 23890 "-" "Mozilla/5.0 (Linux; Android 6.0.1; Nexus 5X Build/MMB29P) AppleWebKit/537.36 (KHTML, like Gecko) Chrome/136.0.7103.113 Mobile Safari/537.36 (compatible; GoogleOther)"
66.249.79.229 - - [16/Jun/2025:08:40:38 -0400] "POST /get-message-notify HTTP/1.1" 200 24574 "https://remonster.online/goodscode/144915004.phtml" "Mozilla/5.0 (Linux; Android 6.0.1; Nexus 5X Build/MMB29P) AppleWebKit/537.36 (KHTML, like Gecko) Chrome/136.0.7103.113 Mobile Safari/537.36 (compatible; Googlebot/2.1; +http://www.google.com/bot.html)"
2a03:2880:f800:12:: - - [16/Jun/2025:08:40:37 -0400] "GET /shopdetail/92018418 HTTP/1.1" 301 0 "-" "meta-externalagent/1.1 (+https://developers.facebook.com/docs/sharing/webmasters/crawler)"
66.249.79.229 - - [16/Jun/2025:08:40:46 -0400] "GET /product/127363816.phtml HTTP/1.1" 200 23899 "-" "Mozilla/5.0 (Linux; Android 6.0.1; Nexus 5X Build/MMB29P) AppleWebKit/537.36 (KHTML, like Gecko) Chrome/136.0.7103.113 Mobile Safari/537.36 (compatible; GoogleOther)"
66.249.79.229 - - [16/Jun/2025:08:40:54 -0400] "GET /items/superterrene/349393500.phtml HTTP/1.1" 200 23986 "-" "Mozilla/5.0 (Linux; Android 6.0.1; Nexus 5X Build/MMB29P) AppleWebKit/537.36 (KHTML, like Gecko) Chrome/136.0.7103.113 Mobile Safari/537.36 (compatible; Googlebot/2.1; +http://www.google.com/bot.html)"
66.249.79.229 - - [16/Jun/2025:08:40:55 -0400] "GET /goodscode/tk/heptagonal/2060225684.phtml HTTP/1.1" 200 24526 "-" "Mozilla/5.0 (Linux; Android 6.0.1; Nexus 5X Build/MMB29P) AppleWebKit/537.36 (KHTML, like Gecko) Chrome/136.0.7103.113 Mobile Safari/537.36 (compatible; GoogleOther)"
66.249.79.229 - - [16/Jun/2025:08:40:57 -0400] "POST /get-message-notify HTTP/1.1" 200 24574 "https://remonster.online/items/superterrene/349393500.phtml" "Mozilla/5.0 (Linux; Android 6.0.1; Nexus 5X Build/MMB29P) AppleWebKit/537.36 (KHTML, like Gecko) Chrome/136.0.7103.113 Mobile Safari/537.36 (compatible; Googlebot/2.1; +http://www.google.com/bot.html)"
66.249.79.231 - - [16/Jun/2025:08:41:04 -0400] "GET /goodscode/e/impercipient125977790.phtml HTTP/1.1" 200 24549 "-" "Mozilla/5.0 (Linux; Android 6.0.1; Nexus 5X Build/MMB29P) AppleWebKit/537.36 (KHTML, like Gecko) Chrome/136.0.7103.113 Mobile Safari/537.36 (compatible; GoogleOther)"
66.249.79.230 - - [16/Jun/2025:08:41:14 -0400] "GET /special/uqw/strings/881512966.phtml HTTP/1.1" 200 24611 "-" "Mozilla/5.0 (Linux; Android 6.0.1; Nexus 5X Build/MMB29P) AppleWebKit/537.36 (KHTML, like Gecko) Chrome/136.0.7103.113 Mobile Safari/537.36 (compatible; GoogleOther)"
66.249.79.229 - - [16/Jun/2025:08:41:23 -0400] "GET /entity/x/euterpean/579115244.phtml HTTP/1.1" 200 24138 "-" "Mozilla/5.0 (Linux; Android 6.0.1; Nexus 5X Build/MMB29P) AppleWebKit/537.36 (KHTML, like Gecko) Chrome/136.0.7103.113 Mobile Safari/537.36 (compatible; GoogleOther)"
66.249.79.229 - - [16/Jun/2025:08:41:46 -0400] "GET /shopdetail/innards/349442346.phtml HTTP/1.1" 200 24133 "-" "Mozilla/5.0 (Linux; Android 6.0.1; Nexus 5X Build/MMB29P) AppleWebKit/537.36 (KHTML, like Gecko) Chrome/136.0.7103.113 Mobile Safari/537.36 (compatible; Googlebot/2.1; +http://www.google.com/bot.html)"
66.249.79.229 - - [16/Jun/2025:08:42:36 -0400] "POST /get-message-notify HTTP/1.1" 200 24574 "https://remonster.online/item26967390.phtml" "Mozilla/5.0 (Linux; Android 6.0.1; Nexus 5X Build/MMB29P) AppleWebKit/537.36 (KHTML, like Gecko) Chrome/136.0.7103.113 Mobile Safari/537.36 (compatible; Googlebot/2.1; +http://www.google.com/bot.html)"
66.249.79.238 - - [16/Jun/2025:08:43:16 -0400] "POST /get-message-notify HTTP/1.1" 200 24574 "https://remonster.online/item/141306644.phtml" "Mozilla/5.0 (Linux; Android 6.0.1; Nexus 5X Build/MMB29P) AppleWebKit/537.36 (KHTML, like Gecko) Chrome/136.0.7103.113 Mobile Safari/537.36 (compatible; Googlebot/2.1; +http://www.google.com/bot.html)"
66.249.79.237 - - [16/Jun/2025:08:43:30 -0400] "GET /shopping/tenoclock/212058038.phtml HTTP/1.1" 200 26511 "-" "Mozilla/5.0 (Linux; Android 6.0.1; Nexus 5X Build/MMB29P) AppleWebKit/537.36 (KHTML, like Gecko) Chrome/136.0.7103.113 Mobile Safari/537.36 (compatible; Googlebot/2.1; +http://www.google.com/bot.html)"
66.249.79.237 - - [16/Jun/2025:08:43:31 -0400] "GET /info/virid28611110.phtml HTTP/1.1" 200 24144 "-" "Mozilla/5.0 (Linux; Android 6.0.1; Nexus 5X Build/MMB29P) AppleWebKit/537.36 (KHTML, like Gecko) Chrome/136.0.7103.113 Mobile Safari/537.36 (compatible; Googlebot/2.1; +http://www.google.com/bot.html)"
66.249.79.237 - - [16/Jun/2025:08:43:32 -0400] "POST /get-message-notify HTTP/1.1" 200 24574 "https://remonster.online/shopping/tenoclock/212058038.phtml" "Mozilla/5.0 (Linux; Android 6.0.1; Nexus 5X Build/MMB29P) AppleWebKit/537.36 (KHTML, like Gecko) Chrome/136.0.7103.113 Mobile Safari/537.36 (compatible; Googlebot/2.1; +http://www.google.com/bot.html)"
2a09:bac3:6e1d:2678::3d5:3d - - [16/Jun/2025:08:43:36 -0400] "GET /manga/re-monster-chapter-33/ HTTP/1.1" 200 17728 "https://remonster.online/manga/re-monster-chapter-32/" "Mozilla/5.0 (iPhone; CPU iPhone OS 18_5 like Mac OS X) AppleWebKit/605.1.15 (KHTML, like Gecko) Version/18.5 Mobile/15E148 Safari/604.1"
2607:fa49:4142:c400:8582:66b2:7c91:b6c8 - - [16/Jun/2025:08:44:06 -0400] "GET /manga/remonster-chapter-76/ HTTP/1.1" 200 17798 "https://remonster.online/manga/remonster-chapter-75/" "Mozilla/5.0 (Windows NT 10.0; Win64; x64) AppleWebKit/537.36 (KHTML, like Gecko) Chrome/137.0.0.0 Safari/537.36"
2607:fa49:4142:c400:8582:66b2:7c91:b6c8 - - [16/Jun/2025:08:44:07 -0400] "GET /wp-includes/css/dist/block-library/style.min.css?ver=6.6.2 HTTP/1.1" 200 13903 "https://remonster.online/manga/remonster-chapter-76/" "Mozilla/5.0 (Windows NT 10.0; Win64; x64) AppleWebKit/537.36 (KHTML, like Gecko) Chrome/137.0.0.0 Safari/537.36"
2607:fa49:4142:c400:8582:66b2:7c91:b6c8 - - [16/Jun/2025:08:44:07 -0400] "GET /wp-content/plugins/widgets-on-pages/public/css/widgets-on-pages-public.css?ver=1.4.0 HTTP/1.1" 200 83 "https://remonster.online/manga/remonster-chapter-76/" "Mozilla/5.0 (Windows NT 10.0; Win64; x64) AppleWebKit/537.36 (KHTML, like Gecko) Chrome/137.0.0.0 Safari/537.36"
2607:fa49:4142:c400:8582:66b2:7c91:b6c8 - - [16/Jun/2025:08:44:07 -0400] "GET /wp-content/plugins/simple-social-buttons/assets/css/front.css?ver=5.3.1 HTTP/1.1" 200 10295 "https://remonster.online/manga/remonster-chapter-76/" "Mozilla/5.0 (Windows NT 10.0; Win64; x64) AppleWebKit/537.36 (KHTML, like Gecko) Chrome/137.0.0.0 Safari/537.36"
2607:fa49:4142:c400:8582:66b2:7c91:b6c8 - - [16/Jun/2025:08:44:07 -0400] "GET /wp-content/plugins/wp-automatic/css/wp-automatic.css?ver=1.0.0 HTTP/1.1" 200 537 "https://remonster.online/manga/remonster-chapter-76/" "Mozilla/5.0 (Windows NT 10.0; Win64; x64) AppleWebKit/537.36 (KHTML, like Gecko) Chrome/137.0.0.0 Safari/537.36"
2607:fa49:4142:c400:8582:66b2:7c91:b6c8 - - [16/Jun/2025:08:44:07 -0400] "GET /wp-includes/js/jquery/jquery-migrate.min.js?ver=3.4.1 HTTP/1.1" 200 4678 "https://remonster.online/manga/remonster-chapter-76/" "Mozilla/5.0 (Windows NT 10.0; Win64; x64) AppleWebKit/537.36 (KHTML, like Gecko) Chrome/137.0.0.0 Safari/537.36"
2607:fa49:4142:c400:8582:66b2:7c91:b6c8 - - [16/Jun/2025:08:44:07 -0400] "GET /wp-content/themes/toivo-lite/fonts/genericons/genericons/genericons.min.css?ver=3.3 HTTP/1.1" 200 15959 "https://remonster.online/manga/remonster-chapter-76/" "Mozilla/5.0 (Windows NT 10.0; Win64; x64) AppleWebKit/537.36 (KHTML, like Gecko) Chrome/137.0.0.0 Safari/537.36"
2607:fa49:4142:c400:8582:66b2:7c91:b6c8 - - [16/Jun/2025:08:44:07 -0400] "GET /wp-content/plugins/simple-social-buttons/assets/js/front.js?ver=5.3.1 HTTP/1.1" 200 1932 "https://remonster.online/manga/remonster-chapter-76/" "Mozilla/5.0 (Windows NT 10.0; Win64; x64) AppleWebKit/537.36 (KHTML, like Gecko) Chrome/137.0.0.0 Safari/537.36"
2607:fa49:4142:c400:8582:66b2:7c91:b6c8 - - [16/Jun/2025:08:44:07 -0400] "GET /wp-content/plugins/links-auto-replacer/public/js/lar-public.js?ver=2.0.0 HTTP/1.1" 200 393 "https://remonster.online/manga/remonster-chapter-76/" "Mozilla/5.0 (Windows NT 10.0; Win64; x64) AppleWebKit/537.36 (KHTML, like Gecko) Chrome/137.0.0.0 Safari/537.36"
2607:fa49:4142:c400:8582:66b2:7c91:b6c8 - - [16/Jun/2025:08:44:07 -0400] "GET /wp-includes/js/jquery/jquery.min.js?ver=3.7.1 HTTP/1.1" 200 29744 "https://remonster.online/manga/remonster-chapter-76/" "Mozilla/5.0 (Windows NT 10.0; Win64; x64) AppleWebKit/537.36 (KHTML, like Gecko) Chrome/137.0.0.0 Safari/537.36"
2607:fa49:4142:c400:8582:66b2:7c91:b6c8 - - [16/Jun/2025:08:44:07 -0400] "GET /wp-content/plugins/simple-social-buttons/assets/js/frontend-blocks.js?ver=5.3.1 HTTP/1.1" 200 0 "https://remonster.online/manga/remonster-chapter-76/" "Mozilla/5.0 (Windows NT 10.0; Win64; x64) AppleWebKit/537.36 (KHTML, like Gecko) Chrome/137.0.0.0 Safari/537.36"
2607:fa49:4142:c400:8582:66b2:7c91:b6c8 - - [16/Jun/2025:08:44:07 -0400] "GET /wp-content/plugins/wp-automatic/js/main-front.js?ver=6.6.2 HTTP/1.1" 200 316 "https://remonster.online/manga/remonster-chapter-76/" "Mozilla/5.0 (Windows NT 10.0; Win64; x64) AppleWebKit/537.36 (KHTML, like Gecko) Chrome/137.0.0.0 Safari/537.36"
2607:fa49:4142:c400:8582:66b2:7c91:b6c8 - - [16/Jun/2025:08:44:07 -0400] "GET /wp-content/themes/toivo-lite/style.css?ver=1.2.0 HTTP/1.1" 200 13718 "https://remonster.online/manga/remonster-chapter-76/" "Mozilla/5.0 (Windows NT 10.0; Win64; x64) AppleWebKit/537.36 (KHTML, like Gecko) Chrome/137.0.0.0 Safari/537.36"
2607:fa49:4142:c400:8582:66b2:7c91:b6c8 - - [16/Jun/2025:08:44:08 -0400] "GET /wp-content/plugins/comic-easel/js/keynav.js HTTP/1.1" 200 302 "https://remonster.online/manga/remonster-chapter-76/" "Mozilla/5.0 (Windows NT 10.0; Win64; x64) AppleWebKit/537.36 (KHTML, like Gecko) Chrome/137.0.0.0 Safari/537.36"
2607:fa49:4142:c400:8582:66b2:7c91:b6c8 - - [16/Jun/2025:08:44:08 -0400] "GET /wp-content/plugins/disqus-comment-system/public/js/comment_count.js?ver=3.1.2 HTTP/1.1" 200 354 "https://remonster.online/manga/remonster-chapter-76/" "Mozilla/5.0 (Windows NT 10.0; Win64; x64) AppleWebKit/537.36 (KHTML, like Gecko) Chrome/137.0.0.0 Safari/537.36"
2607:fa49:4142:c400:8582:66b2:7c91:b6c8 - - [16/Jun/2025:08:44:08 -0400] "GET /wp-content/plugins/disqus-comment-system/public/js/comment_embed.js?ver=3.1.2 HTTP/1.1" 200 653 "https://remonster.online/manga/remonster-chapter-76/" "Mozilla/5.0 (Windows NT 10.0; Win64; x64) AppleWebKit/537.36 (KHTML, like Gecko) Chrome/137.0.0.0 Safari/537.36"
2607:fa49:4142:c400:8582:66b2:7c91:b6c8 - - [16/Jun/2025:08:44:08 -0400] "GET /wp-content/themes/toivo-lite/js/responsive-nav.min.js?ver=1.2.0 HTTP/1.1" 200 2102 "https://remonster.online/manga/remonster-chapter-76/" "Mozilla/5.0 (Windows NT 10.0; Win64; x64) AppleWebKit/537.36 (KHTML, like Gecko) Chrome/137.0.0.0 Safari/537.36"
2607:fa49:4142:c400:8582:66b2:7c91:b6c8 - - [16/Jun/2025:08:44:08 -0400] "GET /wp-content/themes/toivo-lite/js/settings.min.js?ver=1.2.0 HTTP/1.1" 200 307 "https://remonster.online/manga/remonster-chapter-76/" "Mozilla/5.0 (Windows NT 10.0; Win64; x64) AppleWebKit/537.36 (KHTML, like Gecko) Chrome/137.0.0.0 Safari/537.36"
2607:fa49:4142:c400:8582:66b2:7c91:b6c8 - - [16/Jun/2025:08:44:08 -0400] "GET /wp-content/themes/toivo-lite/js/functions.min.js?ver=1.2.0 HTTP/1.1" 200 593 "https://remonster.online/manga/remonster-chapter-76/" "Mozilla/5.0 (Windows NT 10.0; Win64; x64) AppleWebKit/537.36 (KHTML, like Gecko) Chrome/137.0.0.0 Safari/537.36"
2607:fa49:4142:c400:8582:66b2:7c91:b6c8 - - [16/Jun/2025:08:44:09 -0400] "GET /wp-content/plugins/simple-social-buttons/assets/fonts/ssb-icon.ttf?eahqa2 HTTP/1.1" 200 6624 "https://remonster.online/wp-content/plugins/simple-social-buttons/assets/css/front.css?ver=5.3.1" "Mozilla/5.0 (Windows NT 10.0; Win64; x64) AppleWebKit/537.36 (KHTML, like Gecko) Chrome/137.0.0.0 Safari/537.36"
2607:fa49:4142:c400:8582:66b2:7c91:b6c8 - - [16/Jun/2025:08:44:09 -0400] "GET /wp-content/uploads/2021/11/cropped-670x300.jpg HTTP/1.1" 200 233958 "https://remonster.online/manga/remonster-chapter-76/" "Mozilla/5.0 (Windows NT 10.0; Win64; x64) AppleWebKit/537.36 (KHTML, like Gecko) Chrome/137.0.0.0 Safari/537.36"
162.0.232.193 - - [16/Jun/2025:08:44:12 -0400] "POST /wp-cron.php?doing_wp_cron=1750077851.9396049976348876953125 HTTP/1.1" 200 0 "-" "WordPress/6.6.2; https://remonster.online"
2607:fa49:4142:c400:8582:66b2:7c91:b6c8 - - [16/Jun/2025:08:44:12 -0400] "GET /wp-includes/js/comment-reply.min.js?ver=6.6.2 HTTP/1.1" 200 1228 "https://remonster.online/manga/remonster-chapter-76/" "Mozilla/5.0 (Windows NT 10.0; Win64; x64) AppleWebKit/537.36 (KHTML, like Gecko) Chrome/137.0.0.0 Safari/537.36"
2607:fa49:4142:c400:8582:66b2:7c91:b6c8 - - [16/Jun/2025:08:44:12 -0400] "GET /wp-content/uploads/2021/11/CeDzRGZ-300x266.png HTTP/1.1" 200 144941 "https://remonster.online/manga/remonster-chapter-76/" "Mozilla/5.0 (Windows NT 10.0; Win64; x64) AppleWebKit/537.36 (KHTML, like Gecko) Chrome/137.0.0.0 Safari/537.36"
2607:fa49:4142:c400:8582:66b2:7c91:b6c8 - - [16/Jun/2025:08:44:09 -0400] "POST /wp-admin/admin-ajax.php HTTP/1.1" 200 69 "https://remonster.online/manga/remonster-chapter-76/" "Mozilla/5.0 (Windows NT 10.0; Win64; x64) AppleWebKit/537.36 (KHTML, like Gecko) Chrome/137.0.0.0 Safari/537.36"
66.249.79.237 - - [16/Jun/2025:08:44:13 -0400] "POST /get-message-notify HTTP/1.1" 200 24574 "https://remonster.online/goodscode/chideress/104650338.phtml" "Mozilla/5.0 (Linux; Android 6.0.1; Nexus 5X Build/MMB29P) AppleWebKit/537.36 (KHTML, like Gecko) Chrome/136.0.7103.113 Mobile Safari/537.36 (compatible; Googlebot/2.1; +http://www.google.com/bot.html)"
162.0.232.193 - - [16/Jun/2025:08:44:22 -0400] "POST /wp-cron.php?doing_wp_cron=1750077862.5662069320678710937500 HTTP/1.1" 200 0 "-" "WordPress/6.6.2; https://remonster.online"
2a03:2880:f800:5:: - - [16/Jun/2025:08:44:22 -0400] "GET /shopdetail/437512118 HTTP/1.1" 301 0 "-" "meta-externalagent/1.1 (+https://developers.facebook.com/docs/sharing/webmasters/crawler)"
66.249.79.237 - - [16/Jun/2025:08:44:24 -0400] "GET /shopdetail/nls/subsulphate211915488.phtml HTTP/1.1" 200 26410 "-" "Mozilla/5.0 (Linux; Android 6.0.1; Nexus 5X Build/MMB29P) AppleWebKit/537.36 (KHTML, like Gecko) Chrome/136.0.7103.113 Mobile Safari/537.36 (compatible; Googlebot/2.1; +http://www.google.com/bot.html)"
66.249.79.236 - - [16/Jun/2025:08:44:25 -0400] "GET /items/xs/indisturbance/43784772.phtml HTTP/1.1" 200 24462 "-" "Mozilla/5.0 (Linux; Android 6.0.1; Nexus 5X Build/MMB29P) AppleWebKit/537.36 (KHTML, like Gecko) Chrome/136.0.7103.113 Mobile Safari/537.36 (compatible; Googlebot/2.1; +http://www.google.com/bot.html)"
162.0.232.193 - - [16/Jun/2025:08:44:35 -0400] "POST /wp-cron.php?doing_wp_cron=1750077874.6514320373535156250000 HTTP/1.1" 200 0 "-" "WordPress/6.6.2; https://remonster.online"
2a03:2880:f800:e:: - - [16/Jun/2025:08:44:32 -0400] "GET /shopdetail/110028118 HTTP/1.1" 301 0 "-" "meta-externalagent/1.1 (+https://developers.facebook.com/docs/sharing/webmasters/crawler)"
2a03:2880:f800:3:: - - [16/Jun/2025:08:44:37 -0400] "GET /shopdetail/67137818 HTTP/1.1" 301 0 "-" "meta-externalagent/1.1 (+https://developers.facebook.com/docs/sharing/webmasters/crawler)"
162.0.232.193 - - [16/Jun/2025:08:44:36 -0400] "GET /remonster-chapter-72/ HTTP/1.1" 200 13162 "-" "WP Rocket/Preload"
162.0.232.193 - - [16/Jun/2025:08:44:40 -0400] "GET /remonster-chapter-72/ HTTP/1.1" 200 0 "-" "WP Rocket/Preload Mozilla/5.0 (iPhone; CPU iPhone OS 9_1 like Mac OS X) AppleWebKit/601.1.46 (KHTML, like Gecko) Version/9.0 Mobile/13B143 Safari/601.1"
162.0.232.193 - - [16/Jun/2025:08:44:42 -0400] "GET / HTTP/1.1" 200 0 "-" "WP Rocket/Preload"
2a03:2880:f800:14:: - - [16/Jun/2025:08:44:41 -0400] "GET /shopdetail/7269118 HTTP/1.1" 301 0 "-" "meta-externalagent/1.1 (+https://developers.facebook.com/docs/sharing/webmasters/crawler)"
162.0.232.193 - - [16/Jun/2025:08:44:44 -0400] "GET / HTTP/1.1" 200 10831 "-" "WP Rocket/Preload Mozilla/5.0 (iPhone; CPU iPhone OS 9_1 like Mac OS X) AppleWebKit/601.1.46 (KHTML, like Gecko) Version/9.0 Mobile/13B143 Safari/601.1"
38.127.125.234 - - [16/Jun/2025:08:45:12 -0400] "GET /manga/remonster-chapter-76/ HTTP/1.1" 200 17798 "-" "Mozilla/5.0 (Macintosh; Intel Mac OS X 10_15_7) AppleWebKit/605.1.15 (KHTML, like Gecko) Version/18.0.1 Safari/605.1.15"
38.127.125.234 - - [16/Jun/2025:08:45:13 -0400] "GET /robots.txt HTTP/1.1" 304 0 "-" "Mozilla/5.0 (Macintosh; Intel Mac OS X 10_15_7) AppleWebKit/605.1.15 (KHTML, like Gecko) Version/18.1.1 Safari/605.1.15"
2a09:bac3:6e1d:2678::3d5:3d - - [16/Jun/2025:08:45:28 -0400] "GET /manga/re-monster-chapter-34/ HTTP/1.1" 200 16962 "https://remonster.online/manga/re-monster-chapter-33/" "Mozilla/5.0 (iPhone; CPU iPhone OS 18_5 like Mac OS X) AppleWebKit/605.1.15 (KHTML, like Gecko) Version/18.5 Mobile/15E148 Safari/604.1"
2003:d8:9f4c:f000:ac1c:5c62:2e22:25bf - - [16/Jun/2025:08:45:54 -0400] "GET /manga/re-monster-chapter-54/ HTTP/1.1" 200 17819 "-" "Mozilla/5.0 (Linux; Android 10; K) AppleWebKit/537.36 (KHTML, like Gecko) Chrome/137.0.0.0 Mobile Safari/537.36"
2003:d8:9f4c:f000:ac1c:5c62:2e22:25bf - - [16/Jun/2025:08:45:56 -0400] "GET /wp-content/plugins/simple-social-buttons/assets/js/front.js?ver=5.3.1 HTTP/1.1" 304 0 "https://remonster.online/manga/re-monster-chapter-54/" "Mozilla/5.0 (Linux; Android 10; K) AppleWebKit/537.36 (KHTML, like Gecko) Chrome/137.0.0.0 Mobile Safari/537.36"
2003:d8:9f4c:f000:ac1c:5c62:2e22:25bf - - [16/Jun/2025:08:45:57 -0400] "GET /wp-content/themes/toivo-lite/js/functions.min.js?ver=1.2.0 HTTP/1.1" 304 0 "https://remonster.online/manga/re-monster-chapter-54/" "Mozilla/5.0 (Linux; Android 10; K) AppleWebKit/537.36 (KHTML, like Gecko) Chrome/137.0.0.0 Mobile Safari/537.36"
2003:d8:9f4c:f000:ac1c:5c62:2e22:25bf - - [16/Jun/2025:08:45:57 -0400] "GET /wp-content/plugins/disqus-comment-system/public/js/comment_embed.js?ver=3.1.2 HTTP/1.1" 304 0 "https://remonster.online/manga/re-monster-chapter-54/" "Mozilla/5.0 (Linux; Android 10; K) AppleWebKit/537.36 (KHTML, like Gecko) Chrome/137.0.0.0 Mobile Safari/537.36"
162.0.232.193 - - [16/Jun/2025:08:45:59 -0400] "POST /wp-cron.php?doing_wp_cron=1750077959.6556930541992187500000 HTTP/1.1" 200 0 "-" "WordPress/6.6.2; https://remonster.online"
2003:d8:9f4c:f000:ac1c:5c62:2e22:25bf - - [16/Jun/2025:08:45:57 -0400] "POST /wp-admin/admin-ajax.php HTTP/1.1" 200 69 "https://remonster.online/manga/re-monster-chapter-54/" "Mozilla/5.0 (Linux; Android 10; K) AppleWebKit/537.36 (KHTML, like Gecko) Chrome/137.0.0.0 Mobile Safari/537.36"
66.249.79.236 - - [16/Jun/2025:08:46:08 -0400] "GET /shopdetail/es/giffard44410618.phtml HTTP/1.1" 200 24349 "-" "Mozilla/5.0 (Linux; Android 6.0.1; Nexus 5X Build/MMB29P) AppleWebKit/537.36 (KHTML, like Gecko) Chrome/136.0.7103.113 Mobile Safari/537.36 (compatible; Googlebot/2.1; +http://www.google.com/bot.html)"
66.249.79.236 - - [16/Jun/2025:08:46:09 -0400] "GET /goods/fallible/211993730.phtml HTTP/1.1" 200 23996 "-" "Mozilla/5.0 (Linux; Android 6.0.1; Nexus 5X Build/MMB29P) AppleWebKit/537.36 (KHTML, like Gecko) Chrome/136.0.7103.113 Mobile Safari/537.36 (compatible; Googlebot/2.1; +http://www.google.com/bot.html)"
66.249.79.237 - - [16/Jun/2025:08:47:02 -0400] "GET /item/gq/intercartilaginous211910546.phtml HTTP/1.1" 200 25108 "-" "Mozilla/5.0 (Linux; Android 6.0.1; Nexus 5X Build/MMB29P) AppleWebKit/537.36 (KHTML, like Gecko) Chrome/136.0.7103.113 Mobile Safari/537.36 (compatible; Googlebot/2.1; +http://www.google.com/bot.html)"
162.0.232.193 - - [16/Jun/2025:08:50:29 -0400] "POST /wp-cron.php?doing_wp_cron=1750078229.0445060729980468750000 HTTP/1.1" 200 0 "-" "WordPress/6.6.2; https://remonster.online"
2a03:2880:f800:d:: - - [16/Jun/2025:08:50:27 -0400] "GET /shopdetail/209095918 HTTP/1.1" 301 0 "-" "meta-externalagent/1.1 (+https://developers.facebook.com/docs/sharing/webmasters/crawler)"
66.249.79.236 - - [16/Jun/2025:08:50:31 -0400] "GET /shopbrand/fortran/328558204.phtml HTTP/1.1" 200 23962 "-" "Mozilla/5.0 (Linux; Android 6.0.1; Nexus 5X Build/MMB29P) AppleWebKit/537.36 (KHTML, like Gecko) Chrome/136.0.7103.113 Mobile Safari/537.36 (compatible; Googlebot/2.1; +http://www.google.com/bot.html)"
162.0.232.193 - - [16/Jun/2025:08:50:32 -0400] "POST /wp-cron.php?doing_wp_cron=1750078232.3433449268341064453125 HTTP/1.1" 200 0 "-" "WordPress/6.6.2; https://remonster.online"
66.249.79.237 - - [16/Jun/2025:08:50:32 -0400] "GET /detail/aic/chilognath/68591382.phtml HTTP/1.1" 200 25601 "-" "Mozilla/5.0 (Linux; Android 6.0.1; Nexus 5X Build/MMB29P) AppleWebKit/537.36 (KHTML, like Gecko) Chrome/136.0.7103.113 Mobile Safari/537.36 (compatible; Googlebot/2.1; +http://www.google.com/bot.html)"
216.73.216.184 - - [16/Jun/2025:08:50:30 -0400] "GET /remonster-chapter-83/feed HTTP/1.1" 301 0 "-" "Mozilla/5.0 AppleWebKit/537.36 (KHTML, like Gecko; compatible; ClaudeBot/1.0; [email protected])"
2001:4860:7:501::fc - - [16/Jun/2025:08:50:32 -0400] "GET /manga/re-monster-chapter-1 HTTP/1.1" 301 0 "https://www.google.com/" "Mozilla/5.0 (Windows NT 10.0; Win64; x64) AppleWebKit/537.36 (KHTML, like Gecko) Chrome/137.0.0.0 Safari/537.36"
64.233.173.97 - - [16/Jun/2025:08:50:32 -0400] "GET /.well-known/traffic-advice HTTP/1.1" 301 0 "-" "Chrome Privacy Preserving Prefetch Proxy"
2001:4860:7:501::fc - - [16/Jun/2025:08:50:34 -0400] "GET /manga/re-monster-chapter-1/ HTTP/1.1" 200 17994 "https://www.google.com/" "Mozilla/5.0 (Windows NT 10.0; Win64; x64) AppleWebKit/537.36 (KHTML, like Gecko) Chrome/137.0.0.0 Safari/537.36"
216.73.216.184 - - [16/Jun/2025:08:50:33 -0400] "GET /remonster-chapter-83/feed/ HTTP/1.1" 200 400 "https://remonster.online/remonster-chapter-83/feed" "Mozilla/5.0 AppleWebKit/537.36 (KHTML, like Gecko; compatible; ClaudeBot/1.0; [email protected])"
2a03:2880:f800:4:: - - [16/Jun/2025:08:50:47 -0400] "GET /shopdetail/427517218 HTTP/1.1" 301 0 "-" "meta-externalagent/1.1 (+https://developers.facebook.com/docs/sharing/webmasters/crawler)"
2a02:598:128:8a00::b00:2 - - [16/Jun/2025:08:50:59 -0400] "GET /manga/remonster-chapter-79/ HTTP/1.1" 200 17824 "-" "Mozilla/5.0 (compatible; SeznamBot/4.0; +https://o-seznam.cz/napoveda/vyhledavani/en/seznambot-crawler/)"
66.249.79.237 - - [16/Jun/2025:08:51:24 -0400] "GET /products/restoration/328571490.phtml HTTP/1.1" 200 24057 "-" "Mozilla/5.0 (Linux; Android 6.0.1; Nexus 5X Build/MMB29P) AppleWebKit/537.36 (KHTML, like Gecko) Chrome/136.0.7103.113 Mobile Safari/537.36 (compatible; Googlebot/2.1; +http://www.google.com/bot.html)"
162.0.232.193 - - [16/Jun/2025:08:51:26 -0400] "POST /wp-cron.php?doing_wp_cron=1750078286.8365941047668457031250 HTTP/1.1" 200 0 "-" "WordPress/6.6.2; https://remonster.online"
2a03:2880:f800:1c:: - - [16/Jun/2025:08:51:25 -0400] "GET /shopdetail/209825318 HTTP/1.1" 301 0 "-" "meta-externalagent/1.1 (+https://developers.facebook.com/docs/sharing/webmasters/crawler)"
162.0.232.193 - - [16/Jun/2025:08:51:32 -0400] "POST /wp-cron.php?doing_wp_cron=1750078292.6641139984130859375000 HTTP/1.1" 200 0 "-" "WordPress/6.6.2; https://remonster.online"
2a03:2880:f800:1a:: - - [16/Jun/2025:08:51:31 -0400] "GET /shopdetail/159749518 HTTP/1.1" 301 0 "-" "meta-externalagent/1.1 (+https://developers.facebook.com/docs/sharing/webmasters/crawler)"
216.73.216.184 - - [16/Jun/2025:08:51:49 -0400] "GET /remonster-chapter-65 HTTP/1.1" 301 0 "-" "Mozilla/5.0 AppleWebKit/537.36 (KHTML, like Gecko; compatible; ClaudeBot/1.0; [email protected])"
2a00:1e:e901:d801:81cf:942f:1b38:fa9 - - [16/Jun/2025:08:47:09 -0400] "GET /manga/re-monster-chapter-71/ HTTP/1.1" 200 18133 "https://remonster.online/" "Mozilla/5.0 (Linux; Android 10; K) AppleWebKit/537.36 (KHTML, like Gecko) Chrome/137.0.0.0 Mobile Safari/537.36"
162.0.232.193 - - [16/Jun/2025:08:47:11 -0400] "POST /wp-cron.php?doing_wp_cron=1750078031.4556169509887695312500 HTTP/1.1" 200 0 "-" "WordPress/6.6.2; https://remonster.online"
2a00:1e:e901:d801:81cf:942f:1b38:fa9 - - [16/Jun/2025:08:47:10 -0400] "POST /wp-admin/admin-ajax.php HTTP/1.1" 200 69 "https://remonster.online/manga/re-monster-chapter-71/" "Mozilla/5.0 (Linux; Android 10; K) AppleWebKit/537.36 (KHTML, like Gecko) Chrome/137.0.0.0 Mobile Safari/537.36"
2a03:2880:f800:13:: - - [16/Jun/2025:08:47:12 -0400] "GET /shopdetail/144493318 HTTP/1.1" 301 0 "-" "meta-externalagent/1.1 (+https://developers.facebook.com/docs/sharing/webmasters/crawler)"
162.0.232.193 - - [16/Jun/2025:08:47:33 -0400] "POST /wp-cron.php?doing_wp_cron=1750078053.4478080272674560546875 HTTP/1.1" 200 0 "-" "WordPress/6.6.2; https://remonster.online"
2a03:2880:f800:10:: - - [16/Jun/2025:08:47:31 -0400] "GET /shopdetail/412103718 HTTP/1.1" 301 0 "-" "meta-externalagent/1.1 (+https://developers.facebook.com/docs/sharing/webmasters/crawler)"
66.249.79.236 - - [16/Jun/2025:08:47:39 -0400] "POST /get-message-notify HTTP/1.1" 200 24574 "https://remonster.online/items/1376285646.phtml" "Mozilla/5.0 (Linux; Android 6.0.1; Nexus 5X Build/MMB29P) AppleWebKit/537.36 (KHTML, like Gecko) Chrome/136.0.7103.113 Mobile Safari/537.36 (compatible; Googlebot/2.1; +http://www.google.com/bot.html)"
66.249.79.236 - - [16/Jun/2025:08:47:54 -0400] "GET /product/ftc/aftergame212055664.phtml HTTP/1.1" 200 24138 "-" "Mozilla/5.0 (Linux; Android 6.0.1; Nexus 5X Build/MMB29P) AppleWebKit/537.36 (KHTML, like Gecko) Chrome/136.0.7103.113 Mobile Safari/537.36 (compatible; Googlebot/2.1; +http://www.google.com/bot.html)"
66.249.79.236 - - [16/Jun/2025:08:47:57 -0400] "POST /get-message-notify HTTP/1.1" 200 24574 "https://remonster.online/product/ftc/aftergame212055664.phtml" "Mozilla/5.0 (Linux; Android 6.0.1; Nexus 5X Build/MMB29P) AppleWebKit/537.36 (KHTML, like Gecko) Chrome/136.0.7103.113 Mobile Safari/537.36 (compatible; Googlebot/2.1; +http://www.google.com/bot.html)"
162.0.232.193 - - [16/Jun/2025:08:48:34 -0400] "POST /wp-cron.php?doing_wp_cron=1750078114.3728189468383789062500 HTTP/1.1" 200 0 "-" "WordPress/6.6.2; https://remonster.online"
2a03:2880:f800:12:: - - [16/Jun/2025:08:48:34 -0400] "GET /shopdetail/436008818 HTTP/1.1" 301 0 "-" "meta-externalagent/1.1 (+https://developers.facebook.com/docs/sharing/webmasters/crawler)"
2a03:2880:f800:b:: - - [16/Jun/2025:08:48:57 -0400] "GET /shopdetail/186117018 HTTP/1.1" 301 0 "-" "meta-externalagent/1.1 (+https://developers.facebook.com/docs/sharing/webmasters/crawler)"
2a09:bac3:6e1d:2678::3d5:3d - - [16/Jun/2025:08:48:59 -0400] "GET /manga/re-monster-chapter-35/ HTTP/1.1" 200 17373 "https://remonster.online/manga/re-monster-chapter-34/" "Mozilla/5.0 (iPhone; CPU iPhone OS 18_5 like Mac OS X) AppleWebKit/605.1.15 (KHTML, like Gecko) Version/18.5 Mobile/15E148 Safari/604.1"
66.249.79.237 - - [16/Jun/2025:08:49:38 -0400] "GET /detail/a/epidemiology212051366.phtml HTTP/1.1" 200 24780 "-" "Mozilla/5.0 (Linux; Android 6.0.1; Nexus 5X Build/MMB29P) AppleWebKit/537.36 (KHTML, like Gecko) Chrome/136.0.7103.113 Mobile Safari/537.36 (compatible; Googlebot/2.1; +http://www.google.com/bot.html)"
216.73.216.184 - - [16/Jun/2025:08:51:51 -0400] "GET /remonster-chapter-65/ HTTP/1.1" 200 13077 "https://remonster.online/remonster-chapter-65" "Mozilla/5.0 AppleWebKit/537.36 (KHTML, like Gecko; compatible; ClaudeBot/1.0; [email protected])"
