2a03:2880:f800:19:: - - [16/Jun/2025:12:35:27 -0400] "GET /shopdetail/308725918 HTTP/1.1" 301 0 "-" "meta-externalagent/1.1 (+https://developers.facebook.com/docs/sharing/webmasters/crawler)"
2a03:2880:f800:1b:: - - [16/Jun/2025:12:35:33 -0400] "GET / HTTP/1.1" 200 10823 "-" "meta-externalagent/1.1 (+https://developers.facebook.com/docs/sharing/webmasters/crawler)"
2a03:2880:f800:3:: - - [16/Jun/2025:12:35:36 -0400] "GET /manga/re-monster-chapter-65/ HTTP/1.1" 200 17439 "-" "meta-externalagent/1.1 (+https://developers.facebook.com/docs/sharing/webmasters/crawler)"
2a03:2880:f800:11:: - - [16/Jun/2025:12:35:51 -0400] "GET /shopdetail/314373218 HTTP/1.1" 301 0 "-" "meta-externalagent/1.1 (+https://developers.facebook.com/docs/sharing/webmasters/crawler)"
2402:1980:248:112c:e1db:ef48:156b:5200 - - [16/Jun/2025:12:35:54 -0400] "GET /manga/re-monster-chapter-64/ HTTP/1.1" 200 18125 "-" "Mozilla/5.0 (iPhone; CPU iPhone OS 18_5_0 like Mac OS X) AppleWebKit/605.1.15 (KHTML, like Gecko) CriOS/137.0.7151.107 Mobile/15E148 Safari/604.1"
2402:1980:248:112c:e1db:ef48:156b:5200 - - [16/Jun/2025:12:35:55 -0400] "GET /wp-content/plugins/wp-automatic/js/main-front.js?ver=6.6.2 HTTP/1.1" 304 0 "https://remonster.online/manga/re-monster-chapter-64/" "Mozilla/5.0 (iPhone; CPU iPhone OS 18_5_0 like Mac OS X) AppleWebKit/605.1.15 (KHTML, like Gecko) CriOS/137.0.7151.107 Mobile/15E148 Safari/604.1"
2402:1980:248:112c:e1db:ef48:156b:5200 - - [16/Jun/2025:12:35:55 -0400] "GET /wp-content/themes/toivo-lite/js/functions.min.js?ver=1.2.0 HTTP/1.1" 304 0 "https://remonster.online/manga/re-monster-chapter-64/" "Mozilla/5.0 (iPhone; CPU iPhone OS 18_5_0 like Mac OS X) AppleWebKit/605.1.15 (KHTML, like Gecko) CriOS/137.0.7151.107 Mobile/15E148 Safari/604.1"
2402:1980:248:112c:e1db:ef48:156b:5200 - - [16/Jun/2025:12:35:55 -0400] "GET /wp-includes/js/comment-reply.min.js?ver=6.6.2 HTTP/1.1" 304 0 "https://remonster.online/manga/re-monster-chapter-64/" "Mozilla/5.0 (iPhone; CPU iPhone OS 18_5_0 like Mac OS X) AppleWebKit/605.1.15 (KHTML, like Gecko) CriOS/137.0.7151.107 Mobile/15E148 Safari/604.1"
2402:1980:248:112c:e1db:ef48:156b:5200 - - [16/Jun/2025:12:35:55 -0400] "GET /wp-includes/js/jquery/jquery-migrate.min.js?ver=3.4.1 HTTP/1.1" 304 0 "https://remonster.online/manga/re-monster-chapter-64/" "Mozilla/5.0 (iPhone; CPU iPhone OS 18_5_0 like Mac OS X) AppleWebKit/605.1.15 (KHTML, like Gecko) CriOS/137.0.7151.107 Mobile/15E148 Safari/604.1"
2402:1980:248:112c:e1db:ef48:156b:5200 - - [16/Jun/2025:12:35:55 -0400] "GET /wp-content/plugins/simple-social-buttons/assets/js/frontend-blocks.js?ver=5.3.1 HTTP/1.1" 304 0 "https://remonster.online/manga/re-monster-chapter-64/" "Mozilla/5.0 (iPhone; CPU iPhone OS 18_5_0 like Mac OS X) AppleWebKit/605.1.15 (KHTML, like Gecko) CriOS/137.0.7151.107 Mobile/15E148 Safari/604.1"
2402:1980:248:112c:e1db:ef48:156b:5200 - - [16/Jun/2025:12:35:55 -0400] "GET /wp-includes/js/jquery/jquery.min.js?ver=3.7.1 HTTP/1.1" 304 0 "https://remonster.online/manga/re-monster-chapter-64/" "Mozilla/5.0 (iPhone; CPU iPhone OS 18_5_0 like Mac OS X) AppleWebKit/605.1.15 (KHTML, like Gecko) CriOS/137.0.7151.107 Mobile/15E148 Safari/604.1"
2402:1980:248:112c:e1db:ef48:156b:5200 - - [16/Jun/2025:12:35:55 -0400] "GET /wp-content/plugins/simple-social-buttons/assets/js/front.js?ver=5.3.1 HTTP/1.1" 304 0 "https://remonster.online/manga/re-monster-chapter-64/" "Mozilla/5.0 (iPhone; CPU iPhone OS 18_5_0 like Mac OS X) AppleWebKit/605.1.15 (KHTML, like Gecko) CriOS/137.0.7151.107 Mobile/15E148 Safari/604.1"
2402:1980:248:112c:e1db:ef48:156b:5200 - - [16/Jun/2025:12:35:55 -0400] "GET /wp-content/plugins/links-auto-replacer/public/js/lar-public.js?ver=2.0.0 HTTP/1.1" 304 0 "https://remonster.online/manga/re-monster-chapter-64/" "Mozilla/5.0 (iPhone; CPU iPhone OS 18_5_0 like Mac OS X) AppleWebKit/605.1.15 (KHTML, like Gecko) CriOS/137.0.7151.107 Mobile/15E148 Safari/604.1"
2402:1980:248:112c:e1db:ef48:156b:5200 - - [16/Jun/2025:12:35:55 -0400] "GET /wp-content/plugins/comic-easel/js/keynav.js HTTP/1.1" 304 0 "https://remonster.online/manga/re-monster-chapter-64/" "Mozilla/5.0 (iPhone; CPU iPhone OS 18_5_0 like Mac OS X) AppleWebKit/605.1.15 (KHTML, like Gecko) CriOS/137.0.7151.107 Mobile/15E148 Safari/604.1"
2402:1980:248:112c:e1db:ef48:156b:5200 - - [16/Jun/2025:12:35:55 -0400] "GET /wp-content/plugins/disqus-comment-system/public/js/comment_count.js?ver=3.1.2 HTTP/1.1" 304 0 "https://remonster.online/manga/re-monster-chapter-64/" "Mozilla/5.0 (iPhone; CPU iPhone OS 18_5_0 like Mac OS X) AppleWebKit/605.1.15 (KHTML, like Gecko) CriOS/137.0.7151.107 Mobile/15E148 Safari/604.1"
2402:1980:248:112c:e1db:ef48:156b:5200 - - [16/Jun/2025:12:35:55 -0400] "GET /wp-content/themes/toivo-lite/js/responsive-nav.min.js?ver=1.2.0 HTTP/1.1" 304 0 "https://remonster.online/manga/re-monster-chapter-64/" "Mozilla/5.0 (iPhone; CPU iPhone OS 18_5_0 like Mac OS X) AppleWebKit/605.1.15 (KHTML, like Gecko) CriOS/137.0.7151.107 Mobile/15E148 Safari/604.1"
2402:1980:248:112c:e1db:ef48:156b:5200 - - [16/Jun/2025:12:35:55 -0400] "GET /wp-content/plugins/disqus-comment-system/public/js/comment_embed.js?ver=3.1.2 HTTP/1.1" 304 0 "https://remonster.online/manga/re-monster-chapter-64/" "Mozilla/5.0 (iPhone; CPU iPhone OS 18_5_0 like Mac OS X) AppleWebKit/605.1.15 (KHTML, like Gecko) CriOS/137.0.7151.107 Mobile/15E148 Safari/604.1"
2402:1980:248:112c:e1db:ef48:156b:5200 - - [16/Jun/2025:12:35:55 -0400] "GET /wp-content/themes/toivo-lite/js/settings.min.js?ver=1.2.0 HTTP/1.1" 304 0 "https://remonster.online/manga/re-monster-chapter-64/" "Mozilla/5.0 (iPhone; CPU iPhone OS 18_5_0 like Mac OS X) AppleWebKit/605.1.15 (KHTML, like Gecko) CriOS/137.0.7151.107 Mobile/15E148 Safari/604.1"
2a03:2880:f800:: - - [16/Jun/2025:12:35:55 -0400] "GET / HTTP/1.1" 200 10823 "-" "meta-externalagent/1.1 (+https://developers.facebook.com/docs/sharing/webmasters/crawler)"
2402:1980:248:112c:e1db:ef48:156b:5200 - - [16/Jun/2025:12:35:56 -0400] "POST /wp-admin/admin-ajax.php HTTP/1.1" 200 69 "https://remonster.online/manga/re-monster-chapter-64/" "Mozilla/5.0 (iPhone; CPU iPhone OS 18_5_0 like Mac OS X) AppleWebKit/605.1.15 (KHTML, like Gecko) CriOS/137.0.7151.107 Mobile/15E148 Safari/604.1"
114.119.146.179 - - [16/Jun/2025:12:36:39 -0400] "GET /remonster-chapter-20-2/ HTTP/1.1" 200 12334 "https://remonster.online/remonster-chapter-20-2/" "Mozilla/5.0 (Linux; Android 7.0;) AppleWebKit/537.36 (KHTML, like Gecko) Mobile Safari/537.36 (compatible; PetalBot;+https://webmaster.petalsearch.com/site/petalbot)"
162.0.232.193 - - [16/Jun/2025:12:36:42 -0400] "POST /wp-cron.php?doing_wp_cron=1750091801.8382689952850341796875 HTTP/1.1" 200 0 "-" "WordPress/6.6.2; https://remonster.online"
2a03:2880:f800:4:: - - [16/Jun/2025:12:36:37 -0400] "GET /shopdetail/199540618 HTTP/1.1" 301 0 "-" "meta-externalagent/1.1 (+https://developers.facebook.com/docs/sharing/webmasters/crawler)"
2a03:2880:f800:1b:: - - [16/Jun/2025:12:36:44 -0400] "GET / HTTP/1.1" 200 10823 "-" "meta-externalagent/1.1 (+https://developers.facebook.com/docs/sharing/webmasters/crawler)"
2a03:2880:f800:1c:: - - [16/Jun/2025:12:36:51 -0400] "GET /shopdetail/213485318 HTTP/1.1" 301 0 "-" "meta-externalagent/1.1 (+https://developers.facebook.com/docs/sharing/webmasters/crawler)"
66.249.79.236 - - [16/Jun/2025:12:36:55 -0400] "GET /info/323050288.phtml HTTP/1.1" 200 24901 "-" "Mozilla/5.0 (Linux; Android 6.0.1; Nexus 5X Build/MMB29P) AppleWebKit/537.36 (KHTML, like Gecko) Chrome/136.0.7103.113 Mobile Safari/537.36 (compatible; Googlebot/2.1; +http://www.google.com/bot.html)"
2a03:2880:f800:1b:: - - [16/Jun/2025:12:36:56 -0400] "GET / HTTP/1.1" 200 10823 "-" "meta-externalagent/1.1 (+https://developers.facebook.com/docs/sharing/webmasters/crawler)"
66.249.79.237 - - [16/Jun/2025:12:36:56 -0400] "GET /product103521428.phtml HTTP/1.1" 200 24162 "-" "Mozilla/5.0 (Linux; Android 6.0.1; Nexus 5X Build/MMB29P) AppleWebKit/537.36 (KHTML, like Gecko) Chrome/136.0.7103.113 Mobile Safari/537.36 (compatible; Googlebot/2.1; +http://www.google.com/bot.html)"
162.0.232.193 - - [16/Jun/2025:12:37:17 -0400] "POST /wp-cron.php?doing_wp_cron=1750091837.6959309577941894531250 HTTP/1.1" 200 0 "-" "WordPress/6.6.2; https://remonster.online"
2a03:2880:f800:6:: - - [16/Jun/2025:12:37:16 -0400] "GET /shopdetail/117388418 HTTP/1.1" 301 0 "-" "meta-externalagent/1.1 (+https://developers.facebook.com/docs/sharing/webmasters/crawler)"
2a03:2880:f800:d:: - - [16/Jun/2025:12:37:19 -0400] "GET / HTTP/1.1" 200 10823 "-" "meta-externalagent/1.1 (+https://developers.facebook.com/docs/sharing/webmasters/crawler)"
2a03:2880:f800:12:: - - [16/Jun/2025:12:37:18 -0400] "GET /shopdetail/113360418 HTTP/1.1" 301 0 "-" "meta-externalagent/1.1 (+https://developers.facebook.com/docs/sharing/webmasters/crawler)"
2a03:2880:f800:13:: - - [16/Jun/2025:12:37:21 -0400] "GET / HTTP/1.1" 200 10823 "-" "meta-externalagent/1.1 (+https://developers.facebook.com/docs/sharing/webmasters/crawler)"
2a00:fbc:eda7:50cd:d002:d8ff:fe14:ac99 - - [16/Jun/2025:12:37:35 -0400] "GET /manga/re-monster-chapter-52/ HTTP/1.1" 200 17413 "https://remonster.online/manga/re-monster-chapter-51/" "Mozilla/5.0 (Android 15; Mobile; rv:139.0) Gecko/139.0 Firefox/139.0"
162.0.232.193 - - [16/Jun/2025:12:37:44 -0400] "POST /wp-cron.php?doing_wp_cron=1750091863.9898130893707275390625 HTTP/1.1" 200 0 "-" "WordPress/6.6.2; https://remonster.online"
2a03:2880:f800:15:: - - [16/Jun/2025:12:37:43 -0400] "GET /shopdetail/394730118 HTTP/1.1" 301 0 "-" "meta-externalagent/1.1 (+https://developers.facebook.com/docs/sharing/webmasters/crawler)"
2a03:2880:f800:3:: - - [16/Jun/2025:12:37:45 -0400] "GET / HTTP/1.1" 200 10823 "-" "meta-externalagent/1.1 (+https://developers.facebook.com/docs/sharing/webmasters/crawler)"
66.249.79.238 - - [16/Jun/2025:12:37:53 -0400] "POST /get-message-notify HTTP/1.1" 200 24583 "https://remonster.online/shopping/areek/348725616.phtml" "Mozilla/5.0 (Linux; Android 6.0.1; Nexus 5X Build/MMB29P) AppleWebKit/537.36 (KHTML, like Gecko) Chrome/136.0.7103.113 Mobile Safari/537.36 (compatible; Googlebot/2.1; +http://www.google.com/bot.html)"
66.249.79.237 - - [16/Jun/2025:12:37:57 -0400] "GET /detail328884124.phtml HTTP/1.1" 200 26093 "-" "Mozilla/5.0 (Linux; Android 6.0.1; Nexus 5X Build/MMB29P) AppleWebKit/537.36 (KHTML, like Gecko) Chrome/136.0.7103.113 Mobile Safari/537.36 (compatible; Googlebot/2.1; +http://www.google.com/bot.html)"
114.119.142.140 - - [16/Jun/2025:12:38:04 -0400] "GET /manga/re-monster-chapter-62/ HTTP/1.1" 200 17803 "https://remonster.online/tag/read-manga-raw-remonster-chapter-98/" "Mozilla/5.0 (Linux; Android 7.0;) AppleWebKit/537.36 (KHTML, like Gecko) Mobile Safari/537.36 (compatible; PetalBot;+https://webmaster.petalsearch.com/site/petalbot)"
66.249.79.237 - - [16/Jun/2025:12:38:03 -0400] "POST /get-message-notify HTTP/1.1" 200 24583 "https://remonster.online/detail328884124.phtml" "Mozilla/5.0 (Linux; Android 6.0.1; Nexus 5X Build/MMB29P) AppleWebKit/537.36 (KHTML, like Gecko) Chrome/136.0.7103.113 Mobile Safari/537.36 (compatible; Googlebot/2.1; +http://www.google.com/bot.html)"
2605:b100:d44:9b90:0:31:9545:ba01 - - [16/Jun/2025:12:38:07 -0400] "GET /manga/re-monster-chapter-39/ HTTP/1.1" 200 15618 "-" "Mozilla/5.0 (Linux; Android 10; K) AppleWebKit/537.36 (KHTML, like Gecko) Chrome/137.0.0.0 Mobile Safari/537.36"
162.0.232.193 - - [16/Jun/2025:12:38:17 -0400] "POST /wp-cron.php?doing_wp_cron=1750091897.7459669113159179687500 HTTP/1.1" 200 0 "-" "WordPress/6.6.2; https://remonster.online"
2a03:2880:f800:e:: - - [16/Jun/2025:12:38:17 -0400] "GET /shopdetail/211828218 HTTP/1.1" 301 0 "-" "meta-externalagent/1.1 (+https://developers.facebook.com/docs/sharing/webmasters/crawler)"
2a03:2880:f800:e:: - - [16/Jun/2025:12:38:20 -0400] "GET / HTTP/1.1" 200 10823 "-" "meta-externalagent/1.1 (+https://developers.facebook.com/docs/sharing/webmasters/crawler)"
45.61.186.36 - - [16/Jun/2025:12:38:25 -0400] "GET /wp-login.php HTTP/1.1" 200 1749 "-" "Mozilla/5.0 (Macintosh; Intel Mac OS X 10_9_3) AppleWebKit/537.75.14 (KHTML, like Gecko) Version/7.0.3 Safari/537.75.14"
162.0.232.193 - - [16/Jun/2025:12:38:35 -0400] "POST /wp-cron.php?doing_wp_cron=1750091915.6474111080169677734375 HTTP/1.1" 200 0 "-" "WordPress/6.6.2; https://remonster.online"
45.61.186.36 - - [16/Jun/2025:12:38:33 -0400] "POST /wp-login.php HTTP/1.1" 200 1888 "-" "Mozilla/5.0 (Macintosh; Intel Mac OS X 10_9_3) AppleWebKit/537.75.14 (KHTML, like Gecko) Version/7.0.3 Safari/537.75.14"
2a03:2880:f800:10:: - - [16/Jun/2025:12:38:34 -0400] "GET /shopdetail/331999218 HTTP/1.1" 301 0 "-" "meta-externalagent/1.1 (+https://developers.facebook.com/docs/sharing/webmasters/crawler)"
2a03:2880:f800:f:: - - [16/Jun/2025:12:38:38 -0400] "GET / HTTP/1.1" 200 10823 "-" "meta-externalagent/1.1 (+https://developers.facebook.com/docs/sharing/webmasters/crawler)"
79.45.160.160 - - [16/Jun/2025:12:38:48 -0400] "GET /manga/remonster-chapter-95/ HTTP/1.1" 200 15728 "-" "Mozilla/5.0 (Windows NT 10.0; Win64; x64) AppleWebKit/537.36 (KHTML, like Gecko) Chrome/137.0.0.0 Safari/537.36 Edg/137.0.0.0"
79.45.160.160 - - [16/Jun/2025:12:38:49 -0400] "GET /wp-content/plugins/simple-social-buttons/assets/css/front.css?ver=5.3.1 HTTP/1.1" 200 10295 "https://remonster.online/manga/remonster-chapter-95/" "Mozilla/5.0 (Windows NT 10.0; Win64; x64) AppleWebKit/537.36 (KHTML, like Gecko) Chrome/137.0.0.0 Safari/537.36 Edg/137.0.0.0"
79.45.160.160 - - [16/Jun/2025:12:38:50 -0400] "GET /wp-content/plugins/simple-social-buttons/assets/js/frontend-blocks.js?ver=5.3.1 HTTP/1.1" 304 0 "https://remonster.online/manga/remonster-chapter-95/" "Mozilla/5.0 (Windows NT 10.0; Win64; x64) AppleWebKit/537.36 (KHTML, like Gecko) Chrome/137.0.0.0 Safari/537.36 Edg/137.0.0.0"
79.45.160.160 - - [16/Jun/2025:12:38:50 -0400] "GET /wp-includes/js/jquery/jquery.min.js?ver=3.7.1 HTTP/1.1" 304 0 "https://remonster.online/manga/remonster-chapter-95/" "Mozilla/5.0 (Windows NT 10.0; Win64; x64) AppleWebKit/537.36 (KHTML, like Gecko) Chrome/137.0.0.0 Safari/537.36 Edg/137.0.0.0"
79.45.160.160 - - [16/Jun/2025:12:38:50 -0400] "GET /wp-content/plugins/links-auto-replacer/public/js/lar-public.js?ver=2.0.0 HTTP/1.1" 304 0 "https://remonster.online/manga/remonster-chapter-95/" "Mozilla/5.0 (Windows NT 10.0; Win64; x64) AppleWebKit/537.36 (KHTML, like Gecko) Chrome/137.0.0.0 Safari/537.36 Edg/137.0.0.0"
79.45.160.160 - - [16/Jun/2025:12:38:50 -0400] "GET /wp-content/plugins/wp-automatic/js/main-front.js?ver=6.6.2 HTTP/1.1" 304 0 "https://remonster.online/manga/remonster-chapter-95/" "Mozilla/5.0 (Windows NT 10.0; Win64; x64) AppleWebKit/537.36 (KHTML, like Gecko) Chrome/137.0.0.0 Safari/537.36 Edg/137.0.0.0"
2a03:2880:f800:e:: - - [16/Jun/2025:12:39:08 -0400] "GET /shopdetail/63532018 HTTP/1.1" 301 0 "-" "meta-externalagent/1.1 (+https://developers.facebook.com/docs/sharing/webmasters/crawler)"
198.98.52.243 - - [16/Jun/2025:12:39:10 -0400] "GET /wp-login.php HTTP/1.1" 200 1749 "-" "Mozilla/5.0 (Macintosh; Intel Mac OS X 10_9_3) AppleWebKit/537.36 (KHTML, like Gecko) Chrome/36.0.1985.125 Safari/537.36"
2a03:2880:f800:6:: - - [16/Jun/2025:12:39:11 -0400] "GET /shopdetail/233244118 HTTP/1.1" 301 0 "-" "meta-externalagent/1.1 (+https://developers.facebook.com/docs/sharing/webmasters/crawler)"
198.98.52.243 - - [16/Jun/2025:12:39:15 -0400] "POST /wp-login.php HTTP/1.1" 200 1888 "-" "Mozilla/5.0 (Macintosh; Intel Mac OS X 10_9_3) AppleWebKit/537.36 (KHTML, like Gecko) Chrome/36.0.1985.125 Safari/537.36"
162.0.232.193 - - [16/Jun/2025:12:39:32 -0400] "POST /wp-cron.php?doing_wp_cron=1750091972.2569019794464111328125 HTTP/1.1" 200 0 "-" "WordPress/6.6.2; https://remonster.online"
2a03:2880:f800:18:: - - [16/Jun/2025:12:39:30 -0400] "GET /shopdetail/208397618 HTTP/1.1" 301 0 "-" "meta-externalagent/1.1 (+https://developers.facebook.com/docs/sharing/webmasters/crawler)"
79.45.160.160 - - [16/Jun/2025:12:39:30 -0400] "POST /wp-admin/admin-ajax.php HTTP/1.1" 200 69 "https://remonster.online/manga/remonster-chapter-95/" "Mozilla/5.0 (Windows NT 10.0; Win64; x64) AppleWebKit/537.36 (KHTML, like Gecko) Chrome/137.0.0.0 Safari/537.36 Edg/137.0.0.0"
2a03:2880:f800:18:: - - [16/Jun/2025:12:39:34 -0400] "GET / HTTP/1.1" 200 10823 "-" "meta-externalagent/1.1 (+https://developers.facebook.com/docs/sharing/webmasters/crawler)"
2a03:2880:f800:f:: - - [16/Jun/2025:12:39:33 -0400] "GET /shopdetail/258133918 HTTP/1.1" 301 0 "-" "meta-externalagent/1.1 (+https://developers.facebook.com/docs/sharing/webmasters/crawler)"
2a03:2880:f800:19:: - - [16/Jun/2025:12:39:37 -0400] "GET / HTTP/1.1" 200 10823 "-" "meta-externalagent/1.1 (+https://developers.facebook.com/docs/sharing/webmasters/crawler)"
2a03:2880:f800:15:: - - [16/Jun/2025:12:40:00 -0400] "GET /shopdetail/354165118 HTTP/1.1" 301 0 "-" "meta-externalagent/1.1 (+https://developers.facebook.com/docs/sharing/webmasters/crawler)"
66.249.79.238 - - [16/Jun/2025:12:40:00 -0400] "GET /shopdetail268909612.phtml HTTP/1.1" 200 24644 "-" "Mozilla/5.0 (Linux; Android 6.0.1; Nexus 5X Build/MMB29P) AppleWebKit/537.36 (KHTML, like Gecko) Chrome/136.0.7103.113 Mobile Safari/537.36 (compatible; Googlebot/2.1; +http://www.google.com/bot.html)"
2a03:2880:f800:f:: - - [16/Jun/2025:12:40:02 -0400] "GET / HTTP/1.1" 200 10823 "-" "meta-externalagent/1.1 (+https://developers.facebook.com/docs/sharing/webmasters/crawler)"
66.249.79.238 - - [16/Jun/2025:12:40:02 -0400] "GET /shopbrand/rzu/molossus430778004.phtml HTTP/1.1" 200 23996 "-" "Mozilla/5.0 (Linux; Android 6.0.1; Nexus 5X Build/MMB29P) AppleWebKit/537.36 (KHTML, like Gecko) Chrome/136.0.7103.113 Mobile Safari/537.36 (compatible; Googlebot/2.1; +http://www.google.com/bot.html)"
162.0.232.193 - - [16/Jun/2025:12:40:26 -0400] "POST /wp-cron.php?doing_wp_cron=1750092026.3468039035797119140625 HTTP/1.1" 200 0 "-" "WordPress/6.6.2; https://remonster.online"
2a03:2880:f800:f:: - - [16/Jun/2025:12:40:24 -0400] "GET /shopdetail/264803118 HTTP/1.1" 301 0 "-" "meta-externalagent/1.1 (+https://developers.facebook.com/docs/sharing/webmasters/crawler)"
2a03:2880:f800:18:: - - [16/Jun/2025:12:40:24 -0400] "GET /shopdetail/39340918 HTTP/1.1" 301 0 "-" "meta-externalagent/1.1 (+https://developers.facebook.com/docs/sharing/webmasters/crawler)"
2a03:2880:f800:e:: - - [16/Jun/2025:12:40:28 -0400] "GET / HTTP/1.1" 200 10823 "-" "meta-externalagent/1.1 (+https://developers.facebook.com/docs/sharing/webmasters/crawler)"
2a03:2880:f800:1b:: - - [16/Jun/2025:12:40:29 -0400] "GET / HTTP/1.1" 200 10823 "-" "meta-externalagent/1.1 (+https://developers.facebook.com/docs/sharing/webmasters/crawler)"
162.0.232.193 - - [16/Jun/2025:12:41:17 -0400] "POST /wp-cron.php?doing_wp_cron=1750092077.7507209777832031250000 HTTP/1.1" 200 0 "-" "WordPress/6.6.2; https://remonster.online"
2a03:2880:f800:d:: - - [16/Jun/2025:12:41:15 -0400] "GET /shopdetail/61749218 HTTP/1.1" 301 0 "-" "meta-externalagent/1.1 (+https://developers.facebook.com/docs/sharing/webmasters/crawler)"
2a03:2880:f800:17:: - - [16/Jun/2025:12:41:20 -0400] "GET / HTTP/1.1" 200 10823 "-" "meta-externalagent/1.1 (+https://developers.facebook.com/docs/sharing/webmasters/crawler)"
162.0.232.193 - - [16/Jun/2025:12:41:33 -0400] "POST /wp-cron.php?doing_wp_cron=1750092093.0384249687194824218750 HTTP/1.1" 200 0 "-" "WordPress/6.6.2; https://remonster.online"
2a03:2880:f800:17:: - - [16/Jun/2025:12:41:29 -0400] "GET /shopdetail/253034018 HTTP/1.1" 301 0 "-" "meta-externalagent/1.1 (+https://developers.facebook.com/docs/sharing/webmasters/crawler)"
2a03:2880:f800:3:: - - [16/Jun/2025:12:41:35 -0400] "GET / HTTP/1.1" 200 10823 "-" "meta-externalagent/1.1 (+https://developers.facebook.com/docs/sharing/webmasters/crawler)"
2a03:2880:f800:1:: - - [16/Jun/2025:12:41:56 -0400] "GET /shopdetail/235186118 HTTP/1.1" 301 0 "-" "meta-externalagent/1.1 (+https://developers.facebook.com/docs/sharing/webmasters/crawler)"
2a03:2880:f800:b:: - - [16/Jun/2025:12:42:03 -0400] "GET / HTTP/1.1" 200 10858 "-" "meta-externalagent/1.1 (+https://developers.facebook.com/docs/sharing/webmasters/crawler)"
66.249.79.237 - - [16/Jun/2025:12:42:03 -0400] "GET /products/schiller/348708412.phtml HTTP/1.1" 200 24010 "-" "Mozilla/5.0 (Linux; Android 6.0.1; Nexus 5X Build/MMB29P) AppleWebKit/537.36 (KHTML, like Gecko) Chrome/136.0.7103.113 Mobile Safari/537.36 (compatible; Googlebot/2.1; +http://www.google.com/bot.html)"
4.227.36.118 - - [16/Jun/2025:12:42:17 -0400] "GET /robots.txt HTTP/1.1" 200 125 "http://mail.remonster.online/robots.txt" "Mozilla/5.0 AppleWebKit/537.36 (KHTML, like Gecko; compatible; GPTBot/1.2; +https://openai.com/gptbot)"
162.0.232.193 - - [16/Jun/2025:12:42:18 -0400] "POST /wp-cron.php?doing_wp_cron=1750092137.7540318965911865234375 HTTP/1.1" 200 0 "-" "WordPress/6.6.2; https://remonster.online"
2a03:2880:f800:11:: - - [16/Jun/2025:12:42:15 -0400] "GET /shopdetail/333192918 HTTP/1.1" 301 0 "-" "meta-externalagent/1.1 (+https://developers.facebook.com/docs/sharing/webmasters/crawler)"
2a03:2880:f800:8:: - - [16/Jun/2025:12:42:21 -0400] "GET / HTTP/1.1" 200 10823 "-" "meta-externalagent/1.1 (+https://developers.facebook.com/docs/sharing/webmasters/crawler)"
2a03:2880:f800:14:: - - [16/Jun/2025:12:42:19 -0400] "GET /shopdetail/111393418 HTTP/1.1" 301 0 "-" "meta-externalagent/1.1 (+https://developers.facebook.com/docs/sharing/webmasters/crawler)"
2a03:2880:f800:3:: - - [16/Jun/2025:12:42:24 -0400] "GET / HTTP/1.1" 200 10823 "-" "meta-externalagent/1.1 (+https://developers.facebook.com/docs/sharing/webmasters/crawler)"
20.171.207.36 - - [16/Jun/2025:12:42:25 -0400] "GET / HTTP/1.1" 200 10823 "-" "Mozilla/5.0 AppleWebKit/537.36 (KHTML, like Gecko; compatible; GPTBot/1.2; +https://openai.com/gptbot)"
20.171.207.36 - - [16/Jun/2025:12:42:25 -0400] "GET / HTTP/1.1" 200 10823 "-" "Mozilla/5.0 AppleWebKit/537.36 (KHTML, like Gecko; compatible; GPTBot/1.2; +https://openai.com/gptbot)"
20.171.207.36 - - [16/Jun/2025:12:42:25 -0400] "GET / HTTP/1.1" 200 10823 "-" "Mozilla/5.0 AppleWebKit/537.36 (KHTML, like Gecko; compatible; GPTBot/1.2; +https://openai.com/gptbot)"
20.171.207.36 - - [16/Jun/2025:12:42:25 -0400] "GET / HTTP/1.1" 200 10823 "-" "Mozilla/5.0 AppleWebKit/537.36 (KHTML, like Gecko; compatible; GPTBot/1.2; +https://openai.com/gptbot)"
20.171.207.119 - - [16/Jun/2025:12:42:25 -0400] "GET / HTTP/1.1" 301 0 "-" "Mozilla/5.0 AppleWebKit/537.36 (KHTML, like Gecko; compatible; GPTBot/1.2; +https://openai.com/gptbot)"
20.171.207.36 - - [16/Jun/2025:12:42:28 -0400] "GET / HTTP/1.1" 200 10823 "-" "Mozilla/5.0 AppleWebKit/537.36 (KHTML, like Gecko; compatible; GPTBot/1.2; +https://openai.com/gptbot)"
20.171.207.119 - - [16/Jun/2025:12:42:28 -0400] "GET / HTTP/1.1" 301 0 "-" "Mozilla/5.0 AppleWebKit/537.36 (KHTML, like Gecko; compatible; GPTBot/1.2; +https://openai.com/gptbot)"
2a03:2880:f800:a:: - - [16/Jun/2025:12:42:31 -0400] "GET /shopdetail/146128718 HTTP/1.1" 301 0 "-" "meta-externalagent/1.1 (+https://developers.facebook.com/docs/sharing/webmasters/crawler)"
2a03:2880:f800:4:: - - [16/Jun/2025:12:42:35 -0400] "GET / HTTP/1.1" 200 10823 "-" "meta-externalagent/1.1 (+https://developers.facebook.com/docs/sharing/webmasters/crawler)"
162.0.232.193 - - [16/Jun/2025:12:42:58 -0400] "POST /wp-cron.php?doing_wp_cron=1750092178.6383769512176513671875 HTTP/1.1" 200 0 "-" "WordPress/6.6.2; https://remonster.online"
2a03:2880:f800:4:: - - [16/Jun/2025:12:42:56 -0400] "GET /shopdetail/326823018 HTTP/1.1" 301 0 "-" "meta-externalagent/1.1 (+https://developers.facebook.com/docs/sharing/webmasters/crawler)"
2a03:2880:f800:12:: - - [16/Jun/2025:12:43:01 -0400] "GET / HTTP/1.1" 200 10823 "-" "meta-externalagent/1.1 (+https://developers.facebook.com/docs/sharing/webmasters/crawler)"
162.0.232.193 - - [16/Jun/2025:12:43:01 -0400] "GET /manga/re-monster-chapter-16/ HTTP/1.1" 200 17950 "-" "WP Rocket/Preload"
162.0.232.193 - - [16/Jun/2025:12:43:03 -0400] "GET /manga/re-monster-chapter-16/ HTTP/1.1" 200 17989 "-" "WP Rocket/Preload Mozilla/5.0 (iPhone; CPU iPhone OS 9_1 like Mac OS X) AppleWebKit/601.1.46 (KHTML, like Gecko) Version/9.0 Mobile/13B143 Safari/601.1"
162.0.232.193 - - [16/Jun/2025:12:43:05 -0400] "GET /manga/remonster-chapter-99/ HTTP/1.1" 200 0 "-" "WP Rocket/Preload"
162.0.232.193 - - [16/Jun/2025:12:43:06 -0400] "GET /manga/remonster-chapter-99/ HTTP/1.1" 200 15548 "-" "WP Rocket/Preload Mozilla/5.0 (iPhone; CPU iPhone OS 9_1 like Mac OS X) AppleWebKit/601.1.46 (KHTML, like Gecko) Version/9.0 Mobile/13B143 Safari/601.1"
2a03:2880:f800:f:: - - [16/Jun/2025:12:43:06 -0400] "GET /shopdetail/396646418 HTTP/1.1" 301 0 "-" "meta-externalagent/1.1 (+https://developers.facebook.com/docs/sharing/webmasters/crawler)"
2a03:2880:f800:e:: - - [16/Jun/2025:12:43:05 -0400] "GET /shopdetail/211609218 HTTP/1.1" 301 0 "-" "meta-externalagent/1.1 (+https://developers.facebook.com/docs/sharing/webmasters/crawler)"
162.0.232.193 - - [16/Jun/2025:12:43:07 -0400] "GET /manga/remonster-chapter-98/ HTTP/1.1" 200 0 "-" "WP Rocket/Preload"
162.0.232.193 - - [16/Jun/2025:12:43:09 -0400] "GET /manga/remonster-chapter-98/ HTTP/1.1" 200 15030 "-" "WP Rocket/Preload Mozilla/5.0 (iPhone; CPU iPhone OS 9_1 like Mac OS X) AppleWebKit/601.1.46 (KHTML, like Gecko) Version/9.0 Mobile/13B143 Safari/601.1"
2a03:2880:f800:5:: - - [16/Jun/2025:12:43:09 -0400] "GET / HTTP/1.1" 200 10858 "-" "meta-externalagent/1.1 (+https://developers.facebook.com/docs/sharing/webmasters/crawler)"
2a03:2880:f800:1d:: - - [16/Jun/2025:12:43:09 -0400] "GET / HTTP/1.1" 200 10823 "-" "meta-externalagent/1.1 (+https://developers.facebook.com/docs/sharing/webmasters/crawler)"
162.0.232.193 - - [16/Jun/2025:12:43:10 -0400] "GET /manga/re-monster-chapter--1/ HTTP/1.1" 200 0 "-" "WP Rocket/Preload"
2a03:2880:f800:8:: - - [16/Jun/2025:12:43:11 -0400] "GET /shopdetail/391177418 HTTP/1.1" 301 0 "-" "meta-externalagent/1.1 (+https://developers.facebook.com/docs/sharing/webmasters/crawler)"
162.0.232.193 - - [16/Jun/2025:12:43:12 -0400] "GET /manga/re-monster-chapter--1/ HTTP/1.1" 200 0 "-" "WP Rocket/Preload Mozilla/5.0 (iPhone; CPU iPhone OS 9_1 like Mac OS X) AppleWebKit/601.1.46 (KHTML, like Gecko) Version/9.0 Mobile/13B143 Safari/601.1"
2a03:2880:f800:1a:: - - [16/Jun/2025:12:43:13 -0400] "GET / HTTP/1.1" 200 10823 "-" "meta-externalagent/1.1 (+https://developers.facebook.com/docs/sharing/webmasters/crawler)"
162.0.232.193 - - [16/Jun/2025:12:43:13 -0400] "GET /manga/re-monster-chapter-64./ HTTP/1.1" 200 0 "-" "WP Rocket/Preload"
162.0.232.193 - - [16/Jun/2025:12:43:15 -0400] "GET /manga/re-monster-chapter-64./ HTTP/1.1" 200 0 "-" "WP Rocket/Preload Mozilla/5.0 (iPhone; CPU iPhone OS 9_1 like Mac OS X) AppleWebKit/601.1.46 (KHTML, like Gecko) Version/9.0 Mobile/13B143 Safari/601.1"
162.0.232.193 - - [16/Jun/2025:12:43:36 -0400] "POST /wp-cron.php?doing_wp_cron=1750092215.9604339599609375000000 HTTP/1.1" 200 0 "-" "WordPress/6.6.2; https://remonster.online"
2a03:2880:f800:1c:: - - [16/Jun/2025:12:43:34 -0400] "GET /shopdetail/195776718 HTTP/1.1" 301 0 "-" "meta-externalagent/1.1 (+https://developers.facebook.com/docs/sharing/webmasters/crawler)"
2a03:2880:f800:4:: - - [16/Jun/2025:12:43:39 -0400] "GET / HTTP/1.1" 200 10823 "-" "meta-externalagent/1.1 (+https://developers.facebook.com/docs/sharing/webmasters/crawler)"
2a03:2880:f800:1d:: - - [16/Jun/2025:12:43:41 -0400] "GET /shopdetail/255270118 HTTP/1.1" 301 0 "-" "meta-externalagent/1.1 (+https://developers.facebook.com/docs/sharing/webmasters/crawler)"
2a03:2880:f800:14:: - - [16/Jun/2025:12:43:45 -0400] "GET / HTTP/1.1" 200 10823 "-" "meta-externalagent/1.1 (+https://developers.facebook.com/docs/sharing/webmasters/crawler)"
2a03:2880:f800:2:: - - [16/Jun/2025:12:43:43 -0400] "GET /shopdetail/61434418 HTTP/1.1" 301 0 "-" "meta-externalagent/1.1 (+https://developers.facebook.com/docs/sharing/webmasters/crawler)"
162.0.232.193 - - [16/Jun/2025:12:43:45 -0400] "GET /manga/remonster-chapter-78/ HTTP/1.1" 200 0 "-" "WP Rocket/Preload"
162.0.232.193 - - [16/Jun/2025:12:43:47 -0400] "GET /manga/remonster-chapter-78/ HTTP/1.1" 200 0 "-" "WP Rocket/Preload Mozilla/5.0 (iPhone; CPU iPhone OS 9_1 like Mac OS X) AppleWebKit/601.1.46 (KHTML, like Gecko) Version/9.0 Mobile/13B143 Safari/601.1"
2a03:2880:f800:1d:: - - [16/Jun/2025:12:43:50 -0400] "GET / HTTP/1.1" 200 10823 "-" "meta-externalagent/1.1 (+https://developers.facebook.com/docs/sharing/webmasters/crawler)"
66.249.79.237 - - [16/Jun/2025:12:44:05 -0400] "GET /product/328853188.phtml HTTP/1.1" 200 24884 "-" "Mozilla/5.0 (Linux; Android 6.0.1; Nexus 5X Build/MMB29P) AppleWebKit/537.36 (KHTML, like Gecko) Chrome/136.0.7103.113 Mobile Safari/537.36 (compatible; Googlebot/2.1; +http://www.google.com/bot.html)"
66.249.79.237 - - [16/Jun/2025:12:44:10 -0400] "POST /get-message-notify HTTP/1.1" 200 24628 "https://remonster.online/product/328853188.phtml" "Mozilla/5.0 (Linux; Android 6.0.1; Nexus 5X Build/MMB29P) AppleWebKit/537.36 (KHTML, like Gecko) Chrome/136.0.7103.113 Mobile Safari/537.36 (compatible; Googlebot/2.1; +http://www.google.com/bot.html)"
162.0.232.193 - - [16/Jun/2025:12:44:20 -0400] "POST /wp-cron.php?doing_wp_cron=1750092260.4410951137542724609375 HTTP/1.1" 200 0 "-" "WordPress/6.6.2; https://remonster.online"
2a03:2880:f800:1d:: - - [16/Jun/2025:12:44:17 -0400] "GET /shopdetail/215118018 HTTP/1.1" 301 0 "-" "meta-externalagent/1.1 (+https://developers.facebook.com/docs/sharing/webmasters/crawler)"
2a03:2880:f800:3:: - - [16/Jun/2025:12:44:22 -0400] "GET / HTTP/1.1" 200 10823 "-" "meta-externalagent/1.1 (+https://developers.facebook.com/docs/sharing/webmasters/crawler)"
43.135.148.92 - - [16/Jun/2025:12:44:23 -0400] "GET /manga/remonster-chapter-84/ HTTP/1.1" 200 14073 "-" "Mozilla/5.0 (iPhone; CPU iPhone OS 13_2_3 like Mac OS X) AppleWebKit/605.1.15 (KHTML, like Gecko) Version/13.0.3 Mobile/15E148 Safari/604.1"
2a03:2880:f800:b:: - - [16/Jun/2025:12:44:25 -0400] "GET /shopdetail/387492318 HTTP/1.1" 301 0 "-" "meta-externalagent/1.1 (+https://developers.facebook.com/docs/sharing/webmasters/crawler)"
2a03:2880:f800:b:: - - [16/Jun/2025:12:44:28 -0400] "GET / HTTP/1.1" 200 10823 "-" "meta-externalagent/1.1 (+https://developers.facebook.com/docs/sharing/webmasters/crawler)"
2605:b100:d44:9b90:0:31:9545:ba01 - - [16/Jun/2025:12:44:58 -0400] "GET /manga/re-monster-chapter-40/ HTTP/1.1" 200 16994 "-" "Mozilla/5.0 (Linux; Android 10; K) AppleWebKit/537.36 (KHTML, like Gecko) Chrome/137.0.0.0 Mobile Safari/537.36"
2605:b100:d44:9b90:0:31:9545:ba01 - - [16/Jun/2025:12:44:58 -0400] "GET /tag/goblin/ HTTP/1.1" 301 0 "-" "Mozilla/5.0 (Linux; Android 10; K) AppleWebKit/537.36 (KHTML, like Gecko) Chrome/137.0.0.0 Mobile Safari/537.36"
162.0.232.193 - - [16/Jun/2025:12:45:06 -0400] "POST /wp-cron.php?doing_wp_cron=1750092305.8365950584411621093750 HTTP/1.1" 200 0 "-" "WordPress/6.6.2; https://remonster.online"
162.0.232.193 - - [16/Jun/2025:12:45:08 -0400] "POST /wp-admin/admin-ajax.php?action=as_async_request_queue_runner&nonce=8c43902f25 HTTP/1.1" 200 0 "-" "WordPress/6.6.2; https://remonster.online"
2605:b100:d44:9b90:0:31:9545:ba01 - - [16/Jun/2025:12:45:00 -0400] "POST /wp-admin/admin-ajax.php HTTP/1.1" 200 69 "https://remonster.online/manga/re-monster-chapter-40/" "Mozilla/5.0 (Linux; Android 10; K) AppleWebKit/537.36 (KHTML, like Gecko) Chrome/137.0.0.0 Mobile Safari/537.36"
162.0.232.193 - - [16/Jun/2025:12:45:10 -0400] "GET /manga/re-monster-chapter-2*/ HTTP/1.1" 200 18419 "-" "WP Rocket/Preload"
162.0.232.193 - - [16/Jun/2025:12:45:15 -0400] "GET /manga/re-monster-chapter-2*/ HTTP/1.1" 200 18404 "-" "WP Rocket/Preload Mozilla/5.0 (iPhone; CPU iPhone OS 9_1 like Mac OS X) AppleWebKit/601.1.46 (KHTML, like Gecko) Version/9.0 Mobile/13B143 Safari/601.1"
162.0.232.193 - - [16/Jun/2025:12:45:18 -0400] "POST /wp-cron.php?doing_wp_cron=1750092318.2011690139770507812500 HTTP/1.1" 200 0 "-" "WordPress/6.6.2; https://remonster.online"
162.0.232.193 - - [16/Jun/2025:12:45:18 -0400] "POST /wp-admin/admin-ajax.php?action=as_async_request_queue_runner&nonce=8c43902f25 HTTP/1.1" 200 0 "-" "WordPress/6.6.2; https://remonster.online"
162.0.232.193 - - [16/Jun/2025:12:45:18 -0400] "GET /manga/re-monster-chapter-4./ HTTP/1.1" 200 18349 "-" "WP Rocket/Preload"
162.0.232.193 - - [16/Jun/2025:12:45:19 -0400] "GET /manga/re-monster-chapter-4./ HTTP/1.1" 200 18342 "-" "WP Rocket/Preload Mozilla/5.0 (iPhone; CPU iPhone OS 9_1 like Mac OS X) AppleWebKit/601.1.46 (KHTML, like Gecko) Version/9.0 Mobile/13B143 Safari/601.1"
162.0.232.193 - - [16/Jun/2025:12:45:21 -0400] "GET /manga/re-monster-chapter-72./ HTTP/1.1" 200 0 "-" "WP Rocket/Preload"
162.0.232.193 - - [16/Jun/2025:12:45:22 -0400] "GET /manga/re-monster-chapter-72./ HTTP/1.1" 200 0 "-" "WP Rocket/Preload Mozilla/5.0 (iPhone; CPU iPhone OS 9_1 like Mac OS X) AppleWebKit/601.1.46 (KHTML, like Gecko) Version/9.0 Mobile/13B143 Safari/601.1"
162.0.232.193 - - [16/Jun/2025:12:45:24 -0400] "GET /manga/re-monster-chapter-50./ HTTP/1.1" 200 0 "-" "WP Rocket/Preload"
162.0.232.193 - - [16/Jun/2025:12:45:26 -0400] "GET /manga/re-monster-chapter-50./ HTTP/1.1" 200 0 "-" "WP Rocket/Preload Mozilla/5.0 (iPhone; CPU iPhone OS 9_1 like Mac OS X) AppleWebKit/601.1.46 (KHTML, like Gecko) Version/9.0 Mobile/13B143 Safari/601.1"
2605:b100:d44:9b90:0:31:9545:ba01 - - [16/Jun/2025:12:45:27 -0400] "GET /tag/webcomic/ HTTP/1.1" 301 0 "-" "Mozilla/5.0 (Linux; Android 10; K) AppleWebKit/537.36 (KHTML, like Gecko) Chrome/137.0.0.0 Mobile Safari/537.36"
162.0.232.193 - - [16/Jun/2025:12:45:28 -0400] "GET /manga/re-monster-chapter-49./ HTTP/1.1" 200 0 "-" "WP Rocket/Preload"
2a03:2880:f800:1d:: - - [16/Jun/2025:12:45:26 -0400] "GET /shopdetail/194719418 HTTP/1.1" 301 0 "-" "meta-externalagent/1.1 (+https://developers.facebook.com/docs/sharing/webmasters/crawler)"
162.0.232.193 - - [16/Jun/2025:12:45:29 -0400] "GET /manga/re-monster-chapter-49./ HTTP/1.1" 200 0 "-" "WP Rocket/Preload Mozilla/5.0 (iPhone; CPU iPhone OS 9_1 like Mac OS X) AppleWebKit/601.1.46 (KHTML, like Gecko) Version/9.0 Mobile/13B143 Safari/601.1"
2a03:2880:f800:2:: - - [16/Jun/2025:12:45:30 -0400] "GET / HTTP/1.1" 200 10823 "-" "meta-externalagent/1.1 (+https://developers.facebook.com/docs/sharing/webmasters/crawler)"
162.0.232.193 - - [16/Jun/2025:12:45:31 -0400] "GET /manga/re-monster-chapter-1/ HTTP/1.1" 200 0 "-" "WP Rocket/Preload"
58.8.156.4 - - [16/Jun/2025:12:45:32 -0400] "GET /category/remonster/ HTTP/1.1" 200 24904 "https://remonster.online/manga/re-monster-chapter-56/" "Mozilla/5.0 (Windows NT 10.0; Win64; x64) AppleWebKit/537.36 (KHTML, like Gecko) Chrome/137.0.0.0 Safari/537.36"
162.0.232.193 - - [16/Jun/2025:12:45:33 -0400] "POST /wp-cron.php?doing_wp_cron=1750092332.4445550441741943359375 HTTP/1.1" 200 0 "-" "WordPress/6.6.2; https://remonster.online"
162.0.232.193 - - [16/Jun/2025:12:45:32 -0400] "GET /manga/re-monster-chapter-1/ HTTP/1.1" 200 18363 "-" "WP Rocket/Preload Mozilla/5.0 (iPhone; CPU iPhone OS 9_1 like Mac OS X) AppleWebKit/601.1.46 (KHTML, like Gecko) Version/9.0 Mobile/13B143 Safari/601.1"
2605:b100:d44:9b90:0:31:9545:ba01 - - [16/Jun/2025:12:45:29 -0400] "POST /wp-admin/admin-ajax.php HTTP/1.1" 200 69 "https://remonster.online/manga/re-monster-chapter-40/" "Mozilla/5.0 (Linux; Android 10; K) AppleWebKit/537.36 (KHTML, like Gecko) Chrome/137.0.0.0 Mobile Safari/537.36"
162.0.232.193 - - [16/Jun/2025:12:45:34 -0400] "GET /manga/remonster-chapter-103/ HTTP/1.1" 200 0 "-" "WP Rocket/Preload"
162.0.232.193 - - [16/Jun/2025:12:45:36 -0400] "GET /manga/remonster-chapter-103/ HTTP/1.1" 200 15033 "-" "WP Rocket/Preload Mozilla/5.0 (iPhone; CPU iPhone OS 9_1 like Mac OS X) AppleWebKit/601.1.46 (KHTML, like Gecko) Version/9.0 Mobile/13B143 Safari/601.1"
162.0.232.193 - - [16/Jun/2025:12:45:37 -0400] "GET /manga/remonster-chapter-80/ HTTP/1.1" 200 0 "-" "WP Rocket/Preload"
162.0.232.193 - - [16/Jun/2025:12:45:39 -0400] "GET /manga/remonster-chapter-80/ HTTP/1.1" 200 0 "-" "WP Rocket/Preload Mozilla/5.0 (iPhone; CPU iPhone OS 9_1 like Mac OS X) AppleWebKit/601.1.46 (KHTML, like Gecko) Version/9.0 Mobile/13B143 Safari/601.1"
162.0.232.193 - - [16/Jun/2025:12:45:46 -0400] "POST /wp-admin/admin-ajax.php?action=as_async_request_queue_runner&nonce=8c43902f25 HTTP/1.1" 200 0 "-" "WordPress/6.6.2; https://remonster.online"
162.0.232.193 - - [16/Jun/2025:12:45:49 -0400] "GET /manga/re-monster-chapter-73/ HTTP/1.1" 200 0 "-" "WP Rocket/Preload"
162.0.232.193 - - [16/Jun/2025:12:45:51 -0400] "GET /manga/re-monster-chapter-73/ HTTP/1.1" 200 17442 "-" "WP Rocket/Preload Mozilla/5.0 (iPhone; CPU iPhone OS 9_1 like Mac OS X) AppleWebKit/601.1.46 (KHTML, like Gecko) Version/9.0 Mobile/13B143 Safari/601.1"
162.0.232.193 - - [16/Jun/2025:12:45:52 -0400] "GET /manga/re-monster-chapter-74/ HTTP/1.1" 200 0 "-" "WP Rocket/Preload"
162.0.232.193 - - [16/Jun/2025:12:45:54 -0400] "GET /manga/re-monster-chapter-74/ HTTP/1.1" 200 0 "-" "WP Rocket/Preload Mozilla/5.0 (iPhone; CPU iPhone OS 9_1 like Mac OS X) AppleWebKit/601.1.46 (KHTML, like Gecko) Version/9.0 Mobile/13B143 Safari/601.1"
162.0.232.193 - - [16/Jun/2025:12:45:56 -0400] "GET /manga/remonster-chapter-76/ HTTP/1.1" 200 0 "-" "WP Rocket/Preload"
162.0.232.193 - - [16/Jun/2025:12:45:57 -0400] "GET /manga/remonster-chapter-76/ HTTP/1.1" 200 0 "-" "WP Rocket/Preload Mozilla/5.0 (iPhone; CPU iPhone OS 9_1 like Mac OS X) AppleWebKit/601.1.46 (KHTML, like Gecko) Version/9.0 Mobile/13B143 Safari/601.1"
162.0.232.193 - - [16/Jun/2025:12:45:59 -0400] "GET /manga/remonster-chapter-75/ HTTP/1.1" 200 0 "-" "WP Rocket/Preload"
162.0.232.193 - - [16/Jun/2025:12:46:00 -0400] "GET /manga/remonster-chapter-75/ HTTP/1.1" 200 0 "-" "WP Rocket/Preload Mozilla/5.0 (iPhone; CPU iPhone OS 9_1 like Mac OS X) AppleWebKit/601.1.46 (KHTML, like Gecko) Version/9.0 Mobile/13B143 Safari/601.1"
162.0.232.193 - - [16/Jun/2025:12:46:02 -0400] "GET /manga/remonster-chapter-79/ HTTP/1.1" 200 0 "-" "WP Rocket/Preload"
162.0.232.193 - - [16/Jun/2025:12:46:03 -0400] "GET /manga/remonster-chapter-79/ HTTP/1.1" 200 0 "-" "WP Rocket/Preload Mozilla/5.0 (iPhone; CPU iPhone OS 9_1 like Mac OS X) AppleWebKit/601.1.46 (KHTML, like Gecko) Version/9.0 Mobile/13B143 Safari/601.1"
66.249.79.236 - - [16/Jun/2025:12:46:06 -0400] "GET /items/feudally/348731132.phtml HTTP/1.1" 200 23976 "-" "Mozilla/5.0 (Linux; Android 6.0.1; Nexus 5X Build/MMB29P) AppleWebKit/537.36 (KHTML, like Gecko) Chrome/136.0.7103.113 Mobile Safari/537.36 (compatible; Googlebot/2.1; +http://www.google.com/bot.html)"
2a03:2880:f800:a:: - - [16/Jun/2025:12:46:05 -0400] "GET /shopdetail/365123018 HTTP/1.1" 301 0 "-" "meta-externalagent/1.1 (+https://developers.facebook.com/docs/sharing/webmasters/crawler)"
2a03:2880:f800:3:: - - [16/Jun/2025:12:46:10 -0400] "GET / HTTP/1.1" 200 10823 "-" "meta-externalagent/1.1 (+https://developers.facebook.com/docs/sharing/webmasters/crawler)"
162.0.232.193 - - [16/Jun/2025:12:46:10 -0400] "POST /wp-admin/admin-ajax.php?action=as_async_request_queue_runner&nonce=8c43902f25 HTTP/1.1" 200 0 "-" "WordPress/6.6.2; https://remonster.online"
162.0.232.193 - - [16/Jun/2025:12:46:12 -0400] "GET /manga/re-monster-chapter-47./ HTTP/1.1" 200 0 "-" "WP Rocket/Preload"
162.0.232.193 - - [16/Jun/2025:12:46:14 -0400] "GET /manga/re-monster-chapter-47./ HTTP/1.1" 200 0 "-" "WP Rocket/Preload Mozilla/5.0 (iPhone; CPU iPhone OS 9_1 like Mac OS X) AppleWebKit/601.1.46 (KHTML, like Gecko) Version/9.0 Mobile/13B143 Safari/601.1"
162.0.232.193 - - [16/Jun/2025:12:46:16 -0400] "GET /manga/re-monster-chapter-70/ HTTP/1.1" 200 18156 "-" "WP Rocket/Preload"
162.0.232.193 - - [16/Jun/2025:12:46:17 -0400] "GET /manga/re-monster-chapter-70/ HTTP/1.1" 200 0 "-" "WP Rocket/Preload Mozilla/5.0 (iPhone; CPU iPhone OS 9_1 like Mac OS X) AppleWebKit/601.1.46 (KHTML, like Gecko) Version/9.0 Mobile/13B143 Safari/601.1"
162.0.232.193 - - [16/Jun/2025:12:46:18 -0400] "POST /wp-cron.php?doing_wp_cron=1750092378.5512011051177978515625 HTTP/1.1" 200 0 "-" "WordPress/6.6.2; https://remonster.online"
162.0.232.193 - - [16/Jun/2025:12:46:19 -0400] "GET /manga/re-monster-chapter-71/ HTTP/1.1" 200 17689 "-" "WP Rocket/Preload"
162.0.232.193 - - [16/Jun/2025:12:46:24 -0400] "GET /manga/re-monster-chapter-71/ HTTP/1.1" 200 0 "-" "WP Rocket/Preload Mozilla/5.0 (iPhone; CPU iPhone OS 9_1 like Mac OS X) AppleWebKit/601.1.46 (KHTML, like Gecko) Version/9.0 Mobile/13B143 Safari/601.1"
162.0.232.193 - - [16/Jun/2025:12:46:25 -0400] "GET /manga/re-monster-chapter-60/ HTTP/1.1" 200 0 "-" "WP Rocket/Preload"
162.0.232.193 - - [16/Jun/2025:12:46:27 -0400] "GET /manga/re-monster-chapter-60/ HTTP/1.1" 200 0 "-" "WP Rocket/Preload Mozilla/5.0 (iPhone; CPU iPhone OS 9_1 like Mac OS X) AppleWebKit/601.1.46 (KHTML, like Gecko) Version/9.0 Mobile/13B143 Safari/601.1"
162.0.232.193 - - [16/Jun/2025:12:46:34 -0400] "POST /wp-admin/admin-ajax.php?action=as_async_request_queue_runner&nonce=8c43902f25 HTTP/1.1" 200 0 "-" "WordPress/6.6.2; https://remonster.online"
162.0.232.193 - - [16/Jun/2025:12:46:36 -0400] "POST /wp-cron.php?doing_wp_cron=1750092396.4440701007843017578125 HTTP/1.1" 200 0 "-" "WordPress/6.6.2; https://remonster.online"
162.0.232.193 - - [16/Jun/2025:12:46:38 -0400] "GET /manga/re-monster-chapter-61/ HTTP/1.1" 200 0 "-" "WP Rocket/Preload"
162.0.232.193 - - [16/Jun/2025:12:46:39 -0400] "GET /manga/re-monster-chapter-61/ HTTP/1.1" 200 0 "-" "WP Rocket/Preload Mozilla/5.0 (iPhone; CPU iPhone OS 9_1 like Mac OS X) AppleWebKit/601.1.46 (KHTML, like Gecko) Version/9.0 Mobile/13B143 Safari/601.1"
162.0.232.193 - - [16/Jun/2025:12:46:41 -0400] "GET /manga/re-monster-chapter-65/ HTTP/1.1" 200 0 "-" "WP Rocket/Preload"
162.0.232.193 - - [16/Jun/2025:12:46:43 -0400] "GET /manga/re-monster-chapter-65/ HTTP/1.1" 200 17803 "-" "WP Rocket/Preload Mozilla/5.0 (iPhone; CPU iPhone OS 9_1 like Mac OS X) AppleWebKit/601.1.46 (KHTML, like Gecko) Version/9.0 Mobile/13B143 Safari/601.1"
162.0.232.193 - - [16/Jun/2025:12:46:44 -0400] "GET /manga/re-monster-chapter-58/ HTTP/1.1" 200 0 "-" "WP Rocket/Preload"
162.0.232.193 - - [16/Jun/2025:12:46:45 -0400] "GET /manga/re-monster-chapter-58/ HTTP/1.1" 200 0 "-" "WP Rocket/Preload Mozilla/5.0 (iPhone; CPU iPhone OS 9_1 like Mac OS X) AppleWebKit/601.1.46 (KHTML, like Gecko) Version/9.0 Mobile/13B143 Safari/601.1"
162.0.232.193 - - [16/Jun/2025:12:46:47 -0400] "GET /manga/re-monster-chapter-54/ HTTP/1.1" 200 0 "-" "WP Rocket/Preload"
162.0.232.193 - - [16/Jun/2025:12:46:49 -0400] "GET /manga/re-monster-chapter-54/ HTTP/1.1" 200 0 "-" "WP Rocket/Preload Mozilla/5.0 (iPhone; CPU iPhone OS 9_1 like Mac OS X) AppleWebKit/601.1.46 (KHTML, like Gecko) Version/9.0 Mobile/13B143 Safari/601.1"
162.0.232.193 - - [16/Jun/2025:12:46:51 -0400] "GET /manga/re-monster-chapter-56/ HTTP/1.1" 200 0 "-" "WP Rocket/Preload"
162.0.232.193 - - [16/Jun/2025:12:46:52 -0400] "GET /manga/re-monster-chapter-56/ HTTP/1.1" 200 0 "-" "WP Rocket/Preload Mozilla/5.0 (iPhone; CPU iPhone OS 9_1 like Mac OS X) AppleWebKit/601.1.46 (KHTML, like Gecko) Version/9.0 Mobile/13B143 Safari/601.1"
162.0.232.193 - - [16/Jun/2025:12:46:59 -0400] "POST /wp-admin/admin-ajax.php?action=as_async_request_queue_runner&nonce=8c43902f25 HTTP/1.1" 200 0 "-" "WordPress/6.6.2; https://remonster.online"
162.0.232.193 - - [16/Jun/2025:12:47:02 -0400] "GET /manga/re-monster-chapter-59/ HTTP/1.1" 200 0 "-" "WP Rocket/Preload"
162.0.232.193 - - [16/Jun/2025:12:47:04 -0400] "GET /manga/re-monster-chapter-59/ HTTP/1.1" 200 0 "-" "WP Rocket/Preload Mozilla/5.0 (iPhone; CPU iPhone OS 9_1 like Mac OS X) AppleWebKit/601.1.46 (KHTML, like Gecko) Version/9.0 Mobile/13B143 Safari/601.1"
162.0.232.193 - - [16/Jun/2025:12:47:05 -0400] "GET /manga/re-monster-chapter-47/ HTTP/1.1" 200 0 "-" "WP Rocket/Preload"
162.0.232.193 - - [16/Jun/2025:12:47:07 -0400] "GET /manga/re-monster-chapter-47/ HTTP/1.1" 200 0 "-" "WP Rocket/Preload Mozilla/5.0 (iPhone; CPU iPhone OS 9_1 like Mac OS X) AppleWebKit/601.1.46 (KHTML, like Gecko) Version/9.0 Mobile/13B143 Safari/601.1"
162.0.232.193 - - [16/Jun/2025:12:47:09 -0400] "GET /manga/re-monster-chapter-48/ HTTP/1.1" 200 0 "-" "WP Rocket/Preload"
162.0.232.193 - - [16/Jun/2025:12:47:11 -0400] "GET /manga/re-monster-chapter-48/ HTTP/1.1" 200 17416 "-" "WP Rocket/Preload Mozilla/5.0 (iPhone; CPU iPhone OS 9_1 like Mac OS X) AppleWebKit/601.1.46 (KHTML, like Gecko) Version/9.0 Mobile/13B143 Safari/601.1"
162.0.232.193 - - [16/Jun/2025:12:47:12 -0400] "GET /manga/re-monster-chapter-49/ HTTP/1.1" 200 0 "-" "WP Rocket/Preload"
162.0.232.193 - - [16/Jun/2025:12:47:14 -0400] "GET /manga/re-monster-chapter-49/ HTTP/1.1" 200 17402 "-" "WP Rocket/Preload Mozilla/5.0 (iPhone; CPU iPhone OS 9_1 like Mac OS X) AppleWebKit/601.1.46 (KHTML, like Gecko) Version/9.0 Mobile/13B143 Safari/601.1"
162.0.232.193 - - [16/Jun/2025:12:47:15 -0400] "GET /manga/re-monster-chapter-57/ HTTP/1.1" 200 0 "-" "WP Rocket/Preload"
162.0.232.193 - - [16/Jun/2025:12:47:17 -0400] "GET /manga/re-monster-chapter-57/ HTTP/1.1" 200 0 "-" "WP Rocket/Preload Mozilla/5.0 (iPhone; CPU iPhone OS 9_1 like Mac OS X) AppleWebKit/601.1.46 (KHTML, like Gecko) Version/9.0 Mobile/13B143 Safari/601.1"
162.0.232.193 - - [16/Jun/2025:12:47:18 -0400] "POST /wp-cron.php?doing_wp_cron=1750092438.3514978885650634765625 HTTP/1.1" 200 0 "-" "WordPress/6.6.2; https://remonster.online"
162.0.232.193 - - [16/Jun/2025:12:47:18 -0400] "GET /manga/re-monster-chapter-46/ HTTP/1.1" 200 0 "-" "WP Rocket/Preload"
162.0.232.193 - - [16/Jun/2025:12:47:20 -0400] "GET /manga/re-monster-chapter-46/ HTTP/1.1" 200 0 "-" "WP Rocket/Preload Mozilla/5.0 (iPhone; CPU iPhone OS 9_1 like Mac OS X) AppleWebKit/601.1.46 (KHTML, like Gecko) Version/9.0 Mobile/13B143 Safari/601.1"
162.0.232.193 - - [16/Jun/2025:12:47:27 -0400] "POST /wp-admin/admin-ajax.php?action=as_async_request_queue_runner&nonce=8c43902f25 HTTP/1.1" 200 0 "-" "WordPress/6.6.2; https://remonster.online"
2a03:2880:f800:9:: - - [16/Jun/2025:12:47:28 -0400] "GET /shopdetail/108055318 HTTP/1.1" 301 0 "-" "meta-externalagent/1.1 (+https://developers.facebook.com/docs/sharing/webmasters/crawler)"
2a03:2880:f800:b:: - - [16/Jun/2025:12:47:32 -0400] "GET / HTTP/1.1" 200 10858 "-" "meta-externalagent/1.1 (+https://developers.facebook.com/docs/sharing/webmasters/crawler)"
162.0.232.193 - - [16/Jun/2025:12:47:29 -0400] "GET /manga/re-monster-chapter-34/ HTTP/1.1" 200 16901 "-" "WP Rocket/Preload"
162.0.232.193 - - [16/Jun/2025:12:47:34 -0400] "GET /manga/re-monster-chapter-34/ HTTP/1.1" 200 0 "-" "WP Rocket/Preload Mozilla/5.0 (iPhone; CPU iPhone OS 9_1 like Mac OS X) AppleWebKit/601.1.46 (KHTML, like Gecko) Version/9.0 Mobile/13B143 Safari/601.1"
162.0.232.193 - - [16/Jun/2025:12:47:37 -0400] "POST /wp-cron.php?doing_wp_cron=1750092457.4366509914398193359375 HTTP/1.1" 200 0 "-" "WordPress/6.6.2; https://remonster.online"
162.0.232.193 - - [16/Jun/2025:12:47:39 -0400] "GET /manga/re-monster-chapter-35/ HTTP/1.1" 200 0 "-" "WP Rocket/Preload"
162.0.232.193 - - [16/Jun/2025:12:47:40 -0400] "GET /manga/re-monster-chapter-35/ HTTP/1.1" 200 0 "-" "WP Rocket/Preload Mozilla/5.0 (iPhone; CPU iPhone OS 9_1 like Mac OS X) AppleWebKit/601.1.46 (KHTML, like Gecko) Version/9.0 Mobile/13B143 Safari/601.1"
162.0.232.193 - - [16/Jun/2025:12:47:42 -0400] "GET /manga/re-monster-chapter-36/ HTTP/1.1" 200 0 "-" "WP Rocket/Preload"
162.0.232.193 - - [16/Jun/2025:12:47:44 -0400] "GET /manga/re-monster-chapter-36/ HTTP/1.1" 200 0 "-" "WP Rocket/Preload Mozilla/5.0 (iPhone; CPU iPhone OS 9_1 like Mac OS X) AppleWebKit/601.1.46 (KHTML, like Gecko) Version/9.0 Mobile/13B143 Safari/601.1"
162.0.232.193 - - [16/Jun/2025:12:47:45 -0400] "GET /manga/re-monster-chapter-38/ HTTP/1.1" 200 0 "-" "WP Rocket/Preload"
162.0.232.193 - - [16/Jun/2025:12:47:47 -0400] "GET /manga/re-monster-chapter-38/ HTTP/1.1" 200 0 "-" "WP Rocket/Preload Mozilla/5.0 (iPhone; CPU iPhone OS 9_1 like Mac OS X) AppleWebKit/601.1.46 (KHTML, like Gecko) Version/9.0 Mobile/13B143 Safari/601.1"
162.0.232.193 - - [16/Jun/2025:12:47:48 -0400] "GET /manga/re-monster-chapter-28/ HTTP/1.1" 200 0 "-" "WP Rocket/Preload"
162.0.232.193 - - [16/Jun/2025:12:47:50 -0400] "GET /manga/re-monster-chapter-28/ HTTP/1.1" 200 0 "-" "WP Rocket/Preload Mozilla/5.0 (iPhone; CPU iPhone OS 9_1 like Mac OS X) AppleWebKit/601.1.46 (KHTML, like Gecko) Version/9.0 Mobile/13B143 Safari/601.1"
162.0.232.193 - - [16/Jun/2025:12:47:52 -0400] "GET /manga/re-monster-chapter-29/ HTTP/1.1" 200 0 "-" "WP Rocket/Preload"
162.0.232.193 - - [16/Jun/2025:12:47:53 -0400] "GET /manga/re-monster-chapter-29/ HTTP/1.1" 200 0 "-" "WP Rocket/Preload Mozilla/5.0 (iPhone; CPU iPhone OS 9_1 like Mac OS X) AppleWebKit/601.1.46 (KHTML, like Gecko) Version/9.0 Mobile/13B143 Safari/601.1"
162.0.232.193 - - [16/Jun/2025:12:47:55 -0400] "GET /manga/re-monster-chapter-30/ HTTP/1.1" 200 0 "-" "WP Rocket/Preload"
162.0.232.193 - - [16/Jun/2025:12:47:56 -0400] "GET /manga/re-monster-chapter-30/ HTTP/1.1" 200 0 "-" "WP Rocket/Preload Mozilla/5.0 (iPhone; CPU iPhone OS 9_1 like Mac OS X) AppleWebKit/601.1.46 (KHTML, like Gecko) Version/9.0 Mobile/13B143 Safari/601.1"
162.0.232.193 - - [16/Jun/2025:12:47:58 -0400] "GET /manga/re-monster-chapter-31/ HTTP/1.1" 200 0 "-" "WP Rocket/Preload"
162.0.232.193 - - [16/Jun/2025:12:48:00 -0400] "GET /manga/re-monster-chapter-31/ HTTP/1.1" 200 0 "-" "WP Rocket/Preload Mozilla/5.0 (iPhone; CPU iPhone OS 9_1 like Mac OS X) AppleWebKit/601.1.46 (KHTML, like Gecko) Version/9.0 Mobile/13B143 Safari/601.1"
2a03:2880:f800:17:: - - [16/Jun/2025:12:48:03 -0400] "GET /shopdetail/422883018 HTTP/1.1" 301 0 "-" "meta-externalagent/1.1 (+https://developers.facebook.com/docs/sharing/webmasters/crawler)"
2a03:2880:f800:19:: - - [16/Jun/2025:12:48:07 -0400] "GET / HTTP/1.1" 200 10823 "-" "meta-externalagent/1.1 (+https://developers.facebook.com/docs/sharing/webmasters/crawler)"
2a02:8109:9c93:8a00:c62d:3e9f:1cc7:f419 - - [16/Jun/2025:12:49:17 -0400] "GET /manga/re-monster-chapter-53/ HTTP/1.1" 200 17373 "https://remonster.online/manga/re-monster-chapter-52/" "Mozilla/5.0 (Android 15; Mobile; rv:139.0) Gecko/139.0 Firefox/139.0"
