2a03:2880:f800:11:: - - [16/Jun/2025:10:24:07 -0400] "GET /shopdetail/269026718 HTTP/1.1" 301 0 "-" "meta-externalagent/1.1 (+https://developers.facebook.com/docs/sharing/webmasters/crawler)"
2003:d8:9f4c:f000:ac1c:5c62:2e22:25bf - - [16/Jun/2025:10:24:08 -0400] "GET /manga/re-monster-chapter-59/ HTTP/1.1" 200 17413 "-" "Mozilla/5.0 (Linux; Android 10; K) AppleWebKit/537.36 (KHTML, like Gecko) Chrome/137.0.0.0 Mobile Safari/537.36"
103.170.62.79 - - [16/Jun/2025:10:24:08 -0400] "GET /manga/re-monster-chapter-21/ HTTP/1.1" 200 16484 "-" "Mozilla/5.0 (Linux; Android 10; K) AppleWebKit/537.36 (KHTML, like Gecko) Chrome/137.0.0.0 Mobile Safari/537.36"
2003:d8:9f4c:f000:ac1c:5c62:2e22:25bf - - [16/Jun/2025:10:24:08 -0400] "GET /tag/sei/ HTTP/1.1" 301 0 "-" "Mozilla/5.0 (Linux; Android 10; K) AppleWebKit/537.36 (KHTML, like Gecko) Chrome/137.0.0.0 Mobile Safari/537.36"
2a03:2880:f800:1d:: - - [16/Jun/2025:10:24:09 -0400] "GET / HTTP/1.1" 200 10823 "-" "meta-externalagent/1.1 (+https://developers.facebook.com/docs/sharing/webmasters/crawler)"
2a03:2880:f800:2:: - - [16/Jun/2025:10:24:09 -0400] "GET / HTTP/1.1" 200 10823 "-" "meta-externalagent/1.1 (+https://developers.facebook.com/docs/sharing/webmasters/crawler)"
103.170.62.79 - - [16/Jun/2025:10:24:09 -0400] "POST /wp-admin/admin-ajax.php HTTP/1.1" 200 69 "https://remonster.online/manga/re-monster-chapter-21/" "Mozilla/5.0 (Linux; Android 10; K) AppleWebKit/537.36 (KHTML, like Gecko) Chrome/137.0.0.0 Mobile Safari/537.36"
66.249.79.238 - - [16/Jun/2025:10:24:27 -0400] "GET /detail/stepchild48059674.phtml HTTP/1.1" 200 24561 "-" "Mozilla/5.0 (Linux; Android 6.0.1; Nexus 5X Build/MMB29P) AppleWebKit/537.36 (KHTML, like Gecko) Chrome/136.0.7103.113 Mobile Safari/537.36 (compatible; Googlebot/2.1; +http://www.google.com/bot.html)"
66.249.79.236 - - [16/Jun/2025:10:24:31 -0400] "POST /get-message-notify HTTP/1.1" 200 24574 "https://remonster.online/detail/stepchild48059674.phtml" "Mozilla/5.0 (Linux; Android 6.0.1; Nexus 5X Build/MMB29P) AppleWebKit/537.36 (KHTML, like Gecko) Chrome/136.0.7103.113 Mobile Safari/537.36 (compatible; Googlebot/2.1; +http://www.google.com/bot.html)"
162.0.232.193 - - [16/Jun/2025:10:24:44 -0400] "POST /wp-cron.php?doing_wp_cron=1750083883.9427239894866943359375 HTTP/1.1" 200 0 "-" "WordPress/6.6.2; https://remonster.online"
2a03:2880:f800:6:: - - [16/Jun/2025:10:24:42 -0400] "GET /shopdetail/86837918 HTTP/1.1" 301 0 "-" "meta-externalagent/1.1 (+https://developers.facebook.com/docs/sharing/webmasters/crawler)"
2a03:2880:f800:17:: - - [16/Jun/2025:10:24:46 -0400] "GET / HTTP/1.1" 200 10823 "-" "meta-externalagent/1.1 (+https://developers.facebook.com/docs/sharing/webmasters/crawler)"
66.249.79.237 - - [16/Jun/2025:10:25:28 -0400] "GET /detail/378179000.phtml HTTP/1.1" 200 23931 "-" "Mozilla/5.0 (Linux; Android 6.0.1; Nexus 5X Build/MMB29P) AppleWebKit/537.36 (KHTML, like Gecko) Chrome/136.0.7103.113 Mobile Safari/537.36 (compatible; Googlebot/2.1; +http://www.google.com/bot.html)"
162.0.232.193 - - [16/Jun/2025:10:25:44 -0400] "POST /wp-cron.php?doing_wp_cron=1750083944.2478680610656738281250 HTTP/1.1" 200 0 "-" "WordPress/6.6.2; https://remonster.online"
2a03:2880:f800:2:: - - [16/Jun/2025:10:25:43 -0400] "GET /shopdetail/181346518 HTTP/1.1" 301 0 "-" "meta-externalagent/1.1 (+https://developers.facebook.com/docs/sharing/webmasters/crawler)"
223.18.238.180 - - [16/Jun/2025:10:25:45 -0400] "GET /manga/remonster-chapter-78/ HTTP/1.1" 200 16736 "https://www.google.com/" "Mozilla/5.0 (Windows NT 10.0; Win64; x64) AppleWebKit/537.36 (KHTML, like Gecko) Chrome/137.0.0.0 Safari/537.36"
223.18.238.180 - - [16/Jun/2025:10:25:46 -0400] "GET /wp-content/themes/toivo-lite/style.css?ver=1.2.0 HTTP/1.1" 200 13718 "https://remonster.online/manga/remonster-chapter-78/" "Mozilla/5.0 (Windows NT 10.0; Win64; x64) AppleWebKit/537.36 (KHTML, like Gecko) Chrome/137.0.0.0 Safari/537.36"
223.18.238.180 - - [16/Jun/2025:10:25:46 -0400] "GET /wp-content/plugins/simple-social-buttons/assets/js/frontend-blocks.js?ver=5.3.1 HTTP/1.1" 304 0 "https://remonster.online/manga/remonster-chapter-78/" "Mozilla/5.0 (Windows NT 10.0; Win64; x64) AppleWebKit/537.36 (KHTML, like Gecko) Chrome/137.0.0.0 Safari/537.36"
223.18.238.180 - - [16/Jun/2025:10:25:49 -0400] "GET /wp-content/plugins/disqus-comment-system/public/js/comment_count.js?ver=3.1.2 HTTP/1.1" 304 0 "https://remonster.online/manga/remonster-chapter-78/" "Mozilla/5.0 (Windows NT 10.0; Win64; x64) AppleWebKit/537.36 (KHTML, like Gecko) Chrome/137.0.0.0 Safari/537.36"
223.18.238.180 - - [16/Jun/2025:10:25:49 -0400] "GET /wp-content/themes/toivo-lite/js/settings.min.js?ver=1.2.0 HTTP/1.1" 304 0 "https://remonster.online/manga/remonster-chapter-78/" "Mozilla/5.0 (Windows NT 10.0; Win64; x64) AppleWebKit/537.36 (KHTML, like Gecko) Chrome/137.0.0.0 Safari/537.36"
223.18.238.180 - - [16/Jun/2025:10:25:49 -0400] "GET /wp-content/plugins/comic-easel/js/keynav.js HTTP/1.1" 304 0 "https://remonster.online/manga/remonster-chapter-78/" "Mozilla/5.0 (Windows NT 10.0; Win64; x64) AppleWebKit/537.36 (KHTML, like Gecko) Chrome/137.0.0.0 Safari/537.36"
223.18.238.180 - - [16/Jun/2025:10:25:49 -0400] "GET /wp-content/plugins/disqus-comment-system/public/js/comment_embed.js?ver=3.1.2 HTTP/1.1" 304 0 "https://remonster.online/manga/remonster-chapter-78/" "Mozilla/5.0 (Windows NT 10.0; Win64; x64) AppleWebKit/537.36 (KHTML, like Gecko) Chrome/137.0.0.0 Safari/537.36"
223.18.238.180 - - [16/Jun/2025:10:25:49 -0400] "GET /wp-content/themes/toivo-lite/js/functions.min.js?ver=1.2.0 HTTP/1.1" 304 0 "https://remonster.online/manga/remonster-chapter-78/" "Mozilla/5.0 (Windows NT 10.0; Win64; x64) AppleWebKit/537.36 (KHTML, like Gecko) Chrome/137.0.0.0 Safari/537.36"
223.18.238.180 - - [16/Jun/2025:10:25:49 -0400] "GET /manga/re-monster-chapter-1/ HTTP/1.1" 200 17994 "https://remonster.online/manga/remonster-chapter-78/" "Mozilla/5.0 (Windows NT 10.0; Win64; x64) AppleWebKit/537.36 (KHTML, like Gecko) Chrome/137.0.0.0 Safari/537.36"
223.18.238.180 - - [16/Jun/2025:10:25:52 -0400] "GET /wp-content/uploads/2021/11/cropped-CeDzRGZ-32x32.png HTTP/1.1" 200 2410 "https://remonster.online/manga/remonster-chapter-78/" "Mozilla/5.0 (Windows NT 10.0; Win64; x64) AppleWebKit/537.36 (KHTML, like Gecko) Chrome/137.0.0.0 Safari/537.36"
2a03:2880:f800:17:: - - [16/Jun/2025:10:25:56 -0400] "GET /shopdetail/291150818 HTTP/1.1" 301 0 "-" "meta-externalagent/1.1 (+https://developers.facebook.com/docs/sharing/webmasters/crawler)"
2a03:2880:f800:: - - [16/Jun/2025:10:26:05 -0400] "GET /shopdetail/430163918 HTTP/1.1" 301 0 "-" "meta-externalagent/1.1 (+https://developers.facebook.com/docs/sharing/webmasters/crawler)"
2409:40d2:12b2:506:2945:4323:b118:3a82 - - [16/Jun/2025:10:26:48 -0400] "GET /manga/remonster-chapter-78/ HTTP/1.1" 200 16736 "https://www.google.com/" "Mozilla/5.0 (Windows NT 10.0; Win64; x64) AppleWebKit/537.36 (KHTML, like Gecko) Chrome/137.0.0.0 Safari/537.36"
2409:40d2:12b2:506:2945:4323:b118:3a82 - - [16/Jun/2025:10:26:51 -0400] "GET /wp-includes/js/jquery/jquery.min.js?ver=3.7.1 HTTP/1.1" 304 0 "https://remonster.online/manga/remonster-chapter-78/" "Mozilla/5.0 (Windows NT 10.0; Win64; x64) AppleWebKit/537.36 (KHTML, like Gecko) Chrome/137.0.0.0 Safari/537.36"
2409:40d2:12b2:506:2945:4323:b118:3a82 - - [16/Jun/2025:10:26:51 -0400] "GET /wp-content/plugins/links-auto-replacer/public/js/lar-public.js?ver=2.0.0 HTTP/1.1" 304 0 "https://remonster.online/manga/remonster-chapter-78/" "Mozilla/5.0 (Windows NT 10.0; Win64; x64) AppleWebKit/537.36 (KHTML, like Gecko) Chrome/137.0.0.0 Safari/537.36"
2409:40d2:12b2:506:2945:4323:b118:3a82 - - [16/Jun/2025:10:26:53 -0400] "GET /wp-content/themes/toivo-lite/js/settings.min.js?ver=1.2.0 HTTP/1.1" 200 307 "https://remonster.online/manga/remonster-chapter-78/" "Mozilla/5.0 (Windows NT 10.0; Win64; x64) AppleWebKit/537.36 (KHTML, like Gecko) Chrome/137.0.0.0 Safari/537.36"
2409:40d2:12b2:506:2945:4323:b118:3a82 - - [16/Jun/2025:10:26:53 -0400] "GET /wp-content/plugins/comic-easel/js/keynav.js HTTP/1.1" 304 0 "https://remonster.online/manga/remonster-chapter-78/" "Mozilla/5.0 (Windows NT 10.0; Win64; x64) AppleWebKit/537.36 (KHTML, like Gecko) Chrome/137.0.0.0 Safari/537.36"
2409:40d2:12b2:506:2945:4323:b118:3a82 - - [16/Jun/2025:10:26:53 -0400] "GET /wp-content/themes/toivo-lite/js/functions.min.js?ver=1.2.0 HTTP/1.1" 200 593 "https://remonster.online/manga/remonster-chapter-78/" "Mozilla/5.0 (Windows NT 10.0; Win64; x64) AppleWebKit/537.36 (KHTML, like Gecko) Chrome/137.0.0.0 Safari/537.36"
2409:40d2:12b2:506:2945:4323:b118:3a82 - - [16/Jun/2025:10:26:53 -0400] "GET /wp-content/plugins/disqus-comment-system/public/js/comment_embed.js?ver=3.1.2 HTTP/1.1" 304 0 "https://remonster.online/manga/remonster-chapter-78/" "Mozilla/5.0 (Windows NT 10.0; Win64; x64) AppleWebKit/537.36 (KHTML, like Gecko) Chrome/137.0.0.0 Safari/537.36"
2409:40d2:12b2:506:2945:4323:b118:3a82 - - [16/Jun/2025:10:26:53 -0400] "GET /wp-content/themes/toivo-lite/js/responsive-nav.min.js?ver=1.2.0 HTTP/1.1" 200 2102 "https://remonster.online/manga/remonster-chapter-78/" "Mozilla/5.0 (Windows NT 10.0; Win64; x64) AppleWebKit/537.36 (KHTML, like Gecko) Chrome/137.0.0.0 Safari/537.36"
2409:40d2:12b2:506:2945:4323:b118:3a82 - - [16/Jun/2025:10:26:53 -0400] "GET /wp-includes/js/comment-reply.min.js?ver=6.6.2 HTTP/1.1" 304 0 "https://remonster.online/manga/remonster-chapter-78/" "Mozilla/5.0 (Windows NT 10.0; Win64; x64) AppleWebKit/537.36 (KHTML, like Gecko) Chrome/137.0.0.0 Safari/537.36"
2409:40d2:12b2:506:2945:4323:b118:3a82 - - [16/Jun/2025:10:26:54 -0400] "GET /manga/remonster-chapter-78/ HTTP/1.1" 200 16736 "https://remonster.online/manga/remonster-chapter-78/" "Mozilla/5.0 (Windows NT 10.0; Win64; x64) AppleWebKit/537.36 (KHTML, like Gecko) Chrome/137.0.0.0 Safari/537.36"
66.249.79.236 - - [16/Jun/2025:10:27:29 -0400] "GET /product/378180474.phtml HTTP/1.1" 200 28946 "-" "Mozilla/5.0 (Linux; Android 6.0.1; Nexus 5X Build/MMB29P) AppleWebKit/537.36 (KHTML, like Gecko) Chrome/136.0.7103.113 Mobile Safari/537.36 (compatible; Googlebot/2.1; +http://www.google.com/bot.html)"
66.249.79.237 - - [16/Jun/2025:10:27:30 -0400] "GET /entity159285160.phtml HTTP/1.1" 200 24411 "-" "Mozilla/5.0 (Linux; Android 6.0.1; Nexus 5X Build/MMB29P) AppleWebKit/537.36 (KHTML, like Gecko) Chrome/136.0.7103.113 Mobile Safari/537.36 (compatible; Googlebot/2.1; +http://www.google.com/bot.html)"
66.249.79.237 - - [16/Jun/2025:10:27:31 -0400] "GET /special/umbrere/2053454582.phtml HTTP/1.1" 200 23655 "-" "Mozilla/5.0 (Linux; Android 6.0.1; Nexus 5X Build/MMB29P) AppleWebKit/537.36 (KHTML, like Gecko) Chrome/136.0.7103.113 Mobile Safari/537.36 (compatible; Googlebot/2.1; +http://www.google.com/bot.html)"
66.249.79.236 - - [16/Jun/2025:10:27:33 -0400] "POST /get-message-notify HTTP/1.1" 200 24574 "https://remonster.online/entity159285160.phtml" "Mozilla/5.0 (Linux; Android 6.0.1; Nexus 5X Build/MMB29P) AppleWebKit/537.36 (KHTML, like Gecko) Chrome/136.0.7103.113 Mobile Safari/537.36 (compatible; Googlebot/2.1; +http://www.google.com/bot.html)"
162.0.232.193 - - [16/Jun/2025:10:27:44 -0400] "POST /wp-cron.php?doing_wp_cron=1750084063.8374240398406982421875 HTTP/1.1" 200 0 "-" "WordPress/6.6.2; https://remonster.online"
2a03:2880:f800:15:: - - [16/Jun/2025:10:27:42 -0400] "GET /shopdetail/39437918 HTTP/1.1" 301 0 "-" "meta-externalagent/1.1 (+https://developers.facebook.com/docs/sharing/webmasters/crawler)"
2a03:2880:f800:9:: - - [16/Jun/2025:10:27:46 -0400] "GET / HTTP/1.1" 200 10823 "-" "meta-externalagent/1.1 (+https://developers.facebook.com/docs/sharing/webmasters/crawler)"
162.0.232.193 - - [16/Jun/2025:10:28:22 -0400] "POST /wp-cron.php?doing_wp_cron=1750084101.9425659179687500000000 HTTP/1.1" 200 0 "-" "WordPress/6.6.2; https://remonster.online"
2a03:2880:f800:1a:: - - [16/Jun/2025:10:28:20 -0400] "GET /shopdetail/305685518 HTTP/1.1" 301 0 "-" "meta-externalagent/1.1 (+https://developers.facebook.com/docs/sharing/webmasters/crawler)"
47.128.30.153 - - [16/Jun/2025:10:28:23 -0400] "GET /robots.txt HTTP/1.1" 304 0 "-" "Mozilla/5.0 (Linux; Android 5.0) AppleWebKit/537.36 (KHTML, like Gecko) Mobile Safari/537.36 (compatible; Bytespider; [email protected])"
2a03:2880:f800:11:: - - [16/Jun/2025:10:28:24 -0400] "GET / HTTP/1.1" 200 10823 "-" "meta-externalagent/1.1 (+https://developers.facebook.com/docs/sharing/webmasters/crawler)"
162.0.232.193 - - [16/Jun/2025:10:28:42 -0400] "POST /wp-cron.php?doing_wp_cron=1750084122.7420089244842529296875 HTTP/1.1" 200 0 "-" "WordPress/6.6.2; https://remonster.online"
2a03:2880:f800:12:: - - [16/Jun/2025:10:28:39 -0400] "GET /shopdetail/245273418 HTTP/1.1" 301 0 "-" "meta-externalagent/1.1 (+https://developers.facebook.com/docs/sharing/webmasters/crawler)"
2a03:2880:f800:19:: - - [16/Jun/2025:10:28:45 -0400] "GET / HTTP/1.1" 200 10823 "-" "meta-externalagent/1.1 (+https://developers.facebook.com/docs/sharing/webmasters/crawler)"
2a03:2880:f800:6:: - - [16/Jun/2025:10:28:44 -0400] "GET /shopdetail/345649018 HTTP/1.1" 301 0 "-" "meta-externalagent/1.1 (+https://developers.facebook.com/docs/sharing/webmasters/crawler)"
2a03:2880:f800:6:: - - [16/Jun/2025:10:28:48 -0400] "GET / HTTP/1.1" 200 10858 "-" "meta-externalagent/1.1 (+https://developers.facebook.com/docs/sharing/webmasters/crawler)"
66.249.79.238 - - [16/Jun/2025:10:29:49 -0400] "GET /manga/remonster-chapter-93/ HTTP/1.1" 200 24005 "-" "Mozilla/5.0 (Linux; Android 6.0.1; Nexus 5X Build/MMB29P) AppleWebKit/537.36 (KHTML, like Gecko) Chrome/136.0.7103.113 Mobile Safari/537.36 (compatible; Googlebot/2.1; +http://www.google.com/bot.html)"
162.0.232.193 - - [16/Jun/2025:10:30:15 -0400] "POST /wp-cron.php?doing_wp_cron=1750084214.9543581008911132812500 HTTP/1.1" 200 0 "-" "WordPress/6.6.2; https://remonster.online"
2a03:2880:f800:18:: - - [16/Jun/2025:10:30:13 -0400] "GET /shopdetail/430021518 HTTP/1.1" 301 0 "-" "meta-externalagent/1.1 (+https://developers.facebook.com/docs/sharing/webmasters/crawler)"
94.109.193.131 - - [16/Jun/2025:10:30:27 -0400] "GET /tag/remonster-manga/ HTTP/1.1" 301 0 "https://remonster.online/manga/re-monster-chapter-21/" "Mozilla/5.0 (Linux; Android 10; K) AppleWebKit/537.36 (KHTML, like Gecko) Chrome/137.0.0.0 Mobile Safari/537.36"
94.109.193.131 - - [16/Jun/2025:10:30:28 -0400] "GET / HTTP/1.1" 304 0 "https://remonster.online/manga/re-monster-chapter-21/" "Mozilla/5.0 (Linux; Android 10; K) AppleWebKit/537.36 (KHTML, like Gecko) Chrome/137.0.0.0 Mobile Safari/537.36"
94.109.193.131 - - [16/Jun/2025:10:30:29 -0400] "GET /manga/re-monster-chapter-22/ HTTP/1.1" 304 0 "https://remonster.online/manga/re-monster-chapter-21/" "Mozilla/5.0 (Linux; Android 10; K) AppleWebKit/537.36 (KHTML, like Gecko) Chrome/137.0.0.0 Mobile Safari/537.36"
162.0.232.193 - - [16/Jun/2025:10:30:42 -0400] "POST /wp-cron.php?doing_wp_cron=1750084241.8476169109344482421875 HTTP/1.1" 200 0 "-" "WordPress/6.6.2; https://remonster.online"
2a03:2880:f800:3:: - - [16/Jun/2025:10:30:40 -0400] "GET /shopdetail/314948018 HTTP/1.1" 301 0 "-" "meta-externalagent/1.1 (+https://developers.facebook.com/docs/sharing/webmasters/crawler)"
2a03:2880:f800:2:: - - [16/Jun/2025:10:30:44 -0400] "GET / HTTP/1.1" 200 10823 "-" "meta-externalagent/1.1 (+https://developers.facebook.com/docs/sharing/webmasters/crawler)"
2a03:2880:f800:6:: - - [16/Jun/2025:10:30:48 -0400] "GET /shopdetail/68494618 HTTP/1.1" 301 0 "-" "meta-externalagent/1.1 (+https://developers.facebook.com/docs/sharing/webmasters/crawler)"
66.249.79.236 - - [16/Jun/2025:10:30:50 -0400] "GET /%3E%E3%83%95%E3%83%AC%E3%83%BC%E3%83%A0%E3%82%A2%E3%83%BC%E3%83%A0%E3%82%BA%E3%83%BB%E3%82%AC%E3%83%BC%E3%83%AB%20%E3%83%95%E3%83%AC%E3%82%BA%E3%83%B4%E3%82%A7%E3%83%AB%E3%82%AF%20%EF%BC%88%E3%83%8E%E3%83%B3%E3%82%B9%E3%82%B1%E3%83%BC%E3%83%AB%20%E3%83%95%E3%83%AC%E3%83%BC%E3%83%A0%E3%82%A2%E3%83%BC%E3%83%A0%E3%82%BA%E3%83%BB%E3%82%AC%E3%83%BC%E3%83%AB%20FG004%EF%BC%89%3CBR%3E%E3%83%96%E3%83%A9%E3%83%B3%E3%83%89%EF%BC%9A%E3%82%B3%E3%83%88%E3%83%96%E3%82%AD%E3%83%A4%3CBR%3E%3CDIV%3E%E7%99%BA%E5%A3%B2%E6%97%A5%EF%BC%9A2017/01%3C/DIV%3E%3CDIV%3E%3CBR%3E%3C/DIV%3E%3CDIV%3E%E8%90%BD%E6%9C%AD%E5%BE%8C%E3%81%AE%E3%82%AF%E3%83%AC%E3%83%BC%E3%83%A0%E3%83%BB%E8%BF%94%E5%93%81%E3%81%AF%E5%8F%97%E4%BB%98%E3%81%91%E3%81%A6%E3%81%8A%E3%82%8A%E3%81%BE%E3%81%9B%E3%82%93%E3%81%AE%E3%81%A7%E3%80%81%E3%81%94%E4%BA%86%E6%89%BF%E3%81%AE%E3%81%86%E3%81%88%E5%85%A5%E6%9C%AD%E3%81%8F%E3%81%A0%E3%81%95%E3%81%84%E3%80%82%3CBR%3E%E4%B8%AD%E5%8F%A4%E3%81%AB%E3%81%AA%E3%82%8A%E3%81%BE%E3%81%99%E3%81%AE%E3%81%A7%20%E7%A5%9E%E7%B5%8C%E8%B3%AA%E3%81%AE%E6%96%B9%E3%81%AF%E5%85%A5%E6%9C%AD%E3%82%92%E3%81%94%E9%81%A0%E6%85%AE%E3%81%8F%E3%81%A0%E3%81%95%E3%81%84%E3%80%82%3CBR%3E%E5%86%99%E7%9C%9F%E3%81%A7%E3%81%AE%E5%88%A4%E6%96%AD%E3%81%A7%E3%81%8A%E9%A1%98%E3%81%84%E3%81%84%E3%81%9F%E3%81%97%E3%81%BE%E3%81%99%E3%80%82%3CBR%3E%3CBR%3E%E5%85%A5%E9%87%91%E5%BE%8C%E3%81%AE3%E6%97%A5%E4%BB%A5%E5%86%85%E3%81%AB%E7%99%BA%E9%80%81%E4%BA%88%E5%AE%9A%E3%81%AB%E3%81%AA%E3%82%8A%E3%81%BE%E3%81%99%E3%80%82%20%3C/DIV%3E%20%20%20%20%3C/div%3E%20%20%20%20%3Cdiv%20class= HTTP/1.1" 200 25712 "-" "Googlebot-Image/1.0"
66.249.79.238 - - [16/Jun/2025:10:30:51 -0400] "GET /detail/40141752.phtml HTTP/1.1" 200 24435 "-" "Mozilla/5.0 (Linux; Android 6.0.1; Nexus 5X Build/MMB29P) AppleWebKit/537.36 (KHTML, like Gecko) Chrome/136.0.7103.113 Mobile Safari/537.36 (compatible; Googlebot/2.1; +http://www.google.com/bot.html)"
2a03:2880:f800:1d:: - - [16/Jun/2025:10:30:52 -0400] "GET /shopdetail/346377918 HTTP/1.1" 301 0 "-" "meta-externalagent/1.1 (+https://developers.facebook.com/docs/sharing/webmasters/crawler)"
66.249.79.238 - - [16/Jun/2025:10:30:53 -0400] "POST /get-message-notify HTTP/1.1" 200 24574 "https://remonster.online/detail/40141752.phtml" "Mozilla/5.0 (Linux; Android 6.0.1; Nexus 5X Build/MMB29P) AppleWebKit/537.36 (KHTML, like Gecko) Chrome/136.0.7103.113 Mobile Safari/537.36 (compatible; Googlebot/2.1; +http://www.google.com/bot.html)"
2a03:2880:f800:d:: - - [16/Jun/2025:10:31:06 -0400] "GET /shopdetail/60795918 HTTP/1.1" 301 0 "-" "meta-externalagent/1.1 (+https://developers.facebook.com/docs/sharing/webmasters/crawler)"
2a03:2880:f800:a:: - - [16/Jun/2025:10:31:09 -0400] "GET /shopdetail/387299918 HTTP/1.1" 301 0 "-" "meta-externalagent/1.1 (+https://developers.facebook.com/docs/sharing/webmasters/crawler)"
162.0.232.193 - - [16/Jun/2025:10:31:26 -0400] "POST /wp-cron.php?doing_wp_cron=1750084286.7549550533294677734375 HTTP/1.1" 200 0 "-" "WordPress/6.6.2; https://remonster.online"
2a03:2880:f800:3:: - - [16/Jun/2025:10:31:25 -0400] "GET /shopdetail/423772118 HTTP/1.1" 301 0 "-" "meta-externalagent/1.1 (+https://developers.facebook.com/docs/sharing/webmasters/crawler)"
2a03:2880:f800:e:: - - [16/Jun/2025:10:31:30 -0400] "GET / HTTP/1.1" 200 10823 "-" "meta-externalagent/1.1 (+https://developers.facebook.com/docs/sharing/webmasters/crawler)"
66.249.79.237 - - [16/Jun/2025:10:31:52 -0400] "GET /detail2053459078.phtml HTTP/1.1" 200 23757 "-" "Mozilla/5.0 (Linux; Android 6.0.1; Nexus 5X Build/MMB29P) AppleWebKit/537.36 (KHTML, like Gecko) Chrome/136.0.7103.113 Mobile Safari/537.36 (compatible; Googlebot/2.1; +http://www.google.com/bot.html)"
162.0.232.193 - - [16/Jun/2025:10:32:06 -0400] "POST /wp-cron.php?doing_wp_cron=1750084325.9504659175872802734375 HTTP/1.1" 200 0 "-" "WordPress/6.6.2; https://remonster.online"
2a03:2880:f800:1:: - - [16/Jun/2025:10:32:04 -0400] "GET /shopdetail/235143018 HTTP/1.1" 301 0 "-" "meta-externalagent/1.1 (+https://developers.facebook.com/docs/sharing/webmasters/crawler)"
2a03:2880:f800:3:: - - [16/Jun/2025:10:32:08 -0400] "GET / HTTP/1.1" 200 10823 "-" "meta-externalagent/1.1 (+https://developers.facebook.com/docs/sharing/webmasters/crawler)"
162.0.232.193 - - [16/Jun/2025:10:32:54 -0400] "POST /wp-cron.php?doing_wp_cron=1750084374.5619549751281738281250 HTTP/1.1" 200 0 "-" "WordPress/6.6.2; https://remonster.online"
2a03:2880:f800:1b:: - - [16/Jun/2025:10:32:53 -0400] "GET /shopdetail/323566118 HTTP/1.1" 301 0 "-" "meta-externalagent/1.1 (+https://developers.facebook.com/docs/sharing/webmasters/crawler)"
2a03:2880:f800:8:: - - [16/Jun/2025:10:32:57 -0400] "GET / HTTP/1.1" 200 10823 "-" "meta-externalagent/1.1 (+https://developers.facebook.com/docs/sharing/webmasters/crawler)"
162.0.232.193 - - [16/Jun/2025:10:33:21 -0400] "POST /wp-cron.php?doing_wp_cron=1750084401.7456979751586914062500 HTTP/1.1" 200 0 "-" "WordPress/6.6.2; https://remonster.online"
2a03:2880:f800:16:: - - [16/Jun/2025:10:33:19 -0400] "GET /shopdetail/383022818 HTTP/1.1" 301 0 "-" "meta-externalagent/1.1 (+https://developers.facebook.com/docs/sharing/webmasters/crawler)"
2a03:2880:f800:: - - [16/Jun/2025:10:33:23 -0400] "GET / HTTP/1.1" 200 10823 "-" "meta-externalagent/1.1 (+https://developers.facebook.com/docs/sharing/webmasters/crawler)"
2a03:2880:f800:a:: - - [16/Jun/2025:10:33:24 -0400] "GET /shopdetail/268212618 HTTP/1.1" 301 0 "-" "meta-externalagent/1.1 (+https://developers.facebook.com/docs/sharing/webmasters/crawler)"
103.170.62.79 - - [16/Jun/2025:10:33:28 -0400] "GET /category/remonster/ HTTP/1.1" 304 0 "-" "Mozilla/5.0 (Linux; Android 10; K) AppleWebKit/537.36 (KHTML, like Gecko) Chrome/137.0.0.0 Mobile Safari/537.36"
103.170.62.79 - - [16/Jun/2025:10:33:28 -0400] "GET /manga/re-monster-chapter-22/ HTTP/1.1" 200 16299 "-" "Mozilla/5.0 (Linux; Android 10; K) AppleWebKit/537.36 (KHTML, like Gecko) Chrome/137.0.0.0 Mobile Safari/537.36"
162.0.232.193 - - [16/Jun/2025:10:33:41 -0400] "POST /wp-cron.php?doing_wp_cron=1750084421.3485848903656005859375 HTTP/1.1" 200 0 "-" "WordPress/6.6.2; https://remonster.online"
2a03:2880:f800:7:: - - [16/Jun/2025:10:33:40 -0400] "GET /shopdetail/25224418 HTTP/1.1" 301 0 "-" "meta-externalagent/1.1 (+https://developers.facebook.com/docs/sharing/webmasters/crawler)"
2a03:2880:f800:15:: - - [16/Jun/2025:10:33:43 -0400] "GET / HTTP/1.1" 200 10873 "-" "meta-externalagent/1.1 (+https://developers.facebook.com/docs/sharing/webmasters/crawler)"
66.249.79.238 - - [16/Jun/2025:10:33:53 -0400] "GET /shopdetail/384855218 HTTP/1.1" 200 24506 "-" "Mozilla/5.0 (Linux; Android 6.0.1; Nexus 5X Build/MMB29P) AppleWebKit/537.36 (KHTML, like Gecko) Chrome/136.0.7103.113 Mobile Safari/537.36 (compatible; Googlebot/2.1; +http://www.google.com/bot.html)"
66.249.79.238 - - [16/Jun/2025:10:33:54 -0400] "GET /detail/funiculi344096488.phtml HTTP/1.1" 200 23597 "-" "Mozilla/5.0 (Linux; Android 6.0.1; Nexus 5X Build/MMB29P) AppleWebKit/537.36 (KHTML, like Gecko) Chrome/136.0.7103.113 Mobile Safari/537.36 (compatible; Googlebot/2.1; +http://www.google.com/bot.html)"
2a03:2880:f800:12:: - - [16/Jun/2025:10:33:57 -0400] "GET /shopdetail/28517618 HTTP/1.1" 301 0 "-" "meta-externalagent/1.1 (+https://developers.facebook.com/docs/sharing/webmasters/crawler)"
2a03:2880:f800:4:: - - [16/Jun/2025:10:33:58 -0400] "GET /shopdetail/185888518 HTTP/1.1" 301 0 "-" "meta-externalagent/1.1 (+https://developers.facebook.com/docs/sharing/webmasters/crawler)"
2a03:2880:f800:18:: - - [16/Jun/2025:10:33:58 -0400] "GET /shopdetail/426148818 HTTP/1.1" 301 0 "-" "meta-externalagent/1.1 (+https://developers.facebook.com/docs/sharing/webmasters/crawler)"
2402:1980:248:112c:e1db:ef48:156b:5200 - - [16/Jun/2025:10:34:18 -0400] "GET /manga/re-monster-chapter-64/ HTTP/1.1" 200 17705 "https://remonster.online/manga/re-monster-chapter-63/" "Mozilla/5.0 (iPhone; CPU iPhone OS 18_5_0 like Mac OS X) AppleWebKit/605.1.15 (KHTML, like Gecko) CriOS/137.0.7151.107 Mobile/15E148 Safari/604.1"
162.0.232.193 - - [16/Jun/2025:10:34:18 -0400] "POST /wp-cron.php?doing_wp_cron=1750084458.5748219490051269531250 HTTP/1.1" 200 0 "-" "WordPress/6.6.2; https://remonster.online"
2a03:2880:f800:18:: - - [16/Jun/2025:10:34:17 -0400] "GET /shopdetail/245405818 HTTP/1.1" 301 0 "-" "meta-externalagent/1.1 (+https://developers.facebook.com/docs/sharing/webmasters/crawler)"
2402:1980:248:112c:e1db:ef48:156b:5200 - - [16/Jun/2025:10:34:19 -0400] "GET /wp-content/plugins/disqus-comment-system/public/js/comment_embed.js?ver=3.1.2 HTTP/1.1" 200 653 "https://remonster.online/manga/re-monster-chapter-64/" "Mozilla/5.0 (iPhone; CPU iPhone OS 18_5_0 like Mac OS X) AppleWebKit/605.1.15 (KHTML, like Gecko) CriOS/137.0.7151.107 Mobile/15E148 Safari/604.1"
2402:1980:248:112c:e1db:ef48:156b:5200 - - [16/Jun/2025:10:34:19 -0400] "GET /wp-content/plugins/simple-social-buttons/assets/css/front.css?ver=5.3.1 HTTP/1.1" 200 10295 "https://remonster.online/manga/re-monster-chapter-64/" "Mozilla/5.0 (iPhone; CPU iPhone OS 18_5_0 like Mac OS X) AppleWebKit/605.1.15 (KHTML, like Gecko) CriOS/137.0.7151.107 Mobile/15E148 Safari/604.1"
2402:1980:248:112c:e1db:ef48:156b:5200 - - [16/Jun/2025:10:34:19 -0400] "GET /wp-content/plugins/wp-automatic/js/main-front.js?ver=6.6.2 HTTP/1.1" 200 316 "https://remonster.online/manga/re-monster-chapter-64/" "Mozilla/5.0 (iPhone; CPU iPhone OS 18_5_0 like Mac OS X) AppleWebKit/605.1.15 (KHTML, like Gecko) CriOS/137.0.7151.107 Mobile/15E148 Safari/604.1"
2402:1980:248:112c:e1db:ef48:156b:5200 - - [16/Jun/2025:10:34:19 -0400] "GET /wp-content/themes/toivo-lite/style.css?ver=1.2.0 HTTP/1.1" 200 13718 "https://remonster.online/manga/re-monster-chapter-64/" "Mozilla/5.0 (iPhone; CPU iPhone OS 18_5_0 like Mac OS X) AppleWebKit/605.1.15 (KHTML, like Gecko) CriOS/137.0.7151.107 Mobile/15E148 Safari/604.1"
2402:1980:248:112c:e1db:ef48:156b:5200 - - [16/Jun/2025:10:34:19 -0400] "GET /wp-content/uploads/2021/11/cropped-670x300.jpg HTTP/1.1" 200 233958 "https://remonster.online/manga/re-monster-chapter-64/" "Mozilla/5.0 (iPhone; CPU iPhone OS 18_5_0 like Mac OS X) AppleWebKit/605.1.15 (KHTML, like Gecko) CriOS/137.0.7151.107 Mobile/15E148 Safari/604.1"
2402:1980:248:112c:e1db:ef48:156b:5200 - - [16/Jun/2025:10:34:19 -0400] "GET /wp-content/plugins/wp-automatic/css/wp-automatic.css?ver=1.0.0 HTTP/1.1" 200 537 "https://remonster.online/manga/re-monster-chapter-64/" "Mozilla/5.0 (iPhone; CPU iPhone OS 18_5_0 like Mac OS X) AppleWebKit/605.1.15 (KHTML, like Gecko) CriOS/137.0.7151.107 Mobile/15E148 Safari/604.1"
2402:1980:248:112c:e1db:ef48:156b:5200 - - [16/Jun/2025:10:34:19 -0400] "GET /wp-includes/js/jquery/jquery-migrate.min.js?ver=3.4.1 HTTP/1.1" 200 4678 "https://remonster.online/manga/re-monster-chapter-64/" "Mozilla/5.0 (iPhone; CPU iPhone OS 18_5_0 like Mac OS X) AppleWebKit/605.1.15 (KHTML, like Gecko) CriOS/137.0.7151.107 Mobile/15E148 Safari/604.1"
2402:1980:248:112c:e1db:ef48:156b:5200 - - [16/Jun/2025:10:34:19 -0400] "GET /wp-content/plugins/widgets-on-pages/public/css/widgets-on-pages-public.css?ver=1.4.0 HTTP/1.1" 200 83 "https://remonster.online/manga/re-monster-chapter-64/" "Mozilla/5.0 (iPhone; CPU iPhone OS 18_5_0 like Mac OS X) AppleWebKit/605.1.15 (KHTML, like Gecko) CriOS/137.0.7151.107 Mobile/15E148 Safari/604.1"
2402:1980:248:112c:e1db:ef48:156b:5200 - - [16/Jun/2025:10:34:19 -0400] "GET /wp-content/themes/toivo-lite/fonts/genericons/genericons/genericons.min.css?ver=3.3 HTTP/1.1" 200 15959 "https://remonster.online/manga/re-monster-chapter-64/" "Mozilla/5.0 (iPhone; CPU iPhone OS 18_5_0 like Mac OS X) AppleWebKit/605.1.15 (KHTML, like Gecko) CriOS/137.0.7151.107 Mobile/15E148 Safari/604.1"
2402:1980:248:112c:e1db:ef48:156b:5200 - - [16/Jun/2025:10:34:19 -0400] "GET /wp-content/plugins/simple-social-buttons/assets/js/frontend-blocks.js?ver=5.3.1 HTTP/1.1" 200 0 "https://remonster.online/manga/re-monster-chapter-64/" "Mozilla/5.0 (iPhone; CPU iPhone OS 18_5_0 like Mac OS X) AppleWebKit/605.1.15 (KHTML, like Gecko) CriOS/137.0.7151.107 Mobile/15E148 Safari/604.1"
2402:1980:248:112c:e1db:ef48:156b:5200 - - [16/Jun/2025:10:34:19 -0400] "GET /wp-content/plugins/links-auto-replacer/public/js/lar-public.js?ver=2.0.0 HTTP/1.1" 200 393 "https://remonster.online/manga/re-monster-chapter-64/" "Mozilla/5.0 (iPhone; CPU iPhone OS 18_5_0 like Mac OS X) AppleWebKit/605.1.15 (KHTML, like Gecko) CriOS/137.0.7151.107 Mobile/15E148 Safari/604.1"
2402:1980:248:112c:e1db:ef48:156b:5200 - - [16/Jun/2025:10:34:19 -0400] "GET /wp-content/plugins/simple-social-buttons/assets/js/front.js?ver=5.3.1 HTTP/1.1" 200 1932 "https://remonster.online/manga/re-monster-chapter-64/" "Mozilla/5.0 (iPhone; CPU iPhone OS 18_5_0 like Mac OS X) AppleWebKit/605.1.15 (KHTML, like Gecko) CriOS/137.0.7151.107 Mobile/15E148 Safari/604.1"
2402:1980:248:112c:e1db:ef48:156b:5200 - - [16/Jun/2025:10:34:19 -0400] "GET /wp-includes/js/jquery/jquery.min.js?ver=3.7.1 HTTP/1.1" 200 29744 "https://remonster.online/manga/re-monster-chapter-64/" "Mozilla/5.0 (iPhone; CPU iPhone OS 18_5_0 like Mac OS X) AppleWebKit/605.1.15 (KHTML, like Gecko) CriOS/137.0.7151.107 Mobile/15E148 Safari/604.1"
2402:1980:248:112c:e1db:ef48:156b:5200 - - [16/Jun/2025:10:34:19 -0400] "GET /wp-includes/css/dist/block-library/style.min.css?ver=6.6.2 HTTP/1.1" 200 13903 "https://remonster.online/manga/re-monster-chapter-64/" "Mozilla/5.0 (iPhone; CPU iPhone OS 18_5_0 like Mac OS X) AppleWebKit/605.1.15 (KHTML, like Gecko) CriOS/137.0.7151.107 Mobile/15E148 Safari/604.1"
2402:1980:248:112c:e1db:ef48:156b:5200 - - [16/Jun/2025:10:34:19 -0400] "GET /wp-content/themes/toivo-lite/js/responsive-nav.min.js?ver=1.2.0 HTTP/1.1" 200 2102 "https://remonster.online/manga/re-monster-chapter-64/" "Mozilla/5.0 (iPhone; CPU iPhone OS 18_5_0 like Mac OS X) AppleWebKit/605.1.15 (KHTML, like Gecko) CriOS/137.0.7151.107 Mobile/15E148 Safari/604.1"
2402:1980:248:112c:e1db:ef48:156b:5200 - - [16/Jun/2025:10:34:19 -0400] "GET /wp-content/plugins/comic-easel/js/keynav.js HTTP/1.1" 200 302 "https://remonster.online/manga/re-monster-chapter-64/" "Mozilla/5.0 (iPhone; CPU iPhone OS 18_5_0 like Mac OS X) AppleWebKit/605.1.15 (KHTML, like Gecko) CriOS/137.0.7151.107 Mobile/15E148 Safari/604.1"
2402:1980:248:112c:e1db:ef48:156b:5200 - - [16/Jun/2025:10:34:19 -0400] "GET /wp-includes/js/comment-reply.min.js?ver=6.6.2 HTTP/1.1" 200 1228 "https://remonster.online/manga/re-monster-chapter-64/" "Mozilla/5.0 (iPhone; CPU iPhone OS 18_5_0 like Mac OS X) AppleWebKit/605.1.15 (KHTML, like Gecko) CriOS/137.0.7151.107 Mobile/15E148 Safari/604.1"
2402:1980:248:112c:e1db:ef48:156b:5200 - - [16/Jun/2025:10:34:19 -0400] "GET /wp-content/plugins/disqus-comment-system/public/js/comment_count.js?ver=3.1.2 HTTP/1.1" 200 354 "https://remonster.online/manga/re-monster-chapter-64/" "Mozilla/5.0 (iPhone; CPU iPhone OS 18_5_0 like Mac OS X) AppleWebKit/605.1.15 (KHTML, like Gecko) CriOS/137.0.7151.107 Mobile/15E148 Safari/604.1"
2402:1980:248:112c:e1db:ef48:156b:5200 - - [16/Jun/2025:10:34:19 -0400] "GET /wp-content/themes/toivo-lite/js/functions.min.js?ver=1.2.0 HTTP/1.1" 200 593 "https://remonster.online/manga/re-monster-chapter-64/" "Mozilla/5.0 (iPhone; CPU iPhone OS 18_5_0 like Mac OS X) AppleWebKit/605.1.15 (KHTML, like Gecko) CriOS/137.0.7151.107 Mobile/15E148 Safari/604.1"
2402:1980:248:112c:e1db:ef48:156b:5200 - - [16/Jun/2025:10:34:19 -0400] "GET /wp-content/themes/toivo-lite/js/settings.min.js?ver=1.2.0 HTTP/1.1" 200 307 "https://remonster.online/manga/re-monster-chapter-64/" "Mozilla/5.0 (iPhone; CPU iPhone OS 18_5_0 like Mac OS X) AppleWebKit/605.1.15 (KHTML, like Gecko) CriOS/137.0.7151.107 Mobile/15E148 Safari/604.1"
2402:1980:248:112c:e1db:ef48:156b:5200 - - [16/Jun/2025:10:34:19 -0400] "GET /wp-content/themes/toivo-lite/fonts/genericons/genericons/Genericons.svg HTTP/1.1" 200 23714 "https://remonster.online/manga/re-monster-chapter-64/" "Mozilla/5.0 (iPhone; CPU iPhone OS 18_5_0 like Mac OS X) AppleWebKit/605.1.15 (KHTML, like Gecko) CriOS/137.0.7151.107 Mobile/15E148 Safari/604.1"
2402:1980:248:112c:e1db:ef48:156b:5200 - - [16/Jun/2025:10:34:19 -0400] "GET /wp-content/plugins/simple-social-buttons/assets/fonts/ssb-icon.ttf?eahqa2 HTTP/1.1" 200 6624 "https://remonster.online/manga/re-monster-chapter-64/" "Mozilla/5.0 (iPhone; CPU iPhone OS 18_5_0 like Mac OS X) AppleWebKit/605.1.15 (KHTML, like Gecko) CriOS/137.0.7151.107 Mobile/15E148 Safari/604.1"
2402:1980:248:112c:e1db:ef48:156b:5200 - - [16/Jun/2025:10:34:20 -0400] "GET /wp-content/uploads/2021/11/cropped-CeDzRGZ-192x192.png HTTP/1.1" 200 68304 "-" "Mozilla/5.0 (iPhone; CPU iPhone OS 18_5_0 like Mac OS X) AppleWebKit/605.1.15 (KHTML, like Gecko) CriOS/137.0.7151.107 Mobile/15E148 Safari/604.1"
2402:1980:248:112c:e1db:ef48:156b:5200 - - [16/Jun/2025:10:34:20 -0400] "GET /wp-content/uploads/2021/11/cropped-CeDzRGZ-180x180.png HTTP/1.1" 200 60430 "-" "Mozilla/5.0 (iPhone; CPU iPhone OS 18_5_0 like Mac OS X) AppleWebKit/605.1.15 (KHTML, like Gecko) CriOS/137.0.7151.107 Mobile/15E148 Safari/604.1"
2a03:2880:f800:12:: - - [16/Jun/2025:10:34:23 -0400] "GET /shopdetail/310379518 HTTP/1.1" 301 0 "-" "meta-externalagent/1.1 (+https://developers.facebook.com/docs/sharing/webmasters/crawler)"
162.0.232.193 - - [16/Jun/2025:10:34:35 -0400] "POST /wp-cron.php?doing_wp_cron=1750084474.8643240928649902343750 HTTP/1.1" 200 0 "-" "WordPress/6.6.2; https://remonster.online"
2a03:2880:f800:14:: - - [16/Jun/2025:10:34:34 -0400] "GET /shopdetail/334631018 HTTP/1.1" 301 0 "-" "meta-externalagent/1.1 (+https://developers.facebook.com/docs/sharing/webmasters/crawler)"
2a03:2880:f800:16:: - - [16/Jun/2025:10:34:37 -0400] "GET / HTTP/1.1" 200 10823 "-" "meta-externalagent/1.1 (+https://developers.facebook.com/docs/sharing/webmasters/crawler)"
2003:d8:9f4c:f000:ac1c:5c62:2e22:25bf - - [16/Jun/2025:10:34:37 -0400] "GET /manga/re-monster-chapter-60/ HTTP/1.1" 200 17445 "-" "Mozilla/5.0 (Linux; Android 10; K) AppleWebKit/537.36 (KHTML, like Gecko) Chrome/137.0.0.0 Mobile Safari/537.36"
2003:d8:9f4c:f000:ac1c:5c62:2e22:25bf - - [16/Jun/2025:10:34:37 -0400] "GET /tag/gobue/ HTTP/1.1" 301 0 "-" "Mozilla/5.0 (Linux; Android 10; K) AppleWebKit/537.36 (KHTML, like Gecko) Chrome/137.0.0.0 Mobile Safari/537.36"
103.170.62.79 - - [16/Jun/2025:10:34:38 -0400] "GET /category/remonster/ HTTP/1.1" 304 0 "-" "Mozilla/5.0 (Linux; Android 10; K) AppleWebKit/537.36 (KHTML, like Gecko) Chrome/137.0.0.0 Mobile Safari/537.36"
103.170.62.79 - - [16/Jun/2025:10:34:38 -0400] "GET /manga/re-monster-chapter-23/ HTTP/1.1" 200 16711 "-" "Mozilla/5.0 (Linux; Android 10; K) AppleWebKit/537.36 (KHTML, like Gecko) Chrome/137.0.0.0 Mobile Safari/537.36"
115.96.226.154 - - [16/Jun/2025:10:34:40 -0400] "GET /manga/remonster-chapter-105/ HTTP/1.1" 200 17792 "-" "Mozilla/5.0 (iPad; CPU OS 18_5_0 like Mac OS X) AppleWebKit/605.1.15 (KHTML, like Gecko) CriOS/137.0.7151.107 Mobile/15E148 Safari/604.1"
103.170.62.79 - - [16/Jun/2025:10:34:39 -0400] "POST /wp-admin/admin-ajax.php HTTP/1.1" 200 69 "https://remonster.online/manga/re-monster-chapter-23/" "Mozilla/5.0 (Linux; Android 10; K) AppleWebKit/537.36 (KHTML, like Gecko) Chrome/137.0.0.0 Mobile Safari/537.36"
66.249.79.237 - - [16/Jun/2025:10:34:48 -0400] "GET /wp-content/uploads/2021/11/8168f-bSGoS.jpeg HTTP/1.1" 200 428790 "-" "Mozilla/5.0 (Linux; Android 6.0.1; Nexus 5X Build/MMB29P) AppleWebKit/537.36 (KHTML, like Gecko) Chrome/136.0.7103.113 Mobile Safari/537.36 (compatible; Googlebot/2.1; +http://www.google.com/bot.html)"
2a03:2880:f800:a:: - - [16/Jun/2025:10:34:50 -0400] "GET /shopdetail/243862118 HTTP/1.1" 301 0 "-" "meta-externalagent/1.1 (+https://developers.facebook.com/docs/sharing/webmasters/crawler)"
2402:1f00:8000:800::1c87 - - [16/Jun/2025:10:34:54 -0400] "GET /wp-login.php HTTP/1.1" 200 1749 "-" "Mozilla/5.0 (X11; Ubuntu; Linux x86_64; rv:85.0) Gecko/20100101 Firefox/91.0"
2402:1f00:8000:800::1c87 - - [16/Jun/2025:10:34:56 -0400] "POST /wp-login.php HTTP/1.1" 200 1905 "-" "Mozilla/5.0 (X11; Ubuntu; Linux x86_64; rv:85.0) Gecko/20100101 Firefox/91.0"
2a03:2880:f800:2:: - - [16/Jun/2025:10:35:12 -0400] "GET /shopdetail/209555718 HTTP/1.1" 301 0 "-" "meta-externalagent/1.1 (+https://developers.facebook.com/docs/sharing/webmasters/crawler)"
2a03:2880:f800:14:: - - [16/Jun/2025:10:35:16 -0400] "GET / HTTP/1.1" 200 10823 "-" "meta-externalagent/1.1 (+https://developers.facebook.com/docs/sharing/webmasters/crawler)"
162.0.232.193 - - [16/Jun/2025:10:35:44 -0400] "POST /wp-cron.php?doing_wp_cron=1750084544.4373960494995117187500 HTTP/1.1" 200 0 "-" "WordPress/6.6.2; https://remonster.online"
2a03:2880:f800:18:: - - [16/Jun/2025:10:35:42 -0400] "GET /shopdetail/268437418 HTTP/1.1" 301 0 "-" "meta-externalagent/1.1 (+https://developers.facebook.com/docs/sharing/webmasters/crawler)"
2a03:2880:f800:12:: - - [16/Jun/2025:10:35:47 -0400] "GET / HTTP/1.1" 200 10823 "-" "meta-externalagent/1.1 (+https://developers.facebook.com/docs/sharing/webmasters/crawler)"
66.249.79.236 - - [16/Jun/2025:10:35:55 -0400] "GET /shopbrand/hmm/branny/361120096.phtml HTTP/1.1" 200 26211 "-" "Mozilla/5.0 (Linux; Android 6.0.1; Nexus 5X Build/MMB29P) AppleWebKit/537.36 (KHTML, like Gecko) Chrome/136.0.7103.113 Mobile Safari/537.36 (compatible; Googlebot/2.1; +http://www.google.com/bot.html)"
66.249.79.236 - - [16/Jun/2025:10:35:56 -0400] "GET /shopdetail/hetero378174376.phtml HTTP/1.1" 200 24588 "-" "Mozilla/5.0 (Linux; Android 6.0.1; Nexus 5X Build/MMB29P) AppleWebKit/537.36 (KHTML, like Gecko) Chrome/136.0.7103.113 Mobile Safari/537.36 (compatible; Googlebot/2.1; +http://www.google.com/bot.html)"
66.249.79.237 - - [16/Jun/2025:10:35:59 -0400] "POST /get-message-notify HTTP/1.1" 200 24574 "https://remonster.online/shopbrand/hmm/branny/361120096.phtml" "Mozilla/5.0 (Linux; Android 6.0.1; Nexus 5X Build/MMB29P) AppleWebKit/537.36 (KHTML, like Gecko) Chrome/136.0.7103.113 Mobile Safari/537.36 (compatible; Googlebot/2.1; +http://www.google.com/bot.html)"
116.15.200.208 - - [16/Jun/2025:10:36:12 -0400] "GET /manga/re-monster-chapter-64/ HTTP/1.1" 200 17705 "-" "Mozilla/5.0 (iPhone; CPU iPhone OS 18_5 like Mac OS X) AppleWebKit/605.1.15 (KHTML, like Gecko) Mobile/15E148"
162.0.232.193 - - [16/Jun/2025:10:36:26 -0400] "POST /wp-cron.php?doing_wp_cron=1750084586.5561280250549316406250 HTTP/1.1" 200 0 "-" "WordPress/6.6.2; https://remonster.online"
2a03:2880:f800:15:: - - [16/Jun/2025:10:36:24 -0400] "GET /shopdetail/303618318 HTTP/1.1" 301 0 "-" "meta-externalagent/1.1 (+https://developers.facebook.com/docs/sharing/webmasters/crawler)"
2a03:2880:f800:17:: - - [16/Jun/2025:10:36:25 -0400] "GET /shopdetail/298859018 HTTP/1.1" 301 0 "-" "meta-externalagent/1.1 (+https://developers.facebook.com/docs/sharing/webmasters/crawler)"
162.0.232.193 - - [16/Jun/2025:10:36:49 -0400] "POST /wp-cron.php?doing_wp_cron=1750084609.2474060058593750000000 HTTP/1.1" 200 0 "-" "WordPress/6.6.2; https://remonster.online"
2a03:2880:f800:1d:: - - [16/Jun/2025:10:36:48 -0400] "GET /shopdetail/154487418 HTTP/1.1" 301 0 "-" "meta-externalagent/1.1 (+https://developers.facebook.com/docs/sharing/webmasters/crawler)"
2600:100c:b06f:b6a7:c0d7:4725:2917:9672 - - [16/Jun/2025:10:36:53 -0400] "GET /manga/remonster-chapter-75/ HTTP/1.1" 200 17423 "https://remonster.online/manga/re-monster-chapter-74/" "Mozilla/5.0 (iPhone; CPU iPhone OS 17_4_1 like Mac OS X) AppleWebKit/605.1.15 (KHTML, like Gecko) Version/17.4.1 Mobile/15E148 Safari/604.1"
2a03:2880:f800:1b:: - - [16/Jun/2025:10:37:07 -0400] "GET /shopdetail/398122418 HTTP/1.1" 301 0 "-" "meta-externalagent/1.1 (+https://developers.facebook.com/docs/sharing/webmasters/crawler)"
2a03:2880:f800:18:: - - [16/Jun/2025:10:37:12 -0400] "GET / HTTP/1.1" 200 10823 "-" "meta-externalagent/1.1 (+https://developers.facebook.com/docs/sharing/webmasters/crawler)"
66.249.79.236 - - [16/Jun/2025:10:37:58 -0400] "GET /shopdetail/43186418 HTTP/1.1" 200 24214 "-" "Mozilla/5.0 (Linux; Android 6.0.1; Nexus 5X Build/MMB29P) AppleWebKit/537.36 (KHTML, like Gecko) Chrome/136.0.7103.113 Mobile Safari/537.36 (compatible; Googlebot/2.1; +http://www.google.com/bot.html)"
66.249.79.237 - - [16/Jun/2025:10:37:59 -0400] "GET /special/2032038624.phtml HTTP/1.1" 200 23879 "-" "Mozilla/5.0 (Linux; Android 6.0.1; Nexus 5X Build/MMB29P) AppleWebKit/537.36 (KHTML, like Gecko) Chrome/136.0.7103.113 Mobile Safari/537.36 (compatible; Googlebot/2.1; +http://www.google.com/bot.html)"
66.249.79.237 - - [16/Jun/2025:10:38:02 -0400] "POST /get-message-notify HTTP/1.1" 200 24574 "https://remonster.online/special/2032038624.phtml" "Mozilla/5.0 (Linux; Android 6.0.1; Nexus 5X Build/MMB29P) AppleWebKit/537.36 (KHTML, like Gecko) Chrome/136.0.7103.113 Mobile Safari/537.36 (compatible; Googlebot/2.1; +http://www.google.com/bot.html)"
162.0.232.193 - - [16/Jun/2025:10:38:22 -0400] "POST /wp-cron.php?doing_wp_cron=1750084702.2548520565032958984375 HTTP/1.1" 200 0 "-" "WordPress/6.6.2; https://remonster.online"
2a03:2880:f800:12:: - - [16/Jun/2025:10:38:21 -0400] "GET /shopdetail/173277218 HTTP/1.1" 301 0 "-" "meta-externalagent/1.1 (+https://developers.facebook.com/docs/sharing/webmasters/crawler)"
2a03:2880:f800:1b:: - - [16/Jun/2025:10:38:25 -0400] "GET / HTTP/1.1" 200 10823 "-" "meta-externalagent/1.1 (+https://developers.facebook.com/docs/sharing/webmasters/crawler)"
162.0.232.193 - - [16/Jun/2025:10:38:34 -0400] "POST /wp-cron.php?doing_wp_cron=1750084714.3371639251708984375000 HTTP/1.1" 200 0 "-" "WordPress/6.6.2; https://remonster.online"
2a03:2880:f800:12:: - - [16/Jun/2025:10:38:32 -0400] "GET /shopdetail/60040618 HTTP/1.1" 301 0 "-" "meta-externalagent/1.1 (+https://developers.facebook.com/docs/sharing/webmasters/crawler)"
2a03:2880:f800:15:: - - [16/Jun/2025:10:38:36 -0400] "GET / HTTP/1.1" 200 10823 "-" "meta-externalagent/1.1 (+https://developers.facebook.com/docs/sharing/webmasters/crawler)"
2a03:2880:f800:12:: - - [16/Jun/2025:10:38:58 -0400] "GET /shopdetail/276971418 HTTP/1.1" 301 0 "-" "meta-externalagent/1.1 (+https://developers.facebook.com/docs/sharing/webmasters/crawler)"
2a03:2880:f800:17:: - - [16/Jun/2025:10:39:05 -0400] "GET / HTTP/1.1" 200 10823 "-" "meta-externalagent/1.1 (+https://developers.facebook.com/docs/sharing/webmasters/crawler)"
162.0.232.193 - - [16/Jun/2025:10:39:19 -0400] "POST /wp-cron.php?doing_wp_cron=1750084759.6950809955596923828125 HTTP/1.1" 200 0 "-" "WordPress/6.6.2; https://remonster.online"
2a03:2880:f800:e:: - - [16/Jun/2025:10:39:19 -0400] "GET /shopdetail/67716418 HTTP/1.1" 301 0 "-" "meta-externalagent/1.1 (+https://developers.facebook.com/docs/sharing/webmasters/crawler)"
2a03:2880:f800:d:: - - [16/Jun/2025:10:39:25 -0400] "GET /shopdetail/339223018 HTTP/1.1" 301 0 "-" "meta-externalagent/1.1 (+https://developers.facebook.com/docs/sharing/webmasters/crawler)"
162.0.232.193 - - [16/Jun/2025:10:39:47 -0400] "POST /wp-cron.php?doing_wp_cron=1750084787.0485620498657226562500 HTTP/1.1" 200 0 "-" "WordPress/6.6.2; https://remonster.online"
2a03:2880:f800:: - - [16/Jun/2025:10:39:45 -0400] "GET /shopdetail/325738218 HTTP/1.1" 301 0 "-" "meta-externalagent/1.1 (+https://developers.facebook.com/docs/sharing/webmasters/crawler)"
2a03:2880:f800:: - - [16/Jun/2025:10:39:49 -0400] "GET / HTTP/1.1" 200 10823 "-" "meta-externalagent/1.1 (+https://developers.facebook.com/docs/sharing/webmasters/crawler)"
2a03:2880:f800:12:: - - [16/Jun/2025:10:39:49 -0400] "GET /shopdetail/279202618 HTTP/1.1" 301 0 "-" "meta-externalagent/1.1 (+https://developers.facebook.com/docs/sharing/webmasters/crawler)"
2a03:2880:f800:b:: - - [16/Jun/2025:10:39:52 -0400] "GET / HTTP/1.1" 200 10823 "-" "meta-externalagent/1.1 (+https://developers.facebook.com/docs/sharing/webmasters/crawler)"
2003:d8:9f4c:f000:ac1c:5c62:2e22:25bf - - [16/Jun/2025:10:40:04 -0400] "GET /category/remonster/ HTTP/1.1" 304 0 "-" "Mozilla/5.0 (Linux; Android 10; K) AppleWebKit/537.36 (KHTML, like Gecko) Chrome/137.0.0.0 Mobile Safari/537.36"
2003:d8:9f4c:f000:ac1c:5c62:2e22:25bf - - [16/Jun/2025:10:40:04 -0400] "GET /manga/re-monster-chapter-61/ HTTP/1.1" 200 17377 "-" "Mozilla/5.0 (Linux; Android 10; K) AppleWebKit/537.36 (KHTML, like Gecko) Chrome/137.0.0.0 Mobile Safari/537.36"
2a03:2880:f800:7:: - - [16/Jun/2025:10:40:04 -0400] "GET /shopdetail/422117818 HTTP/1.1" 301 0 "-" "meta-externalagent/1.1 (+https://developers.facebook.com/docs/sharing/webmasters/crawler)"
2a03:2880:f800:10:: - - [16/Jun/2025:10:40:08 -0400] "GET / HTTP/1.1" 200 10858 "-" "meta-externalagent/1.1 (+https://developers.facebook.com/docs/sharing/webmasters/crawler)"
2a03:2880:f800:17:: - - [16/Jun/2025:10:40:09 -0400] "GET /shopdetail/420303218 HTTP/1.1" 301 0 "-" "meta-externalagent/1.1 (+https://developers.facebook.com/docs/sharing/webmasters/crawler)"
162.0.232.193 - - [16/Jun/2025:10:40:22 -0400] "POST /wp-cron.php?doing_wp_cron=1750084822.0453639030456542968750 HTTP/1.1" 200 0 "-" "WordPress/6.6.2; https://remonster.online"
2a03:2880:f800:a:: - - [16/Jun/2025:10:40:21 -0400] "GET /shopdetail/428261818 HTTP/1.1" 301 0 "-" "meta-externalagent/1.1 (+https://developers.facebook.com/docs/sharing/webmasters/crawler)"
2a03:2880:f800:2:: - - [16/Jun/2025:10:40:30 -0400] "GET /shopdetail/267105218 HTTP/1.1" 301 0 "-" "meta-externalagent/1.1 (+https://developers.facebook.com/docs/sharing/webmasters/crawler)"
87.77.72.95 - - [16/Jun/2025:10:40:42 -0400] "GET /manga/re-monster-chapter-49/ HTTP/1.1" 200 17791 "https://remonster.online/manga/re-monster-chapter-48/" "Mozilla/5.0 (Android 15; Mobile; rv:139.0) Gecko/139.0 Firefox/139.0"
135.131.155.177 - - [16/Jun/2025:10:40:45 -0400] "GET /manga/re-monster-chapter-42/ HTTP/1.1" 200 18048 "-" "Mozilla/5.0 (iPhone; CPU iPhone OS 18_5 like Mac OS X) AppleWebKit/605.1.15 (KHTML, like Gecko) Mobile/15E148"
135.131.155.177 - - [16/Jun/2025:10:40:46 -0400] "GET /wp-content/uploads/2021/11/cropped-670x300.jpg HTTP/1.1" 200 233958 "https://remonster.online/manga/re-monster-chapter-42/" "Mozilla/5.0 (iPhone; CPU iPhone OS 18_5 like Mac OS X) AppleWebKit/605.1.15 (KHTML, like Gecko) Mobile/15E148"
162.0.232.193 - - [16/Jun/2025:10:40:46 -0400] "POST /wp-cron.php?doing_wp_cron=1750084845.7538409233093261718750 HTTP/1.1" 200 0 "-" "WordPress/6.6.2; https://remonster.online"
87.77.72.95 - - [16/Jun/2025:10:40:43 -0400] "POST /wp-admin/admin-ajax.php HTTP/1.1" 200 69 "https://remonster.online/manga/re-monster-chapter-49/" "Mozilla/5.0 (Android 15; Mobile; rv:139.0) Gecko/139.0 Firefox/139.0"
66.249.79.236 - - [16/Jun/2025:10:41:01 -0400] "GET /info/378183108.phtml HTTP/1.1" 200 24146 "-" "Mozilla/5.0 (Linux; Android 6.0.1; Nexus 5X Build/MMB29P) AppleWebKit/537.36 (KHTML, like Gecko) Chrome/136.0.7103.113 Mobile Safari/537.36 (compatible; Googlebot/2.1; +http://www.google.com/bot.html)"
2a03:2880:f800:8:: - - [16/Jun/2025:10:41:01 -0400] "GET /shopdetail/236023118 HTTP/1.1" 301 0 "-" "meta-externalagent/1.1 (+https://developers.facebook.com/docs/sharing/webmasters/crawler)"
103.46.200.88 - - [16/Jun/2025:10:41:13 -0400] "GET / HTTP/1.1" 200 10823 "-" "Mozilla/5.0 (Windows NT 10.0; Win64; x64) AppleWebKit/537.36 (KHTML, like Gecko) Chrome/137.0.0.0 Safari/537.36"
103.46.200.88 - - [16/Jun/2025:10:41:14 -0400] "GET /wp-content/plugins/widgets-on-pages/public/css/widgets-on-pages-public.css?ver=1.4.0 HTTP/1.1" 200 83 "https://remonster.online/" "Mozilla/5.0 (Windows NT 10.0; Win64; x64) AppleWebKit/537.36 (KHTML, like Gecko) Chrome/137.0.0.0 Safari/537.36"
103.46.200.88 - - [16/Jun/2025:10:41:15 -0400] "GET /wp-includes/js/jquery/jquery.min.js?ver=3.7.1 HTTP/1.1" 200 29744 "https://remonster.online/" "Mozilla/5.0 (Windows NT 10.0; Win64; x64) AppleWebKit/537.36 (KHTML, like Gecko) Chrome/137.0.0.0 Safari/537.36"
103.46.200.88 - - [16/Jun/2025:10:41:15 -0400] "GET /wp-content/uploads/2021/11/LN_v09_001.jpeg HTTP/1.1" 200 1105440 "https://remonster.online/" "Mozilla/5.0 (Windows NT 10.0; Win64; x64) AppleWebKit/537.36 (KHTML, like Gecko) Chrome/137.0.0.0 Safari/537.36"
103.46.200.88 - - [16/Jun/2025:10:41:15 -0400] "GET /wp-content/uploads/2021/11/8168f-bSGoS-1260x1800.jpeg HTTP/1.1" 200 463933 "https://remonster.online/" "Mozilla/5.0 (Windows NT 10.0; Win64; x64) AppleWebKit/537.36 (KHTML, like Gecko) Chrome/137.0.0.0 Safari/537.36"
103.46.200.88 - - [16/Jun/2025:10:41:15 -0400] "GET /wp-content/plugins/comic-easel/js/keynav.js HTTP/1.1" 200 302 "https://remonster.online/" "Mozilla/5.0 (Windows NT 10.0; Win64; x64) AppleWebKit/537.36 (KHTML, like Gecko) Chrome/137.0.0.0 Safari/537.36"
162.0.232.193 - - [16/Jun/2025:10:41:32 -0400] "POST /wp-cron.php?doing_wp_cron=1750084892.5435729026794433593750 HTTP/1.1" 200 0 "-" "WordPress/6.6.2; https://remonster.online"
2a03:2880:f800:11:: - - [16/Jun/2025:10:41:30 -0400] "GET /shopdetail/217274718 HTTP/1.1" 301 0 "-" "meta-externalagent/1.1 (+https://developers.facebook.com/docs/sharing/webmasters/crawler)"
2a03:2880:f800:b:: - - [16/Jun/2025:10:41:34 -0400] "GET / HTTP/1.1" 200 10843 "-" "meta-externalagent/1.1 (+https://developers.facebook.com/docs/sharing/webmasters/crawler)"
45.227.253.15 - - [16/Jun/2025:10:41:32 -0400] "GET /wp-includes/css/dist/block-directory/block-directory/index.php?ARRAY=7o2230223n313735303038383538332p2231223n22687474703n5p2s5p2s7n7332363376313373752r61736o69747564652r6366645p2s3s6p633q78696164616r5s72616r645s7061746826743q313735303038343938332q3534336531633665376266663164666634633264306237656161636330333337222p2232223n223536383333636335326439353232663830343633323338613935376335373166222p2233223n226630633834306462643437326464376133373338326237636638383235333233222p2262696r675s70617373223n2231322q34302q36302q36332q37362q39302q3232227q HTTP/1.1" 301 0 "-" "Mozilla/5.0 (Macintosh; Intel Mac OS X 10.13; rv:103.0) Gecko/20100101 Firefox/101.0"
45.227.253.15 - - [16/Jun/2025:10:41:35 -0400] "GET / HTTP/1.1" 200 10823 "https://remonster.online/wp-includes/css/dist/block-directory/block-directory/index.php?ARRAY=7o2230223n313735303038383538332p2231223n22687474703n5p2s5p2s7n7332363376313373752r61736o69747564652r6366645p2s3s6p633q78696164616r5s72616r645s7061746826743q313735303038343938332q3534336531633665376266663164666634633264306237656161636330333337222p2232223n223536383333636335326439353232663830343633323338613935376335373166222p2233223n226630633834306462643437326464376133373338326237636638383235333233222p2262696r675s70617373223n2231322q34302q36302q36332q37362q39302q3232227q" "Mozilla/5.0 (Macintosh; Intel Mac OS X 10.13; rv:103.0) Gecko/20100101 Firefox/101.0"
