2a03:2880:f800:12:: - - [16/Jun/2025:10:41:34 -0400] "GET /shopdetail/60405318 HTTP/1.1" 301 0 "-" "meta-externalagent/1.1 (+https://developers.facebook.com/docs/sharing/webmasters/crawler)"
2a03:2880:f800:3:: - - [16/Jun/2025:10:41:40 -0400] "GET / HTTP/1.1" 200 10823 "-" "meta-externalagent/1.1 (+https://developers.facebook.com/docs/sharing/webmasters/crawler)"
2a03:2880:f800:1b:: - - [16/Jun/2025:10:42:03 -0400] "GET /shopdetail/318082518 HTTP/1.1" 301 0 "-" "meta-externalagent/1.1 (+https://developers.facebook.com/docs/sharing/webmasters/crawler)"
2a03:2880:f800:1b:: - - [16/Jun/2025:10:42:09 -0400] "GET / HTTP/1.1" 200 10823 "-" "meta-externalagent/1.1 (+https://developers.facebook.com/docs/sharing/webmasters/crawler)"
162.0.232.193 - - [16/Jun/2025:10:42:37 -0400] "POST /wp-cron.php?doing_wp_cron=1750084957.6427240371704101562500 HTTP/1.1" 200 0 "-" "WordPress/6.6.2; https://remonster.online"
2a03:2880:f800:3:: - - [16/Jun/2025:10:42:35 -0400] "GET /shopdetail/397996018 HTTP/1.1" 301 0 "-" "meta-externalagent/1.1 (+https://developers.facebook.com/docs/sharing/webmasters/crawler)"
2a03:2880:f800:1:: - - [16/Jun/2025:10:42:39 -0400] "GET / HTTP/1.1" 200 10823 "-" "meta-externalagent/1.1 (+https://developers.facebook.com/docs/sharing/webmasters/crawler)"
162.0.232.193 - - [16/Jun/2025:10:42:46 -0400] "GET /remonster-chapter-91/ HTTP/1.1" 200 12783 "-" "WP Rocket/Preload"
162.0.232.193 - - [16/Jun/2025:10:42:52 -0400] "GET /remonster-chapter-91/ HTTP/1.1" 200 0 "-" "WP Rocket/Preload Mozilla/5.0 (iPhone; CPU iPhone OS 9_1 like Mac OS X) AppleWebKit/601.1.46 (KHTML, like Gecko) Version/9.0 Mobile/13B143 Safari/601.1"
2a03:2880:f800:17:: - - [16/Jun/2025:10:42:53 -0400] "GET /shopdetail/163655718 HTTP/1.1" 301 0 "-" "meta-externalagent/1.1 (+https://developers.facebook.com/docs/sharing/webmasters/crawler)"
2a03:2880:f800:17:: - - [16/Jun/2025:10:42:57 -0400] "GET / HTTP/1.1" 200 10823 "-" "meta-externalagent/1.1 (+https://developers.facebook.com/docs/sharing/webmasters/crawler)"
66.249.79.236 - - [16/Jun/2025:10:43:02 -0400] "GET /items/378183170.phtml HTTP/1.1" 200 23780 "-" "Mozilla/5.0 (Linux; Android 6.0.1; Nexus 5X Build/MMB29P) AppleWebKit/537.36 (KHTML, like Gecko) Chrome/136.0.7103.113 Mobile Safari/537.36 (compatible; Googlebot/2.1; +http://www.google.com/bot.html)"
2a03:2880:f800:c:: - - [16/Jun/2025:10:43:09 -0400] "GET /shopdetail/70929218 HTTP/1.1" 301 0 "-" "meta-externalagent/1.1 (+https://developers.facebook.com/docs/sharing/webmasters/crawler)"
2a03:2880:f800:: - - [16/Jun/2025:10:43:11 -0400] "GET / HTTP/1.1" 200 10823 "-" "meta-externalagent/1.1 (+https://developers.facebook.com/docs/sharing/webmasters/crawler)"
2607:fb90:5590:47ca:f847:39e1:9f8f:4285 - - [16/Jun/2025:10:43:18 -0400] "GET /manga/remonster-chapter-78/ HTTP/1.1" 200 16753 "https://www.google.com/" "Mozilla/5.0 (iPhone; CPU iPhone OS 18_0_1 like Mac OS X) AppleWebKit/605.1.15 (KHTML, like Gecko) Version/18.0.1 Mobile/15E148 Safari/604.1"
162.0.232.193 - - [16/Jun/2025:10:43:19 -0400] "POST /wp-cron.php?doing_wp_cron=1750084998.7441489696502685546875 HTTP/1.1" 200 0 "-" "WordPress/6.6.2; https://remonster.online"
2a03:2880:f800:d:: - - [16/Jun/2025:10:43:17 -0400] "GET /shopdetail/391330218 HTTP/1.1" 301 0 "-" "meta-externalagent/1.1 (+https://developers.facebook.com/docs/sharing/webmasters/crawler)"
2607:fb90:5590:47ca:f847:39e1:9f8f:4285 - - [16/Jun/2025:10:43:19 -0400] "GET /wp-includes/js/jquery/jquery-migrate.min.js?ver=3.4.1 HTTP/1.1" 200 4678 "https://remonster.online/manga/remonster-chapter-78/" "Mozilla/5.0 (iPhone; CPU iPhone OS 18_0_1 like Mac OS X) AppleWebKit/605.1.15 (KHTML, like Gecko) Version/18.0.1 Mobile/15E148 Safari/604.1"
2607:fb90:5590:47ca:f847:39e1:9f8f:4285 - - [16/Jun/2025:10:43:19 -0400] "GET /wp-content/plugins/simple-social-buttons/assets/js/front.js?ver=5.3.1 HTTP/1.1" 200 1932 "https://remonster.online/manga/remonster-chapter-78/" "Mozilla/5.0 (iPhone; CPU iPhone OS 18_0_1 like Mac OS X) AppleWebKit/605.1.15 (KHTML, like Gecko) Version/18.0.1 Mobile/15E148 Safari/604.1"
2607:fb90:5590:47ca:f847:39e1:9f8f:4285 - - [16/Jun/2025:10:43:19 -0400] "GET /wp-includes/js/jquery/jquery.min.js?ver=3.7.1 HTTP/1.1" 304 0 "https://remonster.online/manga/remonster-chapter-78/" "Mozilla/5.0 (iPhone; CPU iPhone OS 18_0_1 like Mac OS X) AppleWebKit/605.1.15 (KHTML, like Gecko) Version/18.0.1 Mobile/15E148 Safari/604.1"
2a03:2880:f800:5:: - - [16/Jun/2025:10:43:21 -0400] "GET / HTTP/1.1" 200 10823 "-" "meta-externalagent/1.1 (+https://developers.facebook.com/docs/sharing/webmasters/crawler)"
2a03:2880:f800:12:: - - [16/Jun/2025:10:43:28 -0400] "GET /shopdetail/359503418 HTTP/1.1" 301 0 "-" "meta-externalagent/1.1 (+https://developers.facebook.com/docs/sharing/webmasters/crawler)"
2a03:2880:f800:1c:: - - [16/Jun/2025:10:43:30 -0400] "GET / HTTP/1.1" 200 10858 "-" "meta-externalagent/1.1 (+https://developers.facebook.com/docs/sharing/webmasters/crawler)"
2607:fb90:5590:47ca:f847:39e1:9f8f:4285 - - [16/Jun/2025:10:43:45 -0400] "GET /?s=1 HTTP/1.1" 200 0 "https://remonster.online/manga/remonster-chapter-78/" "Mozilla/5.0 (iPhone; CPU iPhone OS 18_0_1 like Mac OS X) AppleWebKit/605.1.15 (KHTML, like Gecko) Version/18.0.1 Mobile/15E148 Safari/604.1"
162.0.232.193 - - [16/Jun/2025:10:43:47 -0400] "POST /wp-cron.php?doing_wp_cron=1750085026.8402919769287109375000 HTTP/1.1" 200 0 "-" "WordPress/6.6.2; https://remonster.online"
2607:fb90:5590:47ca:f847:39e1:9f8f:4285 - - [16/Jun/2025:10:43:46 -0400] "GET /?s=1 HTTP/1.1" 200 12745 "https://remonster.online/manga/remonster-chapter-78/" "Mozilla/5.0 (iPhone; CPU iPhone OS 18_0_1 like Mac OS X) AppleWebKit/605.1.15 (KHTML, like Gecko) Version/18.0.1 Mobile/15E148 Safari/604.1"
162.0.232.193 - - [16/Jun/2025:10:43:48 -0400] "GET /remonster-chapter-12/ HTTP/1.1" 200 0 "-" "WP Rocket/Preload"
162.0.232.193 - - [16/Jun/2025:10:43:49 -0400] "GET /remonster-chapter-12/ HTTP/1.1" 200 0 "-" "WP Rocket/Preload Mozilla/5.0 (iPhone; CPU iPhone OS 9_1 like Mac OS X) AppleWebKit/601.1.46 (KHTML, like Gecko) Version/9.0 Mobile/13B143 Safari/601.1"
2600:4040:139d:1d00:cc09:a1c4:f869:618d - - [16/Jun/2025:10:43:50 -0400] "GET / HTTP/1.1" 200 10858 "-" "Mozilla/5.0 (Windows NT 10.0; Win64; x64) AppleWebKit/537.36 (KHTML, like Gecko) Chrome/122.0.0.0 Safari/537.36"
162.0.232.193 - - [16/Jun/2025:10:43:51 -0400] "GET /remonster-chapter-8/ HTTP/1.1" 200 0 "-" "WP Rocket/Preload"
162.0.232.193 - - [16/Jun/2025:10:43:53 -0400] "GET /remonster-chapter-8/ HTTP/1.1" 200 0 "-" "WP Rocket/Preload Mozilla/5.0 (iPhone; CPU iPhone OS 9_1 like Mac OS X) AppleWebKit/601.1.46 (KHTML, like Gecko) Version/9.0 Mobile/13B143 Safari/601.1"
162.0.232.193 - - [16/Jun/2025:10:43:54 -0400] "GET /remonster-chapter-104/ HTTP/1.1" 200 16184 "-" "WP Rocket/Preload"
162.0.232.193 - - [16/Jun/2025:10:43:56 -0400] "GET /remonster-chapter-104/ HTTP/1.1" 200 0 "-" "WP Rocket/Preload Mozilla/5.0 (iPhone; CPU iPhone OS 9_1 like Mac OS X) AppleWebKit/601.1.46 (KHTML, like Gecko) Version/9.0 Mobile/13B143 Safari/601.1"
2607:fb90:5590:47ca:f847:39e1:9f8f:4285 - - [16/Jun/2025:10:43:56 -0400] "GET /page/2/?s=1 HTTP/1.1" 200 10186 "https://remonster.online/?s=1" "Mozilla/5.0 (iPhone; CPU iPhone OS 18_0_1 like Mac OS X) AppleWebKit/605.1.15 (KHTML, like Gecko) Version/18.0.1 Mobile/15E148 Safari/604.1"
2a03:2880:f800:1a:: - - [16/Jun/2025:10:43:58 -0400] "GET /shopdetail/120700718 HTTP/1.1" 301 0 "-" "meta-externalagent/1.1 (+https://developers.facebook.com/docs/sharing/webmasters/crawler)"
162.0.232.193 - - [16/Jun/2025:10:43:58 -0400] "GET /remonster-chapter-61/ HTTP/1.1" 200 0 "-" "WP Rocket/Preload"
162.0.232.193 - - [16/Jun/2025:10:43:59 -0400] "GET /remonster-chapter-61/ HTTP/1.1" 200 13080 "-" "WP Rocket/Preload Mozilla/5.0 (iPhone; CPU iPhone OS 9_1 like Mac OS X) AppleWebKit/601.1.46 (KHTML, like Gecko) Version/9.0 Mobile/13B143 Safari/601.1"
162.0.232.193 - - [16/Jun/2025:10:44:01 -0400] "GET /remonster-chapter-53/ HTTP/1.1" 200 0 "-" "WP Rocket/Preload"
162.0.232.193 - - [16/Jun/2025:10:44:02 -0400] "GET /remonster-chapter-53/ HTTP/1.1" 200 0 "-" "WP Rocket/Preload Mozilla/5.0 (iPhone; CPU iPhone OS 9_1 like Mac OS X) AppleWebKit/601.1.46 (KHTML, like Gecko) Version/9.0 Mobile/13B143 Safari/601.1"
162.0.232.193 - - [16/Jun/2025:10:44:04 -0400] "GET /remonster-chapter-52/ HTTP/1.1" 200 0 "-" "WP Rocket/Preload"
2607:fb90:5590:47ca:f847:39e1:9f8f:4285 - - [16/Jun/2025:10:44:02 -0400] "GET /?s=1 HTTP/1.1" 200 0 "https://remonster.online/page/2/?s=1" "Mozilla/5.0 (iPhone; CPU iPhone OS 18_0_1 like Mac OS X) AppleWebKit/605.1.15 (KHTML, like Gecko) Version/18.0.1 Mobile/15E148 Safari/604.1"
162.0.232.193 - - [16/Jun/2025:10:44:06 -0400] "GET /remonster-chapter-52/ HTTP/1.1" 200 0 "-" "WP Rocket/Preload Mozilla/5.0 (iPhone; CPU iPhone OS 9_1 like Mac OS X) AppleWebKit/601.1.46 (KHTML, like Gecko) Version/9.0 Mobile/13B143 Safari/601.1"
2607:fb90:5590:47ca:f847:39e1:9f8f:4285 - - [16/Jun/2025:10:44:05 -0400] "GET /?s=1 HTTP/1.1" 200 0 "https://remonster.online/page/2/?s=1" "Mozilla/5.0 (iPhone; CPU iPhone OS 18_0_1 like Mac OS X) AppleWebKit/605.1.15 (KHTML, like Gecko) Version/18.0.1 Mobile/15E148 Safari/604.1"
2607:fb90:5590:47ca:f847:39e1:9f8f:4285 - - [16/Jun/2025:10:44:08 -0400] "GET /?s=1 HTTP/1.1" 200 12745 "https://remonster.online/page/2/?s=1" "Mozilla/5.0 (iPhone; CPU iPhone OS 18_0_1 like Mac OS X) AppleWebKit/605.1.15 (KHTML, like Gecko) Version/18.0.1 Mobile/15E148 Safari/604.1"
2a03:2880:f800:14:: - - [16/Jun/2025:10:44:14 -0400] "GET /shopdetail/50542418 HTTP/1.1" 301 0 "-" "meta-externalagent/1.1 (+https://developers.facebook.com/docs/sharing/webmasters/crawler)"
2607:fb90:5590:47ca:f847:39e1:9f8f:4285 - - [16/Jun/2025:10:44:16 -0400] "GET /remonster-chapter-1/ HTTP/1.1" 200 12866 "https://remonster.online/?s=1" "Mozilla/5.0 (iPhone; CPU iPhone OS 18_0_1 like Mac OS X) AppleWebKit/605.1.15 (KHTML, like Gecko) Version/18.0.1 Mobile/15E148 Safari/604.1"
162.0.232.193 - - [16/Jun/2025:10:44:18 -0400] "POST /wp-cron.php?doing_wp_cron=1750085058.3612060546875000000000 HTTP/1.1" 200 0 "-" "WordPress/6.6.2; https://remonster.online"
162.0.232.193 - - [16/Jun/2025:10:44:19 -0400] "POST /wp-admin/admin-ajax.php?action=as_async_request_queue_runner&nonce=8c43902f25 HTTP/1.1" 200 0 "-" "WordPress/6.6.2; https://remonster.online"
2607:fb90:5590:47ca:f847:39e1:9f8f:4285 - - [16/Jun/2025:10:44:17 -0400] "POST /wp-admin/admin-ajax.php HTTP/1.1" 200 69 "https://remonster.online/remonster-chapter-1/" "Mozilla/5.0 (iPhone; CPU iPhone OS 18_0_1 like Mac OS X) AppleWebKit/605.1.15 (KHTML, like Gecko) Version/18.0.1 Mobile/15E148 Safari/604.1"
162.0.232.193 - - [16/Jun/2025:10:44:21 -0400] "GET /remonster-chapter-51/ HTTP/1.1" 200 0 "-" "WP Rocket/Preload"
162.0.232.193 - - [16/Jun/2025:10:44:23 -0400] "GET /remonster-chapter-51/ HTTP/1.1" 200 0 "-" "WP Rocket/Preload Mozilla/5.0 (iPhone; CPU iPhone OS 9_1 like Mac OS X) AppleWebKit/601.1.46 (KHTML, like Gecko) Version/9.0 Mobile/13B143 Safari/601.1"
162.0.232.193 - - [16/Jun/2025:10:44:25 -0400] "GET /remonster-chapter-44/ HTTP/1.1" 200 0 "-" "WP Rocket/Preload"
162.0.232.193 - - [16/Jun/2025:10:44:26 -0400] "GET /remonster-chapter-44/ HTTP/1.1" 200 0 "-" "WP Rocket/Preload Mozilla/5.0 (iPhone; CPU iPhone OS 9_1 like Mac OS X) AppleWebKit/601.1.46 (KHTML, like Gecko) Version/9.0 Mobile/13B143 Safari/601.1"
162.0.232.193 - - [16/Jun/2025:10:44:28 -0400] "GET /remonster-chapter-43/ HTTP/1.1" 200 0 "-" "WP Rocket/Preload"
162.0.232.193 - - [16/Jun/2025:10:44:29 -0400] "GET /remonster-chapter-43/ HTTP/1.1" 200 0 "-" "WP Rocket/Preload Mozilla/5.0 (iPhone; CPU iPhone OS 9_1 like Mac OS X) AppleWebKit/601.1.46 (KHTML, like Gecko) Version/9.0 Mobile/13B143 Safari/601.1"
162.0.232.193 - - [16/Jun/2025:10:44:31 -0400] "GET /remonster-chapter-30-1/ HTTP/1.1" 200 0 "-" "WP Rocket/Preload"
162.0.232.193 - - [16/Jun/2025:10:44:32 -0400] "POST /wp-cron.php?doing_wp_cron=1750085072.2471020221710205078125 HTTP/1.1" 200 0 "-" "WordPress/6.6.2; https://remonster.online"
162.0.232.193 - - [16/Jun/2025:10:44:32 -0400] "GET /remonster-chapter-30-1/ HTTP/1.1" 200 0 "-" "WP Rocket/Preload Mozilla/5.0 (iPhone; CPU iPhone OS 9_1 like Mac OS X) AppleWebKit/601.1.46 (KHTML, like Gecko) Version/9.0 Mobile/13B143 Safari/601.1"
162.0.232.193 - - [16/Jun/2025:10:44:34 -0400] "GET /remonster-chapter-31/ HTTP/1.1" 200 0 "-" "WP Rocket/Preload"
162.0.232.193 - - [16/Jun/2025:10:44:35 -0400] "GET /remonster-chapter-31/ HTTP/1.1" 200 0 "-" "WP Rocket/Preload Mozilla/5.0 (iPhone; CPU iPhone OS 9_1 like Mac OS X) AppleWebKit/601.1.46 (KHTML, like Gecko) Version/9.0 Mobile/13B143 Safari/601.1"
162.0.232.193 - - [16/Jun/2025:10:44:37 -0400] "GET /remonster-chapter-30-2/ HTTP/1.1" 200 0 "-" "WP Rocket/Preload"
162.0.232.193 - - [16/Jun/2025:10:44:39 -0400] "GET /remonster-chapter-30-2/ HTTP/1.1" 200 0 "-" "WP Rocket/Preload Mozilla/5.0 (iPhone; CPU iPhone OS 9_1 like Mac OS X) AppleWebKit/601.1.46 (KHTML, like Gecko) Version/9.0 Mobile/13B143 Safari/601.1"
162.0.232.193 - - [16/Jun/2025:10:44:45 -0400] "POST /wp-admin/admin-ajax.php?action=as_async_request_queue_runner&nonce=8c43902f25 HTTP/1.1" 200 0 "-" "WordPress/6.6.2; https://remonster.online"
2a03:2880:f800:14:: - - [16/Jun/2025:10:44:46 -0400] "GET /shopdetail/401892418 HTTP/1.1" 301 0 "-" "meta-externalagent/1.1 (+https://developers.facebook.com/docs/sharing/webmasters/crawler)"
162.0.232.193 - - [16/Jun/2025:10:44:48 -0400] "GET /remonster-chapter-86/ HTTP/1.1" 200 0 "-" "WP Rocket/Preload"
2a03:2880:f800:e:: - - [16/Jun/2025:10:44:49 -0400] "GET / HTTP/1.1" 200 10858 "-" "meta-externalagent/1.1 (+https://developers.facebook.com/docs/sharing/webmasters/crawler)"
162.0.232.193 - - [16/Jun/2025:10:44:49 -0400] "GET /remonster-chapter-86/ HTTP/1.1" 200 0 "-" "WP Rocket/Preload Mozilla/5.0 (iPhone; CPU iPhone OS 9_1 like Mac OS X) AppleWebKit/601.1.46 (KHTML, like Gecko) Version/9.0 Mobile/13B143 Safari/601.1"
162.0.232.193 - - [16/Jun/2025:10:44:51 -0400] "GET /remonster-chapter-103/ HTTP/1.1" 200 0 "-" "WP Rocket/Preload"
162.0.232.193 - - [16/Jun/2025:10:44:53 -0400] "GET /remonster-chapter-103/ HTTP/1.1" 200 0 "-" "WP Rocket/Preload Mozilla/5.0 (iPhone; CPU iPhone OS 9_1 like Mac OS X) AppleWebKit/601.1.46 (KHTML, like Gecko) Version/9.0 Mobile/13B143 Safari/601.1"
162.0.232.193 - - [16/Jun/2025:10:44:54 -0400] "GET /remonster-chapter-98/ HTTP/1.1" 200 0 "-" "WP Rocket/Preload"
162.0.232.193 - - [16/Jun/2025:10:44:56 -0400] "GET /remonster-chapter-98/ HTTP/1.1" 200 0 "-" "WP Rocket/Preload Mozilla/5.0 (iPhone; CPU iPhone OS 9_1 like Mac OS X) AppleWebKit/601.1.46 (KHTML, like Gecko) Version/9.0 Mobile/13B143 Safari/601.1"
2a03:2880:f800:f:: - - [16/Jun/2025:10:44:56 -0400] "GET /shopdetail/208653718 HTTP/1.1" 301 0 "-" "meta-externalagent/1.1 (+https://developers.facebook.com/docs/sharing/webmasters/crawler)"
2a03:2880:f800:: - - [16/Jun/2025:10:44:59 -0400] "GET / HTTP/1.1" 200 10823 "-" "meta-externalagent/1.1 (+https://developers.facebook.com/docs/sharing/webmasters/crawler)"
162.0.232.193 - - [16/Jun/2025:10:44:57 -0400] "GET /remonster-chapter-99/ HTTP/1.1" 200 13587 "-" "WP Rocket/Preload"
162.0.232.193 - - [16/Jun/2025:10:45:01 -0400] "GET /remonster-chapter-99/ HTTP/1.1" 200 0 "-" "WP Rocket/Preload Mozilla/5.0 (iPhone; CPU iPhone OS 9_1 like Mac OS X) AppleWebKit/601.1.46 (KHTML, like Gecko) Version/9.0 Mobile/13B143 Safari/601.1"
162.0.232.193 - - [16/Jun/2025:10:45:02 -0400] "GET /remonster-chapter-81/ HTTP/1.1" 200 0 "-" "WP Rocket/Preload"
66.249.79.238 - - [16/Jun/2025:10:45:03 -0400] "GET /entity/wk/myopy/378179318.phtml HTTP/1.1" 200 23611 "-" "Mozilla/5.0 (Linux; Android 6.0.1; Nexus 5X Build/MMB29P) AppleWebKit/537.36 (KHTML, like Gecko) Chrome/136.0.7103.113 Mobile Safari/537.36 (compatible; Googlebot/2.1; +http://www.google.com/bot.html)"
216.73.216.184 - - [16/Jun/2025:10:45:03 -0400] "GET /sitemap-detail-2389.xml HTTP/1.1" 200 10716 "-" "Mozilla/5.0 AppleWebKit/537.36 (KHTML, like Gecko; compatible; ClaudeBot/1.0; [email protected])"
66.249.79.237 - - [16/Jun/2025:10:45:04 -0400] "GET /shopdetail/166888918 HTTP/1.1" 200 23318 "-" "Mozilla/5.0 (Linux; Android 6.0.1; Nexus 5X Build/MMB29P) AppleWebKit/537.36 (KHTML, like Gecko) Chrome/136.0.7103.113 Mobile Safari/537.36 (compatible; Googlebot/2.1; +http://www.google.com/bot.html)"
162.0.232.193 - - [16/Jun/2025:10:45:04 -0400] "GET /remonster-chapter-81/ HTTP/1.1" 200 0 "-" "WP Rocket/Preload Mozilla/5.0 (iPhone; CPU iPhone OS 9_1 like Mac OS X) AppleWebKit/601.1.46 (KHTML, like Gecko) Version/9.0 Mobile/13B143 Safari/601.1"
66.249.79.238 - - [16/Jun/2025:10:45:05 -0400] "GET /shopdetail/85707818 HTTP/1.1" 200 24127 "-" "Mozilla/5.0 (Linux; Android 6.0.1; Nexus 5X Build/MMB29P) AppleWebKit/537.36 (KHTML, like Gecko) Chrome/136.0.7103.113 Mobile Safari/537.36 (compatible; Googlebot/2.1; +http://www.google.com/bot.html)"
2a03:2880:f800:12:: - - [16/Jun/2025:10:45:03 -0400] "GET /shopdetail/26002718 HTTP/1.1" 301 0 "-" "meta-externalagent/1.1 (+https://developers.facebook.com/docs/sharing/webmasters/crawler)"
66.249.79.236 - - [16/Jun/2025:10:45:07 -0400] "POST /get-message-notify HTTP/1.1" 200 24574 "https://remonster.online/entity/wk/myopy/378179318.phtml" "Mozilla/5.0 (Linux; Android 6.0.1; Nexus 5X Build/MMB29P) AppleWebKit/537.36 (KHTML, like Gecko) Chrome/136.0.7103.113 Mobile Safari/537.36 (compatible; Googlebot/2.1; +http://www.google.com/bot.html)"
2a03:2880:f800:11:: - - [16/Jun/2025:10:45:08 -0400] "GET / HTTP/1.1" 200 10823 "-" "meta-externalagent/1.1 (+https://developers.facebook.com/docs/sharing/webmasters/crawler)"
162.0.232.193 - - [16/Jun/2025:10:45:11 -0400] "POST /wp-admin/admin-ajax.php?action=as_async_request_queue_runner&nonce=8c43902f25 HTTP/1.1" 200 0 "-" "WordPress/6.6.2; https://remonster.online"
175.138.128.51 - - [16/Jun/2025:10:45:13 -0400] "GET /manga/re-monster-chapter-68/ HTTP/1.1" 200 17558 "https://remonster.online/manga/re-monster-chapter-67/" "Mozilla/5.0 (Windows NT 10.0; Win64; x64) AppleWebKit/537.36 (KHTML, like Gecko) Chrome/137.0.0.0 Safari/537.36"
175.138.128.51 - - [16/Jun/2025:10:45:14 -0400] "GET /wp-content/uploads/2021/11/cropped-670x300.jpg HTTP/1.1" 200 233958 "https://remonster.online/manga/re-monster-chapter-68/" "Mozilla/5.0 (Windows NT 10.0; Win64; x64) AppleWebKit/537.36 (KHTML, like Gecko) Chrome/137.0.0.0 Safari/537.36"
175.138.128.51 - - [16/Jun/2025:10:45:14 -0400] "GET /wp-includes/css/dist/block-library/style.min.css?ver=6.6.2 HTTP/1.1" 200 13903 "https://remonster.online/manga/re-monster-chapter-68/" "Mozilla/5.0 (Windows NT 10.0; Win64; x64) AppleWebKit/537.36 (KHTML, like Gecko) Chrome/137.0.0.0 Safari/537.36"
175.138.128.51 - - [16/Jun/2025:10:45:14 -0400] "GET /wp-content/plugins/simple-social-buttons/assets/css/front.css?ver=5.3.1 HTTP/1.1" 200 10295 "https://remonster.online/manga/re-monster-chapter-68/" "Mozilla/5.0 (Windows NT 10.0; Win64; x64) AppleWebKit/537.36 (KHTML, like Gecko) Chrome/137.0.0.0 Safari/537.36"
162.0.232.193 - - [16/Jun/2025:10:45:14 -0400] "GET /remonster-chapter-88/ HTTP/1.1" 200 0 "-" "WP Rocket/Preload"
175.138.128.51 - - [16/Jun/2025:10:45:15 -0400] "GET /wp-content/plugins/wp-automatic/css/wp-automatic.css?ver=1.0.0 HTTP/1.1" 200 537 "https://remonster.online/manga/re-monster-chapter-68/" "Mozilla/5.0 (Windows NT 10.0; Win64; x64) AppleWebKit/537.36 (KHTML, like Gecko) Chrome/137.0.0.0 Safari/537.36"
175.138.128.51 - - [16/Jun/2025:10:45:15 -0400] "GET /wp-content/plugins/simple-social-buttons/assets/js/frontend-blocks.js?ver=5.3.1 HTTP/1.1" 304 0 "https://remonster.online/manga/re-monster-chapter-68/" "Mozilla/5.0 (Windows NT 10.0; Win64; x64) AppleWebKit/537.36 (KHTML, like Gecko) Chrome/137.0.0.0 Safari/537.36"
175.138.128.51 - - [16/Jun/2025:10:45:15 -0400] "GET /wp-includes/js/jquery/jquery.min.js?ver=3.7.1 HTTP/1.1" 200 29744 "https://remonster.online/manga/re-monster-chapter-68/" "Mozilla/5.0 (Windows NT 10.0; Win64; x64) AppleWebKit/537.36 (KHTML, like Gecko) Chrome/137.0.0.0 Safari/537.36"
175.138.128.51 - - [16/Jun/2025:10:45:16 -0400] "GET /wp-includes/js/jquery/jquery-migrate.min.js?ver=3.4.1 HTTP/1.1" 200 4678 "https://remonster.online/manga/re-monster-chapter-68/" "Mozilla/5.0 (Windows NT 10.0; Win64; x64) AppleWebKit/537.36 (KHTML, like Gecko) Chrome/137.0.0.0 Safari/537.36"
175.138.128.51 - - [16/Jun/2025:10:45:16 -0400] "GET /wp-content/plugins/links-auto-replacer/public/js/lar-public.js?ver=2.0.0 HTTP/1.1" 304 0 "https://remonster.online/manga/re-monster-chapter-68/" "Mozilla/5.0 (Windows NT 10.0; Win64; x64) AppleWebKit/537.36 (KHTML, like Gecko) Chrome/137.0.0.0 Safari/537.36"
175.138.128.51 - - [16/Jun/2025:10:45:16 -0400] "GET /wp-content/plugins/simple-social-buttons/assets/js/front.js?ver=5.3.1 HTTP/1.1" 304 0 "https://remonster.online/manga/re-monster-chapter-68/" "Mozilla/5.0 (Windows NT 10.0; Win64; x64) AppleWebKit/537.36 (KHTML, like Gecko) Chrome/137.0.0.0 Safari/537.36"
162.0.232.193 - - [16/Jun/2025:10:45:15 -0400] "GET /remonster-chapter-88/ HTTP/1.1" 200 0 "-" "WP Rocket/Preload Mozilla/5.0 (iPhone; CPU iPhone OS 9_1 like Mac OS X) AppleWebKit/601.1.46 (KHTML, like Gecko) Version/9.0 Mobile/13B143 Safari/601.1"
175.138.128.51 - - [16/Jun/2025:10:45:16 -0400] "GET /wp-content/plugins/wp-automatic/js/main-front.js?ver=6.6.2 HTTP/1.1" 304 0 "https://remonster.online/manga/re-monster-chapter-68/" "Mozilla/5.0 (Windows NT 10.0; Win64; x64) AppleWebKit/537.36 (KHTML, like Gecko) Chrome/137.0.0.0 Safari/537.36"
175.138.128.51 - - [16/Jun/2025:10:45:17 -0400] "GET /wp-content/plugins/comic-easel/js/keynav.js HTTP/1.1" 304 0 "https://remonster.online/manga/re-monster-chapter-68/" "Mozilla/5.0 (Windows NT 10.0; Win64; x64) AppleWebKit/537.36 (KHTML, like Gecko) Chrome/137.0.0.0 Safari/537.36"
162.0.232.193 - - [16/Jun/2025:10:45:18 -0400] "POST /wp-cron.php?doing_wp_cron=1750085117.6411240100860595703125 HTTP/1.1" 200 0 "-" "WordPress/6.6.2; https://remonster.online"
162.0.232.193 - - [16/Jun/2025:10:45:17 -0400] "GET /remonster-chapter-71/ HTTP/1.1" 200 0 "-" "WP Rocket/Preload"
175.138.128.51 - - [16/Jun/2025:10:45:19 -0400] "GET /wp-content/plugins/disqus-comment-system/public/js/comment_count.js?ver=3.1.2 HTTP/1.1" 304 0 "https://remonster.online/manga/re-monster-chapter-68/" "Mozilla/5.0 (Windows NT 10.0; Win64; x64) AppleWebKit/537.36 (KHTML, like Gecko) Chrome/137.0.0.0 Safari/537.36"
162.0.232.193 - - [16/Jun/2025:10:45:19 -0400] "GET /remonster-chapter-71/ HTTP/1.1" 200 0 "-" "WP Rocket/Preload Mozilla/5.0 (iPhone; CPU iPhone OS 9_1 like Mac OS X) AppleWebKit/601.1.46 (KHTML, like Gecko) Version/9.0 Mobile/13B143 Safari/601.1"
175.138.128.51 - - [16/Jun/2025:10:45:20 -0400] "GET /wp-content/plugins/disqus-comment-system/public/js/comment_embed.js?ver=3.1.2 HTTP/1.1" 304 0 "https://remonster.online/manga/re-monster-chapter-68/" "Mozilla/5.0 (Windows NT 10.0; Win64; x64) AppleWebKit/537.36 (KHTML, like Gecko) Chrome/137.0.0.0 Safari/537.36"
175.138.128.51 - - [16/Jun/2025:10:45:20 -0400] "GET /wp-content/themes/toivo-lite/js/responsive-nav.min.js?ver=1.2.0 HTTP/1.1" 304 0 "https://remonster.online/manga/re-monster-chapter-68/" "Mozilla/5.0 (Windows NT 10.0; Win64; x64) AppleWebKit/537.36 (KHTML, like Gecko) Chrome/137.0.0.0 Safari/537.36"
175.138.128.51 - - [16/Jun/2025:10:45:21 -0400] "GET /wp-content/themes/toivo-lite/js/settings.min.js?ver=1.2.0 HTTP/1.1" 200 307 "https://remonster.online/manga/re-monster-chapter-68/" "Mozilla/5.0 (Windows NT 10.0; Win64; x64) AppleWebKit/537.36 (KHTML, like Gecko) Chrome/137.0.0.0 Safari/537.36"
175.138.128.51 - - [16/Jun/2025:10:45:21 -0400] "GET /wp-content/themes/toivo-lite/js/functions.min.js?ver=1.2.0 HTTP/1.1" 200 593 "https://remonster.online/manga/re-monster-chapter-68/" "Mozilla/5.0 (Windows NT 10.0; Win64; x64) AppleWebKit/537.36 (KHTML, like Gecko) Chrome/137.0.0.0 Safari/537.36"
162.0.232.193 - - [16/Jun/2025:10:45:21 -0400] "GET /remonster-chapter-42/ HTTP/1.1" 200 0 "-" "WP Rocket/Preload"
175.138.128.51 - - [16/Jun/2025:10:45:22 -0400] "GET /wp-content/plugins/simple-social-buttons/assets/fonts/ssb-icon.ttf?eahqa2 HTTP/1.1" 200 6624 "https://remonster.online/wp-content/plugins/simple-social-buttons/assets/css/front.css?ver=5.3.1" "Mozilla/5.0 (Windows NT 10.0; Win64; x64) AppleWebKit/537.36 (KHTML, like Gecko) Chrome/137.0.0.0 Safari/537.36"
162.0.232.193 - - [16/Jun/2025:10:45:22 -0400] "GET /remonster-chapter-42/ HTTP/1.1" 200 0 "-" "WP Rocket/Preload Mozilla/5.0 (iPhone; CPU iPhone OS 9_1 like Mac OS X) AppleWebKit/601.1.46 (KHTML, like Gecko) Version/9.0 Mobile/13B143 Safari/601.1"
162.0.232.193 - - [16/Jun/2025:10:45:24 -0400] "GET /remonster-chapter-41/ HTTP/1.1" 200 0 "-" "WP Rocket/Preload"
162.0.232.193 - - [16/Jun/2025:10:45:26 -0400] "GET /remonster-chapter-41/ HTTP/1.1" 200 0 "-" "WP Rocket/Preload Mozilla/5.0 (iPhone; CPU iPhone OS 9_1 like Mac OS X) AppleWebKit/601.1.46 (KHTML, like Gecko) Version/9.0 Mobile/13B143 Safari/601.1"
162.0.232.193 - - [16/Jun/2025:10:45:27 -0400] "GET /remonster-chapter-7/ HTTP/1.1" 200 0 "-" "WP Rocket/Preload"
162.0.232.193 - - [16/Jun/2025:10:45:29 -0400] "GET /remonster-chapter-7/ HTTP/1.1" 200 0 "-" "WP Rocket/Preload Mozilla/5.0 (iPhone; CPU iPhone OS 9_1 like Mac OS X) AppleWebKit/601.1.46 (KHTML, like Gecko) Version/9.0 Mobile/13B143 Safari/601.1"
175.138.128.51 - - [16/Jun/2025:10:45:30 -0400] "GET /wp-includes/js/comment-reply.min.js?ver=6.6.2 HTTP/1.1" 200 1228 "https://remonster.online/manga/re-monster-chapter-68/" "Mozilla/5.0 (Windows NT 10.0; Win64; x64) AppleWebKit/537.36 (KHTML, like Gecko) Chrome/137.0.0.0 Safari/537.36"
175.138.128.51 - - [16/Jun/2025:10:45:30 -0400] "GET /wp-content/uploads/2021/11/CeDzRGZ-300x266.png HTTP/1.1" 200 144941 "https://remonster.online/manga/re-monster-chapter-68/" "Mozilla/5.0 (Windows NT 10.0; Win64; x64) AppleWebKit/537.36 (KHTML, like Gecko) Chrome/137.0.0.0 Safari/537.36"
162.0.232.193 - - [16/Jun/2025:10:45:31 -0400] "GET /manga/re-monster-chapter-70/ HTTP/1.1" 200 0 "-" "WP Rocket/Preload"
162.0.232.193 - - [16/Jun/2025:10:45:32 -0400] "POST /wp-cron.php?doing_wp_cron=1750085132.1365010738372802734375 HTTP/1.1" 200 0 "-" "WordPress/6.6.2; https://remonster.online"
162.0.232.193 - - [16/Jun/2025:10:45:32 -0400] "GET /manga/re-monster-chapter-70/ HTTP/1.1" 200 17697 "-" "WP Rocket/Preload Mozilla/5.0 (iPhone; CPU iPhone OS 9_1 like Mac OS X) AppleWebKit/601.1.46 (KHTML, like Gecko) Version/9.0 Mobile/13B143 Safari/601.1"
162.0.232.193 - - [16/Jun/2025:10:45:39 -0400] "POST /wp-admin/admin-ajax.php?action=as_async_request_queue_runner&nonce=8c43902f25 HTTP/1.1" 200 0 "-" "WordPress/6.6.2; https://remonster.online"
162.0.232.193 - - [16/Jun/2025:10:45:40 -0400] "GET /manga/re-monster-chapter-24/ HTTP/1.1" 200 18523 "-" "WP Rocket/Preload"
162.0.232.193 - - [16/Jun/2025:10:45:41 -0400] "GET /manga/re-monster-chapter-24/ HTTP/1.1" 200 0 "-" "WP Rocket/Preload Mozilla/5.0 (iPhone; CPU iPhone OS 9_1 like Mac OS X) AppleWebKit/601.1.46 (KHTML, like Gecko) Version/9.0 Mobile/13B143 Safari/601.1"
162.0.232.193 - - [16/Jun/2025:10:45:43 -0400] "GET /manga/remonster-chapter-106/ HTTP/1.1" 200 14266 "-" "WP Rocket/Preload"
162.0.232.193 - - [16/Jun/2025:10:45:44 -0400] "GET /manga/remonster-chapter-106/ HTTP/1.1" 200 0 "-" "WP Rocket/Preload Mozilla/5.0 (iPhone; CPU iPhone OS 9_1 like Mac OS X) AppleWebKit/601.1.46 (KHTML, like Gecko) Version/9.0 Mobile/13B143 Safari/601.1"
162.0.232.193 - - [16/Jun/2025:10:45:46 -0400] "GET / HTTP/1.1" 200 10823 "-" "WP Rocket/Preload"
162.0.232.193 - - [16/Jun/2025:10:45:47 -0400] "GET / HTTP/1.1" 200 0 "-" "WP Rocket/Preload Mozilla/5.0 (iPhone; CPU iPhone OS 9_1 like Mac OS X) AppleWebKit/601.1.46 (KHTML, like Gecko) Version/9.0 Mobile/13B143 Safari/601.1"
2a03:2880:f800:4:: - - [16/Jun/2025:10:45:50 -0400] "GET /shopdetail/99321018 HTTP/1.1" 301 0 "-" "meta-externalagent/1.1 (+https://developers.facebook.com/docs/sharing/webmasters/crawler)"
2a03:2880:f800:1c:: - - [16/Jun/2025:10:45:52 -0400] "GET /shopdetail/356604318 HTTP/1.1" 301 0 "-" "meta-externalagent/1.1 (+https://developers.facebook.com/docs/sharing/webmasters/crawler)"
2a03:2880:f800:1b:: - - [16/Jun/2025:10:45:53 -0400] "GET / HTTP/1.1" 200 10858 "-" "meta-externalagent/1.1 (+https://developers.facebook.com/docs/sharing/webmasters/crawler)"
66.249.79.231 - - [16/Jun/2025:10:46:06 -0400] "GET /shopdetail/409968018 HTTP/1.1" 200 24431 "-" "Mozilla/5.0 (Linux; Android 6.0.1; Nexus 5X Build/MMB29P) AppleWebKit/537.36 (KHTML, like Gecko) Chrome/136.0.7103.113 Mobile Safari/537.36 (compatible; Googlebot/2.1; +http://www.google.com/bot.html)"
162.0.232.193 - - [16/Jun/2025:10:46:36 -0400] "POST /wp-cron.php?doing_wp_cron=1750085196.2368960380554199218750 HTTP/1.1" 200 0 "-" "WordPress/6.6.2; https://remonster.online"
2a03:2880:f800:15:: - - [16/Jun/2025:10:46:34 -0400] "GET /shopdetail/347548218 HTTP/1.1" 301 0 "-" "meta-externalagent/1.1 (+https://developers.facebook.com/docs/sharing/webmasters/crawler)"
66.249.79.229 - - [16/Jun/2025:10:47:07 -0400] "GET /items/k/telegu/378187794.phtml HTTP/1.1" 200 31361 "-" "Mozilla/5.0 (Linux; Android 6.0.1; Nexus 5X Build/MMB29P) AppleWebKit/537.36 (KHTML, like Gecko) Chrome/136.0.7103.113 Mobile Safari/537.36 (compatible; Googlebot/2.1; +http://www.google.com/bot.html)"
2a03:2880:f800:b:: - - [16/Jun/2025:10:47:07 -0400] "GET /shopdetail/353695418 HTTP/1.1" 301 0 "-" "meta-externalagent/1.1 (+https://developers.facebook.com/docs/sharing/webmasters/crawler)"
20.50.168.91 - - [16/Jun/2025:10:47:13 -0400] "GET /manga/remonster-chapter-78/ HTTP/1.1" 200 16736 "-" "DuckAssistBot/1.2; (+http://duckduckgo.com/duckassistbot.html)"
2a03:2880:f800:18:: - - [16/Jun/2025:10:47:13 -0400] "GET / HTTP/1.1" 200 10823 "-" "meta-externalagent/1.1 (+https://developers.facebook.com/docs/sharing/webmasters/crawler)"
162.0.232.193 - - [16/Jun/2025:10:47:45 -0400] "POST /wp-cron.php?doing_wp_cron=1750085264.7419929504394531250000 HTTP/1.1" 200 0 "-" "WordPress/6.6.2; https://remonster.online"
2a03:2880:f800:19:: - - [16/Jun/2025:10:47:43 -0400] "GET /shopdetail/302120318 HTTP/1.1" 301 0 "-" "meta-externalagent/1.1 (+https://developers.facebook.com/docs/sharing/webmasters/crawler)"
2a03:2880:f800:8:: - - [16/Jun/2025:10:47:47 -0400] "GET / HTTP/1.1" 200 10823 "-" "meta-externalagent/1.1 (+https://developers.facebook.com/docs/sharing/webmasters/crawler)"
2a03:2880:f800:1d:: - - [16/Jun/2025:10:47:48 -0400] "GET /shopdetail/30927318 HTTP/1.1" 301 0 "-" "meta-externalagent/1.1 (+https://developers.facebook.com/docs/sharing/webmasters/crawler)"
2a03:2880:f800:12:: - - [16/Jun/2025:10:47:49 -0400] "GET /shopdetail/93090518 HTTP/1.1" 301 0 "-" "meta-externalagent/1.1 (+https://developers.facebook.com/docs/sharing/webmasters/crawler)"
2a03:2880:f800:d:: - - [16/Jun/2025:10:47:52 -0400] "GET / HTTP/1.1" 200 10823 "-" "meta-externalagent/1.1 (+https://developers.facebook.com/docs/sharing/webmasters/crawler)"
2a03:2880:f800:a:: - - [16/Jun/2025:10:47:52 -0400] "GET / HTTP/1.1" 200 10823 "-" "meta-externalagent/1.1 (+https://developers.facebook.com/docs/sharing/webmasters/crawler)"
2a03:2880:f800:9:: - - [16/Jun/2025:10:47:57 -0400] "GET /shopdetail/46552818 HTTP/1.1" 301 0 "-" "meta-externalagent/1.1 (+https://developers.facebook.com/docs/sharing/webmasters/crawler)"
2a03:2880:f800:12:: - - [16/Jun/2025:10:48:01 -0400] "GET / HTTP/1.1" 200 10823 "-" "meta-externalagent/1.1 (+https://developers.facebook.com/docs/sharing/webmasters/crawler)"
2a03:2880:f800:14:: - - [16/Jun/2025:10:48:05 -0400] "GET /shopdetail/279691118 HTTP/1.1" 301 0 "-" "meta-externalagent/1.1 (+https://developers.facebook.com/docs/sharing/webmasters/crawler)"
162.0.232.193 - - [16/Jun/2025:10:48:36 -0400] "POST /wp-cron.php?doing_wp_cron=1750085316.0735340118408203125000 HTTP/1.1" 200 0 "-" "WordPress/6.6.2; https://remonster.online"
2a03:2880:f800:9:: - - [16/Jun/2025:10:48:34 -0400] "GET /shopdetail/247773318 HTTP/1.1" 301 0 "-" "meta-externalagent/1.1 (+https://developers.facebook.com/docs/sharing/webmasters/crawler)"
2a03:2880:f800:11:: - - [16/Jun/2025:10:48:38 -0400] "GET / HTTP/1.1" 200 10823 "-" "meta-externalagent/1.1 (+https://developers.facebook.com/docs/sharing/webmasters/crawler)"
2a03:2880:f800:14:: - - [16/Jun/2025:10:48:50 -0400] "GET /shopdetail/76434018 HTTP/1.1" 301 0 "-" "meta-externalagent/1.1 (+https://developers.facebook.com/docs/sharing/webmasters/crawler)"
2c0f:eb68:67c:5200:14e3:4e43:60ee:2357 - - [16/Jun/2025:10:49:01 -0400] "GET /manga/re-monster-chapter-68/ HTTP/1.1" 200 17558 "https://remonster.online/manga/re-monster-chapter-67/" "Mozilla/5.0 (Windows NT 10.0; Win64; x64) AppleWebKit/537.36 (KHTML, like Gecko) Chrome/137.0.0.0 Safari/537.36"
2c0f:eb68:67c:5200:14e3:4e43:60ee:2357 - - [16/Jun/2025:10:49:04 -0400] "GET /wp-content/plugins/simple-social-buttons/assets/js/frontend-blocks.js?ver=5.3.1 HTTP/1.1" 304 0 "https://remonster.online/manga/re-monster-chapter-68/" "Mozilla/5.0 (Windows NT 10.0; Win64; x64) AppleWebKit/537.36 (KHTML, like Gecko) Chrome/137.0.0.0 Safari/537.36"
2c0f:eb68:67c:5200:14e3:4e43:60ee:2357 - - [16/Jun/2025:10:49:04 -0400] "GET /wp-includes/js/jquery/jquery-migrate.min.js?ver=3.4.1 HTTP/1.1" 304 0 "https://remonster.online/manga/re-monster-chapter-68/" "Mozilla/5.0 (Windows NT 10.0; Win64; x64) AppleWebKit/537.36 (KHTML, like Gecko) Chrome/137.0.0.0 Safari/537.36"
2c0f:eb68:67c:5200:14e3:4e43:60ee:2357 - - [16/Jun/2025:10:49:04 -0400] "GET /wp-includes/js/jquery/jquery.min.js?ver=3.7.1 HTTP/1.1" 200 29744 "https://remonster.online/manga/re-monster-chapter-68/" "Mozilla/5.0 (Windows NT 10.0; Win64; x64) AppleWebKit/537.36 (KHTML, like Gecko) Chrome/137.0.0.0 Safari/537.36"
2c0f:eb68:67c:5200:14e3:4e43:60ee:2357 - - [16/Jun/2025:10:49:05 -0400] "GET /wp-content/plugins/links-auto-replacer/public/js/lar-public.js?ver=2.0.0 HTTP/1.1" 304 0 "https://remonster.online/manga/re-monster-chapter-68/" "Mozilla/5.0 (Windows NT 10.0; Win64; x64) AppleWebKit/537.36 (KHTML, like Gecko) Chrome/137.0.0.0 Safari/537.36"
2c0f:eb68:67c:5200:14e3:4e43:60ee:2357 - - [16/Jun/2025:10:49:05 -0400] "GET /wp-content/plugins/simple-social-buttons/assets/js/front.js?ver=5.3.1 HTTP/1.1" 304 0 "https://remonster.online/manga/re-monster-chapter-68/" "Mozilla/5.0 (Windows NT 10.0; Win64; x64) AppleWebKit/537.36 (KHTML, like Gecko) Chrome/137.0.0.0 Safari/537.36"
2c0f:eb68:67c:5200:14e3:4e43:60ee:2357 - - [16/Jun/2025:10:49:05 -0400] "GET /wp-content/plugins/wp-automatic/js/main-front.js?ver=6.6.2 HTTP/1.1" 304 0 "https://remonster.online/manga/re-monster-chapter-68/" "Mozilla/5.0 (Windows NT 10.0; Win64; x64) AppleWebKit/537.36 (KHTML, like Gecko) Chrome/137.0.0.0 Safari/537.36"
66.249.79.231 - - [16/Jun/2025:10:49:08 -0400] "GET /entity/rkk/disencumbrance/378174508.phtml HTTP/1.1" 200 25698 "-" "Mozilla/5.0 (Linux; Android 6.0.1; Nexus 5X Build/MMB29P) AppleWebKit/537.36 (KHTML, like Gecko) Chrome/136.0.7103.113 Mobile Safari/537.36 (compatible; Googlebot/2.1; +http://www.google.com/bot.html)"
2c0f:eb68:67c:5200:14e3:4e43:60ee:2357 - - [16/Jun/2025:10:49:09 -0400] "GET /wp-content/plugins/comic-easel/js/keynav.js HTTP/1.1" 304 0 "https://remonster.online/manga/re-monster-chapter-68/" "Mozilla/5.0 (Windows NT 10.0; Win64; x64) AppleWebKit/537.36 (KHTML, like Gecko) Chrome/137.0.0.0 Safari/537.36"
2c0f:eb68:67c:5200:14e3:4e43:60ee:2357 - - [16/Jun/2025:10:49:10 -0400] "GET /wp-content/plugins/disqus-comment-system/public/js/comment_count.js?ver=3.1.2 HTTP/1.1" 200 354 "https://remonster.online/manga/re-monster-chapter-68/" "Mozilla/5.0 (Windows NT 10.0; Win64; x64) AppleWebKit/537.36 (KHTML, like Gecko) Chrome/137.0.0.0 Safari/537.36"
2c0f:eb68:67c:5200:14e3:4e43:60ee:2357 - - [16/Jun/2025:10:49:10 -0400] "GET /wp-content/themes/toivo-lite/js/settings.min.js?ver=1.2.0 HTTP/1.1" 304 0 "https://remonster.online/manga/re-monster-chapter-68/" "Mozilla/5.0 (Windows NT 10.0; Win64; x64) AppleWebKit/537.36 (KHTML, like Gecko) Chrome/137.0.0.0 Safari/537.36"
2c0f:eb68:67c:5200:14e3:4e43:60ee:2357 - - [16/Jun/2025:10:49:11 -0400] "GET /wp-content/plugins/disqus-comment-system/public/js/comment_embed.js?ver=3.1.2 HTTP/1.1" 200 653 "https://remonster.online/manga/re-monster-chapter-68/" "Mozilla/5.0 (Windows NT 10.0; Win64; x64) AppleWebKit/537.36 (KHTML, like Gecko) Chrome/137.0.0.0 Safari/537.36"
2c0f:eb68:67c:5200:14e3:4e43:60ee:2357 - - [16/Jun/2025:10:49:11 -0400] "GET /wp-content/themes/toivo-lite/js/responsive-nav.min.js?ver=1.2.0 HTTP/1.1" 304 0 "https://remonster.online/manga/re-monster-chapter-68/" "Mozilla/5.0 (Windows NT 10.0; Win64; x64) AppleWebKit/537.36 (KHTML, like Gecko) Chrome/137.0.0.0 Safari/537.36"
2c0f:eb68:67c:5200:14e3:4e43:60ee:2357 - - [16/Jun/2025:10:49:11 -0400] "GET /wp-content/themes/toivo-lite/js/functions.min.js?ver=1.2.0 HTTP/1.1" 304 0 "https://remonster.online/manga/re-monster-chapter-68/" "Mozilla/5.0 (Windows NT 10.0; Win64; x64) AppleWebKit/537.36 (KHTML, like Gecko) Chrome/137.0.0.0 Safari/537.36"
120.29.98.197 - - [16/Jun/2025:10:49:15 -0400] "GET /category/manga/ HTTP/1.1" 200 24958 "-" "Mozilla/5.0 (Linux; Android 10; K) AppleWebKit/537.36 (KHTML, like Gecko) Chrome/137.0.0.0 Mobile Safari/537.36"
66.249.79.229 - - [16/Jun/2025:10:49:17 -0400] "POST /get-message-notify HTTP/1.1" 200 24574 "https://remonster.online/entity/rkk/disencumbrance/378174508.phtml" "Mozilla/5.0 (Linux; Android 6.0.1; Nexus 5X Build/MMB29P) AppleWebKit/537.36 (KHTML, like Gecko) Chrome/136.0.7103.113 Mobile Safari/537.36 (compatible; Googlebot/2.1; +http://www.google.com/bot.html)"
120.29.98.197 - - [16/Jun/2025:10:49:17 -0400] "GET /tag/sei/ HTTP/1.1" 301 0 "-" "Mozilla/5.0 (Linux; Android 10; K) AppleWebKit/537.36 (KHTML, like Gecko) Chrome/137.0.0.0 Mobile Safari/537.36"
120.29.98.197 - - [16/Jun/2025:10:49:18 -0400] "GET /manga/re-monster-chapter-64/ HTTP/1.1" 200 17705 "-" "Mozilla/5.0 (Linux; Android 10; K) AppleWebKit/537.36 (KHTML, like Gecko) Chrome/137.0.0.0 Mobile Safari/537.36"
2c0f:eb68:67c:5200:14e3:4e43:60ee:2357 - - [16/Jun/2025:10:49:19 -0400] "GET /wp-includes/js/comment-reply.min.js?ver=6.6.2 HTTP/1.1" 304 0 "https://remonster.online/manga/re-monster-chapter-68/" "Mozilla/5.0 (Windows NT 10.0; Win64; x64) AppleWebKit/537.36 (KHTML, like Gecko) Chrome/137.0.0.0 Safari/537.36"
120.29.98.197 - - [16/Jun/2025:10:49:20 -0400] "GET /manga/re-monster-chapter-66/ HTTP/1.1" 200 17881 "-" "Mozilla/5.0 (Linux; Android 10; K) AppleWebKit/537.36 (KHTML, like Gecko) Chrome/137.0.0.0 Mobile Safari/537.36"
162.0.232.193 - - [16/Jun/2025:10:49:58 -0400] "POST /wp-cron.php?doing_wp_cron=1750085398.3535161018371582031250 HTTP/1.1" 200 0 "-" "WordPress/6.6.2; https://remonster.online"
2a03:2880:f800:f:: - - [16/Jun/2025:10:49:56 -0400] "GET /shopdetail/353096518 HTTP/1.1" 301 0 "-" "meta-externalagent/1.1 (+https://developers.facebook.com/docs/sharing/webmasters/crawler)"
66.249.79.230 - - [16/Jun/2025:10:50:09 -0400] "GET /product/tq/guideboard13282896.phtml HTTP/1.1" 200 25058 "-" "Mozilla/5.0 (Linux; Android 6.0.1; Nexus 5X Build/MMB29P) AppleWebKit/537.36 (KHTML, like Gecko) Chrome/136.0.7103.113 Mobile Safari/537.36 (compatible; Googlebot/2.1; +http://www.google.com/bot.html)"
66.249.79.231 - - [16/Jun/2025:10:50:10 -0400] "GET /info/singingfish/112432766.phtml HTTP/1.1" 200 27774 "-" "Mozilla/5.0 (Linux; Android 6.0.1; Nexus 5X Build/MMB29P) AppleWebKit/537.36 (KHTML, like Gecko) Chrome/136.0.7103.113 Mobile Safari/537.36 (compatible; Googlebot/2.1; +http://www.google.com/bot.html)"
66.249.79.229 - - [16/Jun/2025:10:50:14 -0400] "POST /get-message-notify HTTP/1.1" 200 24574 "https://remonster.online/info/singingfish/112432766.phtml" "Mozilla/5.0 (Linux; Android 6.0.1; Nexus 5X Build/MMB29P) AppleWebKit/537.36 (KHTML, like Gecko) Chrome/136.0.7103.113 Mobile Safari/537.36 (compatible; Googlebot/2.1; +http://www.google.com/bot.html)"
66.249.79.230 - - [16/Jun/2025:10:50:15 -0400] "POST /get-message-notify HTTP/1.1" 200 24574 "https://remonster.online/product/tq/guideboard13282896.phtml" "Mozilla/5.0 (Linux; Android 6.0.1; Nexus 5X Build/MMB29P) AppleWebKit/537.36 (KHTML, like Gecko) Chrome/136.0.7103.113 Mobile Safari/537.36 (compatible; Googlebot/2.1; +http://www.google.com/bot.html)"
216.73.216.184 - - [16/Jun/2025:10:50:31 -0400] "GET /sitemap-detail-2005.xml HTTP/1.1" 200 10807 "-" "Mozilla/5.0 AppleWebKit/537.36 (KHTML, like Gecko; compatible; ClaudeBot/1.0; [email protected])"
162.0.232.193 - - [16/Jun/2025:10:50:48 -0400] "POST /wp-cron.php?doing_wp_cron=1750085447.7375750541687011718750 HTTP/1.1" 200 0 "-" "WordPress/6.6.2; https://remonster.online"
2a03:2880:f800:1c:: - - [16/Jun/2025:10:50:45 -0400] "GET /shopdetail/434644718 HTTP/1.1" 301 0 "-" "meta-externalagent/1.1 (+https://developers.facebook.com/docs/sharing/webmasters/crawler)"
2a03:2880:f800:2:: - - [16/Jun/2025:10:50:49 -0400] "GET / HTTP/1.1" 200 10823 "-" "meta-externalagent/1.1 (+https://developers.facebook.com/docs/sharing/webmasters/crawler)"
66.249.79.231 - - [16/Jun/2025:10:51:11 -0400] "GET /shopdetail/326342418 HTTP/1.1" 200 24310 "-" "Mozilla/5.0 (Linux; Android 6.0.1; Nexus 5X Build/MMB29P) AppleWebKit/537.36 (KHTML, like Gecko) Chrome/136.0.7103.113 Mobile Safari/537.36 (compatible; Googlebot/2.1; +http://www.google.com/bot.html)"
162.0.232.193 - - [16/Jun/2025:10:51:45 -0400] "POST /wp-cron.php?doing_wp_cron=1750085504.8441040515899658203125 HTTP/1.1" 200 0 "-" "WordPress/6.6.2; https://remonster.online"
2a03:2880:f800:7:: - - [16/Jun/2025:10:51:43 -0400] "GET /shopdetail/108828618 HTTP/1.1" 301 0 "-" "meta-externalagent/1.1 (+https://developers.facebook.com/docs/sharing/webmasters/crawler)"
2a02:a451:f953:1:9dde:3560:bca2:d75a - - [16/Jun/2025:10:51:45 -0400] "GET /manga/remonster-chapter-106/ HTTP/1.1" 200 14266 "-" "Mozilla/5.0 (Windows NT 10.0; Win64; x64) AppleWebKit/537.36 (KHTML, like Gecko) Chrome/137.0.0.0 Safari/537.36"
2a03:2880:f800:3:: - - [16/Jun/2025:10:51:48 -0400] "GET / HTTP/1.1" 200 10823 "-" "meta-externalagent/1.1 (+https://developers.facebook.com/docs/sharing/webmasters/crawler)"
2a03:2880:f800:19:: - - [16/Jun/2025:10:52:01 -0400] "GET /shopdetail/52617318 HTTP/1.1" 301 0 "-" "meta-externalagent/1.1 (+https://developers.facebook.com/docs/sharing/webmasters/crawler)"
2a03:2880:f800:9:: - - [16/Jun/2025:10:52:05 -0400] "GET / HTTP/1.1" 200 10823 "-" "meta-externalagent/1.1 (+https://developers.facebook.com/docs/sharing/webmasters/crawler)"
66.249.79.231 - - [16/Jun/2025:10:52:12 -0400] "GET /shopdetail/v/christianlike378178356.phtml HTTP/1.1" 200 23742 "-" "Mozilla/5.0 (Linux; Android 6.0.1; Nexus 5X Build/MMB29P) AppleWebKit/537.36 (KHTML, like Gecko) Chrome/136.0.7103.113 Mobile Safari/537.36 (compatible; Googlebot/2.1; +http://www.google.com/bot.html)"
66.249.79.229 - - [16/Jun/2025:10:52:13 -0400] "GET /goods/semined430793408.phtml HTTP/1.1" 200 23504 "-" "Mozilla/5.0 (Linux; Android 6.0.1; Nexus 5X Build/MMB29P) AppleWebKit/537.36 (KHTML, like Gecko) Chrome/136.0.7103.113 Mobile Safari/537.36 (compatible; Googlebot/2.1; +http://www.google.com/bot.html)"
2a03:2880:f800:19:: - - [16/Jun/2025:10:52:13 -0400] "GET /manga/re-monster-chapter-21/ HTTP/1.1" 200 16758 "-" "meta-externalagent/1.1 (+https://developers.facebook.com/docs/sharing/webmasters/crawler)"
2003:d8:9f4c:f000:ac1c:5c62:2e22:25bf - - [16/Jun/2025:10:52:13 -0400] "GET /category/remonster/ HTTP/1.1" 304 0 "-" "Mozilla/5.0 (Linux; Android 10; K) AppleWebKit/537.36 (KHTML, like Gecko) Chrome/137.0.0.0 Mobile Safari/537.36"
2003:d8:9f4c:f000:ac1c:5c62:2e22:25bf - - [16/Jun/2025:10:52:13 -0400] "GET /manga/re-monster-chapter-62/ HTTP/1.1" 200 17803 "-" "Mozilla/5.0 (Linux; Android 10; K) AppleWebKit/537.36 (KHTML, like Gecko) Chrome/137.0.0.0 Mobile Safari/537.36"
162.0.232.193 - - [16/Jun/2025:10:52:17 -0400] "POST /wp-cron.php?doing_wp_cron=1750085537.1418519020080566406250 HTTP/1.1" 200 0 "-" "WordPress/6.6.2; https://remonster.online"
87.77.72.95 - - [16/Jun/2025:10:52:13 -0400] "POST /wp-admin/admin-ajax.php HTTP/1.1" 200 69 "https://remonster.online/manga/re-monster-chapter-49/" "Mozilla/5.0 (Android 15; Mobile; rv:139.0) Gecko/139.0 Firefox/139.0"
2003:d8:9f4c:f000:ac1c:5c62:2e22:25bf - - [16/Jun/2025:10:52:15 -0400] "POST /wp-admin/admin-ajax.php HTTP/1.1" 200 69 "https://remonster.online/manga/re-monster-chapter-62/" "Mozilla/5.0 (Linux; Android 10; K) AppleWebKit/537.36 (KHTML, like Gecko) Chrome/137.0.0.0 Mobile Safari/537.36"
162.0.232.193 - - [16/Jun/2025:10:52:41 -0400] "POST /wp-cron.php?doing_wp_cron=1750085560.8645150661468505859375 HTTP/1.1" 200 0 "-" "WordPress/6.6.2; https://remonster.online"
54.225.0.213 - - [16/Jun/2025:10:52:39 -0400] "POST /wp-login.php HTTP/1.1" 200 1875 "-" "Mozilla/5.0"
2a03:2880:f800:4:: - - [16/Jun/2025:10:53:00 -0400] "GET /shopdetail/159115618 HTTP/1.1" 301 0 "-" "meta-externalagent/1.1 (+https://developers.facebook.com/docs/sharing/webmasters/crawler)"
2a03:2880:f800:1c:: - - [16/Jun/2025:10:53:03 -0400] "GET / HTTP/1.1" 200 10858 "-" "meta-externalagent/1.1 (+https://developers.facebook.com/docs/sharing/webmasters/crawler)"
2a03:2880:f800:16:: - - [16/Jun/2025:10:53:02 -0400] "GET /shopdetail/417337918 HTTP/1.1" 301 0 "-" "meta-externalagent/1.1 (+https://developers.facebook.com/docs/sharing/webmasters/crawler)"
2a03:2880:f800:15:: - - [16/Jun/2025:10:53:06 -0400] "GET / HTTP/1.1" 200 10823 "-" "meta-externalagent/1.1 (+https://developers.facebook.com/docs/sharing/webmasters/crawler)"
162.0.232.193 - - [16/Jun/2025:10:54:11 -0400] "POST /wp-cron.php?doing_wp_cron=1750085651.3469970226287841796875 HTTP/1.1" 200 0 "-" "WordPress/6.6.2; https://remonster.online"
2a03:2880:f800:f:: - - [16/Jun/2025:10:54:10 -0400] "GET /shopdetail/18002118 HTTP/1.1" 301 0 "-" "meta-externalagent/1.1 (+https://developers.facebook.com/docs/sharing/webmasters/crawler)"
66.249.79.230 - - [16/Jun/2025:10:54:13 -0400] "GET /shopping/uw/walloping378176626.phtml HTTP/1.1" 200 24019 "-" "Mozilla/5.0 (Linux; Android 6.0.1; Nexus 5X Build/MMB29P) AppleWebKit/537.36 (KHTML, like Gecko) Chrome/136.0.7103.113 Mobile Safari/537.36 (compatible; Googlebot/2.1; +http://www.google.com/bot.html)"
2a03:2880:f800:d:: - - [16/Jun/2025:10:54:14 -0400] "GET / HTTP/1.1" 200 10823 "-" "meta-externalagent/1.1 (+https://developers.facebook.com/docs/sharing/webmasters/crawler)"
162.0.232.193 - - [16/Jun/2025:10:55:05 -0400] "POST /wp-cron.php?doing_wp_cron=1750085705.2672579288482666015625 HTTP/1.1" 200 0 "-" "WordPress/6.6.2; https://remonster.online"
2a03:2880:f800:a:: - - [16/Jun/2025:10:55:04 -0400] "GET /shopdetail/247093518 HTTP/1.1" 301 0 "-" "meta-externalagent/1.1 (+https://developers.facebook.com/docs/sharing/webmasters/crawler)"
2a03:2880:f800:14:: - - [16/Jun/2025:10:55:08 -0400] "GET / HTTP/1.1" 200 10823 "-" "meta-externalagent/1.1 (+https://developers.facebook.com/docs/sharing/webmasters/crawler)"
2a03:2880:f800:1a:: - - [16/Jun/2025:10:55:11 -0400] "GET /shopdetail/415854018 HTTP/1.1" 301 0 "-" "meta-externalagent/1.1 (+https://developers.facebook.com/docs/sharing/webmasters/crawler)"
66.249.79.230 - - [16/Jun/2025:10:55:42 -0400] "GET /category/remonster-manga/ HTTP/1.1" 200 25498 "-" "Mozilla/5.0 (Linux; Android 6.0.1; Nexus 5X Build/MMB29P) AppleWebKit/537.36 (KHTML, like Gecko) Chrome/136.0.7103.113 Mobile Safari/537.36 (compatible; Googlebot/2.1; +http://www.google.com/bot.html)"
162.0.232.193 - - [16/Jun/2025:10:55:50 -0400] "POST /wp-cron.php?doing_wp_cron=1750085750.0543930530548095703125 HTTP/1.1" 200 0 "-" "WordPress/6.6.2; https://remonster.online"
2a03:2880:f800:8:: - - [16/Jun/2025:10:55:48 -0400] "GET /shopdetail/173207618 HTTP/1.1" 301 0 "-" "meta-externalagent/1.1 (+https://developers.facebook.com/docs/sharing/webmasters/crawler)"
2a03:2880:f800:7:: - - [16/Jun/2025:10:55:52 -0400] "GET / HTTP/1.1" 200 10823 "-" "meta-externalagent/1.1 (+https://developers.facebook.com/docs/sharing/webmasters/crawler)"
66.249.79.236 - - [16/Jun/2025:10:56:14 -0400] "GET /shopping/vulgarization/41490686.phtml HTTP/1.1" 200 24075 "-" "Mozilla/5.0 (Linux; Android 6.0.1; Nexus 5X Build/MMB29P) AppleWebKit/537.36 (KHTML, like Gecko) Chrome/136.0.7103.113 Mobile Safari/537.36 (compatible; Googlebot/2.1; +http://www.google.com/bot.html)"
162.0.232.193 - - [16/Jun/2025:10:56:51 -0400] "POST /wp-cron.php?doing_wp_cron=1750085811.6500499248504638671875 HTTP/1.1" 200 0 "-" "WordPress/6.6.2; https://remonster.online"
2a03:2880:f800:8:: - - [16/Jun/2025:10:56:49 -0400] "GET /shopdetail/261573618 HTTP/1.1" 301 0 "-" "meta-externalagent/1.1 (+https://developers.facebook.com/docs/sharing/webmasters/crawler)"
2a03:2880:f800:18:: - - [16/Jun/2025:10:56:54 -0400] "GET / HTTP/1.1" 200 10823 "-" "meta-externalagent/1.1 (+https://developers.facebook.com/docs/sharing/webmasters/crawler)"
2a03:2880:f800:17:: - - [16/Jun/2025:10:56:56 -0400] "GET /shopdetail/24293918 HTTP/1.1" 301 0 "-" "meta-externalagent/1.1 (+https://developers.facebook.com/docs/sharing/webmasters/crawler)"
2a03:2880:f800:3:: - - [16/Jun/2025:10:57:00 -0400] "GET / HTTP/1.1" 200 10823 "-" "meta-externalagent/1.1 (+https://developers.facebook.com/docs/sharing/webmasters/crawler)"
162.0.232.193 - - [16/Jun/2025:10:57:35 -0400] "POST /wp-cron.php?doing_wp_cron=1750085855.1461730003356933593750 HTTP/1.1" 200 0 "-" "WordPress/6.6.2; https://remonster.online"
2a03:2880:f800:4:: - - [16/Jun/2025:10:57:33 -0400] "GET /shopdetail/305210518 HTTP/1.1" 301 0 "-" "meta-externalagent/1.1 (+https://developers.facebook.com/docs/sharing/webmasters/crawler)"
2a03:2880:f800:3:: - - [16/Jun/2025:10:57:37 -0400] "GET / HTTP/1.1" 200 10823 "-" "meta-externalagent/1.1 (+https://developers.facebook.com/docs/sharing/webmasters/crawler)"
162.0.232.193 - - [16/Jun/2025:10:58:21 -0400] "POST /wp-cron.php?doing_wp_cron=1750085901.4457778930664062500000 HTTP/1.1" 200 0 "-" "WordPress/6.6.2; https://remonster.online"
2a03:2880:f800:: - - [16/Jun/2025:10:58:20 -0400] "GET /shopdetail/390620718 HTTP/1.1" 301 0 "-" "meta-externalagent/1.1 (+https://developers.facebook.com/docs/sharing/webmasters/crawler)"
