Current File : /home/honehdyv/access-logs/remonster.honesthings.com-ssl_log
66.249.79.237 - - [16/Jun/2025:08:17:14 -0400] "GET /info/jjg/depurant9534232.phtml HTTP/1.1" 200 24079 "-" "Mozilla/5.0 (Linux; Android 6.0.1; Nexus 5X Build/MMB29P) AppleWebKit/537.36 (KHTML, like Gecko) Chrome/136.0.7103.113 Mobile Safari/537.36 (compatible; GoogleOther)"
162.0.232.193 - - [16/Jun/2025:08:17:22 -0400] "POST /wp-cron.php?doing_wp_cron=1750076242.2383608818054199218750 HTTP/1.1" 200 0 "-" "WordPress/6.6.2; https://remonster.online"
2a03:2880:f800:13:: - - [16/Jun/2025:08:17:20 -0400] "GET /shopdetail/184674518 HTTP/1.1" 301 0 "-" "meta-externalagent/1.1 (+https://developers.facebook.com/docs/sharing/webmasters/crawler)"
2a03:2880:f800:f:: - - [16/Jun/2025:08:17:20 -0400] "GET /shopdetail/84029918 HTTP/1.1" 301 0 "-" "meta-externalagent/1.1 (+https://developers.facebook.com/docs/sharing/webmasters/crawler)"
66.249.79.236 - - [16/Jun/2025:08:17:23 -0400] "GET /special/aqw/bombyx/130555954.phtml HTTP/1.1" 200 24326 "-" "Mozilla/5.0 (Linux; Android 6.0.1; Nexus 5X Build/MMB29P) AppleWebKit/537.36 (KHTML, like Gecko) Chrome/136.0.7103.113 Mobile Safari/537.36 (compatible; GoogleOther)"
66.249.79.236 - - [16/Jun/2025:08:17:32 -0400] "GET /shopping/tartarica1380677810.phtml HTTP/1.1" 200 24152 "-" "Mozilla/5.0 (Linux; Android 6.0.1; Nexus 5X Build/MMB29P) AppleWebKit/537.36 (KHTML, like Gecko) Chrome/136.0.7103.113 Mobile Safari/537.36 (compatible; GoogleOther)"
162.0.232.193 - - [16/Jun/2025:08:17:39 -0400] "POST /wp-cron.php?doing_wp_cron=1750076258.9499340057373046875000 HTTP/1.1" 200 0 "-" "WordPress/6.6.2; https://remonster.online"
2a03:2880:f800:17:: - - [16/Jun/2025:08:17:37 -0400] "GET /shopdetail/185393918 HTTP/1.1" 301 0 "-" "meta-externalagent/1.1 (+https://developers.facebook.com/docs/sharing/webmasters/crawler)"
66.249.79.236 - - [16/Jun/2025:08:17:42 -0400] "GET /item/southwestwardly/150976692.phtml HTTP/1.1" 200 23418 "-" "Mozilla/5.0 (Linux; Android 6.0.1; Nexus 5X Build/MMB29P) AppleWebKit/537.36 (KHTML, like Gecko) Chrome/136.0.7103.113 Mobile Safari/537.36 (compatible; GoogleOther)"
2a03:2880:f800:d:: - - [16/Jun/2025:08:17:44 -0400] "GET /shopdetail/153853318 HTTP/1.1" 301 0 "-" "meta-externalagent/1.1 (+https://developers.facebook.com/docs/sharing/webmasters/crawler)"
2a03:2880:f800:17:: - - [16/Jun/2025:08:17:46 -0400] "GET /shopdetail/316869018 HTTP/1.1" 301 0 "-" "meta-externalagent/1.1 (+https://developers.facebook.com/docs/sharing/webmasters/crawler)"
66.249.79.236 - - [16/Jun/2025:08:17:51 -0400] "GET /info/erinaceidae80505006.phtml HTTP/1.1" 200 24288 "-" "Mozilla/5.0 (Linux; Android 6.0.1; Nexus 5X Build/MMB29P) AppleWebKit/537.36 (KHTML, like Gecko) Chrome/136.0.7103.113 Mobile Safari/537.36 (compatible; GoogleOther)"
2a03:2880:f800:f:: - - [16/Jun/2025:08:17:55 -0400] "GET /shopdetail/69915218 HTTP/1.1" 301 0 "-" "meta-externalagent/1.1 (+https://developers.facebook.com/docs/sharing/webmasters/crawler)"
66.249.79.236 - - [16/Jun/2025:08:17:59 -0400] "GET /entity/vk/toothbilled430744116.phtml HTTP/1.1" 200 24302 "-" "Mozilla/5.0 (Linux; Android 6.0.1; Nexus 5X Build/MMB29P) AppleWebKit/537.36 (KHTML, like Gecko) Chrome/136.0.7103.113 Mobile Safari/537.36 (compatible; Googlebot/2.1; +http://www.google.com/bot.html)"
66.249.79.236 - - [16/Jun/2025:08:18:00 -0400] "GET /item/m/philanthropical1118418566.phtml HTTP/1.1" 200 24312 "-" "Mozilla/5.0 (Linux; Android 6.0.1; Nexus 5X Build/MMB29P) AppleWebKit/537.36 (KHTML, like Gecko) Chrome/136.0.7103.113 Mobile Safari/537.36 (compatible; GoogleOther)"
66.249.79.236 - - [16/Jun/2025:08:18:03 -0400] "POST /get-message-notify HTTP/1.1" 200 24574 "https://remonster.online/entity/vk/toothbilled430744116.phtml" "Mozilla/5.0 (Linux; Android 6.0.1; Nexus 5X Build/MMB29P) AppleWebKit/537.36 (KHTML, like Gecko) Chrome/136.0.7103.113 Mobile Safari/537.36 (compatible; Googlebot/2.1; +http://www.google.com/bot.html)"
2a03:2880:f800:c:: - - [16/Jun/2025:08:18:04 -0400] "GET /shopdetail/47503218 HTTP/1.1" 301 0 "-" "meta-externalagent/1.1 (+https://developers.facebook.com/docs/sharing/webmasters/crawler)"
66.249.79.236 - - [16/Jun/2025:08:18:57 -0400] "GET /goodscode/scarf/82678110.phtml HTTP/1.1" 200 23435 "-" "Mozilla/5.0 (Linux; Android 6.0.1; Nexus 5X Build/MMB29P) AppleWebKit/537.36 (KHTML, like Gecko) Chrome/136.0.7103.113 Mobile Safari/537.36 (compatible; GoogleOther)"
2a03:2880:f800:7:: - - [16/Jun/2025:08:19:00 -0400] "GET /shopdetail/249383118 HTTP/1.1" 301 0 "-" "meta-externalagent/1.1 (+https://developers.facebook.com/docs/sharing/webmasters/crawler)"
2a03:2880:f800:1d:: - - [16/Jun/2025:08:19:00 -0400] "GET /shopdetail/203365618 HTTP/1.1" 301 0 "-" "meta-externalagent/1.1 (+https://developers.facebook.com/docs/sharing/webmasters/crawler)"
2a03:2880:f800:c:: - - [16/Jun/2025:08:19:05 -0400] "GET /shopdetail/267427118 HTTP/1.1" 301 0 "-" "meta-externalagent/1.1 (+https://developers.facebook.com/docs/sharing/webmasters/crawler)"
66.249.79.237 - - [16/Jun/2025:08:19:06 -0400] "GET /item/134381378.phtml HTTP/1.1" 200 24849 "-" "Mozilla/5.0 (Linux; Android 6.0.1; Nexus 5X Build/MMB29P) AppleWebKit/537.36 (KHTML, like Gecko) Chrome/136.0.7103.113 Mobile Safari/537.36 (compatible; GoogleOther)"
2a03:2880:f800:9:: - - [16/Jun/2025:08:19:07 -0400] "GET /shopdetail/139532718 HTTP/1.1" 301 0 "-" "meta-externalagent/1.1 (+https://developers.facebook.com/docs/sharing/webmasters/crawler)"
66.249.79.237 - - [16/Jun/2025:08:19:11 -0400] "GET /item/ry/incubated430886220.phtml HTTP/1.1" 200 24667 "-" "Mozilla/5.0 (Linux; Android 6.0.1; Nexus 5X Build/MMB29P) AppleWebKit/537.36 (KHTML, like Gecko) Chrome/136.0.7103.113 Mobile Safari/537.36 (compatible; Googlebot/2.1; +http://www.google.com/bot.html)"
66.249.79.236 - - [16/Jun/2025:08:19:16 -0400] "GET /item/jni/roper143887180.phtml HTTP/1.1" 200 24011 "-" "Mozilla/5.0 (Linux; Android 6.0.1; Nexus 5X Build/MMB29P) AppleWebKit/537.36 (KHTML, like Gecko) Chrome/136.0.7103.113 Mobile Safari/537.36 (compatible; GoogleOther)"
162.0.232.193 - - [16/Jun/2025:08:19:22 -0400] "POST /wp-cron.php?doing_wp_cron=1750076362.5669140815734863281250 HTTP/1.1" 200 0 "-" "WordPress/6.6.2; https://remonster.online"
2a03:2880:f800:2:: - - [16/Jun/2025:08:19:21 -0400] "GET /shopdetail/238642518 HTTP/1.1" 301 0 "-" "meta-externalagent/1.1 (+https://developers.facebook.com/docs/sharing/webmasters/crawler)"
66.249.79.236 - - [16/Jun/2025:08:19:25 -0400] "GET /product/amendableness/71272752.phtml HTTP/1.1" 200 25222 "-" "Mozilla/5.0 (Linux; Android 6.0.1; Nexus 5X Build/MMB29P) AppleWebKit/537.36 (KHTML, like Gecko) Chrome/136.0.7103.113 Mobile Safari/537.36 (compatible; GoogleOther)"
2a03:2880:f800:f:: - - [16/Jun/2025:08:19:26 -0400] "GET /shopdetail/142395018 HTTP/1.1" 301 0 "-" "meta-externalagent/1.1 (+https://developers.facebook.com/docs/sharing/webmasters/crawler)"
2a01:cb1d:86cb:9700:45ff:e9a:81f7:2f23 - - [16/Jun/2025:08:19:29 -0400] "GET /manga/remonster-chapter-106/ HTTP/1.1" 200 14266 "https://search.brave.com/" "Mozilla/5.0 (Windows NT 10.0; Win64; x64) AppleWebKit/537.36 (KHTML, like Gecko) Chrome/137.0.0.0 Safari/537.36"
66.249.79.236 - - [16/Jun/2025:08:19:35 -0400] "GET /goodscode/so/politician21824414.phtml HTTP/1.1" 200 25225 "-" "Mozilla/5.0 (Linux; Android 6.0.1; Nexus 5X Build/MMB29P) AppleWebKit/537.36 (KHTML, like Gecko) Chrome/136.0.7103.113 Mobile Safari/537.36 (compatible; GoogleOther)"
162.0.232.193 - - [16/Jun/2025:08:19:42 -0400] "POST /wp-cron.php?doing_wp_cron=1750076382.1393558979034423828125 HTTP/1.1" 200 0 "-" "WordPress/6.6.2; https://remonster.online"
2a03:2880:f800:3:: - - [16/Jun/2025:08:19:41 -0400] "GET /shopdetail/276051418 HTTP/1.1" 301 0 "-" "meta-externalagent/1.1 (+https://developers.facebook.com/docs/sharing/webmasters/crawler)"
2a03:2880:f800:d:: - - [16/Jun/2025:08:19:43 -0400] "GET /shopdetail/165212018 HTTP/1.1" 301 0 "-" "meta-externalagent/1.1 (+https://developers.facebook.com/docs/sharing/webmasters/crawler)"
66.249.79.236 - - [16/Jun/2025:08:19:44 -0400] "GET /detail/mii/throwaway/27385990.phtml HTTP/1.1" 200 24025 "-" "Mozilla/5.0 (Linux; Android 6.0.1; Nexus 5X Build/MMB29P) AppleWebKit/537.36 (KHTML, like Gecko) Chrome/136.0.7103.113 Mobile Safari/537.36 (compatible; GoogleOther)"
2a03:2880:f800:3:: - - [16/Jun/2025:08:19:51 -0400] "GET /shopdetail/297785618 HTTP/1.1" 301 0 "-" "meta-externalagent/1.1 (+https://developers.facebook.com/docs/sharing/webmasters/crawler)"
66.249.79.236 - - [16/Jun/2025:08:19:53 -0400] "GET /entity/uo/matross/142015030.phtml HTTP/1.1" 200 24405 "-" "Mozilla/5.0 (Linux; Android 6.0.1; Nexus 5X Build/MMB29P) AppleWebKit/537.36 (KHTML, like Gecko) Chrome/136.0.7103.113 Mobile Safari/537.36 (compatible; GoogleOther)"
2a03:2880:f800:1:: - - [16/Jun/2025:08:19:54 -0400] "GET /shopdetail/146541718 HTTP/1.1" 301 0 "-" "meta-externalagent/1.1 (+https://developers.facebook.com/docs/sharing/webmasters/crawler)"
2a03:2880:f800:17:: - - [16/Jun/2025:08:19:58 -0400] "GET /shopdetail/200689818 HTTP/1.1" 301 0 "-" "meta-externalagent/1.1 (+https://developers.facebook.com/docs/sharing/webmasters/crawler)"
2a03:2880:f800:19:: - - [16/Jun/2025:08:20:00 -0400] "GET /shopdetail/137417118 HTTP/1.1" 301 0 "-" "meta-externalagent/1.1 (+https://developers.facebook.com/docs/sharing/webmasters/crawler)"
2a03:2880:f800:1a:: - - [16/Jun/2025:08:20:00 -0400] "GET /shopdetail/375855818 HTTP/1.1" 301 0 "-" "meta-externalagent/1.1 (+https://developers.facebook.com/docs/sharing/webmasters/crawler)"
66.249.79.238 - - [16/Jun/2025:08:20:03 -0400] "GET /special23760554.phtml HTTP/1.1" 200 24076 "-" "Mozilla/5.0 (Linux; Android 6.0.1; Nexus 5X Build/MMB29P) AppleWebKit/537.36 (KHTML, like Gecko) Chrome/136.0.7103.113 Mobile Safari/537.36 (compatible; GoogleOther)"
2a03:2880:f800:7:: - - [16/Jun/2025:08:20:06 -0400] "GET /shopdetail/173911518 HTTP/1.1" 301 0 "-" "meta-externalagent/1.1 (+https://developers.facebook.com/docs/sharing/webmasters/crawler)"
2a03:2880:f800:7:: - - [16/Jun/2025:08:20:06 -0400] "GET /shopdetail/164736618 HTTP/1.1" 301 0 "-" "meta-externalagent/1.1 (+https://developers.facebook.com/docs/sharing/webmasters/crawler)"
2a03:2880:f800:4:: - - [16/Jun/2025:08:20:10 -0400] "GET /shopdetail/404162418 HTTP/1.1" 301 0 "-" "meta-externalagent/1.1 (+https://developers.facebook.com/docs/sharing/webmasters/crawler)"
2a03:2880:f800:6:: - - [16/Jun/2025:08:20:10 -0400] "GET /shopdetail/298014018 HTTP/1.1" 301 0 "-" "meta-externalagent/1.1 (+https://developers.facebook.com/docs/sharing/webmasters/crawler)"
2a03:2880:f800:4:: - - [16/Jun/2025:08:20:12 -0400] "GET /shopdetail/113175618 HTTP/1.1" 301 0 "-" "meta-externalagent/1.1 (+https://developers.facebook.com/docs/sharing/webmasters/crawler)"
66.249.79.236 - - [16/Jun/2025:08:20:12 -0400] "GET /info/doucker78124590.phtml HTTP/1.1" 200 25307 "-" "Mozilla/5.0 (Linux; Android 6.0.1; Nexus 5X Build/MMB29P) AppleWebKit/537.36 (KHTML, like Gecko) Chrome/136.0.7103.113 Mobile Safari/537.36 (compatible; GoogleOther)"
66.249.79.236 - - [16/Jun/2025:08:20:22 -0400] "GET /item/pna/dammar581282312.phtml HTTP/1.1" 200 24170 "-" "Mozilla/5.0 (Linux; Android 6.0.1; Nexus 5X Build/MMB29P) AppleWebKit/537.36 (KHTML, like Gecko) Chrome/136.0.7103.113 Mobile Safari/537.36 (compatible; GoogleOther)"
66.249.79.236 - - [16/Jun/2025:08:20:23 -0400] "GET /goodscode/hg/hydrobromate430789300.phtml HTTP/1.1" 200 25053 "-" "Mozilla/5.0 (Linux; Android 6.0.1; Nexus 5X Build/MMB29P) AppleWebKit/537.36 (KHTML, like Gecko) Chrome/136.0.7103.113 Mobile Safari/537.36 (compatible; Googlebot/2.1; +http://www.google.com/bot.html)"
66.249.79.236 - - [16/Jun/2025:08:20:31 -0400] "GET /detail/wik/paleobotanist/18741330.phtml HTTP/1.1" 200 23687 "-" "Mozilla/5.0 (Linux; Android 6.0.1; Nexus 5X Build/MMB29P) AppleWebKit/537.36 (KHTML, like Gecko) Chrome/136.0.7103.113 Mobile Safari/537.36 (compatible; GoogleOther)"
162.0.232.193 - - [16/Jun/2025:08:20:34 -0400] "POST /wp-cron.php?doing_wp_cron=1750076434.5456769466400146484375 HTTP/1.1" 200 0 "-" "WordPress/6.6.2; https://remonster.online"
2a03:2880:f800:1b:: - - [16/Jun/2025:08:20:33 -0400] "GET /shopdetail/203284418 HTTP/1.1" 301 0 "-" "meta-externalagent/1.1 (+https://developers.facebook.com/docs/sharing/webmasters/crawler)"
2a03:2880:f800:6:: - - [16/Jun/2025:08:20:37 -0400] "GET /shopdetail/317569618 HTTP/1.1" 301 0 "-" "meta-externalagent/1.1 (+https://developers.facebook.com/docs/sharing/webmasters/crawler)"
2a03:2880:f800:12:: - - [16/Jun/2025:08:20:38 -0400] "GET /shopdetail/323932818 HTTP/1.1" 301 0 "-" "meta-externalagent/1.1 (+https://developers.facebook.com/docs/sharing/webmasters/crawler)"
66.249.79.236 - - [16/Jun/2025:08:20:40 -0400] "GET /entity/fenceless1380194832.phtml HTTP/1.1" 200 23967 "-" "Mozilla/5.0 (Linux; Android 6.0.1; Nexus 5X Build/MMB29P) AppleWebKit/537.36 (KHTML, like Gecko) Chrome/136.0.7103.113 Mobile Safari/537.36 (compatible; GoogleOther)"
2a03:2880:f800:13:: - - [16/Jun/2025:08:20:40 -0400] "GET /shopdetail/423474518 HTTP/1.1" 301 0 "-" "meta-externalagent/1.1 (+https://developers.facebook.com/docs/sharing/webmasters/crawler)"
2a03:2880:f800:10:: - - [16/Jun/2025:08:20:42 -0400] "GET /shopdetail/152703618 HTTP/1.1" 301 0 "-" "meta-externalagent/1.1 (+https://developers.facebook.com/docs/sharing/webmasters/crawler)"
66.249.79.236 - - [16/Jun/2025:08:20:50 -0400] "GET /entity1384220380.phtml HTTP/1.1" 200 23640 "-" "Mozilla/5.0 (Linux; Android 6.0.1; Nexus 5X Build/MMB29P) AppleWebKit/537.36 (KHTML, like Gecko) Chrome/136.0.7103.113 Mobile Safari/537.36 (compatible; GoogleOther)"
2a03:2880:f800:1d:: - - [16/Jun/2025:08:20:52 -0400] "GET /shopdetail/56378918 HTTP/1.1" 301 0 "-" "meta-externalagent/1.1 (+https://developers.facebook.com/docs/sharing/webmasters/crawler)"
2a03:2880:f800:14:: - - [16/Jun/2025:08:20:54 -0400] "GET /shopdetail/430832818 HTTP/1.1" 301 0 "-" "meta-externalagent/1.1 (+https://developers.facebook.com/docs/sharing/webmasters/crawler)"
66.249.79.236 - - [16/Jun/2025:08:20:59 -0400] "GET /entity/pki/coronis/154422796.phtml HTTP/1.1" 200 24496 "-" "Mozilla/5.0 (Linux; Android 6.0.1; Nexus 5X Build/MMB29P) AppleWebKit/537.36 (KHTML, like Gecko) Chrome/136.0.7103.113 Mobile Safari/537.36 (compatible; GoogleOther)"
2a03:2880:f800:b:: - - [16/Jun/2025:08:21:00 -0400] "GET /shopdetail/97244818 HTTP/1.1" 301 0 "-" "meta-externalagent/1.1 (+https://developers.facebook.com/docs/sharing/webmasters/crawler)"
2a03:2880:f800:4:: - - [16/Jun/2025:08:21:01 -0400] "GET /shopdetail/320475918 HTTP/1.1" 301 0 "-" "meta-externalagent/1.1 (+https://developers.facebook.com/docs/sharing/webmasters/crawler)"
2a03:2880:f800:10:: - - [16/Jun/2025:08:21:00 -0400] "GET /shopdetail/17251618 HTTP/1.1" 301 0 "-" "meta-externalagent/1.1 (+https://developers.facebook.com/docs/sharing/webmasters/crawler)"
2a03:2880:f800:b:: - - [16/Jun/2025:08:21:02 -0400] "GET /shopdetail/121934718 HTTP/1.1" 301 0 "-" "meta-externalagent/1.1 (+https://developers.facebook.com/docs/sharing/webmasters/crawler)"
66.249.79.236 - - [16/Jun/2025:08:21:09 -0400] "GET /goodscode124913960.phtml HTTP/1.1" 200 24065 "-" "Mozilla/5.0 (Linux; Android 6.0.1; Nexus 5X Build/MMB29P) AppleWebKit/537.36 (KHTML, like Gecko) Chrome/136.0.7103.113 Mobile Safari/537.36 (compatible; GoogleOther)"
2a03:2880:f800:13:: - - [16/Jun/2025:08:21:12 -0400] "GET /shopdetail/293069318 HTTP/1.1" 301 0 "-" "meta-externalagent/1.1 (+https://developers.facebook.com/docs/sharing/webmasters/crawler)"
66.249.79.236 - - [16/Jun/2025:08:21:18 -0400] "GET /goodscode/impeaching155693170.phtml HTTP/1.1" 200 25573 "-" "Mozilla/5.0 (Linux; Android 6.0.1; Nexus 5X Build/MMB29P) AppleWebKit/537.36 (KHTML, like Gecko) Chrome/136.0.7103.113 Mobile Safari/537.36 (compatible; GoogleOther)"
162.0.232.193 - - [16/Jun/2025:08:21:20 -0400] "POST /wp-cron.php?doing_wp_cron=1750076480.6799690723419189453125 HTTP/1.1" 200 0 "-" "WordPress/6.6.2; https://remonster.online"
2a03:2880:f800:19:: - - [16/Jun/2025:08:21:19 -0400] "GET /shopdetail/80623018 HTTP/1.1" 301 0 "-" "meta-externalagent/1.1 (+https://developers.facebook.com/docs/sharing/webmasters/crawler)"
66.249.79.236 - - [16/Jun/2025:08:21:28 -0400] "GET /item/iy/cryptophyceae2059269678.phtml HTTP/1.1" 200 24718 "-" "Mozilla/5.0 (Linux; Android 6.0.1; Nexus 5X Build/MMB29P) AppleWebKit/537.36 (KHTML, like Gecko) Chrome/136.0.7103.113 Mobile Safari/537.36 (compatible; GoogleOther)"
162.0.232.193 - - [16/Jun/2025:08:21:32 -0400] "POST /wp-cron.php?doing_wp_cron=1750076492.4370670318603515625000 HTTP/1.1" 200 0 "-" "WordPress/6.6.2; https://remonster.online"
2a03:2880:f800:1c:: - - [16/Jun/2025:08:21:30 -0400] "GET /shopdetail/285718818 HTTP/1.1" 301 0 "-" "meta-externalagent/1.1 (+https://developers.facebook.com/docs/sharing/webmasters/crawler)"
2a03:2880:f800:12:: - - [16/Jun/2025:08:21:29 -0400] "GET /shopdetail/70465618 HTTP/1.1" 301 0 "-" "meta-externalagent/1.1 (+https://developers.facebook.com/docs/sharing/webmasters/crawler)"
2a03:2880:f800:: - - [16/Jun/2025:08:21:31 -0400] "GET /shopdetail/131517918 HTTP/1.1" 301 0 "-" "meta-externalagent/1.1 (+https://developers.facebook.com/docs/sharing/webmasters/crawler)"
2a03:2880:f800:f:: - - [16/Jun/2025:08:21:31 -0400] "GET /shopdetail/29690818 HTTP/1.1" 301 0 "-" "meta-externalagent/1.1 (+https://developers.facebook.com/docs/sharing/webmasters/crawler)"
66.249.79.236 - - [16/Jun/2025:08:21:33 -0400] "GET /products/hypotheca/430750730.phtml HTTP/1.1" 200 24235 "-" "Mozilla/5.0 (Linux; Android 6.0.1; Nexus 5X Build/MMB29P) AppleWebKit/537.36 (KHTML, like Gecko) Chrome/136.0.7103.113 Mobile Safari/537.36 (compatible; Googlebot/2.1; +http://www.google.com/bot.html)"
2a03:2880:f800:b:: - - [16/Jun/2025:08:21:31 -0400] "GET /shopdetail/254047318 HTTP/1.1" 301 0 "-" "meta-externalagent/1.1 (+https://developers.facebook.com/docs/sharing/webmasters/crawler)"
66.249.79.236 - - [16/Jun/2025:08:21:37 -0400] "GET /special/asylum74842728.phtml HTTP/1.1" 200 23724 "-" "Mozilla/5.0 (Linux; Android 6.0.1; Nexus 5X Build/MMB29P) AppleWebKit/537.36 (KHTML, like Gecko) Chrome/136.0.7103.113 Mobile Safari/537.36 (compatible; GoogleOther)"
66.249.79.236 - - [16/Jun/2025:08:21:46 -0400] "GET /goodscode/xrw/flown136869300.phtml HTTP/1.1" 200 25396 "-" "Mozilla/5.0 (Linux; Android 6.0.1; Nexus 5X Build/MMB29P) AppleWebKit/537.36 (KHTML, like Gecko) Chrome/136.0.7103.113 Mobile Safari/537.36 (compatible; GoogleOther)"
2a03:2880:f800:b:: - - [16/Jun/2025:08:21:45 -0400] "GET /shopdetail/61262118 HTTP/1.1" 301 0 "-" "meta-externalagent/1.1 (+https://developers.facebook.com/docs/sharing/webmasters/crawler)"
2a03:2880:f800:10:: - - [16/Jun/2025:08:21:45 -0400] "GET /shopdetail/299755018 HTTP/1.1" 301 0 "-" "meta-externalagent/1.1 (+https://developers.facebook.com/docs/sharing/webmasters/crawler)"
66.249.79.236 - - [16/Jun/2025:08:21:56 -0400] "GET /detail/cycadaceous138849980.phtml HTTP/1.1" 200 24779 "-" "Mozilla/5.0 (Linux; Android 6.0.1; Nexus 5X Build/MMB29P) AppleWebKit/537.36 (KHTML, like Gecko) Chrome/136.0.7103.113 Mobile Safari/537.36 (compatible; GoogleOther)"
216.73.216.184 - - [16/Jun/2025:08:21:56 -0400] "GET /sitemap-detail-641.xml HTTP/1.1" 200 10954 "-" "Mozilla/5.0 AppleWebKit/537.36 (KHTML, like Gecko; compatible; ClaudeBot/1.0; [email protected])"
216.73.216.184 - - [16/Jun/2025:08:21:56 -0400] "GET /sitemap-detail-1270.xml HTTP/1.1" 200 10954 "-" "Mozilla/5.0 AppleWebKit/537.36 (KHTML, like Gecko; compatible; ClaudeBot/1.0; [email protected])"
94.109.193.131 - - [16/Jun/2025:08:22:05 -0400] "GET /category/manga/ HTTP/1.1" 200 24958 "https://remonster.online/manga/re-monster-chapter-20/" "Mozilla/5.0 (Linux; Android 10; K) AppleWebKit/537.36 (KHTML, like Gecko) Chrome/137.0.0.0 Mobile Safari/537.36"
2a03:2880:f800:: - - [16/Jun/2025:08:22:03 -0400] "GET /shopdetail/162048318 HTTP/1.1" 301 0 "-" "meta-externalagent/1.1 (+https://developers.facebook.com/docs/sharing/webmasters/crawler)"
66.249.79.237 - - [16/Jun/2025:08:22:05 -0400] "GET /entity/pluralizer116187656.phtml HTTP/1.1" 200 25534 "-" "Mozilla/5.0 (Linux; Android 6.0.1; Nexus 5X Build/MMB29P) AppleWebKit/537.36 (KHTML, like Gecko) Chrome/136.0.7103.113 Mobile Safari/537.36 (compatible; GoogleOther)"
94.109.193.131 - - [16/Jun/2025:08:22:04 -0400] "GET /tag/kogitsune-kanekiru/ HTTP/1.1" 301 0 "https://remonster.online/manga/re-monster-chapter-20/" "Mozilla/5.0 (Linux; Android 10; K) AppleWebKit/537.36 (KHTML, like Gecko) Chrome/137.0.0.0 Mobile Safari/537.36"
94.109.193.131 - - [16/Jun/2025:08:22:06 -0400] "GET / HTTP/1.1" 304 0 "https://remonster.online/manga/re-monster-chapter-20/" "Mozilla/5.0 (Linux; Android 10; K) AppleWebKit/537.36 (KHTML, like Gecko) Chrome/137.0.0.0 Mobile Safari/537.36"
94.109.193.131 - - [16/Jun/2025:08:22:07 -0400] "GET /manga/re-monster-chapter-21/ HTTP/1.1" 200 16421 "https://remonster.online/manga/re-monster-chapter-20/" "Mozilla/5.0 (Linux; Android 10; K) AppleWebKit/537.36 (KHTML, like Gecko) Chrome/137.0.0.0 Mobile Safari/537.36"
2a03:2880:f800:1b:: - - [16/Jun/2025:08:22:05 -0400] "GET /shopdetail/356098218 HTTP/1.1" 301 0 "-" "meta-externalagent/1.1 (+https://developers.facebook.com/docs/sharing/webmasters/crawler)"
94.109.193.131 - - [16/Jun/2025:08:22:06 -0400] "GET /tag/reincarnated-monster/ HTTP/1.1" 301 0 "https://remonster.online/manga/re-monster-chapter-20/" "Mozilla/5.0 (Linux; Android 10; K) AppleWebKit/537.36 (KHTML, like Gecko) Chrome/137.0.0.0 Mobile Safari/537.36"
94.109.193.131 - - [16/Jun/2025:08:22:08 -0400] "POST /wp-admin/admin-ajax.php HTTP/1.1" 200 69 "https://remonster.online/manga/re-monster-chapter-21/" "Mozilla/5.0 (Linux; Android 10; K) AppleWebKit/537.36 (KHTML, like Gecko) Chrome/137.0.0.0 Mobile Safari/537.36"
2a03:2880:f800:: - - [16/Jun/2025:08:22:10 -0400] "GET /shopdetail/203296518 HTTP/1.1" 301 0 "-" "meta-externalagent/1.1 (+https://developers.facebook.com/docs/sharing/webmasters/crawler)"
2a03:2880:f800:17:: - - [16/Jun/2025:08:22:13 -0400] "GET /shopdetail/411634818 HTTP/1.1" 301 0 "-" "meta-externalagent/1.1 (+https://developers.facebook.com/docs/sharing/webmasters/crawler)"
2a03:2880:f800:d:: - - [16/Jun/2025:08:22:14 -0400] "GET /shopdetail/100480918 HTTP/1.1" 301 0 "-" "meta-externalagent/1.1 (+https://developers.facebook.com/docs/sharing/webmasters/crawler)"
66.249.79.236 - - [16/Jun/2025:08:22:15 -0400] "GET /shopping/w/creticism/129477550.phtml HTTP/1.1" 200 24102 "-" "Mozilla/5.0 (Linux; Android 6.0.1; Nexus 5X Build/MMB29P) AppleWebKit/537.36 (KHTML, like Gecko) Chrome/136.0.7103.113 Mobile Safari/537.36 (compatible; GoogleOther)"
162.0.232.193 - - [16/Jun/2025:08:22:20 -0400] "POST /wp-cron.php?doing_wp_cron=1750076540.1484429836273193359375 HTTP/1.1" 200 0 "-" "WordPress/6.6.2; https://remonster.online"
2a03:2880:f800:d:: - - [16/Jun/2025:08:22:19 -0400] "GET /shopdetail/163657318 HTTP/1.1" 301 0 "-" "meta-externalagent/1.1 (+https://developers.facebook.com/docs/sharing/webmasters/crawler)"
2a03:2880:f800:15:: - - [16/Jun/2025:08:22:20 -0400] "GET /shopdetail/282541218 HTTP/1.1" 301 0 "-" "meta-externalagent/1.1 (+https://developers.facebook.com/docs/sharing/webmasters/crawler)"
66.249.79.236 - - [16/Jun/2025:08:22:24 -0400] "GET /special/sarcode110299970.phtml HTTP/1.1" 200 23816 "-" "Mozilla/5.0 (Linux; Android 6.0.1; Nexus 5X Build/MMB29P) AppleWebKit/537.36 (KHTML, like Gecko) Chrome/136.0.7103.113 Mobile Safari/537.36 (compatible; GoogleOther)"
94.109.193.131 - - [16/Jun/2025:08:22:31 -0400] "GET /manga/re-monster-chapter-22/ HTTP/1.1" 200 16299 "https://remonster.online/manga/re-monster-chapter-21/" "Mozilla/5.0 (Linux; Android 10; K) AppleWebKit/537.36 (KHTML, like Gecko) Chrome/137.0.0.0 Mobile Safari/537.36"
162.0.232.193 - - [16/Jun/2025:08:22:33 -0400] "POST /wp-cron.php?doing_wp_cron=1750076553.2551040649414062500000 HTTP/1.1" 200 0 "-" "WordPress/6.6.2; https://remonster.online"
2a03:2880:f800:9:: - - [16/Jun/2025:08:22:32 -0400] "GET /shopdetail/353966818 HTTP/1.1" 301 0 "-" "meta-externalagent/1.1 (+https://developers.facebook.com/docs/sharing/webmasters/crawler)"
2a03:2880:f800:f:: - - [16/Jun/2025:08:22:33 -0400] "GET /shopdetail/254082518 HTTP/1.1" 301 0 "-" "meta-externalagent/1.1 (+https://developers.facebook.com/docs/sharing/webmasters/crawler)"
66.249.79.236 - - [16/Jun/2025:08:22:33 -0400] "GET /shopdetail143883200.phtml HTTP/1.1" 200 24640 "-" "Mozilla/5.0 (Linux; Android 6.0.1; Nexus 5X Build/MMB29P) AppleWebKit/537.36 (KHTML, like Gecko) Chrome/136.0.7103.113 Mobile Safari/537.36 (compatible; GoogleOther)"
2a03:2880:f800:3:: - - [16/Jun/2025:08:22:34 -0400] "GET /shopdetail/128954118 HTTP/1.1" 301 0 "-" "meta-externalagent/1.1 (+https://developers.facebook.com/docs/sharing/webmasters/crawler)"
2a03:2880:f800:f:: - - [16/Jun/2025:08:22:38 -0400] "GET /shopdetail/174698818 HTTP/1.1" 301 0 "-" "meta-externalagent/1.1 (+https://developers.facebook.com/docs/sharing/webmasters/crawler)"
37.96.47.120 - - [16/Jun/2025:08:22:39 -0400] "POST /wp-admin/admin-ajax.php HTTP/1.1" 200 69 "https://remonster.online/manga/re-monster-chapter-38/" "Mozilla/5.0 (Linux; Android 10; K) AppleWebKit/537.36 (KHTML, like Gecko) Chrome/136.0.0.0 Mobile Safari/537.36"
66.249.79.236 - - [16/Jun/2025:08:22:43 -0400] "GET /item/pas/precession/100506372.phtml HTTP/1.1" 200 24191 "-" "Mozilla/5.0 (Linux; Android 6.0.1; Nexus 5X Build/MMB29P) AppleWebKit/537.36 (KHTML, like Gecko) Chrome/136.0.7103.113 Mobile Safari/537.36 (compatible; GoogleOther)"
66.249.79.236 - - [16/Jun/2025:08:22:44 -0400] "GET /shopdetail/benzile/430853550.phtml HTTP/1.1" 200 23565 "-" "Mozilla/5.0 (Linux; Android 6.0.1; Nexus 5X Build/MMB29P) AppleWebKit/537.36 (KHTML, like Gecko) Chrome/136.0.7103.113 Mobile Safari/537.36 (compatible; Googlebot/2.1; +http://www.google.com/bot.html)"
2a03:2880:f800:f:: - - [16/Jun/2025:08:22:47 -0400] "GET /shopdetail/261840018 HTTP/1.1" 301 0 "-" "meta-externalagent/1.1 (+https://developers.facebook.com/docs/sharing/webmasters/crawler)"
2a03:2880:f800:14:: - - [16/Jun/2025:08:22:51 -0400] "GET /shopdetail/76266718 HTTP/1.1" 301 0 "-" "meta-externalagent/1.1 (+https://developers.facebook.com/docs/sharing/webmasters/crawler)"
66.249.79.236 - - [16/Jun/2025:08:22:52 -0400] "GET /goodscode/147158580.phtml HTTP/1.1" 200 26088 "-" "Mozilla/5.0 (Linux; Android 6.0.1; Nexus 5X Build/MMB29P) AppleWebKit/537.36 (KHTML, like Gecko) Chrome/136.0.7103.113 Mobile Safari/537.36 (compatible; GoogleOther)"
2a03:2880:f800:1a:: - - [16/Jun/2025:08:22:52 -0400] "GET /shopdetail/341099518 HTTP/1.1" 301 0 "-" "meta-externalagent/1.1 (+https://developers.facebook.com/docs/sharing/webmasters/crawler)"
2a03:2880:f800:1a:: - - [16/Jun/2025:08:22:53 -0400] "GET /shopdetail/125497518 HTTP/1.1" 301 0 "-" "meta-externalagent/1.1 (+https://developers.facebook.com/docs/sharing/webmasters/crawler)"
66.249.79.237 - - [16/Jun/2025:08:23:02 -0400] "GET /shopping/dendroideum/134857746.phtml HTTP/1.1" 200 24275 "-" "Mozilla/5.0 (Linux; Android 6.0.1; Nexus 5X Build/MMB29P) AppleWebKit/537.36 (KHTML, like Gecko) Chrome/136.0.7103.113 Mobile Safari/537.36 (compatible; GoogleOther)"
2a03:2880:f800:e:: - - [16/Jun/2025:08:23:04 -0400] "GET /shopdetail/141087418 HTTP/1.1" 301 0 "-" "meta-externalagent/1.1 (+https://developers.facebook.com/docs/sharing/webmasters/crawler)"
2a03:2880:f800:13:: - - [16/Jun/2025:08:23:06 -0400] "GET /shopdetail/363428918 HTTP/1.1" 301 0 "-" "meta-externalagent/1.1 (+https://developers.facebook.com/docs/sharing/webmasters/crawler)"
66.249.79.237 - - [16/Jun/2025:08:23:11 -0400] "GET /goods/1379956456.phtml HTTP/1.1" 200 25176 "-" "Mozilla/5.0 (Linux; Android 6.0.1; Nexus 5X Build/MMB29P) AppleWebKit/537.36 (KHTML, like Gecko) Chrome/136.0.7103.113 Mobile Safari/537.36 (compatible; GoogleOther)"
2a03:2880:f800:e:: - - [16/Jun/2025:08:23:12 -0400] "GET /shopdetail/73342918 HTTP/1.1" 301 0 "-" "meta-externalagent/1.1 (+https://developers.facebook.com/docs/sharing/webmasters/crawler)"
162.0.232.193 - - [16/Jun/2025:08:23:20 -0400] "POST /wp-cron.php?doing_wp_cron=1750076600.5496690273284912109375 HTTP/1.1" 200 0 "-" "WordPress/6.6.2; https://remonster.online"
2a03:2880:f800:2:: - - [16/Jun/2025:08:23:18 -0400] "GET /shopdetail/143297118 HTTP/1.1" 301 0 "-" "meta-externalagent/1.1 (+https://developers.facebook.com/docs/sharing/webmasters/crawler)"
2a03:2880:f800:d:: - - [16/Jun/2025:08:18:05 -0400] "GET /shopdetail/250139018 HTTP/1.1" 301 0 "-" "meta-externalagent/1.1 (+https://developers.facebook.com/docs/sharing/webmasters/crawler)"
2a03:2880:f800:1a:: - - [16/Jun/2025:08:18:07 -0400] "GET /shopdetail/353239818 HTTP/1.1" 301 0 "-" "meta-externalagent/1.1 (+https://developers.facebook.com/docs/sharing/webmasters/crawler)"
66.249.79.236 - - [16/Jun/2025:08:18:10 -0400] "GET /items/2068605524.phtml HTTP/1.1" 200 23759 "-" "Mozilla/5.0 (Linux; Android 6.0.1; Nexus 5X Build/MMB29P) AppleWebKit/537.36 (KHTML, like Gecko) Chrome/136.0.7103.113 Mobile Safari/537.36 (compatible; GoogleOther)"
2a03:2880:f800:b:: - - [16/Jun/2025:08:18:14 -0400] "GET /shopdetail/168281318 HTTP/1.1" 301 0 "-" "meta-externalagent/1.1 (+https://developers.facebook.com/docs/sharing/webmasters/crawler)"
162.0.232.193 - - [16/Jun/2025:08:18:17 -0400] "POST /wp-cron.php?doing_wp_cron=1750076297.3388700485229492187500 HTTP/1.1" 200 0 "-" "WordPress/6.6.2; https://remonster.online"
2a03:2880:f800:1:: - - [16/Jun/2025:08:18:15 -0400] "GET /shopdetail/227821818 HTTP/1.1" 301 0 "-" "meta-externalagent/1.1 (+https://developers.facebook.com/docs/sharing/webmasters/crawler)"
66.249.79.236 - - [16/Jun/2025:08:18:19 -0400] "GET /entity75400798.phtml HTTP/1.1" 200 24161 "-" "Mozilla/5.0 (Linux; Android 6.0.1; Nexus 5X Build/MMB29P) AppleWebKit/537.36 (KHTML, like Gecko) Chrome/136.0.7103.113 Mobile Safari/537.36 (compatible; GoogleOther)"
2a03:2880:f800:19:: - - [16/Jun/2025:08:18:19 -0400] "GET /shopdetail/413221518 HTTP/1.1" 301 0 "-" "meta-externalagent/1.1 (+https://developers.facebook.com/docs/sharing/webmasters/crawler)"
2a03:2880:f800:1d:: - - [16/Jun/2025:08:18:27 -0400] "GET /shopdetail/163305918 HTTP/1.1" 301 0 "-" "meta-externalagent/1.1 (+https://developers.facebook.com/docs/sharing/webmasters/crawler)"
66.249.79.236 - - [16/Jun/2025:08:18:29 -0400] "GET /info/ha/xiphidium/2062299044.phtml HTTP/1.1" 200 23634 "-" "Mozilla/5.0 (Linux; Android 6.0.1; Nexus 5X Build/MMB29P) AppleWebKit/537.36 (KHTML, like Gecko) Chrome/136.0.7103.113 Mobile Safari/537.36 (compatible; GoogleOther)"
2a03:2880:f800:7:: - - [16/Jun/2025:08:18:29 -0400] "GET /shopdetail/165860618 HTTP/1.1" 301 0 "-" "meta-externalagent/1.1 (+https://developers.facebook.com/docs/sharing/webmasters/crawler)"
162.0.232.193 - - [16/Jun/2025:08:18:35 -0400] "POST /wp-cron.php?doing_wp_cron=1750076315.4638159275054931640625 HTTP/1.1" 200 0 "-" "WordPress/6.6.2; https://remonster.online"
2a03:2880:f800:6:: - - [16/Jun/2025:08:18:35 -0400] "GET /shopdetail/405952518 HTTP/1.1" 301 0 "-" "meta-externalagent/1.1 (+https://developers.facebook.com/docs/sharing/webmasters/crawler)"
66.249.79.236 - - [16/Jun/2025:08:18:38 -0400] "GET /entity/xxa/costate26517660.phtml HTTP/1.1" 200 23975 "-" "Mozilla/5.0 (Linux; Android 6.0.1; Nexus 5X Build/MMB29P) AppleWebKit/537.36 (KHTML, like Gecko) Chrome/136.0.7103.113 Mobile Safari/537.36 (compatible; GoogleOther)"
2a03:2880:f800:f:: - - [16/Jun/2025:08:18:38 -0400] "GET /shopdetail/237427618 HTTP/1.1" 301 0 "-" "meta-externalagent/1.1 (+https://developers.facebook.com/docs/sharing/webmasters/crawler)"
66.249.79.236 - - [16/Jun/2025:08:18:48 -0400] "GET /goods/118753432.phtml HTTP/1.1" 200 24921 "-" "Mozilla/5.0 (Linux; Android 6.0.1; Nexus 5X Build/MMB29P) AppleWebKit/537.36 (KHTML, like Gecko) Chrome/136.0.7103.113 Mobile Safari/537.36 (compatible; GoogleOther)"
66.249.79.236 - - [16/Jun/2025:08:23:21 -0400] "GET /product29329958.phtml HTTP/1.1" 200 24793 "-" "Mozilla/5.0 (Linux; Android 6.0.1; Nexus 5X Build/MMB29P) AppleWebKit/537.36 (KHTML, like Gecko) Chrome/136.0.7103.113 Mobile Safari/537.36 (compatible; GoogleOther)"
2a03:2880:f800:c:: - - [16/Jun/2025:08:23:26 -0400] "GET /shopdetail/10896018 HTTP/1.1" 301 0 "-" "meta-externalagent/1.1 (+https://developers.facebook.com/docs/sharing/webmasters/crawler)"
66.249.79.236 - - [16/Jun/2025:08:23:30 -0400] "GET /item/fivefinger129839224.phtml HTTP/1.1" 200 26575 "-" "Mozilla/5.0 (Linux; Android 6.0.1; Nexus 5X Build/MMB29P) AppleWebKit/537.36 (KHTML, like Gecko) Chrome/136.0.7103.113 Mobile Safari/537.36 (compatible; GoogleOther)"
162.0.232.193 - - [16/Jun/2025:08:23:38 -0400] "POST /wp-cron.php?doing_wp_cron=1750076617.8383269309997558593750 HTTP/1.1" 200 0 "-" "WordPress/6.6.2; https://remonster.online"
2a03:2880:f800:15:: - - [16/Jun/2025:08:23:35 -0400] "GET /shopdetail/413708118 HTTP/1.1" 301 0 "-" "meta-externalagent/1.1 (+https://developers.facebook.com/docs/sharing/webmasters/crawler)"
66.249.79.236 - - [16/Jun/2025:08:23:39 -0400] "GET /goods/wallwort/582545882.phtml HTTP/1.1" 200 24648 "-" "Mozilla/5.0 (Linux; Android 6.0.1; Nexus 5X Build/MMB29P) AppleWebKit/537.36 (KHTML, like Gecko) Chrome/136.0.7103.113 Mobile Safari/537.36 (compatible; GoogleOther)"
2a03:2880:f800:8:: - - [16/Jun/2025:08:23:38 -0400] "GET /shopdetail/394148118 HTTP/1.1" 301 0 "-" "meta-externalagent/1.1 (+https://developers.facebook.com/docs/sharing/webmasters/crawler)"
2a03:2880:f800:1d:: - - [16/Jun/2025:08:23:43 -0400] "GET /shopdetail/241440018 HTTP/1.1" 301 0 "-" "meta-externalagent/1.1 (+https://developers.facebook.com/docs/sharing/webmasters/crawler)"
2a03:2880:f800:11:: - - [16/Jun/2025:08:23:44 -0400] "GET /shopdetail/26159818 HTTP/1.1" 301 0 "-" "meta-externalagent/1.1 (+https://developers.facebook.com/docs/sharing/webmasters/crawler)"
2a03:2880:f800:1d:: - - [16/Jun/2025:08:23:47 -0400] "GET /shopdetail/6876218 HTTP/1.1" 301 0 "-" "meta-externalagent/1.1 (+https://developers.facebook.com/docs/sharing/webmasters/crawler)"
66.249.79.236 - - [16/Jun/2025:08:23:49 -0400] "GET /goods/153364552.phtml HTTP/1.1" 200 24399 "-" "Mozilla/5.0 (Linux; Android 6.0.1; Nexus 5X Build/MMB29P) AppleWebKit/537.36 (KHTML, like Gecko) Chrome/136.0.7103.113 Mobile Safari/537.36 (compatible; GoogleOther)"
2a03:2880:f800:9:: - - [16/Jun/2025:08:23:52 -0400] "GET /shopdetail/241899718 HTTP/1.1" 301 0 "-" "meta-externalagent/1.1 (+https://developers.facebook.com/docs/sharing/webmasters/crawler)"
2a03:2880:f800:12:: - - [16/Jun/2025:08:23:52 -0400] "GET /shopdetail/239417918 HTTP/1.1" 301 0 "-" "meta-externalagent/1.1 (+https://developers.facebook.com/docs/sharing/webmasters/crawler)"
66.249.79.236 - - [16/Jun/2025:08:23:56 -0400] "GET /goods/b/lation430820496.phtml HTTP/1.1" 200 24397 "-" "Mozilla/5.0 (Linux; Android 6.0.1; Nexus 5X Build/MMB29P) AppleWebKit/537.36 (KHTML, like Gecko) Chrome/136.0.7103.113 Mobile Safari/537.36 (compatible; Googlebot/2.1; +http://www.google.com/bot.html)"
2a03:2880:f800:1:: - - [16/Jun/2025:08:23:54 -0400] "GET /shopdetail/103421118 HTTP/1.1" 301 0 "-" "meta-externalagent/1.1 (+https://developers.facebook.com/docs/sharing/webmasters/crawler)"
2a03:2880:f800:e:: - - [16/Jun/2025:08:23:56 -0400] "GET /shopdetail/398126318 HTTP/1.1" 301 0 "-" "meta-externalagent/1.1 (+https://developers.facebook.com/docs/sharing/webmasters/crawler)"
66.249.79.236 - - [16/Jun/2025:08:23:58 -0400] "GET /goods19996040.phtml HTTP/1.1" 200 24186 "-" "Mozilla/5.0 (Linux; Android 6.0.1; Nexus 5X Build/MMB29P) AppleWebKit/537.36 (KHTML, like Gecko) Chrome/136.0.7103.113 Mobile Safari/537.36 (compatible; GoogleOther)"
2a03:2880:f800:7:: - - [16/Jun/2025:08:23:59 -0400] "GET /shopdetail/29993718 HTTP/1.1" 301 0 "-" "meta-externalagent/1.1 (+https://developers.facebook.com/docs/sharing/webmasters/crawler)"
2a03:2880:f800:10:: - - [16/Jun/2025:08:24:02 -0400] "GET /shopdetail/172095018 HTTP/1.1" 301 0 "-" "meta-externalagent/1.1 (+https://developers.facebook.com/docs/sharing/webmasters/crawler)"
216.73.216.184 - - [16/Jun/2025:08:24:04 -0400] "GET /remonster-chapter-82 HTTP/1.1" 301 0 "-" "Mozilla/5.0 AppleWebKit/537.36 (KHTML, like Gecko; compatible; ClaudeBot/1.0; [email protected])"
216.73.216.184 - - [16/Jun/2025:08:24:06 -0400] "GET /remonster-chapter-82/ HTTP/1.1" 200 13218 "https://remonster.online/remonster-chapter-82" "Mozilla/5.0 AppleWebKit/537.36 (KHTML, like Gecko; compatible; ClaudeBot/1.0; [email protected])"
66.249.79.236 - - [16/Jun/2025:08:24:08 -0400] "GET /info80095068.phtml HTTP/1.1" 200 27167 "-" "Mozilla/5.0 (Linux; Android 6.0.1; Nexus 5X Build/MMB29P) AppleWebKit/537.36 (KHTML, like Gecko) Chrome/136.0.7103.113 Mobile Safari/537.36 (compatible; GoogleOther)"
2a03:2880:f800:16:: - - [16/Jun/2025:08:24:10 -0400] "GET /shopdetail/436955018 HTTP/1.1" 301 0 "-" "meta-externalagent/1.1 (+https://developers.facebook.com/docs/sharing/webmasters/crawler)"
2a03:2880:f800:9:: - - [16/Jun/2025:08:24:11 -0400] "GET /shopdetail/227885418 HTTP/1.1" 301 0 "-" "meta-externalagent/1.1 (+https://developers.facebook.com/docs/sharing/webmasters/crawler)"
66.249.79.236 - - [16/Jun/2025:08:24:17 -0400] "GET /detail/581072180.phtml HTTP/1.1" 200 23995 "-" "Mozilla/5.0 (Linux; Android 6.0.1; Nexus 5X Build/MMB29P) AppleWebKit/537.36 (KHTML, like Gecko) Chrome/136.0.7103.113 Mobile Safari/537.36 (compatible; GoogleOther)"
162.0.232.193 - - [16/Jun/2025:08:24:19 -0400] "POST /wp-cron.php?doing_wp_cron=1750076658.9440588951110839843750 HTTP/1.1" 200 0 "-" "WordPress/6.6.2; https://remonster.online"
2a03:2880:f800:e:: - - [16/Jun/2025:08:24:17 -0400] "GET /shopdetail/371824418 HTTP/1.1" 301 0 "-" "meta-externalagent/1.1 (+https://developers.facebook.com/docs/sharing/webmasters/crawler)"
2a03:2880:f800:e:: - - [16/Jun/2025:08:24:21 -0400] "GET /shopdetail/230194318 HTTP/1.1" 301 0 "-" "meta-externalagent/1.1 (+https://developers.facebook.com/docs/sharing/webmasters/crawler)"
2a03:2880:f800:17:: - - [16/Jun/2025:08:24:23 -0400] "GET /shopdetail/205998018 HTTP/1.1" 301 0 "-" "meta-externalagent/1.1 (+https://developers.facebook.com/docs/sharing/webmasters/crawler)"
66.249.79.236 - - [16/Jun/2025:08:24:26 -0400] "GET /items/dusky/580157638.phtml HTTP/1.1" 200 25080 "-" "Mozilla/5.0 (Linux; Android 6.0.1; Nexus 5X Build/MMB29P) AppleWebKit/537.36 (KHTML, like Gecko) Chrome/136.0.7103.113 Mobile Safari/537.36 (compatible; GoogleOther)"
2a03:2880:f800:16:: - - [16/Jun/2025:08:24:28 -0400] "GET /shopdetail/369147018 HTTP/1.1" 301 0 "-" "meta-externalagent/1.1 (+https://developers.facebook.com/docs/sharing/webmasters/crawler)"
66.249.79.236 - - [16/Jun/2025:08:24:36 -0400] "GET /product/h/skinching/144816676.phtml HTTP/1.1" 200 27491 "-" "Mozilla/5.0 (Linux; Android 6.0.1; Nexus 5X Build/MMB29P) AppleWebKit/537.36 (KHTML, like Gecko) Chrome/136.0.7103.113 Mobile Safari/537.36 (compatible; GoogleOther)"
162.0.232.193 - - [16/Jun/2025:08:24:38 -0400] "POST /wp-cron.php?doing_wp_cron=1750076678.7366509437561035156250 HTTP/1.1" 200 0 "-" "WordPress/6.6.2; https://remonster.online"
2a03:2880:f800:13:: - - [16/Jun/2025:08:24:37 -0400] "GET /shopdetail/251994718 HTTP/1.1" 301 0 "-" "meta-externalagent/1.1 (+https://developers.facebook.com/docs/sharing/webmasters/crawler)"
2a03:2880:f800:10:: - - [16/Jun/2025:08:24:38 -0400] "GET /shopdetail/179392918 HTTP/1.1" 301 0 "-" "meta-externalagent/1.1 (+https://developers.facebook.com/docs/sharing/webmasters/crawler)"
2a03:2880:f800:3:: - - [16/Jun/2025:08:24:42 -0400] "GET /shopdetail/27994718 HTTP/1.1" 301 0 "-" "meta-externalagent/1.1 (+https://developers.facebook.com/docs/sharing/webmasters/crawler)"
66.249.79.236 - - [16/Jun/2025:08:24:45 -0400] "GET /categories/113444758?num=91908 HTTP/1.1" 200 24234 "-" "Mozilla/5.0 (Linux; Android 6.0.1; Nexus 5X Build/MMB29P) AppleWebKit/537.36 (KHTML, like Gecko) Chrome/136.0.7103.113 Mobile Safari/537.36 (compatible; GoogleOther)"
2a03:2880:f800:1c:: - - [16/Jun/2025:08:24:46 -0400] "GET /shopdetail/298939418 HTTP/1.1" 301 0 "-" "meta-externalagent/1.1 (+https://developers.facebook.com/docs/sharing/webmasters/crawler)"
2a03:2880:f800:17:: - - [16/Jun/2025:08:24:49 -0400] "GET /shopdetail/333479718 HTTP/1.1" 301 0 "-" "meta-externalagent/1.1 (+https://developers.facebook.com/docs/sharing/webmasters/crawler)"
2a03:2880:f800:14:: - - [16/Jun/2025:08:24:50 -0400] "GET /shopdetail/424438718 HTTP/1.1" 301 0 "-" "meta-externalagent/1.1 (+https://developers.facebook.com/docs/sharing/webmasters/crawler)"
2a03:2880:f800:1b:: - - [16/Jun/2025:08:24:51 -0400] "GET /shopdetail/365754218 HTTP/1.1" 301 0 "-" "meta-externalagent/1.1 (+https://developers.facebook.com/docs/sharing/webmasters/crawler)"
2a03:2880:f800:11:: - - [16/Jun/2025:08:24:51 -0400] "GET /shopdetail/15451818 HTTP/1.1" 301 0 "-" "meta-externalagent/1.1 (+https://developers.facebook.com/docs/sharing/webmasters/crawler)"
2a03:2880:f800:17:: - - [16/Jun/2025:08:24:51 -0400] "GET /shopdetail/291062318 HTTP/1.1" 301 0 "-" "meta-externalagent/1.1 (+https://developers.facebook.com/docs/sharing/webmasters/crawler)"
66.249.79.236 - - [16/Jun/2025:08:24:55 -0400] "GET /products/namedropping140463858.phtml HTTP/1.1" 200 25155 "-" "Mozilla/5.0 (Linux; Android 6.0.1; Nexus 5X Build/MMB29P) AppleWebKit/537.36 (KHTML, like Gecko) Chrome/136.0.7103.113 Mobile Safari/537.36 (compatible; GoogleOther)"
2a03:2880:f800:1c:: - - [16/Jun/2025:08:24:56 -0400] "GET /shopdetail/30495818 HTTP/1.1" 301 0 "-" "meta-externalagent/1.1 (+https://developers.facebook.com/docs/sharing/webmasters/crawler)"
2a03:2880:f800:8:: - - [16/Jun/2025:08:24:57 -0400] "GET /shopdetail/297162818 HTTP/1.1" 301 0 "-" "meta-externalagent/1.1 (+https://developers.facebook.com/docs/sharing/webmasters/crawler)"
66.249.79.237 - - [16/Jun/2025:08:25:04 -0400] "GET /goodscode/2061841292.phtml HTTP/1.1" 200 25095 "-" "Mozilla/5.0 (Linux; Android 6.0.1; Nexus 5X Build/MMB29P) AppleWebKit/537.36 (KHTML, like Gecko) Chrome/136.0.7103.113 Mobile Safari/537.36 (compatible; GoogleOther)"
66.249.79.237 - - [16/Jun/2025:08:25:14 -0400] "GET /shopping136532658.phtml HTTP/1.1" 200 25233 "-" "Mozilla/5.0 (Linux; Android 6.0.1; Nexus 5X Build/MMB29P) AppleWebKit/537.36 (KHTML, like Gecko) Chrome/136.0.7103.113 Mobile Safari/537.36 (compatible; GoogleOther)"
2a03:2880:f800:11:: - - [16/Jun/2025:08:25:12 -0400] "GET /shopdetail/109748318 HTTP/1.1" 301 0 "-" "meta-externalagent/1.1 (+https://developers.facebook.com/docs/sharing/webmasters/crawler)"
162.0.232.193 - - [16/Jun/2025:08:25:21 -0400] "POST /wp-cron.php?doing_wp_cron=1750076720.7388329505920410156250 HTTP/1.1" 200 0 "-" "WordPress/6.6.2; https://remonster.online"
2a03:2880:f800:12:: - - [16/Jun/2025:08:25:18 -0400] "GET /shopdetail/290099318 HTTP/1.1" 301 0 "-" "meta-externalagent/1.1 (+https://developers.facebook.com/docs/sharing/webmasters/crawler)"
2a03:2880:f800:15:: - - [16/Jun/2025:08:25:19 -0400] "GET /shopdetail/29010118 HTTP/1.1" 301 0 "-" "meta-externalagent/1.1 (+https://developers.facebook.com/docs/sharing/webmasters/crawler)"
2a03:2880:f800:4:: - - [16/Jun/2025:08:25:19 -0400] "GET /shopdetail/293708318 HTTP/1.1" 301 0 "-" "meta-externalagent/1.1 (+https://developers.facebook.com/docs/sharing/webmasters/crawler)"
66.249.79.236 - - [16/Jun/2025:08:25:23 -0400] "GET /categories/117539110?num=97740 HTTP/1.1" 200 25030 "-" "Mozilla/5.0 (Linux; Android 6.0.1; Nexus 5X Build/MMB29P) AppleWebKit/537.36 (KHTML, like Gecko) Chrome/136.0.7103.113 Mobile Safari/537.36 (compatible; GoogleOther)"
66.249.79.236 - - [16/Jun/2025:08:25:32 -0400] "GET /info/131133276.phtml HTTP/1.1" 200 23982 "-" "Mozilla/5.0 (Linux; Android 6.0.1; Nexus 5X Build/MMB29P) AppleWebKit/537.36 (KHTML, like Gecko) Chrome/136.0.7103.113 Mobile Safari/537.36 (compatible; GoogleOther)"
162.0.232.193 - - [16/Jun/2025:08:25:36 -0400] "POST /wp-cron.php?doing_wp_cron=1750076736.1480469703674316406250 HTTP/1.1" 200 0 "-" "WordPress/6.6.2; https://remonster.online"
2a03:2880:f800:d:: - - [16/Jun/2025:08:25:35 -0400] "GET /shopdetail/144549818 HTTP/1.1" 301 0 "-" "meta-externalagent/1.1 (+https://developers.facebook.com/docs/sharing/webmasters/crawler)"
2a03:2880:f800:1b:: - - [16/Jun/2025:08:25:39 -0400] "GET /shopdetail/75873818 HTTP/1.1" 301 0 "-" "meta-externalagent/1.1 (+https://developers.facebook.com/docs/sharing/webmasters/crawler)"
2a03:2880:f800:7:: - - [16/Jun/2025:08:25:39 -0400] "GET /shopdetail/249148218 HTTP/1.1" 301 0 "-" "meta-externalagent/1.1 (+https://developers.facebook.com/docs/sharing/webmasters/crawler)"
2a03:2880:f800:1b:: - - [16/Jun/2025:08:25:39 -0400] "GET /shopdetail/414092318 HTTP/1.1" 301 0 "-" "meta-externalagent/1.1 (+https://developers.facebook.com/docs/sharing/webmasters/crawler)"
66.249.79.236 - - [16/Jun/2025:08:25:42 -0400] "GET /entity23724102.phtml HTTP/1.1" 200 23862 "-" "Mozilla/5.0 (Linux; Android 6.0.1; Nexus 5X Build/MMB29P) AppleWebKit/537.36 (KHTML, like Gecko) Chrome/136.0.7103.113 Mobile Safari/537.36 (compatible; GoogleOther)"
2a03:2880:f800:9:: - - [16/Jun/2025:08:25:48 -0400] "GET /shopdetail/343161118 HTTP/1.1" 301 0 "-" "meta-externalagent/1.1 (+https://developers.facebook.com/docs/sharing/webmasters/crawler)"
66.249.79.236 - - [16/Jun/2025:08:25:51 -0400] "GET /goods/d/extenuate145506388.phtml HTTP/1.1" 200 24838 "-" "Mozilla/5.0 (Linux; Android 6.0.1; Nexus 5X Build/MMB29P) AppleWebKit/537.36 (KHTML, like Gecko) Chrome/136.0.7103.113 Mobile Safari/537.36 (compatible; GoogleOther)"
66.249.79.236 - - [16/Jun/2025:08:25:55 -0400] "GET /info/b/conscienceless430802012.phtml HTTP/1.1" 200 24197 "-" "Mozilla/5.0 (Linux; Android 6.0.1; Nexus 5X Build/MMB29P) AppleWebKit/537.36 (KHTML, like Gecko) Chrome/136.0.7103.113 Mobile Safari/537.36 (compatible; Googlebot/2.1; +http://www.google.com/bot.html)"
2a03:2880:f800:15:: - - [16/Jun/2025:08:25:56 -0400] "GET /shopdetail/49589518 HTTP/1.1" 301 0 "-" "meta-externalagent/1.1 (+https://developers.facebook.com/docs/sharing/webmasters/crawler)"
2a03:2880:f800:10:: - - [16/Jun/2025:08:25:56 -0400] "GET /shopdetail/211756518 HTTP/1.1" 301 0 "-" "meta-externalagent/1.1 (+https://developers.facebook.com/docs/sharing/webmasters/crawler)"
2a03:2880:f800:1c:: - - [16/Jun/2025:08:25:56 -0400] "GET /shopdetail/293928218 HTTP/1.1" 301 0 "-" "meta-externalagent/1.1 (+https://developers.facebook.com/docs/sharing/webmasters/crawler)"
2a03:2880:f800:11:: - - [16/Jun/2025:08:25:59 -0400] "GET /shopdetail/408324418 HTTP/1.1" 301 0 "-" "meta-externalagent/1.1 (+https://developers.facebook.com/docs/sharing/webmasters/crawler)"
66.249.79.236 - - [16/Jun/2025:08:26:01 -0400] "GET /goods/h/antinational/271612224.phtml HTTP/1.1" 200 24220 "-" "Mozilla/5.0 (Linux; Android 6.0.1; Nexus 5X Build/MMB29P) AppleWebKit/537.36 (KHTML, like Gecko) Chrome/136.0.7103.113 Mobile Safari/537.36 (compatible; GoogleOther)"
2a03:2880:f800:b:: - - [16/Jun/2025:08:26:00 -0400] "GET /shopdetail/77083718 HTTP/1.1" 301 0 "-" "meta-externalagent/1.1 (+https://developers.facebook.com/docs/sharing/webmasters/crawler)"
2a03:2880:f800:8:: - - [16/Jun/2025:08:26:03 -0400] "GET /shopdetail/10641918 HTTP/1.1" 301 0 "-" "meta-externalagent/1.1 (+https://developers.facebook.com/docs/sharing/webmasters/crawler)"
66.249.79.236 - - [16/Jun/2025:08:26:10 -0400] "GET /detail127910462.phtml HTTP/1.1" 200 24196 "-" "Mozilla/5.0 (Linux; Android 6.0.1; Nexus 5X Build/MMB29P) AppleWebKit/537.36 (KHTML, like Gecko) Chrome/136.0.7103.113 Mobile Safari/537.36 (compatible; GoogleOther)"
2a03:2880:f800:1d:: - - [16/Jun/2025:08:26:09 -0400] "GET /shopdetail/130619418 HTTP/1.1" 301 0 "-" "meta-externalagent/1.1 (+https://developers.facebook.com/docs/sharing/webmasters/crawler)"
2a03:2880:f800:5:: - - [16/Jun/2025:08:26:11 -0400] "GET /shopdetail/389527518 HTTP/1.1" 301 0 "-" "meta-externalagent/1.1 (+https://developers.facebook.com/docs/sharing/webmasters/crawler)"
2a03:2880:f800:17:: - - [16/Jun/2025:08:26:10 -0400] "GET /shopdetail/333596918 HTTP/1.1" 301 0 "-" "meta-externalagent/1.1 (+https://developers.facebook.com/docs/sharing/webmasters/crawler)"
2a03:2880:f800:9:: - - [16/Jun/2025:08:26:12 -0400] "GET /shopdetail/347592818 HTTP/1.1" 301 0 "-" "meta-externalagent/1.1 (+https://developers.facebook.com/docs/sharing/webmasters/crawler)"
2a03:2880:f800:10:: - - [16/Jun/2025:08:26:13 -0400] "GET /shopdetail/420625218 HTTP/1.1" 301 0 "-" "meta-externalagent/1.1 (+https://developers.facebook.com/docs/sharing/webmasters/crawler)"
162.0.232.193 - - [16/Jun/2025:08:26:20 -0400] "POST /wp-cron.php?doing_wp_cron=1750076779.9579770565032958984375 HTTP/1.1" 200 0 "-" "WordPress/6.6.2; https://remonster.online"
2a03:2880:f800:c:: - - [16/Jun/2025:08:26:18 -0400] "GET /shopdetail/65230218 HTTP/1.1" 301 0 "-" "meta-externalagent/1.1 (+https://developers.facebook.com/docs/sharing/webmasters/crawler)"
66.249.79.236 - - [16/Jun/2025:08:26:19 -0400] "GET /detail/149513708.phtml HTTP/1.1" 200 24041 "-" "Mozilla/5.0 (Linux; Android 6.0.1; Nexus 5X Build/MMB29P) AppleWebKit/537.36 (KHTML, like Gecko) Chrome/136.0.7103.113 Mobile Safari/537.36 (compatible; GoogleOther)"
2a03:2880:f800:16:: - - [16/Jun/2025:08:26:23 -0400] "GET /shopdetail/286810618 HTTP/1.1" 301 0 "-" "meta-externalagent/1.1 (+https://developers.facebook.com/docs/sharing/webmasters/crawler)"
2a03:2880:f800:1b:: - - [16/Jun/2025:08:26:25 -0400] "GET /shopdetail/261841918 HTTP/1.1" 301 0 "-" "meta-externalagent/1.1 (+https://developers.facebook.com/docs/sharing/webmasters/crawler)"
66.249.79.236 - - [16/Jun/2025:08:26:29 -0400] "GET /items269061212.phtml HTTP/1.1" 200 24055 "-" "Mozilla/5.0 (Linux; Android 6.0.1; Nexus 5X Build/MMB29P) AppleWebKit/537.36 (KHTML, like Gecko) Chrome/136.0.7103.113 Mobile Safari/537.36 (compatible; GoogleOther)"
162.0.232.193 - - [16/Jun/2025:08:26:34 -0400] "POST /wp-cron.php?doing_wp_cron=1750076794.4716908931732177734375 HTTP/1.1" 200 0 "-" "WordPress/6.6.2; https://remonster.online"
2a03:2880:f800:11:: - - [16/Jun/2025:08:26:33 -0400] "GET /shopdetail/173104418 HTTP/1.1" 301 0 "-" "meta-externalagent/1.1 (+https://developers.facebook.com/docs/sharing/webmasters/crawler)"
