162.0.232.193 - - [16/Jun/2025:12:49:32 -0400] "POST /wp-cron.php?doing_wp_cron=1750092571.3618800640106201171875 HTTP/1.1" 200 0 "-" "WordPress/6.6.2; https://remonster.online"
2a03:2880:f800:18:: - - [16/Jun/2025:12:49:29 -0400] "GET /shopdetail/219189318 HTTP/1.1" 301 0 "-" "meta-externalagent/1.1 (+https://developers.facebook.com/docs/sharing/webmasters/crawler)"
2a03:2880:f800:2:: - - [16/Jun/2025:12:49:28 -0400] "GET /shopdetail/327309518 HTTP/1.1" 301 0 "-" "meta-externalagent/1.1 (+https://developers.facebook.com/docs/sharing/webmasters/crawler)"
2a03:2880:f800:1:: - - [16/Jun/2025:12:49:33 -0400] "GET / HTTP/1.1" 200 10823 "-" "meta-externalagent/1.1 (+https://developers.facebook.com/docs/sharing/webmasters/crawler)"
2a03:2880:f800:3:: - - [16/Jun/2025:12:49:34 -0400] "GET /shopdetail/415984818 HTTP/1.1" 301 0 "-" "meta-externalagent/1.1 (+https://developers.facebook.com/docs/sharing/webmasters/crawler)"
2a03:2880:f800:1b:: - - [16/Jun/2025:12:49:34 -0400] "GET /shopdetail/133272518 HTTP/1.1" 301 0 "-" "meta-externalagent/1.1 (+https://developers.facebook.com/docs/sharing/webmasters/crawler)"
2a03:2880:f800:1b:: - - [16/Jun/2025:12:49:40 -0400] "GET / HTTP/1.1" 200 10823 "-" "meta-externalagent/1.1 (+https://developers.facebook.com/docs/sharing/webmasters/crawler)"
162.0.232.193 - - [16/Jun/2025:12:49:39 -0400] "GET /manga/re-monster-chapter-32/ HTTP/1.1" 200 17326 "-" "WP Rocket/Preload"
162.0.232.193 - - [16/Jun/2025:12:49:46 -0400] "GET /manga/re-monster-chapter-32/ HTTP/1.1" 200 0 "-" "WP Rocket/Preload Mozilla/5.0 (iPhone; CPU iPhone OS 9_1 like Mac OS X) AppleWebKit/601.1.46 (KHTML, like Gecko) Version/9.0 Mobile/13B143 Safari/601.1"
66.249.79.237 - - [16/Jun/2025:12:50:07 -0400] "GET /goods/fortuna/348755012.phtml HTTP/1.1" 200 23601 "-" "Mozilla/5.0 (Linux; Android 6.0.1; Nexus 5X Build/MMB29P) AppleWebKit/537.36 (KHTML, like Gecko) Chrome/136.0.7103.113 Mobile Safari/537.36 (compatible; Googlebot/2.1; +http://www.google.com/bot.html)"
66.249.79.236 - - [16/Jun/2025:12:50:08 -0400] "GET /products173881500.phtml HTTP/1.1" 200 23882 "-" "Mozilla/5.0 (Linux; Android 6.0.1; Nexus 5X Build/MMB29P) AppleWebKit/537.36 (KHTML, like Gecko) Chrome/136.0.7103.113 Mobile Safari/537.36 (compatible; Googlebot/2.1; +http://www.google.com/bot.html)"
66.249.79.238 - - [16/Jun/2025:12:50:09 -0400] "GET /remonster-chapter-104/ HTTP/1.1" 200 23929 "-" "Mozilla/5.0 (Linux; Android 6.0.1; Nexus 5X Build/MMB29P) AppleWebKit/537.36 (KHTML, like Gecko) Chrome/136.0.7103.113 Mobile Safari/537.36 (compatible; Googlebot/2.1; +http://www.google.com/bot.html)"
66.249.79.236 - - [16/Jun/2025:12:50:13 -0400] "POST /get-message-notify HTTP/1.1" 200 24583 "https://remonster.online/remonster-chapter-104/" "Mozilla/5.0 (Linux; Android 6.0.1; Nexus 5X Build/MMB29P) AppleWebKit/537.36 (KHTML, like Gecko) Chrome/136.0.7103.113 Mobile Safari/537.36 (compatible; Googlebot/2.1; +http://www.google.com/bot.html)"
162.0.232.193 - - [16/Jun/2025:12:50:21 -0400] "POST /wp-cron.php?doing_wp_cron=1750092621.5370171070098876953125 HTTP/1.1" 200 0 "-" "WordPress/6.6.2; https://remonster.online"
2a03:2880:f800:6:: - - [16/Jun/2025:12:50:19 -0400] "GET /shopdetail/110398918 HTTP/1.1" 301 0 "-" "meta-externalagent/1.1 (+https://developers.facebook.com/docs/sharing/webmasters/crawler)"
2a03:2880:f800:7:: - - [16/Jun/2025:12:50:23 -0400] "GET / HTTP/1.1" 200 10823 "-" "meta-externalagent/1.1 (+https://developers.facebook.com/docs/sharing/webmasters/crawler)"
162.0.232.193 - - [16/Jun/2025:12:50:47 -0400] "POST /wp-cron.php?doing_wp_cron=1750092647.2370669841766357421875 HTTP/1.1" 200 0 "-" "WordPress/6.6.2; https://remonster.online"
2a03:2880:f800:2:: - - [16/Jun/2025:12:50:44 -0400] "GET /shopdetail/338383418 HTTP/1.1" 301 0 "-" "meta-externalagent/1.1 (+https://developers.facebook.com/docs/sharing/webmasters/crawler)"
162.0.232.193 - - [16/Jun/2025:12:50:50 -0400] "GET /manga/re-monster-chapter-25/ HTTP/1.1" 200 17657 "-" "WP Rocket/Preload"
162.0.232.193 - - [16/Jun/2025:12:50:56 -0400] "GET /manga/re-monster-chapter-25/ HTTP/1.1" 200 0 "-" "WP Rocket/Preload Mozilla/5.0 (iPhone; CPU iPhone OS 9_1 like Mac OS X) AppleWebKit/601.1.46 (KHTML, like Gecko) Version/9.0 Mobile/13B143 Safari/601.1"
162.0.232.193 - - [16/Jun/2025:12:51:29 -0400] "POST /wp-cron.php?doing_wp_cron=1750092689.1390209197998046875000 HTTP/1.1" 200 0 "-" "WordPress/6.6.2; https://remonster.online"
2a03:2880:f800:e:: - - [16/Jun/2025:12:51:27 -0400] "GET /shopdetail/250398018 HTTP/1.1" 301 0 "-" "meta-externalagent/1.1 (+https://developers.facebook.com/docs/sharing/webmasters/crawler)"
2a03:2880:f800:2:: - - [16/Jun/2025:12:51:31 -0400] "GET / HTTP/1.1" 200 10823 "-" "meta-externalagent/1.1 (+https://developers.facebook.com/docs/sharing/webmasters/crawler)"
162.0.232.193 - - [16/Jun/2025:12:51:50 -0400] "POST /wp-cron.php?doing_wp_cron=1750092709.8600270748138427734375 HTTP/1.1" 200 0 "-" "WordPress/6.6.2; https://remonster.online"
2a03:2880:f800:c:: - - [16/Jun/2025:12:51:48 -0400] "GET /shopdetail/256989918 HTTP/1.1" 301 0 "-" "meta-externalagent/1.1 (+https://developers.facebook.com/docs/sharing/webmasters/crawler)"
162.0.232.193 - - [16/Jun/2025:12:51:50 -0400] "GET /manga/re-monster-chapter-17/ HTTP/1.1" 200 0 "-" "WP Rocket/Preload"
2a03:2880:f800:1d:: - - [16/Jun/2025:12:51:51 -0400] "GET / HTTP/1.1" 200 10823 "-" "meta-externalagent/1.1 (+https://developers.facebook.com/docs/sharing/webmasters/crawler)"
162.0.232.193 - - [16/Jun/2025:12:51:52 -0400] "GET /manga/re-monster-chapter-17/ HTTP/1.1" 200 17368 "-" "WP Rocket/Preload Mozilla/5.0 (iPhone; CPU iPhone OS 9_1 like Mac OS X) AppleWebKit/601.1.46 (KHTML, like Gecko) Version/9.0 Mobile/13B143 Safari/601.1"
162.0.232.193 - - [16/Jun/2025:12:51:53 -0400] "GET /manga/re-monster-chapter-20/ HTTP/1.1" 200 0 "-" "WP Rocket/Preload"
162.0.232.193 - - [16/Jun/2025:12:51:55 -0400] "GET /manga/re-monster-chapter-20/ HTTP/1.1" 200 0 "-" "WP Rocket/Preload Mozilla/5.0 (iPhone; CPU iPhone OS 9_1 like Mac OS X) AppleWebKit/601.1.46 (KHTML, like Gecko) Version/9.0 Mobile/13B143 Safari/601.1"
2a03:2880:f800:c:: - - [16/Jun/2025:12:51:56 -0400] "GET /shopdetail/134651718 HTTP/1.1" 301 0 "-" "meta-externalagent/1.1 (+https://developers.facebook.com/docs/sharing/webmasters/crawler)"
162.0.232.193 - - [16/Jun/2025:12:51:56 -0400] "GET /manga/re-monster-chapter-9/ HTTP/1.1" 200 17134 "-" "WP Rocket/Preload"
162.0.232.193 - - [16/Jun/2025:12:52:05 -0400] "GET /manga/re-monster-chapter-9/ HTTP/1.1" 200 0 "-" "WP Rocket/Preload Mozilla/5.0 (iPhone; CPU iPhone OS 9_1 like Mac OS X) AppleWebKit/601.1.46 (KHTML, like Gecko) Version/9.0 Mobile/13B143 Safari/601.1"
66.249.79.237 - - [16/Jun/2025:12:52:10 -0400] "GET /entity/430851750.phtml HTTP/1.1" 200 24208 "-" "Mozilla/5.0 (Linux; Android 6.0.1; Nexus 5X Build/MMB29P) AppleWebKit/537.36 (KHTML, like Gecko) Chrome/136.0.7103.113 Mobile Safari/537.36 (compatible; Googlebot/2.1; +http://www.google.com/bot.html)"
122.3.75.75 - - [16/Jun/2025:12:52:51 -0400] "GET /manga/remonster-chapter-78/ HTTP/1.1" 200 17135 "https://www.google.com/" "Mozilla/5.0 (Windows NT 10.0; Win64; x64) AppleWebKit/537.36 (KHTML, like Gecko) Chrome/137.0.0.0 Safari/537.36"
122.3.75.75 - - [16/Jun/2025:12:52:52 -0400] "GET /wp-content/plugins/simple-social-buttons/assets/js/frontend-blocks.js?ver=5.3.1 HTTP/1.1" 304 0 "https://remonster.online/manga/remonster-chapter-78/" "Mozilla/5.0 (Windows NT 10.0; Win64; x64) AppleWebKit/537.36 (KHTML, like Gecko) Chrome/137.0.0.0 Safari/537.36"
103.131.71.47 - - [16/Jun/2025:12:52:52 -0400] "GET /wp-content/uploads/2021/11/CeDzRGZ.png HTTP/1.1" 200 1728239 "-" "Mozilla/5.0 (compatible; coccocbot-image/1.0; +http://help.coccoc.com/searchengine)"
122.3.75.75 - - [16/Jun/2025:12:52:53 -0400] "GET /wp-content/plugins/comic-easel/js/keynav.js HTTP/1.1" 304 0 "https://remonster.online/manga/remonster-chapter-78/" "Mozilla/5.0 (Windows NT 10.0; Win64; x64) AppleWebKit/537.36 (KHTML, like Gecko) Chrome/137.0.0.0 Safari/537.36"
122.3.75.75 - - [16/Jun/2025:12:52:53 -0400] "GET /wp-content/plugins/disqus-comment-system/public/js/comment_embed.js?ver=3.1.2 HTTP/1.1" 304 0 "https://remonster.online/manga/remonster-chapter-78/" "Mozilla/5.0 (Windows NT 10.0; Win64; x64) AppleWebKit/537.36 (KHTML, like Gecko) Chrome/137.0.0.0 Safari/537.36"
122.3.75.75 - - [16/Jun/2025:12:52:53 -0400] "GET /wp-content/plugins/disqus-comment-system/public/js/comment_count.js?ver=3.1.2 HTTP/1.1" 304 0 "https://remonster.online/manga/remonster-chapter-78/" "Mozilla/5.0 (Windows NT 10.0; Win64; x64) AppleWebKit/537.36 (KHTML, like Gecko) Chrome/137.0.0.0 Safari/537.36"
122.3.75.75 - - [16/Jun/2025:12:52:53 -0400] "GET /wp-content/themes/toivo-lite/js/settings.min.js?ver=1.2.0 HTTP/1.1" 304 0 "https://remonster.online/manga/remonster-chapter-78/" "Mozilla/5.0 (Windows NT 10.0; Win64; x64) AppleWebKit/537.36 (KHTML, like Gecko) Chrome/137.0.0.0 Safari/537.36"
122.3.75.75 - - [16/Jun/2025:12:52:53 -0400] "GET /wp-content/themes/toivo-lite/js/functions.min.js?ver=1.2.0 HTTP/1.1" 304 0 "https://remonster.online/manga/remonster-chapter-78/" "Mozilla/5.0 (Windows NT 10.0; Win64; x64) AppleWebKit/537.36 (KHTML, like Gecko) Chrome/137.0.0.0 Safari/537.36"
162.0.232.193 - - [16/Jun/2025:12:52:55 -0400] "POST /wp-cron.php?doing_wp_cron=1750092774.9365179538726806640625 HTTP/1.1" 200 0 "-" "WordPress/6.6.2; https://remonster.online"
122.3.75.75 - - [16/Jun/2025:12:52:53 -0400] "POST /wp-admin/admin-ajax.php HTTP/1.1" 200 69 "https://remonster.online/manga/remonster-chapter-78/" "Mozilla/5.0 (Windows NT 10.0; Win64; x64) AppleWebKit/537.36 (KHTML, like Gecko) Chrome/137.0.0.0 Safari/537.36"
162.0.232.193 - - [16/Jun/2025:12:52:56 -0400] "POST /wp-admin/admin-ajax.php?action=as_async_request_queue_runner&nonce=8c43902f25 HTTP/1.1" 200 0 "-" "WordPress/6.6.2; https://remonster.online"
162.0.232.193 - - [16/Jun/2025:12:52:58 -0400] "GET /manga/re-monster-chapter-10/ HTTP/1.1" 200 16633 "-" "WP Rocket/Preload"
162.0.232.193 - - [16/Jun/2025:12:53:00 -0400] "GET /manga/re-monster-chapter-10/ HTTP/1.1" 200 0 "-" "WP Rocket/Preload Mozilla/5.0 (iPhone; CPU iPhone OS 9_1 like Mac OS X) AppleWebKit/601.1.46 (KHTML, like Gecko) Version/9.0 Mobile/13B143 Safari/601.1"
162.0.232.193 - - [16/Jun/2025:12:53:01 -0400] "GET /manga/re-monster-chapter-12/ HTTP/1.1" 200 17413 "-" "WP Rocket/Preload"
162.0.232.193 - - [16/Jun/2025:12:53:03 -0400] "GET /manga/re-monster-chapter-12/ HTTP/1.1" 200 0 "-" "WP Rocket/Preload Mozilla/5.0 (iPhone; CPU iPhone OS 9_1 like Mac OS X) AppleWebKit/601.1.46 (KHTML, like Gecko) Version/9.0 Mobile/13B143 Safari/601.1"
162.0.232.193 - - [16/Jun/2025:12:53:05 -0400] "GET /manga/re-monster-chapter-2/ HTTP/1.1" 200 0 "-" "WP Rocket/Preload"
162.0.232.193 - - [16/Jun/2025:12:53:06 -0400] "GET /manga/re-monster-chapter-2/ HTTP/1.1" 200 0 "-" "WP Rocket/Preload Mozilla/5.0 (iPhone; CPU iPhone OS 9_1 like Mac OS X) AppleWebKit/601.1.46 (KHTML, like Gecko) Version/9.0 Mobile/13B143 Safari/601.1"
162.0.232.193 - - [16/Jun/2025:12:53:08 -0400] "GET /manga/re-monster-chapter-3/ HTTP/1.1" 200 17951 "-" "WP Rocket/Preload"
162.0.232.193 - - [16/Jun/2025:12:53:16 -0400] "GET /manga/re-monster-chapter-3/ HTTP/1.1" 200 0 "-" "WP Rocket/Preload Mozilla/5.0 (iPhone; CPU iPhone OS 9_1 like Mac OS X) AppleWebKit/601.1.46 (KHTML, like Gecko) Version/9.0 Mobile/13B143 Safari/601.1"
2a02:8109:9c93:8a00:c62d:3e9f:1cc7:f419 - - [16/Jun/2025:12:53:19 -0400] "GET /manga/re-monster-chapter-54/ HTTP/1.1" 200 17394 "https://remonster.online/manga/re-monster-chapter-53/" "Mozilla/5.0 (Android 15; Mobile; rv:139.0) Gecko/139.0 Firefox/139.0"
162.0.232.193 - - [16/Jun/2025:12:53:25 -0400] "POST /wp-cron.php?doing_wp_cron=1750092805.2377419471740722656250 HTTP/1.1" 200 0 "-" "WordPress/6.6.2; https://remonster.online"
2a03:2880:f800:18:: - - [16/Jun/2025:12:53:22 -0400] "GET /shopdetail/109070218 HTTP/1.1" 301 0 "-" "meta-externalagent/1.1 (+https://developers.facebook.com/docs/sharing/webmasters/crawler)"
122.3.75.75 - - [16/Jun/2025:12:53:25 -0400] "GET /tag/remonster/ HTTP/1.1" 301 0 "https://remonster.online/manga/remonster-chapter-78/" "Mozilla/5.0 (Windows NT 10.0; Win64; x64) AppleWebKit/537.36 (KHTML, like Gecko) Chrome/137.0.0.0 Safari/537.36"
122.3.75.75 - - [16/Jun/2025:12:53:27 -0400] "GET / HTTP/1.1" 200 10823 "https://remonster.online/manga/remonster-chapter-78/" "Mozilla/5.0 (Windows NT 10.0; Win64; x64) AppleWebKit/537.36 (KHTML, like Gecko) Chrome/137.0.0.0 Safari/537.36"
2a03:2880:f800:12:: - - [16/Jun/2025:12:53:27 -0400] "GET / HTTP/1.1" 200 10858 "-" "meta-externalagent/1.1 (+https://developers.facebook.com/docs/sharing/webmasters/crawler)"
122.3.75.75 - - [16/Jun/2025:12:53:31 -0400] "GET /manga/re-monster-chapter-1/ HTTP/1.1" 200 17995 "https://remonster.online/manga/remonster-chapter-78/" "Mozilla/5.0 (Windows NT 10.0; Win64; x64) AppleWebKit/537.36 (KHTML, like Gecko) Chrome/137.0.0.0 Safari/537.36"
162.0.232.193 - - [16/Jun/2025:12:53:35 -0400] "POST /wp-cron.php?doing_wp_cron=1750092815.1375539302825927734375 HTTP/1.1" 200 0 "-" "WordPress/6.6.2; https://remonster.online"
122.3.75.75 - - [16/Jun/2025:12:53:32 -0400] "GET /manga/remonster-chapter-105/ HTTP/1.1" 200 17761 "https://remonster.online/manga/remonster-chapter-78/" "Mozilla/5.0 (Windows NT 10.0; Win64; x64) AppleWebKit/537.36 (KHTML, like Gecko) Chrome/137.0.0.0 Safari/537.36"
122.3.75.75 - - [16/Jun/2025:12:53:38 -0400] "GET /manga/remonster-chapter-105/ HTTP/1.1" 304 0 "https://remonster.online/manga/remonster-chapter-78/" "Mozilla/5.0 (Windows NT 10.0; Win64; x64) AppleWebKit/537.36 (KHTML, like Gecko) Chrome/137.0.0.0 Safari/537.36"
162.0.232.193 - - [16/Jun/2025:12:53:39 -0400] "GET /manga/re-monster-chapter-4/ HTTP/1.1" 200 0 "-" "WP Rocket/Preload"
162.0.232.193 - - [16/Jun/2025:12:53:41 -0400] "GET /manga/re-monster-chapter-4/ HTTP/1.1" 200 0 "-" "WP Rocket/Preload Mozilla/5.0 (iPhone; CPU iPhone OS 9_1 like Mac OS X) AppleWebKit/601.1.46 (KHTML, like Gecko) Version/9.0 Mobile/13B143 Safari/601.1"
162.0.232.193 - - [16/Jun/2025:12:53:42 -0400] "GET /manga/re-monster-chapter-23-/ HTTP/1.1" 200 0 "-" "WP Rocket/Preload"
162.0.232.193 - - [16/Jun/2025:12:53:44 -0400] "GET /manga/re-monster-chapter-23-/ HTTP/1.1" 200 0 "-" "WP Rocket/Preload Mozilla/5.0 (iPhone; CPU iPhone OS 9_1 like Mac OS X) AppleWebKit/601.1.46 (KHTML, like Gecko) Version/9.0 Mobile/13B143 Safari/601.1"
162.0.232.193 - - [16/Jun/2025:12:53:45 -0400] "GET /manga/remonster-chapter-85/ HTTP/1.1" 200 0 "-" "WP Rocket/Preload"
162.0.232.193 - - [16/Jun/2025:12:53:47 -0400] "GET /manga/remonster-chapter-85/ HTTP/1.1" 200 0 "-" "WP Rocket/Preload Mozilla/5.0 (iPhone; CPU iPhone OS 9_1 like Mac OS X) AppleWebKit/601.1.46 (KHTML, like Gecko) Version/9.0 Mobile/13B143 Safari/601.1"
162.0.232.193 - - [16/Jun/2025:12:53:48 -0400] "GET /manga/remonster-chapter-84/ HTTP/1.1" 200 0 "-" "WP Rocket/Preload"
162.0.232.193 - - [16/Jun/2025:12:53:50 -0400] "GET /manga/remonster-chapter-84/ HTTP/1.1" 200 14097 "-" "WP Rocket/Preload Mozilla/5.0 (iPhone; CPU iPhone OS 9_1 like Mac OS X) AppleWebKit/601.1.46 (KHTML, like Gecko) Version/9.0 Mobile/13B143 Safari/601.1"
162.0.232.193 - - [16/Jun/2025:12:53:51 -0400] "GET /manga/remonster-chapter-83/ HTTP/1.1" 200 0 "-" "WP Rocket/Preload"
162.0.232.193 - - [16/Jun/2025:12:53:53 -0400] "GET /manga/remonster-chapter-83/ HTTP/1.1" 200 0 "-" "WP Rocket/Preload Mozilla/5.0 (iPhone; CPU iPhone OS 9_1 like Mac OS X) AppleWebKit/601.1.46 (KHTML, like Gecko) Version/9.0 Mobile/13B143 Safari/601.1"
2a04:4e41:2a00:f3aa::25ee:73aa - - [16/Jun/2025:12:54:00 -0400] "GET /manga/re-monster-chapter-37/ HTTP/1.1" 200 17764 "https://remonster.online/manga/re-monster-chapter-36/" "Mozilla/5.0 (iPhone; CPU iPhone OS 18_5 like Mac OS X) AppleWebKit/605.1.15 (KHTML, like Gecko) Version/18.5 Mobile/15E148 Safari/604.1"
2a04:4e41:2a00:f3aa::25ee:73aa - - [16/Jun/2025:12:54:01 -0400] "POST /wp-admin/admin-ajax.php HTTP/1.1" 200 69 "https://remonster.online/manga/re-monster-chapter-37/" "Mozilla/5.0 (iPhone; CPU iPhone OS 18_5 like Mac OS X) AppleWebKit/605.1.15 (KHTML, like Gecko) Version/18.5 Mobile/15E148 Safari/604.1"
162.0.232.193 - - [16/Jun/2025:12:54:05 -0400] "POST /wp-admin/admin-ajax.php?action=as_async_request_queue_runner&nonce=8c43902f25 HTTP/1.1" 200 0 "-" "WordPress/6.6.2; https://remonster.online"
162.0.232.193 - - [16/Jun/2025:12:54:08 -0400] "GET /manga/remonster-chapter-82/ HTTP/1.1" 200 0 "-" "WP Rocket/Preload"
2a03:2880:f800:16:: - - [16/Jun/2025:12:54:06 -0400] "GET /shopdetail/313038218 HTTP/1.1" 301 0 "-" "meta-externalagent/1.1 (+https://developers.facebook.com/docs/sharing/webmasters/crawler)"
162.0.232.193 - - [16/Jun/2025:12:54:09 -0400] "GET /manga/remonster-chapter-82/ HTTP/1.1" 200 14084 "-" "WP Rocket/Preload Mozilla/5.0 (iPhone; CPU iPhone OS 9_1 like Mac OS X) AppleWebKit/601.1.46 (KHTML, like Gecko) Version/9.0 Mobile/13B143 Safari/601.1"
2a03:2880:f800:1d:: - - [16/Jun/2025:12:54:11 -0400] "GET / HTTP/1.1" 200 10823 "-" "meta-externalagent/1.1 (+https://developers.facebook.com/docs/sharing/webmasters/crawler)"
162.0.232.193 - - [16/Jun/2025:12:54:11 -0400] "GET /manga/remonster-chapter-87/ HTTP/1.1" 200 0 "-" "WP Rocket/Preload"
66.249.79.236 - - [16/Jun/2025:12:54:11 -0400] "GET /products/jhi/paraschematic348728440.phtml HTTP/1.1" 200 23854 "-" "Mozilla/5.0 (Linux; Android 6.0.1; Nexus 5X Build/MMB29P) AppleWebKit/537.36 (KHTML, like Gecko) Chrome/136.0.7103.113 Mobile Safari/537.36 (compatible; Googlebot/2.1; +http://www.google.com/bot.html)"
162.0.232.193 - - [16/Jun/2025:12:54:12 -0400] "GET /manga/remonster-chapter-87/ HTTP/1.1" 200 0 "-" "WP Rocket/Preload Mozilla/5.0 (iPhone; CPU iPhone OS 9_1 like Mac OS X) AppleWebKit/601.1.46 (KHTML, like Gecko) Version/9.0 Mobile/13B143 Safari/601.1"
162.0.232.193 - - [16/Jun/2025:12:54:14 -0400] "GET /manga/re-monster-chapter-56./ HTTP/1.1" 200 0 "-" "WP Rocket/Preload"
162.0.232.193 - - [16/Jun/2025:12:54:15 -0400] "GET /manga/re-monster-chapter-56./ HTTP/1.1" 200 0 "-" "WP Rocket/Preload Mozilla/5.0 (iPhone; CPU iPhone OS 9_1 like Mac OS X) AppleWebKit/601.1.46 (KHTML, like Gecko) Version/9.0 Mobile/13B143 Safari/601.1"
162.0.232.193 - - [16/Jun/2025:12:54:18 -0400] "POST /wp-cron.php?doing_wp_cron=1750092858.0406620502471923828125 HTTP/1.1" 200 0 "-" "WordPress/6.6.2; https://remonster.online"
162.0.232.193 - - [16/Jun/2025:12:54:17 -0400] "GET /manga/re-monster-chapter-69/ HTTP/1.1" 200 18727 "-" "WP Rocket/Preload"
162.0.232.193 - - [16/Jun/2025:12:54:24 -0400] "GET /manga/re-monster-chapter-69/ HTTP/1.1" 200 18399 "-" "WP Rocket/Preload Mozilla/5.0 (iPhone; CPU iPhone OS 9_1 like Mac OS X) AppleWebKit/601.1.46 (KHTML, like Gecko) Version/9.0 Mobile/13B143 Safari/601.1"
2a03:2880:f800:13:: - - [16/Jun/2025:12:54:24 -0400] "GET /shopdetail/226147718 HTTP/1.1" 301 0 "-" "meta-externalagent/1.1 (+https://developers.facebook.com/docs/sharing/webmasters/crawler)"
2a03:2880:f800:11:: - - [16/Jun/2025:12:54:28 -0400] "GET / HTTP/1.1" 200 10823 "-" "meta-externalagent/1.1 (+https://developers.facebook.com/docs/sharing/webmasters/crawler)"
162.0.232.193 - - [16/Jun/2025:12:54:30 -0400] "POST /wp-admin/admin-ajax.php?action=as_async_request_queue_runner&nonce=8c43902f25 HTTP/1.1" 200 0 "-" "WordPress/6.6.2; https://remonster.online"
2a03:2880:f800:15:: - - [16/Jun/2025:12:54:29 -0400] "GET /shopdetail/327200318 HTTP/1.1" 301 0 "-" "meta-externalagent/1.1 (+https://developers.facebook.com/docs/sharing/webmasters/crawler)"
2a03:2880:f800:1:: - - [16/Jun/2025:12:54:33 -0400] "GET / HTTP/1.1" 200 10823 "-" "meta-externalagent/1.1 (+https://developers.facebook.com/docs/sharing/webmasters/crawler)"
162.0.232.193 - - [16/Jun/2025:12:54:33 -0400] "POST /wp-cron.php?doing_wp_cron=1750092873.6551220417022705078125 HTTP/1.1" 200 0 "-" "WordPress/6.6.2; https://remonster.online"
2a03:2880:f800:14:: - - [16/Jun/2025:12:54:32 -0400] "GET /shopdetail/164181418 HTTP/1.1" 301 0 "-" "meta-externalagent/1.1 (+https://developers.facebook.com/docs/sharing/webmasters/crawler)"
162.0.232.193 - - [16/Jun/2025:12:54:35 -0400] "GET /manga/re-monster-chapter-44./ HTTP/1.1" 200 0 "-" "WP Rocket/Preload"
162.0.232.193 - - [16/Jun/2025:12:54:36 -0400] "GET /manga/re-monster-chapter-44./ HTTP/1.1" 200 0 "-" "WP Rocket/Preload Mozilla/5.0 (iPhone; CPU iPhone OS 9_1 like Mac OS X) AppleWebKit/601.1.46 (KHTML, like Gecko) Version/9.0 Mobile/13B143 Safari/601.1"
162.0.232.193 - - [16/Jun/2025:12:54:38 -0400] "GET /manga/re-monster-chapter-55./ HTTP/1.1" 200 0 "-" "WP Rocket/Preload"
2a03:2880:f800:1b:: - - [16/Jun/2025:12:54:38 -0400] "GET / HTTP/1.1" 200 10823 "-" "meta-externalagent/1.1 (+https://developers.facebook.com/docs/sharing/webmasters/crawler)"
162.0.232.193 - - [16/Jun/2025:12:54:40 -0400] "GET /manga/re-monster-chapter-55./ HTTP/1.1" 200 0 "-" "WP Rocket/Preload Mozilla/5.0 (iPhone; CPU iPhone OS 9_1 like Mac OS X) AppleWebKit/601.1.46 (KHTML, like Gecko) Version/9.0 Mobile/13B143 Safari/601.1"
162.0.232.193 - - [16/Jun/2025:12:54:41 -0400] "GET /manga/re-monster-chapter-28+/ HTTP/1.1" 200 0 "-" "WP Rocket/Preload"
162.0.232.193 - - [16/Jun/2025:12:54:43 -0400] "GET /manga/re-monster-chapter-28+/ HTTP/1.1" 200 0 "-" "WP Rocket/Preload Mozilla/5.0 (iPhone; CPU iPhone OS 9_1 like Mac OS X) AppleWebKit/601.1.46 (KHTML, like Gecko) Version/9.0 Mobile/13B143 Safari/601.1"
162.0.232.193 - - [16/Jun/2025:12:54:45 -0400] "GET /manga/re-monster-chapter-67./ HTTP/1.1" 200 0 "-" "WP Rocket/Preload"
162.0.232.193 - - [16/Jun/2025:12:54:46 -0400] "GET /manga/re-monster-chapter-67./ HTTP/1.1" 200 0 "-" "WP Rocket/Preload Mozilla/5.0 (iPhone; CPU iPhone OS 9_1 like Mac OS X) AppleWebKit/601.1.46 (KHTML, like Gecko) Version/9.0 Mobile/13B143 Safari/601.1"
162.0.232.193 - - [16/Jun/2025:12:54:48 -0400] "GET /manga/re-monster-chapter-65./ HTTP/1.1" 200 0 "-" "WP Rocket/Preload"
2a03:2880:f800:7:: - - [16/Jun/2025:12:54:47 -0400] "GET /shopdetail/171418218 HTTP/1.1" 301 0 "-" "meta-externalagent/1.1 (+https://developers.facebook.com/docs/sharing/webmasters/crawler)"
162.0.232.193 - - [16/Jun/2025:12:54:50 -0400] "GET /manga/re-monster-chapter-65./ HTTP/1.1" 200 0 "-" "WP Rocket/Preload Mozilla/5.0 (iPhone; CPU iPhone OS 9_1 like Mac OS X) AppleWebKit/601.1.46 (KHTML, like Gecko) Version/9.0 Mobile/13B143 Safari/601.1"
2a03:2880:f800:3:: - - [16/Jun/2025:12:54:50 -0400] "GET /shopdetail/435598918 HTTP/1.1" 301 0 "-" "meta-externalagent/1.1 (+https://developers.facebook.com/docs/sharing/webmasters/crawler)"
162.0.232.193 - - [16/Jun/2025:12:54:57 -0400] "POST /wp-admin/admin-ajax.php?action=as_async_request_queue_runner&nonce=8c43902f25 HTTP/1.1" 200 0 "-" "WordPress/6.6.2; https://remonster.online"
2a03:2880:f800:7:: - - [16/Jun/2025:12:54:59 -0400] "GET / HTTP/1.1" 200 10823 "-" "meta-externalagent/1.1 (+https://developers.facebook.com/docs/sharing/webmasters/crawler)"
162.0.232.193 - - [16/Jun/2025:12:55:00 -0400] "GET /manga/re-monster-chapter-58./ HTTP/1.1" 200 0 "-" "WP Rocket/Preload"
162.0.232.193 - - [16/Jun/2025:12:55:01 -0400] "GET /manga/re-monster-chapter-58./ HTTP/1.1" 200 0 "-" "WP Rocket/Preload Mozilla/5.0 (iPhone; CPU iPhone OS 9_1 like Mac OS X) AppleWebKit/601.1.46 (KHTML, like Gecko) Version/9.0 Mobile/13B143 Safari/601.1"
162.0.232.193 - - [16/Jun/2025:12:55:03 -0400] "GET /manga/re-monster-chapter-4-/ HTTP/1.1" 200 0 "-" "WP Rocket/Preload"
162.0.232.193 - - [16/Jun/2025:12:55:05 -0400] "GET /manga/re-monster-chapter-4-/ HTTP/1.1" 200 0 "-" "WP Rocket/Preload Mozilla/5.0 (iPhone; CPU iPhone OS 9_1 like Mac OS X) AppleWebKit/601.1.46 (KHTML, like Gecko) Version/9.0 Mobile/13B143 Safari/601.1"
162.0.232.193 - - [16/Jun/2025:12:55:06 -0400] "GET /manga/re-monster-chapter-21-/ HTTP/1.1" 200 0 "-" "WP Rocket/Preload"
162.0.232.193 - - [16/Jun/2025:12:55:08 -0400] "GET /manga/re-monster-chapter-21-/ HTTP/1.1" 200 0 "-" "WP Rocket/Preload Mozilla/5.0 (iPhone; CPU iPhone OS 9_1 like Mac OS X) AppleWebKit/601.1.46 (KHTML, like Gecko) Version/9.0 Mobile/13B143 Safari/601.1"
162.0.232.193 - - [16/Jun/2025:12:55:10 -0400] "GET /manga/re-monster-chapter-43+/ HTTP/1.1" 200 0 "-" "WP Rocket/Preload"
2a03:2880:f800:5:: - - [16/Jun/2025:12:55:10 -0400] "GET /shopdetail/119641718 HTTP/1.1" 301 0 "-" "meta-externalagent/1.1 (+https://developers.facebook.com/docs/sharing/webmasters/crawler)"
162.0.232.193 - - [16/Jun/2025:12:55:11 -0400] "GET /manga/re-monster-chapter-43+/ HTTP/1.1" 200 0 "-" "WP Rocket/Preload Mozilla/5.0 (iPhone; CPU iPhone OS 9_1 like Mac OS X) AppleWebKit/601.1.46 (KHTML, like Gecko) Version/9.0 Mobile/13B143 Safari/601.1"
2a03:2880:f800:f:: - - [16/Jun/2025:12:55:13 -0400] "GET / HTTP/1.1" 200 10823 "-" "meta-externalagent/1.1 (+https://developers.facebook.com/docs/sharing/webmasters/crawler)"
162.0.232.193 - - [16/Jun/2025:12:55:13 -0400] "GET /manga/re-monster-chapter--18/ HTTP/1.1" 200 0 "-" "WP Rocket/Preload"
162.0.232.193 - - [16/Jun/2025:12:55:14 -0400] "GET /manga/re-monster-chapter--18/ HTTP/1.1" 200 18557 "-" "WP Rocket/Preload Mozilla/5.0 (iPhone; CPU iPhone OS 9_1 like Mac OS X) AppleWebKit/601.1.46 (KHTML, like Gecko) Version/9.0 Mobile/13B143 Safari/601.1"
162.0.232.193 - - [16/Jun/2025:12:55:16 -0400] "GET /manga/re-monster-chapter-1*/ HTTP/1.1" 200 18284 "-" "WP Rocket/Preload"
162.0.232.193 - - [16/Jun/2025:12:55:17 -0400] "POST /wp-cron.php?doing_wp_cron=1750092917.7766590118408203125000 HTTP/1.1" 200 0 "-" "WordPress/6.6.2; https://remonster.online"
162.0.232.193 - - [16/Jun/2025:12:55:17 -0400] "GET /manga/re-monster-chapter-1*/ HTTP/1.1" 200 18308 "-" "WP Rocket/Preload Mozilla/5.0 (iPhone; CPU iPhone OS 9_1 like Mac OS X) AppleWebKit/601.1.46 (KHTML, like Gecko) Version/9.0 Mobile/13B143 Safari/601.1"
162.0.232.193 - - [16/Jun/2025:12:55:24 -0400] "POST /wp-cron.php?doing_wp_cron=1750092924.3694601058959960937500 HTTP/1.1" 200 0 "-" "WordPress/6.6.2; https://remonster.online"
162.0.232.193 - - [16/Jun/2025:12:55:23 -0400] "POST /wp-admin/admin-ajax.php?action=as_async_request_queue_runner&nonce=8c43902f25 HTTP/1.1" 200 0 "-" "WordPress/6.6.2; https://remonster.online"
162.0.232.193 - - [16/Jun/2025:12:55:24 -0400] "GET /manga/re-monster-chapter-5/ HTTP/1.1" 200 18037 "-" "WP Rocket/Preload"
54.225.0.213 - - [16/Jun/2025:12:55:26 -0400] "POST /wp-login.php HTTP/1.1" 200 1875 "-" "Mozilla/5.0"
162.0.232.193 - - [16/Jun/2025:12:55:25 -0400] "GET /manga/re-monster-chapter-5/ HTTP/1.1" 200 18054 "-" "WP Rocket/Preload Mozilla/5.0 (iPhone; CPU iPhone OS 9_1 like Mac OS X) AppleWebKit/601.1.46 (KHTML, like Gecko) Version/9.0 Mobile/13B143 Safari/601.1"
162.0.232.193 - - [16/Jun/2025:12:55:27 -0400] "GET /manga/remonster-chapter-95/ HTTP/1.1" 200 15278 "-" "WP Rocket/Preload"
162.0.232.193 - - [16/Jun/2025:12:55:28 -0400] "GET /manga/remonster-chapter-95/ HTTP/1.1" 200 0 "-" "WP Rocket/Preload Mozilla/5.0 (iPhone; CPU iPhone OS 9_1 like Mac OS X) AppleWebKit/601.1.46 (KHTML, like Gecko) Version/9.0 Mobile/13B143 Safari/601.1"
162.0.232.193 - - [16/Jun/2025:12:55:30 -0400] "GET /manga/remonster-chapter-94/ HTTP/1.1" 200 0 "-" "WP Rocket/Preload"
162.0.232.193 - - [16/Jun/2025:12:55:31 -0400] "GET /manga/remonster-chapter-94/ HTTP/1.1" 200 15338 "-" "WP Rocket/Preload Mozilla/5.0 (iPhone; CPU iPhone OS 9_1 like Mac OS X) AppleWebKit/601.1.46 (KHTML, like Gecko) Version/9.0 Mobile/13B143 Safari/601.1"
162.0.232.193 - - [16/Jun/2025:12:55:32 -0400] "POST /wp-cron.php?doing_wp_cron=1750092932.4507219791412353515625 HTTP/1.1" 200 0 "-" "WordPress/6.6.2; https://remonster.online"
162.0.232.193 - - [16/Jun/2025:12:55:32 -0400] "GET /manga/re-monster-chapter--48/ HTTP/1.1" 200 0 "-" "WP Rocket/Preload"
162.0.232.193 - - [16/Jun/2025:12:55:34 -0400] "GET /manga/re-monster-chapter--48/ HTTP/1.1" 200 0 "-" "WP Rocket/Preload Mozilla/5.0 (iPhone; CPU iPhone OS 9_1 like Mac OS X) AppleWebKit/601.1.46 (KHTML, like Gecko) Version/9.0 Mobile/13B143 Safari/601.1"
162.0.232.193 - - [16/Jun/2025:12:55:35 -0400] "GET /manga/re-monster-chapter-68./ HTTP/1.1" 200 0 "-" "WP Rocket/Preload"
162.0.232.193 - - [16/Jun/2025:12:55:37 -0400] "GET /manga/re-monster-chapter-68./ HTTP/1.1" 200 18238 "-" "WP Rocket/Preload Mozilla/5.0 (iPhone; CPU iPhone OS 9_1 like Mac OS X) AppleWebKit/601.1.46 (KHTML, like Gecko) Version/9.0 Mobile/13B143 Safari/601.1"
162.0.232.193 - - [16/Jun/2025:12:55:38 -0400] "GET /manga/remonster-chapter-77/ HTTP/1.1" 200 17743 "-" "WP Rocket/Preload"
162.0.232.193 - - [16/Jun/2025:12:55:39 -0400] "GET /manga/remonster-chapter-77/ HTTP/1.1" 200 17751 "-" "WP Rocket/Preload Mozilla/5.0 (iPhone; CPU iPhone OS 9_1 like Mac OS X) AppleWebKit/601.1.46 (KHTML, like Gecko) Version/9.0 Mobile/13B143 Safari/601.1"
162.0.232.193 - - [16/Jun/2025:12:55:40 -0400] "GET /manga/re-monster-chapter-44:/ HTTP/1.1" 200 18329 "-" "WP Rocket/Preload"
162.0.232.193 - - [16/Jun/2025:12:55:41 -0400] "GET /manga/re-monster-chapter-44:/ HTTP/1.1" 200 18330 "-" "WP Rocket/Preload Mozilla/5.0 (iPhone; CPU iPhone OS 9_1 like Mac OS X) AppleWebKit/601.1.46 (KHTML, like Gecko) Version/9.0 Mobile/13B143 Safari/601.1"
162.0.232.193 - - [16/Jun/2025:12:55:42 -0400] "GET /manga/remonster-chapter-93/0/ HTTP/1.1" 200 15697 "-" "WP Rocket/Preload"
2a03:2880:f800:9:: - - [16/Jun/2025:12:55:43 -0400] "GET /shopdetail/273202518 HTTP/1.1" 301 0 "-" "meta-externalagent/1.1 (+https://developers.facebook.com/docs/sharing/webmasters/crawler)"
162.0.232.193 - - [16/Jun/2025:12:55:44 -0400] "GET /manga/remonster-chapter-93/0/ HTTP/1.1" 200 15683 "-" "WP Rocket/Preload Mozilla/5.0 (iPhone; CPU iPhone OS 9_1 like Mac OS X) AppleWebKit/601.1.46 (KHTML, like Gecko) Version/9.0 Mobile/13B143 Safari/601.1"
2a03:2880:f800:19:: - - [16/Jun/2025:12:55:45 -0400] "GET / HTTP/1.1" 200 10823 "-" "meta-externalagent/1.1 (+https://developers.facebook.com/docs/sharing/webmasters/crawler)"
162.0.232.193 - - [16/Jun/2025:12:55:45 -0400] "GET /manga/re-monster-chapter-29./ HTTP/1.1" 200 17384 "-" "WP Rocket/Preload"
162.0.232.193 - - [16/Jun/2025:12:55:46 -0400] "GET /manga/re-monster-chapter-29./ HTTP/1.1" 200 17384 "-" "WP Rocket/Preload Mozilla/5.0 (iPhone; CPU iPhone OS 9_1 like Mac OS X) AppleWebKit/601.1.46 (KHTML, like Gecko) Version/9.0 Mobile/13B143 Safari/601.1"
2a03:2880:f800:1d:: - - [16/Jun/2025:12:55:47 -0400] "GET /shopdetail/418697918 HTTP/1.1" 301 0 "-" "meta-externalagent/1.1 (+https://developers.facebook.com/docs/sharing/webmasters/crawler)"
2a03:2880:f800:1b:: - - [16/Jun/2025:12:55:48 -0400] "GET / HTTP/1.1" 200 10823 "-" "meta-externalagent/1.1 (+https://developers.facebook.com/docs/sharing/webmasters/crawler)"
162.0.232.193 - - [16/Jun/2025:12:55:52 -0400] "POST /wp-admin/admin-ajax.php?action=as_async_request_queue_runner&nonce=8c43902f25 HTTP/1.1" 200 0 "-" "WordPress/6.6.2; https://remonster.online"
162.0.232.193 - - [16/Jun/2025:12:55:52 -0400] "GET /manga/remonster-chapter-92/ HTTP/1.1" 200 0 "-" "WP Rocket/Preload"
2a03:2880:f800:4:: - - [16/Jun/2025:12:55:54 -0400] "GET /shopdetail/211544218 HTTP/1.1" 301 0 "-" "meta-externalagent/1.1 (+https://developers.facebook.com/docs/sharing/webmasters/crawler)"
162.0.232.193 - - [16/Jun/2025:12:55:54 -0400] "GET /manga/remonster-chapter-92/ HTTP/1.1" 200 0 "-" "WP Rocket/Preload Mozilla/5.0 (iPhone; CPU iPhone OS 9_1 like Mac OS X) AppleWebKit/601.1.46 (KHTML, like Gecko) Version/9.0 Mobile/13B143 Safari/601.1"
162.0.232.193 - - [16/Jun/2025:12:55:55 -0400] "GET /manga/re-monster-chapter-71./ HTTP/1.1" 200 18061 "-" "WP Rocket/Preload"
2a03:2880:f800:: - - [16/Jun/2025:12:55:57 -0400] "GET / HTTP/1.1" 200 10823 "-" "meta-externalagent/1.1 (+https://developers.facebook.com/docs/sharing/webmasters/crawler)"
162.0.232.193 - - [16/Jun/2025:12:55:57 -0400] "GET /manga/re-monster-chapter-71./ HTTP/1.1" 200 0 "-" "WP Rocket/Preload Mozilla/5.0 (iPhone; CPU iPhone OS 9_1 like Mac OS X) AppleWebKit/601.1.46 (KHTML, like Gecko) Version/9.0 Mobile/13B143 Safari/601.1"
58.8.156.4 - - [16/Jun/2025:12:55:58 -0400] "GET /manga/re-monster-chapter-57/ HTTP/1.1" 200 17852 "https://remonster.online/manga/re-monster-chapter-56/" "Mozilla/5.0 (Windows NT 10.0; Win64; x64) AppleWebKit/537.36 (KHTML, like Gecko) Chrome/137.0.0.0 Safari/537.36"
162.0.232.193 - - [16/Jun/2025:12:55:58 -0400] "GET /manga/re-monster-chapter-4+/ HTTP/1.1" 200 18349 "-" "WP Rocket/Preload"
58.8.156.4 - - [16/Jun/2025:12:55:59 -0400] "POST /wp-admin/admin-ajax.php HTTP/1.1" 200 69 "https://remonster.online/manga/re-monster-chapter-57/" "Mozilla/5.0 (Windows NT 10.0; Win64; x64) AppleWebKit/537.36 (KHTML, like Gecko) Chrome/137.0.0.0 Safari/537.36"
162.0.232.193 - - [16/Jun/2025:12:56:00 -0400] "GET /manga/re-monster-chapter-4+/ HTTP/1.1" 200 0 "-" "WP Rocket/Preload Mozilla/5.0 (iPhone; CPU iPhone OS 9_1 like Mac OS X) AppleWebKit/601.1.46 (KHTML, like Gecko) Version/9.0 Mobile/13B143 Safari/601.1"
162.0.232.193 - - [16/Jun/2025:12:56:01 -0400] "GET /manga/re-monster-chapter-4:9/ HTTP/1.1" 200 0 "-" "WP Rocket/Preload"
162.0.232.193 - - [16/Jun/2025:12:56:03 -0400] "GET /manga/re-monster-chapter-4:9/ HTTP/1.1" 200 17691 "-" "WP Rocket/Preload Mozilla/5.0 (iPhone; CPU iPhone OS 9_1 like Mac OS X) AppleWebKit/601.1.46 (KHTML, like Gecko) Version/9.0 Mobile/13B143 Safari/601.1"
162.0.232.193 - - [16/Jun/2025:12:56:04 -0400] "GET /manga/re-monster-chapter-2-/ HTTP/1.1" 200 0 "-" "WP Rocket/Preload"
162.0.232.193 - - [16/Jun/2025:12:56:05 -0400] "GET /manga/re-monster-chapter-2-/ HTTP/1.1" 200 0 "-" "WP Rocket/Preload Mozilla/5.0 (iPhone; CPU iPhone OS 9_1 like Mac OS X) AppleWebKit/601.1.46 (KHTML, like Gecko) Version/9.0 Mobile/13B143 Safari/601.1"
162.0.232.193 - - [16/Jun/2025:12:56:07 -0400] "GET /manga/re-monster-chapter-22./ HTTP/1.1" 200 17028 "-" "WP Rocket/Preload"
162.0.232.193 - - [16/Jun/2025:12:56:08 -0400] "GET /manga/re-monster-chapter-22./ HTTP/1.1" 200 0 "-" "WP Rocket/Preload Mozilla/5.0 (iPhone; CPU iPhone OS 9_1 like Mac OS X) AppleWebKit/601.1.46 (KHTML, like Gecko) Version/9.0 Mobile/13B143 Safari/601.1"
162.0.232.193 - - [16/Jun/2025:12:56:09 -0400] "GET /manga/re-monster-chapter-66./ HTTP/1.1" 200 0 "-" "WP Rocket/Preload"
162.0.232.193 - - [16/Jun/2025:12:56:11 -0400] "GET /manga/re-monster-chapter-66./ HTTP/1.1" 200 18186 "-" "WP Rocket/Preload Mozilla/5.0 (iPhone; CPU iPhone OS 9_1 like Mac OS X) AppleWebKit/601.1.46 (KHTML, like Gecko) Version/9.0 Mobile/13B143 Safari/601.1"
162.0.232.193 - - [16/Jun/2025:12:56:12 -0400] "GET /manga/re-monster-chapter-7!/ HTTP/1.1" 200 18351 "-" "WP Rocket/Preload"
162.0.232.193 - - [16/Jun/2025:12:56:14 -0400] "GET /manga/re-monster-chapter-7!/ HTTP/1.1" 200 0 "-" "WP Rocket/Preload Mozilla/5.0 (iPhone; CPU iPhone OS 9_1 like Mac OS X) AppleWebKit/601.1.46 (KHTML, like Gecko) Version/9.0 Mobile/13B143 Safari/601.1"
162.0.232.193 - - [16/Jun/2025:12:56:20 -0400] "POST /wp-cron.php?doing_wp_cron=1750092980.6467590332031250000000 HTTP/1.1" 200 0 "-" "WordPress/6.6.2; https://remonster.online"
162.0.232.193 - - [16/Jun/2025:12:56:20 -0400] "POST /wp-admin/admin-ajax.php?action=as_async_request_queue_runner&nonce=8c43902f25 HTTP/1.1" 200 0 "-" "WordPress/6.6.2; https://remonster.online"
162.0.232.193 - - [16/Jun/2025:12:56:21 -0400] "GET /manga/re-monster-chapter-60./ HTTP/1.1" 200 0 "-" "WP Rocket/Preload"
162.0.232.193 - - [16/Jun/2025:12:56:22 -0400] "GET /manga/re-monster-chapter-60./ HTTP/1.1" 200 18102 "-" "WP Rocket/Preload Mozilla/5.0 (iPhone; CPU iPhone OS 9_1 like Mac OS X) AppleWebKit/601.1.46 (KHTML, like Gecko) Version/9.0 Mobile/13B143 Safari/601.1"
162.0.232.193 - - [16/Jun/2025:12:56:24 -0400] "GET /manga/re-monster-chapter-59./ HTTP/1.1" 200 18115 "-" "WP Rocket/Preload"
162.0.232.193 - - [16/Jun/2025:12:56:25 -0400] "GET /manga/re-monster-chapter-59./ HTTP/1.1" 200 0 "-" "WP Rocket/Preload Mozilla/5.0 (iPhone; CPU iPhone OS 9_1 like Mac OS X) AppleWebKit/601.1.46 (KHTML, like Gecko) Version/9.0 Mobile/13B143 Safari/601.1"
162.0.232.193 - - [16/Jun/2025:12:56:26 -0400] "GET /manga/re-monster-chapter-45./ HTTP/1.1" 200 18063 "-" "WP Rocket/Preload"
162.0.232.193 - - [16/Jun/2025:12:56:27 -0400] "GET /manga/re-monster-chapter-45./ HTTP/1.1" 200 18051 "-" "WP Rocket/Preload Mozilla/5.0 (iPhone; CPU iPhone OS 9_1 like Mac OS X) AppleWebKit/601.1.46 (KHTML, like Gecko) Version/9.0 Mobile/13B143 Safari/601.1"
162.0.232.193 - - [16/Jun/2025:12:56:29 -0400] "GET /manga/re-monster-chapter-1-/ HTTP/1.1" 200 18282 "-" "WP Rocket/Preload"
162.0.232.193 - - [16/Jun/2025:12:56:30 -0400] "GET /manga/re-monster-chapter-1-/ HTTP/1.1" 200 0 "-" "WP Rocket/Preload Mozilla/5.0 (iPhone; CPU iPhone OS 9_1 like Mac OS X) AppleWebKit/601.1.46 (KHTML, like Gecko) Version/9.0 Mobile/13B143 Safari/601.1"
162.0.232.193 - - [16/Jun/2025:12:56:33 -0400] "POST /wp-cron.php?doing_wp_cron=1750092993.0406460762023925781250 HTTP/1.1" 200 0 "-" "WordPress/6.6.2; https://remonster.online"
162.0.232.193 - - [16/Jun/2025:12:56:31 -0400] "GET /manga/re-monster-chapter-57./ HTTP/1.1" 200 17711 "-" "WP Rocket/Preload"
162.0.232.193 - - [16/Jun/2025:12:56:34 -0400] "GET /manga/re-monster-chapter-57./ HTTP/1.1" 200 0 "-" "WP Rocket/Preload Mozilla/5.0 (iPhone; CPU iPhone OS 9_1 like Mac OS X) AppleWebKit/601.1.46 (KHTML, like Gecko) Version/9.0 Mobile/13B143 Safari/601.1"
162.0.232.193 - - [16/Jun/2025:12:56:35 -0400] "GET /manga/remonster-chapter-90/ HTTP/1.1" 200 14553 "-" "WP Rocket/Preload"
162.0.232.193 - - [16/Jun/2025:12:56:37 -0400] "GET /manga/remonster-chapter-90/ HTTP/1.1" 200 14576 "-" "WP Rocket/Preload Mozilla/5.0 (iPhone; CPU iPhone OS 9_1 like Mac OS X) AppleWebKit/601.1.46 (KHTML, like Gecko) Version/9.0 Mobile/13B143 Safari/601.1"
162.0.232.193 - - [16/Jun/2025:12:56:38 -0400] "GET /manga/remonster-chapter-93/ HTTP/1.1" 200 15396 "-" "WP Rocket/Preload"
162.0.232.193 - - [16/Jun/2025:12:56:39 -0400] "GET /manga/remonster-chapter-93/ HTTP/1.1" 200 15426 "-" "WP Rocket/Preload Mozilla/5.0 (iPhone; CPU iPhone OS 9_1 like Mac OS X) AppleWebKit/601.1.46 (KHTML, like Gecko) Version/9.0 Mobile/13B143 Safari/601.1"
2a03:2880:f800:12:: - - [16/Jun/2025:12:56:38 -0400] "GET /shopdetail/306754418 HTTP/1.1" 301 0 "-" "meta-externalagent/1.1 (+https://developers.facebook.com/docs/sharing/webmasters/crawler)"
162.0.232.193 - - [16/Jun/2025:12:56:40 -0400] "GET /manga/re-monster-chapter-68/ HTTP/1.1" 200 0 "-" "WP Rocket/Preload"
162.0.232.193 - - [16/Jun/2025:12:56:41 -0400] "GET /manga/re-monster-chapter-68/ HTTP/1.1" 200 17883 "-" "WP Rocket/Preload Mozilla/5.0 (iPhone; CPU iPhone OS 9_1 like Mac OS X) AppleWebKit/601.1.46 (KHTML, like Gecko) Version/9.0 Mobile/13B143 Safari/601.1"
2a03:2880:f800:e:: - - [16/Jun/2025:12:56:42 -0400] "GET /shopdetail/394681718 HTTP/1.1" 301 0 "-" "meta-externalagent/1.1 (+https://developers.facebook.com/docs/sharing/webmasters/crawler)"
2a03:2880:f800:9:: - - [16/Jun/2025:12:56:44 -0400] "GET / HTTP/1.1" 200 10858 "-" "meta-externalagent/1.1 (+https://developers.facebook.com/docs/sharing/webmasters/crawler)"
43.130.57.46 - - [16/Jun/2025:12:56:45 -0400] "GET /manga/re-monster-chapter-62/ HTTP/1.1" 200 17353 "-" "Mozilla/5.0 (iPhone; CPU iPhone OS 13_2_3 like Mac OS X) AppleWebKit/605.1.15 (KHTML, like Gecko) Version/13.0.3 Mobile/15E148 Safari/604.1"
104.152.52.206 - - [16/Jun/2025:12:56:48 -0400] "GET / HTTP/1.1" 200 10858 "-" "curl/7.61.1"
162.0.232.193 - - [16/Jun/2025:12:56:48 -0400] "POST /wp-admin/admin-ajax.php?action=as_async_request_queue_runner&nonce=8c43902f25 HTTP/1.1" 200 0 "-" "WordPress/6.6.2; https://remonster.online"
162.0.232.193 - - [16/Jun/2025:12:56:48 -0400] "GET /manga/re-monster-chapter-24./ HTTP/1.1" 200 18040 "-" "WP Rocket/Preload"
162.0.232.193 - - [16/Jun/2025:12:56:50 -0400] "GET /manga/re-monster-chapter-24./ HTTP/1.1" 200 18034 "-" "WP Rocket/Preload Mozilla/5.0 (iPhone; CPU iPhone OS 9_1 like Mac OS X) AppleWebKit/601.1.46 (KHTML, like Gecko) Version/9.0 Mobile/13B143 Safari/601.1"
162.0.232.193 - - [16/Jun/2025:12:56:51 -0400] "GET /manga/re-monster-chapter-48./ HTTP/1.1" 200 0 "-" "WP Rocket/Preload"
162.0.232.193 - - [16/Jun/2025:12:56:52 -0400] "GET /manga/re-monster-chapter-48./ HTTP/1.1" 200 17680 "-" "WP Rocket/Preload Mozilla/5.0 (iPhone; CPU iPhone OS 9_1 like Mac OS X) AppleWebKit/601.1.46 (KHTML, like Gecko) Version/9.0 Mobile/13B143 Safari/601.1"
162.0.232.193 - - [16/Jun/2025:12:56:54 -0400] "GET /manga/remonster-chapter-89/ HTTP/1.1" 200 14544 "-" "WP Rocket/Preload"
162.0.232.193 - - [16/Jun/2025:12:56:55 -0400] "GET /manga/remonster-chapter-89/ HTTP/1.1" 200 0 "-" "WP Rocket/Preload Mozilla/5.0 (iPhone; CPU iPhone OS 9_1 like Mac OS X) AppleWebKit/601.1.46 (KHTML, like Gecko) Version/9.0 Mobile/13B143 Safari/601.1"
162.0.232.193 - - [16/Jun/2025:12:56:56 -0400] "GET /manga/re-monster-chapter-53./ HTTP/1.1" 200 17677 "-" "WP Rocket/Preload"
162.0.232.193 - - [16/Jun/2025:12:56:57 -0400] "GET /manga/re-monster-chapter-53./ HTTP/1.1" 200 17660 "-" "WP Rocket/Preload Mozilla/5.0 (iPhone; CPU iPhone OS 9_1 like Mac OS X) AppleWebKit/601.1.46 (KHTML, like Gecko) Version/9.0 Mobile/13B143 Safari/601.1"
162.0.232.193 - - [16/Jun/2025:12:56:59 -0400] "GET /manga/re-monster-chapter-51./ HTTP/1.1" 200 0 "-" "WP Rocket/Preload"
162.0.232.193 - - [16/Jun/2025:12:57:00 -0400] "GET /manga/re-monster-chapter-51./ HTTP/1.1" 200 17842 "-" "WP Rocket/Preload Mozilla/5.0 (iPhone; CPU iPhone OS 9_1 like Mac OS X) AppleWebKit/601.1.46 (KHTML, like Gecko) Version/9.0 Mobile/13B143 Safari/601.1"
2a03:2880:f800:2:: - - [16/Jun/2025:12:57:01 -0400] "GET /shopdetail/110769218 HTTP/1.1" 301 0 "-" "meta-externalagent/1.1 (+https://developers.facebook.com/docs/sharing/webmasters/crawler)"
162.0.232.193 - - [16/Jun/2025:12:57:01 -0400] "GET /manga/re-monster-chapter-19:/ HTTP/1.1" 200 18703 "-" "WP Rocket/Preload"
2a03:2880:f800:16:: - - [16/Jun/2025:12:57:03 -0400] "GET / HTTP/1.1" 200 10858 "-" "meta-externalagent/1.1 (+https://developers.facebook.com/docs/sharing/webmasters/crawler)"
162.0.232.193 - - [16/Jun/2025:12:57:03 -0400] "GET /manga/re-monster-chapter-19:/ HTTP/1.1" 200 0 "-" "WP Rocket/Preload Mozilla/5.0 (iPhone; CPU iPhone OS 9_1 like Mac OS X) AppleWebKit/601.1.46 (KHTML, like Gecko) Version/9.0 Mobile/13B143 Safari/601.1"
162.0.232.193 - - [16/Jun/2025:12:57:04 -0400] "GET /manga/remonster-chapter-96/ HTTP/1.1" 200 15510 "-" "WP Rocket/Preload"
162.0.232.193 - - [16/Jun/2025:12:57:06 -0400] "GET /manga/remonster-chapter-96/ HTTP/1.1" 200 15543 "-" "WP Rocket/Preload Mozilla/5.0 (iPhone; CPU iPhone OS 9_1 like Mac OS X) AppleWebKit/601.1.46 (KHTML, like Gecko) Version/9.0 Mobile/13B143 Safari/601.1"
2a03:2880:f800:e:: - - [16/Jun/2025:12:57:06 -0400] "GET /shopdetail/154522018 HTTP/1.1" 301 0 "-" "meta-externalagent/1.1 (+https://developers.facebook.com/docs/sharing/webmasters/crawler)"
162.0.232.193 - - [16/Jun/2025:12:57:07 -0400] "GET /manga/remonster-chapter-102/ HTTP/1.1" 200 15106 "-" "WP Rocket/Preload"
2a03:2880:f800:17:: - - [16/Jun/2025:12:57:08 -0400] "GET / HTTP/1.1" 200 10823 "-" "meta-externalagent/1.1 (+https://developers.facebook.com/docs/sharing/webmasters/crawler)"
162.0.232.193 - - [16/Jun/2025:12:57:08 -0400] "GET /manga/remonster-chapter-102/ HTTP/1.1" 200 14876 "-" "WP Rocket/Preload Mozilla/5.0 (iPhone; CPU iPhone OS 9_1 like Mac OS X) AppleWebKit/601.1.46 (KHTML, like Gecko) Version/9.0 Mobile/13B143 Safari/601.1"
162.0.232.193 - - [16/Jun/2025:12:57:09 -0400] "GET /manga/remonster-chapter-100/ HTTP/1.1" 200 15537 "-" "WP Rocket/Preload"
162.0.232.193 - - [16/Jun/2025:12:57:10 -0400] "GET /manga/remonster-chapter-100/ HTTP/1.1" 200 15534 "-" "WP Rocket/Preload Mozilla/5.0 (iPhone; CPU iPhone OS 9_1 like Mac OS X) AppleWebKit/601.1.46 (KHTML, like Gecko) Version/9.0 Mobile/13B143 Safari/601.1"
162.0.232.193 - - [16/Jun/2025:12:57:17 -0400] "POST /wp-admin/admin-ajax.php?action=as_async_request_queue_runner&nonce=8c43902f25 HTTP/1.1" 200 0 "-" "WordPress/6.6.2; https://remonster.online"
162.0.232.193 - - [16/Jun/2025:12:57:18 -0400] "POST /wp-cron.php?doing_wp_cron=1750093038.2405359745025634765625 HTTP/1.1" 200 0 "-" "WordPress/6.6.2; https://remonster.online"
162.0.232.193 - - [16/Jun/2025:12:57:18 -0400] "GET /manga/remonster-chapter-97/ HTTP/1.1" 200 0 "-" "WP Rocket/Preload"
162.0.232.193 - - [16/Jun/2025:12:57:20 -0400] "GET /manga/remonster-chapter-97/ HTTP/1.1" 200 15430 "-" "WP Rocket/Preload Mozilla/5.0 (iPhone; CPU iPhone OS 9_1 like Mac OS X) AppleWebKit/601.1.46 (KHTML, like Gecko) Version/9.0 Mobile/13B143 Safari/601.1"
2a03:2880:f800:15:: - - [16/Jun/2025:12:57:20 -0400] "GET /shopdetail/17218 HTTP/1.1" 301 0 "-" "meta-externalagent/1.1 (+https://developers.facebook.com/docs/sharing/webmasters/crawler)"
162.0.232.193 - - [16/Jun/2025:12:57:21 -0400] "GET /manga/remonster-chapter-106/ HTTP/1.1" 200 0 "-" "WP Rocket/Preload"
162.0.232.193 - - [16/Jun/2025:12:57:23 -0400] "GET /manga/remonster-chapter-106/ HTTP/1.1" 200 14313 "-" "WP Rocket/Preload Mozilla/5.0 (iPhone; CPU iPhone OS 9_1 like Mac OS X) AppleWebKit/601.1.46 (KHTML, like Gecko) Version/9.0 Mobile/13B143 Safari/601.1"
2a03:2880:f800:f:: - - [16/Jun/2025:12:57:24 -0400] "GET / HTTP/1.1" 200 10823 "-" "meta-externalagent/1.1 (+https://developers.facebook.com/docs/sharing/webmasters/crawler)"
162.0.232.193 - - [16/Jun/2025:12:57:24 -0400] "GET /manga/re-monster-chapter-33/ HTTP/1.1" 200 0 "-" "WP Rocket/Preload"
162.0.232.193 - - [16/Jun/2025:12:57:25 -0400] "GET /manga/re-monster-chapter-33/ HTTP/1.1" 200 0 "-" "WP Rocket/Preload Mozilla/5.0 (iPhone; CPU iPhone OS 9_1 like Mac OS X) AppleWebKit/601.1.46 (KHTML, like Gecko) Version/9.0 Mobile/13B143 Safari/601.1"
162.0.232.193 - - [16/Jun/2025:12:57:27 -0400] "GET /manga/re-monster-chapter-23/ HTTP/1.1" 200 16301 "-" "WP Rocket/Preload"
162.0.232.193 - - [16/Jun/2025:12:57:29 -0400] "GET /manga/re-monster-chapter-23/ HTTP/1.1" 200 0 "-" "WP Rocket/Preload Mozilla/5.0 (iPhone; CPU iPhone OS 9_1 like Mac OS X) AppleWebKit/601.1.46 (KHTML, like Gecko) Version/9.0 Mobile/13B143 Safari/601.1"
2a03:2880:f800:e:: - - [16/Jun/2025:12:57:29 -0400] "GET /shopdetail/101156418 HTTP/1.1" 301 0 "-" "meta-externalagent/1.1 (+https://developers.facebook.com/docs/sharing/webmasters/crawler)"
162.0.232.193 - - [16/Jun/2025:12:57:30 -0400] "GET /manga/re-monster-chapter-27/ HTTP/1.1" 200 0 "-" "WP Rocket/Preload"
162.0.232.193 - - [16/Jun/2025:12:57:32 -0400] "GET /manga/re-monster-chapter-27/ HTTP/1.1" 200 0 "-" "WP Rocket/Preload Mozilla/5.0 (iPhone; CPU iPhone OS 9_1 like Mac OS X) AppleWebKit/601.1.46 (KHTML, like Gecko) Version/9.0 Mobile/13B143 Safari/601.1"
162.0.232.193 - - [16/Jun/2025:12:57:33 -0400] "POST /wp-cron.php?doing_wp_cron=1750093052.9376580715179443359375 HTTP/1.1" 200 0 "-" "WordPress/6.6.2; https://remonster.online"
2a03:2880:f800:11:: - - [16/Jun/2025:12:57:33 -0400] "GET / HTTP/1.1" 200 10823 "-" "meta-externalagent/1.1 (+https://developers.facebook.com/docs/sharing/webmasters/crawler)"
162.0.232.193 - - [16/Jun/2025:12:57:34 -0400] "GET /manga/re-monster-chapter-6/ HTTP/1.1" 200 0 "-" "WP Rocket/Preload"
162.0.232.193 - - [16/Jun/2025:12:57:35 -0400] "GET /manga/re-monster-chapter-6/ HTTP/1.1" 200 0 "-" "WP Rocket/Preload Mozilla/5.0 (iPhone; CPU iPhone OS 9_1 like Mac OS X) AppleWebKit/601.1.46 (KHTML, like Gecko) Version/9.0 Mobile/13B143 Safari/601.1"
162.0.232.193 - - [16/Jun/2025:12:57:37 -0400] "GET /manga/re-monster-chapter-8/ HTTP/1.1" 200 16453 "-" "WP Rocket/Preload"
162.0.232.193 - - [16/Jun/2025:12:57:43 -0400] "GET /manga/re-monster-chapter-8/ HTTP/1.1" 200 0 "-" "WP Rocket/Preload Mozilla/5.0 (iPhone; CPU iPhone OS 9_1 like Mac OS X) AppleWebKit/601.1.46 (KHTML, like Gecko) Version/9.0 Mobile/13B143 Safari/601.1"
2a03:2880:f800:1b:: - - [16/Jun/2025:12:57:45 -0400] "GET /shopdetail/431921018 HTTP/1.1" 301 0 "-" "meta-externalagent/1.1 (+https://developers.facebook.com/docs/sharing/webmasters/crawler)"
2a03:2880:f800:e:: - - [16/Jun/2025:12:57:49 -0400] "GET / HTTP/1.1" 200 10823 "-" "meta-externalagent/1.1 (+https://developers.facebook.com/docs/sharing/webmasters/crawler)"
162.0.232.193 - - [16/Jun/2025:12:57:50 -0400] "POST /wp-admin/admin-ajax.php?action=as_async_request_queue_runner&nonce=8c43902f25 HTTP/1.1" 200 0 "-" "WordPress/6.6.2; https://remonster.online"
66.249.79.229 - - [16/Jun/2025:12:57:51 -0400] "GET /shopping361064318.phtml HTTP/1.1" 200 24949 "-" "Mozilla/5.0 (Linux; Android 6.0.1; Nexus 5X Build/MMB29P) AppleWebKit/537.36 (KHTML, like Gecko) Chrome/136.0.7103.113 Mobile Safari/537.36 (compatible; Googlebot/2.1; +http://www.google.com/bot.html)"
162.0.232.193 - - [16/Jun/2025:12:57:51 -0400] "GET /manga/re-monster-chapter-44/ HTTP/1.1" 200 17993 "-" "WP Rocket/Preload"
162.0.232.193 - - [16/Jun/2025:12:57:53 -0400] "GET /manga/re-monster-chapter-44/ HTTP/1.1" 200 0 "-" "WP Rocket/Preload Mozilla/5.0 (iPhone; CPU iPhone OS 9_1 like Mac OS X) AppleWebKit/601.1.46 (KHTML, like Gecko) Version/9.0 Mobile/13B143 Safari/601.1"
162.0.232.193 - - [16/Jun/2025:12:57:55 -0400] "GET /manga/re-monster-chapter-22/ HTTP/1.1" 200 0 "-" "WP Rocket/Preload"
162.0.232.193 - - [16/Jun/2025:12:57:56 -0400] "GET /manga/re-monster-chapter-22/ HTTP/1.1" 200 0 "-" "WP Rocket/Preload Mozilla/5.0 (iPhone; CPU iPhone OS 9_1 like Mac OS X) AppleWebKit/601.1.46 (KHTML, like Gecko) Version/9.0 Mobile/13B143 Safari/601.1"
162.0.232.193 - - [16/Jun/2025:12:57:57 -0400] "GET /manga/re-monster-chapter-70./ HTTP/1.1" 200 18399 "-" "WP Rocket/Preload"
162.0.232.193 - - [16/Jun/2025:12:57:59 -0400] "GET /manga/re-monster-chapter-70./ HTTP/1.1" 200 0 "-" "WP Rocket/Preload Mozilla/5.0 (iPhone; CPU iPhone OS 9_1 like Mac OS X) AppleWebKit/601.1.46 (KHTML, like Gecko) Version/9.0 Mobile/13B143 Safari/601.1"
162.0.232.193 - - [16/Jun/2025:12:58:00 -0400] "GET /manga/remonster-chapter-87./ HTTP/1.1" 200 0 "-" "WP Rocket/Preload"
162.0.232.193 - - [16/Jun/2025:12:58:02 -0400] "GET /manga/remonster-chapter-87./ HTTP/1.1" 200 14681 "-" "WP Rocket/Preload Mozilla/5.0 (iPhone; CPU iPhone OS 9_1 like Mac OS X) AppleWebKit/601.1.46 (KHTML, like Gecko) Version/9.0 Mobile/13B143 Safari/601.1"
