2a03:2880:f800:b:: - - [16/Jun/2025:11:44:10 -0400] "GET /shopdetail/383423918 HTTP/1.1" 301 0 "-" "meta-externalagent/1.1 (+https://developers.facebook.com/docs/sharing/webmasters/crawler)"
2a03:2880:f800:17:: - - [16/Jun/2025:11:44:13 -0400] "GET / HTTP/1.1" 200 10823 "-" "meta-externalagent/1.1 (+https://developers.facebook.com/docs/sharing/webmasters/crawler)"
162.0.232.193 - - [16/Jun/2025:11:44:53 -0400] "POST /wp-cron.php?doing_wp_cron=1750088693.1664619445800781250000 HTTP/1.1" 200 0 "-" "WordPress/6.6.2; https://remonster.online"
2a03:2880:f800:f:: - - [16/Jun/2025:11:44:51 -0400] "GET /shopdetail/34514718 HTTP/1.1" 301 0 "-" "meta-externalagent/1.1 (+https://developers.facebook.com/docs/sharing/webmasters/crawler)"
2a03:2880:f800:8:: - - [16/Jun/2025:11:44:55 -0400] "GET / HTTP/1.1" 200 10823 "-" "meta-externalagent/1.1 (+https://developers.facebook.com/docs/sharing/webmasters/crawler)"
162.0.232.193 - - [16/Jun/2025:11:44:54 -0400] "GET /category/manga/ HTTP/1.1" 200 25190 "-" "WP Rocket/Preload"
162.0.232.193 - - [16/Jun/2025:11:44:57 -0400] "GET /category/manga/ HTTP/1.1" 200 0 "-" "WP Rocket/Preload Mozilla/5.0 (iPhone; CPU iPhone OS 9_1 like Mac OS X) AppleWebKit/601.1.46 (KHTML, like Gecko) Version/9.0 Mobile/13B143 Safari/601.1"
162.0.232.193 - - [16/Jun/2025:11:44:58 -0400] "GET /dmca/ HTTP/1.1" 200 0 "-" "WP Rocket/Preload"
162.0.232.193 - - [16/Jun/2025:11:45:00 -0400] "GET /dmca/ HTTP/1.1" 200 0 "-" "WP Rocket/Preload Mozilla/5.0 (iPhone; CPU iPhone OS 9_1 like Mac OS X) AppleWebKit/601.1.46 (KHTML, like Gecko) Version/9.0 Mobile/13B143 Safari/601.1"
162.0.232.193 - - [16/Jun/2025:11:45:01 -0400] "GET /category/remonster/ HTTP/1.1" 200 0 "-" "WP Rocket/Preload"
162.0.232.193 - - [16/Jun/2025:11:45:03 -0400] "GET /category/remonster/ HTTP/1.1" 200 0 "-" "WP Rocket/Preload Mozilla/5.0 (iPhone; CPU iPhone OS 9_1 like Mac OS X) AppleWebKit/601.1.46 (KHTML, like Gecko) Version/9.0 Mobile/13B143 Safari/601.1"
162.0.232.193 - - [16/Jun/2025:11:45:05 -0400] "GET /category/remonster-manga/ HTTP/1.1" 200 0 "-" "WP Rocket/Preload"
162.0.232.193 - - [16/Jun/2025:11:45:06 -0400] "GET /category/remonster-manga/ HTTP/1.1" 200 0 "-" "WP Rocket/Preload Mozilla/5.0 (iPhone; CPU iPhone OS 9_1 like Mac OS X) AppleWebKit/601.1.46 (KHTML, like Gecko) Version/9.0 Mobile/13B143 Safari/601.1"
162.0.232.193 - - [16/Jun/2025:11:45:08 -0400] "GET /category/re-monster/ HTTP/1.1" 200 0 "-" "WP Rocket/Preload"
66.249.79.236 - - [16/Jun/2025:11:45:09 -0400] "GET /item/symptomatic/348760210.phtml HTTP/1.1" 200 25290 "-" "Mozilla/5.0 (Linux; Android 6.0.1; Nexus 5X Build/MMB29P) AppleWebKit/537.36 (KHTML, like Gecko) Chrome/136.0.7103.113 Mobile Safari/537.36 (compatible; Googlebot/2.1; +http://www.google.com/bot.html)"
162.0.232.193 - - [16/Jun/2025:11:45:10 -0400] "GET /category/re-monster/ HTTP/1.1" 200 0 "-" "WP Rocket/Preload Mozilla/5.0 (iPhone; CPU iPhone OS 9_1 like Mac OS X) AppleWebKit/601.1.46 (KHTML, like Gecko) Version/9.0 Mobile/13B143 Safari/601.1"
162.0.232.193 - - [16/Jun/2025:11:45:11 -0400] "GET /remonster-chapter-96/ HTTP/1.1" 200 0 "-" "WP Rocket/Preload"
162.0.232.193 - - [16/Jun/2025:11:45:13 -0400] "GET /remonster-chapter-96/ HTTP/1.1" 200 0 "-" "WP Rocket/Preload Mozilla/5.0 (iPhone; CPU iPhone OS 9_1 like Mac OS X) AppleWebKit/601.1.46 (KHTML, like Gecko) Version/9.0 Mobile/13B143 Safari/601.1"
162.0.232.193 - - [16/Jun/2025:11:45:27 -0400] "POST /wp-cron.php?doing_wp_cron=1750088727.4479310512542724609375 HTTP/1.1" 200 0 "-" "WordPress/6.6.2; https://remonster.online"
2a03:2880:f800:: - - [16/Jun/2025:11:45:26 -0400] "GET /shopdetail/26368018 HTTP/1.1" 301 0 "-" "meta-externalagent/1.1 (+https://developers.facebook.com/docs/sharing/webmasters/crawler)"
2a03:2880:f800:e:: - - [16/Jun/2025:11:45:29 -0400] "GET / HTTP/1.1" 200 10823 "-" "meta-externalagent/1.1 (+https://developers.facebook.com/docs/sharing/webmasters/crawler)"
162.0.232.193 - - [16/Jun/2025:11:46:16 -0400] "POST /wp-cron.php?doing_wp_cron=1750088776.4466071128845214843750 HTTP/1.1" 200 0 "-" "WordPress/6.6.2; https://remonster.online"
2a03:2880:f800:1b:: - - [16/Jun/2025:11:46:14 -0400] "GET /shopdetail/362924218 HTTP/1.1" 301 0 "-" "meta-externalagent/1.1 (+https://developers.facebook.com/docs/sharing/webmasters/crawler)"
2a03:2880:f800:: - - [16/Jun/2025:11:46:19 -0400] "GET / HTTP/1.1" 200 10823 "-" "meta-externalagent/1.1 (+https://developers.facebook.com/docs/sharing/webmasters/crawler)"
184.148.120.104 - - [16/Jun/2025:11:46:16 -0400] "POST /wp-admin/admin-ajax.php HTTP/1.1" 200 69 "https://remonster.online/manga/re-monster-chapter-48/" "Mozilla/5.0 (iPhone; CPU iPhone OS 18_5 like Mac OS X) AppleWebKit/605.1.15 (KHTML, like Gecko) Version/18.5 Mobile/15E148 Safari/604.1"
162.0.232.193 - - [16/Jun/2025:11:46:19 -0400] "GET /remonster-chapter-87/ HTTP/1.1" 200 12782 "-" "WP Rocket/Preload"
162.0.232.193 - - [16/Jun/2025:11:46:23 -0400] "GET /remonster-chapter-87/ HTTP/1.1" 200 0 "-" "WP Rocket/Preload Mozilla/5.0 (iPhone; CPU iPhone OS 9_1 like Mac OS X) AppleWebKit/601.1.46 (KHTML, like Gecko) Version/9.0 Mobile/13B143 Safari/601.1"
162.0.232.193 - - [16/Jun/2025:11:46:25 -0400] "GET /remonster-chapter-78/ HTTP/1.1" 200 0 "-" "WP Rocket/Preload"
162.0.232.193 - - [16/Jun/2025:11:46:26 -0400] "GET /remonster-chapter-78/ HTTP/1.1" 200 0 "-" "WP Rocket/Preload Mozilla/5.0 (iPhone; CPU iPhone OS 9_1 like Mac OS X) AppleWebKit/601.1.46 (KHTML, like Gecko) Version/9.0 Mobile/13B143 Safari/601.1"
162.0.232.193 - - [16/Jun/2025:11:46:28 -0400] "GET /remonster-chapter-67/ HTTP/1.1" 200 0 "-" "WP Rocket/Preload"
162.0.232.193 - - [16/Jun/2025:11:46:30 -0400] "GET /remonster-chapter-67/ HTTP/1.1" 200 0 "-" "WP Rocket/Preload Mozilla/5.0 (iPhone; CPU iPhone OS 9_1 like Mac OS X) AppleWebKit/601.1.46 (KHTML, like Gecko) Version/9.0 Mobile/13B143 Safari/601.1"
162.0.232.193 - - [16/Jun/2025:11:46:31 -0400] "GET /remonster-chapter-62/ HTTP/1.1" 200 0 "-" "WP Rocket/Preload"
162.0.232.193 - - [16/Jun/2025:11:46:33 -0400] "GET /remonster-chapter-62/ HTTP/1.1" 200 0 "-" "WP Rocket/Preload Mozilla/5.0 (iPhone; CPU iPhone OS 9_1 like Mac OS X) AppleWebKit/601.1.46 (KHTML, like Gecko) Version/9.0 Mobile/13B143 Safari/601.1"
178.51.50.212 - - [16/Jun/2025:11:46:33 -0400] "GET /category/re-monster/ HTTP/1.1" 200 25313 "https://remonster.online/manga/re-monster-chapter-25/" "Mozilla/5.0 (Linux; Android 10; K) AppleWebKit/537.36 (KHTML, like Gecko) Chrome/137.0.0.0 Mobile Safari/537.36"
162.0.232.193 - - [16/Jun/2025:11:46:34 -0400] "GET /remonster-chapter-46/ HTTP/1.1" 200 0 "-" "WP Rocket/Preload"
162.0.232.193 - - [16/Jun/2025:11:46:36 -0400] "GET /remonster-chapter-46/ HTTP/1.1" 200 0 "-" "WP Rocket/Preload Mozilla/5.0 (iPhone; CPU iPhone OS 9_1 like Mac OS X) AppleWebKit/601.1.46 (KHTML, like Gecko) Version/9.0 Mobile/13B143 Safari/601.1"
162.0.232.193 - - [16/Jun/2025:11:46:48 -0400] "POST /wp-cron.php?doing_wp_cron=1750088808.7513840198516845703125 HTTP/1.1" 200 0 "-" "WordPress/6.6.2; https://remonster.online"
2a03:2880:f800:9:: - - [16/Jun/2025:11:46:46 -0400] "GET /shopdetail/1905418 HTTP/1.1" 301 0 "-" "meta-externalagent/1.1 (+https://developers.facebook.com/docs/sharing/webmasters/crawler)"
162.0.232.193 - - [16/Jun/2025:11:46:50 -0400] "GET /remonster-chapter-39-1/ HTTP/1.1" 200 0 "-" "WP Rocket/Preload"
2a03:2880:f800:9:: - - [16/Jun/2025:11:46:51 -0400] "GET / HTTP/1.1" 200 10823 "-" "meta-externalagent/1.1 (+https://developers.facebook.com/docs/sharing/webmasters/crawler)"
162.0.232.193 - - [16/Jun/2025:11:46:52 -0400] "GET /remonster-chapter-39-1/ HTTP/1.1" 200 0 "-" "WP Rocket/Preload Mozilla/5.0 (iPhone; CPU iPhone OS 9_1 like Mac OS X) AppleWebKit/601.1.46 (KHTML, like Gecko) Version/9.0 Mobile/13B143 Safari/601.1"
162.0.232.193 - - [16/Jun/2025:11:46:54 -0400] "GET /remonster-chapter-29/ HTTP/1.1" 200 0 "-" "WP Rocket/Preload"
162.0.232.193 - - [16/Jun/2025:11:46:56 -0400] "GET /remonster-chapter-29/ HTTP/1.1" 200 0 "-" "WP Rocket/Preload Mozilla/5.0 (iPhone; CPU iPhone OS 9_1 like Mac OS X) AppleWebKit/601.1.46 (KHTML, like Gecko) Version/9.0 Mobile/13B143 Safari/601.1"
162.0.232.193 - - [16/Jun/2025:11:46:57 -0400] "GET /remonster-chapter-27-2/ HTTP/1.1" 200 0 "-" "WP Rocket/Preload"
162.0.232.193 - - [16/Jun/2025:11:46:59 -0400] "GET /remonster-chapter-27-2/ HTTP/1.1" 200 0 "-" "WP Rocket/Preload Mozilla/5.0 (iPhone; CPU iPhone OS 9_1 like Mac OS X) AppleWebKit/601.1.46 (KHTML, like Gecko) Version/9.0 Mobile/13B143 Safari/601.1"
2a03:2880:f800:: - - [16/Jun/2025:11:46:58 -0400] "GET /shopdetail/404836018 HTTP/1.1" 301 0 "-" "meta-externalagent/1.1 (+https://developers.facebook.com/docs/sharing/webmasters/crawler)"
178.51.50.212 - - [16/Jun/2025:11:47:00 -0400] "GET /tag/goblin/ HTTP/1.1" 301 0 "https://remonster.online/manga/re-monster-chapter-25/" "Mozilla/5.0 (Linux; Android 10; K) AppleWebKit/537.36 (KHTML, like Gecko) Chrome/137.0.0.0 Mobile Safari/537.36"
162.0.232.193 - - [16/Jun/2025:11:47:00 -0400] "GET /remonster-chapter-24-first-contact/ HTTP/1.1" 200 0 "-" "WP Rocket/Preload"
178.51.50.212 - - [16/Jun/2025:11:47:01 -0400] "GET / HTTP/1.1" 200 10788 "https://remonster.online/manga/re-monster-chapter-25/" "Mozilla/5.0 (Linux; Android 10; K) AppleWebKit/537.36 (KHTML, like Gecko) Chrome/137.0.0.0 Mobile Safari/537.36"
2a03:2880:f800:1a:: - - [16/Jun/2025:11:47:01 -0400] "GET / HTTP/1.1" 200 10823 "-" "meta-externalagent/1.1 (+https://developers.facebook.com/docs/sharing/webmasters/crawler)"
162.0.232.193 - - [16/Jun/2025:11:47:02 -0400] "GET /remonster-chapter-24-first-contact/ HTTP/1.1" 200 0 "-" "WP Rocket/Preload Mozilla/5.0 (iPhone; CPU iPhone OS 9_1 like Mac OS X) AppleWebKit/601.1.46 (KHTML, like Gecko) Version/9.0 Mobile/13B143 Safari/601.1"
178.51.50.212 - - [16/Jun/2025:11:47:00 -0400] "GET /manga/re-monster-chapter-26/ HTTP/1.1" 200 16616 "https://remonster.online/manga/re-monster-chapter-25/" "Mozilla/5.0 (Linux; Android 10; K) AppleWebKit/537.36 (KHTML, like Gecko) Chrome/137.0.0.0 Mobile Safari/537.36"
178.51.50.212 - - [16/Jun/2025:11:47:04 -0400] "GET /manga/re-monster-chapter-26/ HTTP/1.1" 304 0 "https://remonster.online/manga/re-monster-chapter-25/" "Mozilla/5.0 (Linux; Android 10; K) AppleWebKit/537.36 (KHTML, like Gecko) Chrome/137.0.0.0 Mobile Safari/537.36"
162.0.232.193 - - [16/Jun/2025:11:47:04 -0400] "GET /remonster-chapter-21/ HTTP/1.1" 200 0 "-" "WP Rocket/Preload"
162.0.232.193 - - [16/Jun/2025:11:47:05 -0400] "GET /remonster-chapter-21/ HTTP/1.1" 200 0 "-" "WP Rocket/Preload Mozilla/5.0 (iPhone; CPU iPhone OS 9_1 like Mac OS X) AppleWebKit/601.1.46 (KHTML, like Gecko) Version/9.0 Mobile/13B143 Safari/601.1"
162.0.232.193 - - [16/Jun/2025:11:47:07 -0400] "GET /remonster-chapter-16/ HTTP/1.1" 200 0 "-" "WP Rocket/Preload"
162.0.232.193 - - [16/Jun/2025:11:47:08 -0400] "GET /remonster-chapter-16/ HTTP/1.1" 200 0 "-" "WP Rocket/Preload Mozilla/5.0 (iPhone; CPU iPhone OS 9_1 like Mac OS X) AppleWebKit/601.1.46 (KHTML, like Gecko) Version/9.0 Mobile/13B143 Safari/601.1"
66.249.79.238 - - [16/Jun/2025:11:47:10 -0400] "GET /goodscode/fuchsias/348768682.phtml HTTP/1.1" 200 24144 "-" "Mozilla/5.0 (Linux; Android 6.0.1; Nexus 5X Build/MMB29P) AppleWebKit/537.36 (KHTML, like Gecko) Chrome/136.0.7103.113 Mobile Safari/537.36 (compatible; Googlebot/2.1; +http://www.google.com/bot.html)"
2a03:2880:f800:2:: - - [16/Jun/2025:11:47:13 -0400] "GET /shopdetail/402186418 HTTP/1.1" 301 0 "-" "meta-externalagent/1.1 (+https://developers.facebook.com/docs/sharing/webmasters/crawler)"
2607:fb91:ee4:cb4f:ac39:bd78:ce56:677e - - [16/Jun/2025:11:47:14 -0400] "GET /manga/remonster-chapter-78/ HTTP/1.1" 200 16753 "https://www.google.com/" "Mozilla/5.0 (Linux; Android 10; K) AppleWebKit/537.36 (KHTML, like Gecko) Chrome/137.0.0.0 Mobile Safari/537.36"
2a03:2880:f800:c:: - - [16/Jun/2025:11:47:16 -0400] "GET / HTTP/1.1" 200 10823 "-" "meta-externalagent/1.1 (+https://developers.facebook.com/docs/sharing/webmasters/crawler)"
162.0.232.193 - - [16/Jun/2025:11:47:18 -0400] "POST /wp-cron.php?doing_wp_cron=1750088838.0613479614257812500000 HTTP/1.1" 200 0 "-" "WordPress/6.6.2; https://remonster.online"
2a03:2880:f800:3:: - - [16/Jun/2025:11:47:16 -0400] "GET /shopdetail/22284818 HTTP/1.1" 301 0 "-" "meta-externalagent/1.1 (+https://developers.facebook.com/docs/sharing/webmasters/crawler)"
2607:fb91:ee4:cb4f:ac39:bd78:ce56:677e - - [16/Jun/2025:11:47:18 -0400] "GET /manga/remonster-chapter-78/ HTTP/1.1" 200 16753 "https://remonster.online/manga/remonster-chapter-78/" "Mozilla/5.0 (Linux; Android 10; K) AppleWebKit/537.36 (KHTML, like Gecko) Chrome/137.0.0.0 Mobile Safari/537.36"
2a00:fbc:eda7:50cd:d002:d8ff:fe14:ac99 - - [16/Jun/2025:11:47:23 -0400] "POST /wp-admin/admin-ajax.php HTTP/1.1" 200 69 "https://remonster.online/manga/re-monster-chapter-50/" "Mozilla/5.0 (Android 15; Mobile; rv:139.0) Gecko/139.0 Firefox/139.0"
162.0.232.193 - - [16/Jun/2025:11:47:26 -0400] "POST /wp-admin/admin-ajax.php?action=as_async_request_queue_runner&nonce=8c43902f25 HTTP/1.1" 200 0 "-" "WordPress/6.6.2; https://remonster.online"
2a03:2880:f800:14:: - - [16/Jun/2025:11:47:28 -0400] "GET /shopdetail/60976018 HTTP/1.1" 301 0 "-" "meta-externalagent/1.1 (+https://developers.facebook.com/docs/sharing/webmasters/crawler)"
162.0.232.193 - - [16/Jun/2025:11:47:28 -0400] "GET /remonster-chapter-14/ HTTP/1.1" 200 13048 "-" "WP Rocket/Preload"
162.0.232.193 - - [16/Jun/2025:11:47:31 -0400] "GET /remonster-chapter-14/ HTTP/1.1" 200 0 "-" "WP Rocket/Preload Mozilla/5.0 (iPhone; CPU iPhone OS 9_1 like Mac OS X) AppleWebKit/601.1.46 (KHTML, like Gecko) Version/9.0 Mobile/13B143 Safari/601.1"
162.0.232.193 - - [16/Jun/2025:11:47:32 -0400] "POST /wp-cron.php?doing_wp_cron=1750088852.3388230800628662109375 HTTP/1.1" 200 0 "-" "WordPress/6.6.2; https://remonster.online"
162.0.232.193 - - [16/Jun/2025:11:47:32 -0400] "GET /remonster-chapter-9/ HTTP/1.1" 200 0 "-" "WP Rocket/Preload"
162.0.232.193 - - [16/Jun/2025:11:47:34 -0400] "GET /remonster-chapter-9/ HTTP/1.1" 200 0 "-" "WP Rocket/Preload Mozilla/5.0 (iPhone; CPU iPhone OS 9_1 like Mac OS X) AppleWebKit/601.1.46 (KHTML, like Gecko) Version/9.0 Mobile/13B143 Safari/601.1"
162.0.232.193 - - [16/Jun/2025:11:47:35 -0400] "GET /remonster-chapter-5/ HTTP/1.1" 200 0 "-" "WP Rocket/Preload"
2607:fb91:ee4:cb4f:ac39:bd78:ce56:677e - - [16/Jun/2025:11:47:36 -0400] "GET / HTTP/1.1" 200 10788 "https://remonster.online/manga/remonster-chapter-78/" "Mozilla/5.0 (Linux; Android 10; K) AppleWebKit/537.36 (KHTML, like Gecko) Chrome/137.0.0.0 Mobile Safari/537.36"
162.0.232.193 - - [16/Jun/2025:11:47:37 -0400] "GET /remonster-chapter-5/ HTTP/1.1" 200 0 "-" "WP Rocket/Preload Mozilla/5.0 (iPhone; CPU iPhone OS 9_1 like Mac OS X) AppleWebKit/601.1.46 (KHTML, like Gecko) Version/9.0 Mobile/13B143 Safari/601.1"
162.0.232.193 - - [16/Jun/2025:11:47:39 -0400] "GET /remonster-chapter-1/ HTTP/1.1" 200 0 "-" "WP Rocket/Preload"
23.241.212.125 - - [16/Jun/2025:11:47:39 -0400] "GET /manga/re-monster-chapter-35/ HTTP/1.1" 200 17373 "https://remonster.online/manga/re-monster-chapter-34/" "Mozilla/5.0 (iPhone; CPU iPhone OS 18_5 like Mac OS X) AppleWebKit/605.1.15 (KHTML, like Gecko) Version/18.5 Mobile/15E148 Safari/604.1"
162.0.232.193 - - [16/Jun/2025:11:47:40 -0400] "GET /remonster-chapter-1/ HTTP/1.1" 200 0 "-" "WP Rocket/Preload Mozilla/5.0 (iPhone; CPU iPhone OS 9_1 like Mac OS X) AppleWebKit/601.1.46 (KHTML, like Gecko) Version/9.0 Mobile/13B143 Safari/601.1"
162.0.232.193 - - [16/Jun/2025:11:47:42 -0400] "GET /manga/re-monster-chapter-13/ HTTP/1.1" 200 0 "-" "WP Rocket/Preload"
162.0.232.193 - - [16/Jun/2025:11:47:43 -0400] "GET /manga/re-monster-chapter-13/ HTTP/1.1" 200 0 "-" "WP Rocket/Preload Mozilla/5.0 (iPhone; CPU iPhone OS 9_1 like Mac OS X) AppleWebKit/601.1.46 (KHTML, like Gecko) Version/9.0 Mobile/13B143 Safari/601.1"
2607:fb91:ee4:cb4f:ac39:bd78:ce56:677e - - [16/Jun/2025:11:47:46 -0400] "GET /manga/remonster-chapter-106/ HTTP/1.1" 200 14313 "https://remonster.online/" "Mozilla/5.0 (Linux; Android 10; K) AppleWebKit/537.36 (KHTML, like Gecko) Chrome/137.0.0.0 Mobile Safari/537.36"
2607:fb91:ee4:cb4f:ac39:bd78:ce56:677e - - [16/Jun/2025:11:47:44 -0400] "GET /manga/re-monster-chapter-65/ HTTP/1.1" 200 17762 "https://remonster.online/" "Mozilla/5.0 (Linux; Android 10; K) AppleWebKit/537.36 (KHTML, like Gecko) Chrome/137.0.0.0 Mobile Safari/537.36"
2607:fb91:ee4:cb4f:ac39:bd78:ce56:677e - - [16/Jun/2025:11:47:46 -0400] "GET /manga/remonster-chapter-103/ HTTP/1.1" 200 14998 "https://remonster.online/" "Mozilla/5.0 (Linux; Android 10; K) AppleWebKit/537.36 (KHTML, like Gecko) Chrome/137.0.0.0 Mobile Safari/537.36"
2a00:fbc:eda7:50cd:d002:d8ff:fe14:ac99 - - [16/Jun/2025:11:47:47 -0400] "POST /wp-admin/admin-ajax.php HTTP/1.1" 200 69 "https://remonster.online/manga/re-monster-chapter-50/" "Mozilla/5.0 (Android 15; Mobile; rv:139.0) Gecko/139.0 Firefox/139.0"
162.0.232.193 - - [16/Jun/2025:11:47:50 -0400] "POST /wp-admin/admin-ajax.php?action=as_async_request_queue_runner&nonce=8c43902f25 HTTP/1.1" 200 0 "-" "WordPress/6.6.2; https://remonster.online"
2607:fb91:ee4:cb4f:ac39:bd78:ce56:677e - - [16/Jun/2025:11:47:52 -0400] "GET /tag/webcomic/ HTTP/1.1" 301 0 "https://remonster.online/manga/remonster-chapter-106/" "Mozilla/5.0 (Linux; Android 10; K) AppleWebKit/537.36 (KHTML, like Gecko) Chrome/137.0.0.0 Mobile Safari/537.36"
162.0.232.193 - - [16/Jun/2025:11:47:53 -0400] "GET /privacy-policy/ HTTP/1.1" 200 0 "-" "WP Rocket/Preload"
162.0.232.193 - - [16/Jun/2025:11:47:54 -0400] "GET /privacy-policy/ HTTP/1.1" 200 0 "-" "WP Rocket/Preload Mozilla/5.0 (iPhone; CPU iPhone OS 9_1 like Mac OS X) AppleWebKit/601.1.46 (KHTML, like Gecko) Version/9.0 Mobile/13B143 Safari/601.1"
162.0.232.193 - - [16/Jun/2025:11:47:56 -0400] "GET /remonster-chapter-82/ HTTP/1.1" 200 0 "-" "WP Rocket/Preload"
2607:fb91:ee4:cb4f:ac39:bd78:ce56:677e - - [16/Jun/2025:11:47:53 -0400] "GET /manga/remonster-chapter-101/ HTTP/1.1" 200 15504 "https://remonster.online/manga/remonster-chapter-106/" "Mozilla/5.0 (Linux; Android 10; K) AppleWebKit/537.36 (KHTML, like Gecko) Chrome/137.0.0.0 Mobile Safari/537.36"
2607:fb91:ee4:cb4f:ac39:bd78:ce56:677e - - [16/Jun/2025:11:47:54 -0400] "GET /manga/remonster-chapter-105/ HTTP/1.1" 200 17794 "https://remonster.online/manga/remonster-chapter-106/" "Mozilla/5.0 (Linux; Android 10; K) AppleWebKit/537.36 (KHTML, like Gecko) Chrome/137.0.0.0 Mobile Safari/537.36"
162.0.232.193 - - [16/Jun/2025:11:47:58 -0400] "GET /remonster-chapter-82/ HTTP/1.1" 200 0 "-" "WP Rocket/Preload Mozilla/5.0 (iPhone; CPU iPhone OS 9_1 like Mac OS X) AppleWebKit/601.1.46 (KHTML, like Gecko) Version/9.0 Mobile/13B143 Safari/601.1"
2607:fb91:ee4:cb4f:ac39:bd78:ce56:677e - - [16/Jun/2025:11:47:59 -0400] "GET /manga/remonster-chapter-105/ HTTP/1.1" 304 0 "https://remonster.online/manga/remonster-chapter-106/" "Mozilla/5.0 (Linux; Android 10; K) AppleWebKit/537.36 (KHTML, like Gecko) Chrome/137.0.0.0 Mobile Safari/537.36"
162.0.232.193 - - [16/Jun/2025:11:47:59 -0400] "GET /manga/re-monster-chapter-61./ HTTP/1.1" 200 0 "-" "WP Rocket/Preload"
162.0.232.193 - - [16/Jun/2025:11:48:01 -0400] "GET /manga/re-monster-chapter-61./ HTTP/1.1" 200 0 "-" "WP Rocket/Preload Mozilla/5.0 (iPhone; CPU iPhone OS 9_1 like Mac OS X) AppleWebKit/601.1.46 (KHTML, like Gecko) Version/9.0 Mobile/13B143 Safari/601.1"
2607:fb91:ee4:cb4f:ac39:bd78:ce56:677e - - [16/Jun/2025:11:48:00 -0400] "GET /manga/re-monster-chapter-1/ HTTP/1.1" 200 18311 "https://remonster.online/manga/remonster-chapter-105/" "Mozilla/5.0 (Linux; Android 10; K) AppleWebKit/537.36 (KHTML, like Gecko) Chrome/137.0.0.0 Mobile Safari/537.36"
162.0.232.193 - - [16/Jun/2025:11:48:02 -0400] "GET /manga/re-monster-chapter-52./ HTTP/1.1" 200 0 "-" "WP Rocket/Preload"
2607:fb91:ee4:cb4f:ac39:bd78:ce56:677e - - [16/Jun/2025:11:48:04 -0400] "GET /manga/re-monster-chapter-1/ HTTP/1.1" 304 0 "https://remonster.online/manga/re-monster-chapter-1/" "Mozilla/5.0 (Linux; Android 10; K) AppleWebKit/537.36 (KHTML, like Gecko) Chrome/137.0.0.0 Mobile Safari/537.36"
162.0.232.193 - - [16/Jun/2025:11:48:04 -0400] "GET /manga/re-monster-chapter-52./ HTTP/1.1" 200 0 "-" "WP Rocket/Preload Mozilla/5.0 (iPhone; CPU iPhone OS 9_1 like Mac OS X) AppleWebKit/601.1.46 (KHTML, like Gecko) Version/9.0 Mobile/13B143 Safari/601.1"
2607:fb91:ee4:cb4f:ac39:bd78:ce56:677e - - [16/Jun/2025:11:48:03 -0400] "POST /wp-admin/admin-ajax.php HTTP/1.1" 200 69 "https://remonster.online/manga/re-monster-chapter-1/" "Mozilla/5.0 (Linux; Android 10; K) AppleWebKit/537.36 (KHTML, like Gecko) Chrome/137.0.0.0 Mobile Safari/537.36"
162.0.232.193 - - [16/Jun/2025:11:48:06 -0400] "GET /remonster-chapter-89/ HTTP/1.1" 200 0 "-" "WP Rocket/Preload"
162.0.232.193 - - [16/Jun/2025:11:48:08 -0400] "GET /remonster-chapter-89/ HTTP/1.1" 200 0 "-" "WP Rocket/Preload Mozilla/5.0 (iPhone; CPU iPhone OS 9_1 like Mac OS X) AppleWebKit/601.1.46 (KHTML, like Gecko) Version/9.0 Mobile/13B143 Safari/601.1"
162.0.232.193 - - [16/Jun/2025:11:48:09 -0400] "GET /remonster-chapter-75/ HTTP/1.1" 200 0 "-" "WP Rocket/Preload"
162.0.232.193 - - [16/Jun/2025:11:48:11 -0400] "GET /remonster-chapter-75/ HTTP/1.1" 200 0 "-" "WP Rocket/Preload Mozilla/5.0 (iPhone; CPU iPhone OS 9_1 like Mac OS X) AppleWebKit/601.1.46 (KHTML, like Gecko) Version/9.0 Mobile/13B143 Safari/601.1"
162.0.232.193 - - [16/Jun/2025:11:48:17 -0400] "POST /wp-admin/admin-ajax.php?action=as_async_request_queue_runner&nonce=8c43902f25 HTTP/1.1" 200 0 "-" "WordPress/6.6.2; https://remonster.online"
162.0.232.193 - - [16/Jun/2025:11:48:19 -0400] "POST /wp-cron.php?doing_wp_cron=1750088899.7368369102478027343750 HTTP/1.1" 200 0 "-" "WordPress/6.6.2; https://remonster.online"
162.0.232.193 - - [16/Jun/2025:11:48:21 -0400] "GET /remonster-chapter-73/ HTTP/1.1" 200 0 "-" "WP Rocket/Preload"
162.0.232.193 - - [16/Jun/2025:11:48:22 -0400] "GET /remonster-chapter-73/ HTTP/1.1" 200 0 "-" "WP Rocket/Preload Mozilla/5.0 (iPhone; CPU iPhone OS 9_1 like Mac OS X) AppleWebKit/601.1.46 (KHTML, like Gecko) Version/9.0 Mobile/13B143 Safari/601.1"
162.0.232.193 - - [16/Jun/2025:11:48:24 -0400] "GET /remonster-chapter-63/ HTTP/1.1" 200 0 "-" "WP Rocket/Preload"
162.0.232.193 - - [16/Jun/2025:11:48:25 -0400] "GET /remonster-chapter-63/ HTTP/1.1" 200 0 "-" "WP Rocket/Preload Mozilla/5.0 (iPhone; CPU iPhone OS 9_1 like Mac OS X) AppleWebKit/601.1.46 (KHTML, like Gecko) Version/9.0 Mobile/13B143 Safari/601.1"
2a03:2880:f800:e:: - - [16/Jun/2025:11:48:24 -0400] "GET /shopdetail/359260218 HTTP/1.1" 301 0 "-" "meta-externalagent/1.1 (+https://developers.facebook.com/docs/sharing/webmasters/crawler)"
162.0.232.193 - - [16/Jun/2025:11:48:27 -0400] "GET /remonster-chapter-64/ HTTP/1.1" 200 0 "-" "WP Rocket/Preload"
2a03:2880:f800:10:: - - [16/Jun/2025:11:48:29 -0400] "GET / HTTP/1.1" 200 10823 "-" "meta-externalagent/1.1 (+https://developers.facebook.com/docs/sharing/webmasters/crawler)"
162.0.232.193 - - [16/Jun/2025:11:48:29 -0400] "GET /remonster-chapter-64/ HTTP/1.1" 200 0 "-" "WP Rocket/Preload Mozilla/5.0 (iPhone; CPU iPhone OS 9_1 like Mac OS X) AppleWebKit/601.1.46 (KHTML, like Gecko) Version/9.0 Mobile/13B143 Safari/601.1"
162.0.232.193 - - [16/Jun/2025:11:48:30 -0400] "GET /remonster-chapter-57/ HTTP/1.1" 200 0 "-" "WP Rocket/Preload"
2a03:2880:f800:3:: - - [16/Jun/2025:11:48:30 -0400] "GET /shopdetail/168187318 HTTP/1.1" 301 0 "-" "meta-externalagent/1.1 (+https://developers.facebook.com/docs/sharing/webmasters/crawler)"
162.0.232.193 - - [16/Jun/2025:11:48:32 -0400] "POST /wp-cron.php?doing_wp_cron=1750088912.2451269626617431640625 HTTP/1.1" 200 0 "-" "WordPress/6.6.2; https://remonster.online"
162.0.232.193 - - [16/Jun/2025:11:48:32 -0400] "GET /remonster-chapter-57/ HTTP/1.1" 200 0 "-" "WP Rocket/Preload Mozilla/5.0 (iPhone; CPU iPhone OS 9_1 like Mac OS X) AppleWebKit/601.1.46 (KHTML, like Gecko) Version/9.0 Mobile/13B143 Safari/601.1"
2a03:2880:f800:12:: - - [16/Jun/2025:11:48:35 -0400] "GET / HTTP/1.1" 200 10823 "-" "meta-externalagent/1.1 (+https://developers.facebook.com/docs/sharing/webmasters/crawler)"
162.0.232.193 - - [16/Jun/2025:11:48:34 -0400] "GET /remonster-chapter-34/ HTTP/1.1" 200 12696 "-" "WP Rocket/Preload"
2a03:2880:f800:16:: - - [16/Jun/2025:11:48:37 -0400] "GET /shopdetail/334650418 HTTP/1.1" 301 0 "-" "meta-externalagent/1.1 (+https://developers.facebook.com/docs/sharing/webmasters/crawler)"
162.0.232.193 - - [16/Jun/2025:11:48:37 -0400] "GET /remonster-chapter-34/ HTTP/1.1" 200 0 "-" "WP Rocket/Preload Mozilla/5.0 (iPhone; CPU iPhone OS 9_1 like Mac OS X) AppleWebKit/601.1.46 (KHTML, like Gecko) Version/9.0 Mobile/13B143 Safari/601.1"
2a03:2880:f800:16:: - - [16/Jun/2025:11:48:41 -0400] "GET / HTTP/1.1" 200 10823 "-" "meta-externalagent/1.1 (+https://developers.facebook.com/docs/sharing/webmasters/crawler)"
162.0.232.193 - - [16/Jun/2025:11:48:44 -0400] "POST /wp-admin/admin-ajax.php?action=as_async_request_queue_runner&nonce=8c43902f25 HTTP/1.1" 200 0 "-" "WordPress/6.6.2; https://remonster.online"
2a03:2880:f800:11:: - - [16/Jun/2025:11:48:44 -0400] "GET /shopdetail/26439518 HTTP/1.1" 301 0 "-" "meta-externalagent/1.1 (+https://developers.facebook.com/docs/sharing/webmasters/crawler)"
162.0.232.193 - - [16/Jun/2025:11:48:46 -0400] "GET /remonster-chapter-32/ HTTP/1.1" 200 0 "-" "WP Rocket/Preload"
2a03:2880:f800:6:: - - [16/Jun/2025:11:48:47 -0400] "GET / HTTP/1.1" 200 10823 "-" "meta-externalagent/1.1 (+https://developers.facebook.com/docs/sharing/webmasters/crawler)"
162.0.232.193 - - [16/Jun/2025:11:48:48 -0400] "GET /remonster-chapter-32/ HTTP/1.1" 200 0 "-" "WP Rocket/Preload Mozilla/5.0 (iPhone; CPU iPhone OS 9_1 like Mac OS X) AppleWebKit/601.1.46 (KHTML, like Gecko) Version/9.0 Mobile/13B143 Safari/601.1"
162.0.232.193 - - [16/Jun/2025:11:48:50 -0400] "GET /remonster-chapter-28-2-humans-and-demi-humans/ HTTP/1.1" 200 0 "-" "WP Rocket/Preload"
162.0.232.193 - - [16/Jun/2025:11:48:51 -0400] "GET /remonster-chapter-28-2-humans-and-demi-humans/ HTTP/1.1" 200 0 "-" "WP Rocket/Preload Mozilla/5.0 (iPhone; CPU iPhone OS 9_1 like Mac OS X) AppleWebKit/601.1.46 (KHTML, like Gecko) Version/9.0 Mobile/13B143 Safari/601.1"
162.0.232.193 - - [16/Jun/2025:11:48:53 -0400] "GET /remonster-chapter-20-2/ HTTP/1.1" 200 0 "-" "WP Rocket/Preload"
162.0.232.193 - - [16/Jun/2025:11:48:54 -0400] "GET /remonster-chapter-20-2/ HTTP/1.1" 200 0 "-" "WP Rocket/Preload Mozilla/5.0 (iPhone; CPU iPhone OS 9_1 like Mac OS X) AppleWebKit/601.1.46 (KHTML, like Gecko) Version/9.0 Mobile/13B143 Safari/601.1"
162.0.232.193 - - [16/Jun/2025:11:48:56 -0400] "GET /remonster-chapter-19/ HTTP/1.1" 200 0 "-" "WP Rocket/Preload"
162.0.232.193 - - [16/Jun/2025:11:48:57 -0400] "GET /remonster-chapter-19/ HTTP/1.1" 200 0 "-" "WP Rocket/Preload Mozilla/5.0 (iPhone; CPU iPhone OS 9_1 like Mac OS X) AppleWebKit/601.1.46 (KHTML, like Gecko) Version/9.0 Mobile/13B143 Safari/601.1"
162.0.232.193 - - [16/Jun/2025:11:48:59 -0400] "GET /remonster-chapter-11/ HTTP/1.1" 200 0 "-" "WP Rocket/Preload"
162.0.232.193 - - [16/Jun/2025:11:49:00 -0400] "GET /remonster-chapter-11/ HTTP/1.1" 200 0 "-" "WP Rocket/Preload Mozilla/5.0 (iPhone; CPU iPhone OS 9_1 like Mac OS X) AppleWebKit/601.1.46 (KHTML, like Gecko) Version/9.0 Mobile/13B143 Safari/601.1"
162.0.232.193 - - [16/Jun/2025:11:49:02 -0400] "GET /manga/re-monster-chapter-46./ HTTP/1.1" 200 0 "-" "WP Rocket/Preload"
162.0.232.193 - - [16/Jun/2025:11:49:04 -0400] "GET /manga/re-monster-chapter-46./ HTTP/1.1" 200 0 "-" "WP Rocket/Preload Mozilla/5.0 (iPhone; CPU iPhone OS 9_1 like Mac OS X) AppleWebKit/601.1.46 (KHTML, like Gecko) Version/9.0 Mobile/13B143 Safari/601.1"
45.227.253.15 - - [16/Jun/2025:11:49:08 -0400] "GET /index.php/jk HTTP/1.1" 200 47 "-" "Mozilla/5.0 (Macintosh; Intel Mac OS X 10.11; rv:103.0) Gecko/20100101 Firefox/101.0"
198.235.24.167 - - [16/Jun/2025:11:49:11 -0400] "GET / HTTP/1.1" 200 10823 "-" "-"
66.249.79.229 - - [16/Jun/2025:11:49:11 -0400] "GET /items/viced/348720992.phtml HTTP/1.1" 200 24080 "-" "Mozilla/5.0 (Linux; Android 6.0.1; Nexus 5X Build/MMB29P) AppleWebKit/537.36 (KHTML, like Gecko) Chrome/136.0.7103.113 Mobile Safari/537.36 (compatible; Googlebot/2.1; +http://www.google.com/bot.html)"
162.0.232.193 - - [16/Jun/2025:11:49:11 -0400] "POST /wp-admin/admin-ajax.php?action=as_async_request_queue_runner&nonce=8c43902f25 HTTP/1.1" 200 0 "-" "WordPress/6.6.2; https://remonster.online"
162.0.232.193 - - [16/Jun/2025:11:49:13 -0400] "GET /manga/re-monster-chapter-50/ HTTP/1.1" 200 0 "-" "WP Rocket/Preload"
162.0.232.193 - - [16/Jun/2025:11:49:15 -0400] "GET /manga/re-monster-chapter-50/ HTTP/1.1" 200 0 "-" "WP Rocket/Preload Mozilla/5.0 (iPhone; CPU iPhone OS 9_1 like Mac OS X) AppleWebKit/601.1.46 (KHTML, like Gecko) Version/9.0 Mobile/13B143 Safari/601.1"
162.0.232.193 - - [16/Jun/2025:11:49:17 -0400] "GET /manga/re-monster-chapter-51/ HTTP/1.1" 200 0 "-" "WP Rocket/Preload"
162.0.232.193 - - [16/Jun/2025:11:49:18 -0400] "POST /wp-cron.php?doing_wp_cron=1750088958.4601569175720214843750 HTTP/1.1" 200 0 "-" "WordPress/6.6.2; https://remonster.online"
162.0.232.193 - - [16/Jun/2025:11:49:18 -0400] "GET /manga/re-monster-chapter-51/ HTTP/1.1" 200 0 "-" "WP Rocket/Preload Mozilla/5.0 (iPhone; CPU iPhone OS 9_1 like Mac OS X) AppleWebKit/601.1.46 (KHTML, like Gecko) Version/9.0 Mobile/13B143 Safari/601.1"
162.0.232.193 - - [16/Jun/2025:11:49:20 -0400] "GET /manga/re-monster-chapter-37/ HTTP/1.1" 200 0 "-" "WP Rocket/Preload"
162.0.232.193 - - [16/Jun/2025:11:49:21 -0400] "GET /manga/re-monster-chapter-37/ HTTP/1.1" 200 0 "-" "WP Rocket/Preload Mozilla/5.0 (iPhone; CPU iPhone OS 9_1 like Mac OS X) AppleWebKit/601.1.46 (KHTML, like Gecko) Version/9.0 Mobile/13B143 Safari/601.1"
162.0.232.193 - - [16/Jun/2025:11:49:23 -0400] "GET /manga/re-monster-chapter-24/ HTTP/1.1" 200 0 "-" "WP Rocket/Preload"
162.0.232.193 - - [16/Jun/2025:11:49:24 -0400] "GET /manga/re-monster-chapter-24/ HTTP/1.1" 200 17733 "-" "WP Rocket/Preload Mozilla/5.0 (iPhone; CPU iPhone OS 9_1 like Mac OS X) AppleWebKit/601.1.46 (KHTML, like Gecko) Version/9.0 Mobile/13B143 Safari/601.1"
162.0.232.193 - - [16/Jun/2025:11:49:25 -0400] "GET /manga/re-monster-chapter-19/ HTTP/1.1" 200 0 "-" "WP Rocket/Preload"
162.0.232.193 - - [16/Jun/2025:11:49:27 -0400] "GET /manga/re-monster-chapter-19/ HTTP/1.1" 200 0 "-" "WP Rocket/Preload Mozilla/5.0 (iPhone; CPU iPhone OS 9_1 like Mac OS X) AppleWebKit/601.1.46 (KHTML, like Gecko) Version/9.0 Mobile/13B143 Safari/601.1"
162.0.232.193 - - [16/Jun/2025:11:49:29 -0400] "GET /manga/re-monster-chapter-21/ HTTP/1.1" 200 0 "-" "WP Rocket/Preload"
2a03:2880:f800:15:: - - [16/Jun/2025:11:49:29 -0400] "GET /shopdetail/54636718 HTTP/1.1" 301 0 "-" "meta-externalagent/1.1 (+https://developers.facebook.com/docs/sharing/webmasters/crawler)"
162.0.232.193 - - [16/Jun/2025:11:49:30 -0400] "GET /manga/re-monster-chapter-21/ HTTP/1.1" 200 0 "-" "WP Rocket/Preload Mozilla/5.0 (iPhone; CPU iPhone OS 9_1 like Mac OS X) AppleWebKit/601.1.46 (KHTML, like Gecko) Version/9.0 Mobile/13B143 Safari/601.1"
162.0.232.193 - - [16/Jun/2025:11:49:32 -0400] "POST /wp-cron.php?doing_wp_cron=1750088972.1505670547485351562500 HTTP/1.1" 200 0 "-" "WordPress/6.6.2; https://remonster.online"
162.0.232.193 - - [16/Jun/2025:11:49:34 -0400] "GET /manga/re-monster-chapter-69./ HTTP/1.1" 200 0 "-" "WP Rocket/Preload"
2a03:2880:f800:: - - [16/Jun/2025:11:49:35 -0400] "GET / HTTP/1.1" 200 10823 "-" "meta-externalagent/1.1 (+https://developers.facebook.com/docs/sharing/webmasters/crawler)"
162.0.232.193 - - [16/Jun/2025:11:49:36 -0400] "GET /manga/re-monster-chapter-69./ HTTP/1.1" 200 0 "-" "WP Rocket/Preload Mozilla/5.0 (iPhone; CPU iPhone OS 9_1 like Mac OS X) AppleWebKit/601.1.46 (KHTML, like Gecko) Version/9.0 Mobile/13B143 Safari/601.1"
2a03:2880:f800:7:: - - [16/Jun/2025:11:49:35 -0400] "GET /shopdetail/318657418 HTTP/1.1" 301 0 "-" "meta-externalagent/1.1 (+https://developers.facebook.com/docs/sharing/webmasters/crawler)"
2a03:2880:f800:1:: - - [16/Jun/2025:11:49:35 -0400] "GET /shopdetail/147529218 HTTP/1.1" 301 0 "-" "meta-externalagent/1.1 (+https://developers.facebook.com/docs/sharing/webmasters/crawler)"
162.0.232.193 - - [16/Jun/2025:11:49:37 -0400] "GET /manga/re-monster-chapter-43/ HTTP/1.1" 200 0 "-" "WP Rocket/Preload"
2a03:2880:f800:17:: - - [16/Jun/2025:11:49:38 -0400] "GET / HTTP/1.1" 200 10858 "-" "meta-externalagent/1.1 (+https://developers.facebook.com/docs/sharing/webmasters/crawler)"
2a03:2880:f800:1d:: - - [16/Jun/2025:11:49:38 -0400] "GET / HTTP/1.1" 200 10823 "-" "meta-externalagent/1.1 (+https://developers.facebook.com/docs/sharing/webmasters/crawler)"
162.0.232.193 - - [16/Jun/2025:11:49:39 -0400] "GET /manga/re-monster-chapter-43/ HTTP/1.1" 200 0 "-" "WP Rocket/Preload Mozilla/5.0 (iPhone; CPU iPhone OS 9_1 like Mac OS X) AppleWebKit/601.1.46 (KHTML, like Gecko) Version/9.0 Mobile/13B143 Safari/601.1"
162.0.232.193 - - [16/Jun/2025:11:49:41 -0400] "GET /manga/remonster-chapter-91/ HTTP/1.1" 200 14155 "-" "WP Rocket/Preload"
162.0.232.193 - - [16/Jun/2025:11:49:46 -0400] "GET /manga/remonster-chapter-91/ HTTP/1.1" 200 0 "-" "WP Rocket/Preload Mozilla/5.0 (iPhone; CPU iPhone OS 9_1 like Mac OS X) AppleWebKit/601.1.46 (KHTML, like Gecko) Version/9.0 Mobile/13B143 Safari/601.1"
162.0.232.193 - - [16/Jun/2025:11:49:47 -0400] "GET /manga/re-monster-chapter-73./ HTTP/1.1" 200 0 "-" "WP Rocket/Preload"
2a03:2880:f800:14:: - - [16/Jun/2025:11:49:48 -0400] "GET /shopdetail/283475318 HTTP/1.1" 301 0 "-" "meta-externalagent/1.1 (+https://developers.facebook.com/docs/sharing/webmasters/crawler)"
162.0.232.193 - - [16/Jun/2025:11:49:49 -0400] "GET /manga/re-monster-chapter-73./ HTTP/1.1" 200 0 "-" "WP Rocket/Preload Mozilla/5.0 (iPhone; CPU iPhone OS 9_1 like Mac OS X) AppleWebKit/601.1.46 (KHTML, like Gecko) Version/9.0 Mobile/13B143 Safari/601.1"
178.51.50.212 - - [16/Jun/2025:11:51:35 -0400] "GET /manga/re-monster-chapter-27/ HTTP/1.1" 200 17309 "https://remonster.online/manga/re-monster-chapter-26/" "Mozilla/5.0 (Linux; Android 10; K) AppleWebKit/537.36 (KHTML, like Gecko) Chrome/137.0.0.0 Mobile Safari/537.36"
162.0.232.193 - - [16/Jun/2025:11:51:44 -0400] "POST /wp-cron.php?doing_wp_cron=1750089103.8374519348144531250000 HTTP/1.1" 200 0 "-" "WordPress/6.6.2; https://remonster.online"
2a03:2880:f800:18:: - - [16/Jun/2025:11:51:21 -0400] "GET /shopdetail/265071618 HTTP/1.1" 301 0 "-" "meta-externalagent/1.1 (+https://developers.facebook.com/docs/sharing/webmasters/crawler)"
2a03:2880:f800:5:: - - [16/Jun/2025:11:51:47 -0400] "GET / HTTP/1.1" 200 10823 "-" "meta-externalagent/1.1 (+https://developers.facebook.com/docs/sharing/webmasters/crawler)"
2a03:2880:f800:10:: - - [16/Jun/2025:11:51:50 -0400] "GET /shopdetail/254305618 HTTP/1.1" 301 0 "-" "meta-externalagent/1.1 (+https://developers.facebook.com/docs/sharing/webmasters/crawler)"
162.0.232.193 - - [16/Jun/2025:11:51:48 -0400] "GET /manga/remonster-chapter-104/ HTTP/1.1" 200 18541 "-" "WP Rocket/Preload"
2a03:2880:f800:b:: - - [16/Jun/2025:11:51:51 -0400] "GET /shopdetail/356098218 HTTP/1.1" 301 0 "-" "meta-externalagent/1.1 (+https://developers.facebook.com/docs/sharing/webmasters/crawler)"
2a03:2880:f800:c:: - - [16/Jun/2025:11:51:53 -0400] "GET / HTTP/1.1" 200 10823 "-" "meta-externalagent/1.1 (+https://developers.facebook.com/docs/sharing/webmasters/crawler)"
162.0.232.193 - - [16/Jun/2025:11:51:53 -0400] "GET /manga/remonster-chapter-104/ HTTP/1.1" 200 0 "-" "WP Rocket/Preload Mozilla/5.0 (iPhone; CPU iPhone OS 9_1 like Mac OS X) AppleWebKit/601.1.46 (KHTML, like Gecko) Version/9.0 Mobile/13B143 Safari/601.1"
2a03:2880:f800:e:: - - [16/Jun/2025:11:51:57 -0400] "GET / HTTP/1.1" 200 10823 "-" "meta-externalagent/1.1 (+https://developers.facebook.com/docs/sharing/webmasters/crawler)"
2a03:2880:f800:1a:: - - [16/Jun/2025:11:52:04 -0400] "GET /shopdetail/51546218 HTTP/1.1" 301 0 "-" "meta-externalagent/1.1 (+https://developers.facebook.com/docs/sharing/webmasters/crawler)"
2a03:2880:f800:2:: - - [16/Jun/2025:11:52:10 -0400] "GET /shopdetail/171922218 HTTP/1.1" 301 0 "-" "meta-externalagent/1.1 (+https://developers.facebook.com/docs/sharing/webmasters/crawler)"
2a03:2880:f800:8:: - - [16/Jun/2025:11:52:11 -0400] "GET /shopdetail/202312918 HTTP/1.1" 301 0 "-" "meta-externalagent/1.1 (+https://developers.facebook.com/docs/sharing/webmasters/crawler)"
66.249.79.230 - - [16/Jun/2025:11:52:11 -0400] "GET /info/palsies/348746280.phtml HTTP/1.1" 200 23847 "-" "Mozilla/5.0 (Linux; Android 6.0.1; Nexus 5X Build/MMB29P) AppleWebKit/537.36 (KHTML, like Gecko) Chrome/136.0.7103.113 Mobile Safari/537.36 (compatible; Googlebot/2.1; +http://www.google.com/bot.html)"
162.0.232.193 - - [16/Jun/2025:11:52:31 -0400] "POST /wp-cron.php?doing_wp_cron=1750089150.9423520565032958984375 HTTP/1.1" 200 0 "-" "WordPress/6.6.2; https://remonster.online"
2a03:2880:f800:e:: - - [16/Jun/2025:11:52:29 -0400] "GET /shopdetail/215099218 HTTP/1.1" 301 0 "-" "meta-externalagent/1.1 (+https://developers.facebook.com/docs/sharing/webmasters/crawler)"
162.0.232.193 - - [16/Jun/2025:11:52:34 -0400] "GET /manga/remonster-chapter-81/ HTTP/1.1" 200 0 "-" "WP Rocket/Preload"
162.0.232.193 - - [16/Jun/2025:11:52:36 -0400] "GET /manga/remonster-chapter-81/ HTTP/1.1" 200 0 "-" "WP Rocket/Preload Mozilla/5.0 (iPhone; CPU iPhone OS 9_1 like Mac OS X) AppleWebKit/601.1.46 (KHTML, like Gecko) Version/9.0 Mobile/13B143 Safari/601.1"
162.0.232.193 - - [16/Jun/2025:11:52:37 -0400] "GET /manga/re-monster-chapter-67/ HTTP/1.1" 200 0 "-" "WP Rocket/Preload"
162.0.232.193 - - [16/Jun/2025:11:52:39 -0400] "GET /manga/re-monster-chapter-67/ HTTP/1.1" 200 0 "-" "WP Rocket/Preload Mozilla/5.0 (iPhone; CPU iPhone OS 9_1 like Mac OS X) AppleWebKit/601.1.46 (KHTML, like Gecko) Version/9.0 Mobile/13B143 Safari/601.1"
2a03:2880:f800:e:: - - [16/Jun/2025:11:52:40 -0400] "GET /shopdetail/134242518 HTTP/1.1" 301 0 "-" "meta-externalagent/1.1 (+https://developers.facebook.com/docs/sharing/webmasters/crawler)"
162.0.232.193 - - [16/Jun/2025:11:52:41 -0400] "GET /manga/re-monster-chapter-6:/ HTTP/1.1" 200 0 "-" "WP Rocket/Preload"
2a03:2880:f800:15:: - - [16/Jun/2025:11:52:40 -0400] "GET /shopdetail/368995418 HTTP/1.1" 301 0 "-" "meta-externalagent/1.1 (+https://developers.facebook.com/docs/sharing/webmasters/crawler)"
162.0.232.193 - - [16/Jun/2025:11:52:42 -0400] "GET /manga/re-monster-chapter-6:/ HTTP/1.1" 200 0 "-" "WP Rocket/Preload Mozilla/5.0 (iPhone; CPU iPhone OS 9_1 like Mac OS X) AppleWebKit/601.1.46 (KHTML, like Gecko) Version/9.0 Mobile/13B143 Safari/601.1"
2a03:2880:f800:6:: - - [16/Jun/2025:11:52:43 -0400] "GET /shopdetail/91330618 HTTP/1.1" 301 0 "-" "meta-externalagent/1.1 (+https://developers.facebook.com/docs/sharing/webmasters/crawler)"
162.0.232.193 - - [16/Jun/2025:11:52:44 -0400] "GET /manga/re-monster-chapter-72/ HTTP/1.1" 200 0 "-" "WP Rocket/Preload"
162.0.232.193 - - [16/Jun/2025:11:52:45 -0400] "GET /manga/re-monster-chapter-72/ HTTP/1.1" 200 0 "-" "WP Rocket/Preload Mozilla/5.0 (iPhone; CPU iPhone OS 9_1 like Mac OS X) AppleWebKit/601.1.46 (KHTML, like Gecko) Version/9.0 Mobile/13B143 Safari/601.1"
2a03:2880:f800:b:: - - [16/Jun/2025:11:52:46 -0400] "GET / HTTP/1.1" 200 10823 "-" "meta-externalagent/1.1 (+https://developers.facebook.com/docs/sharing/webmasters/crawler)"
162.0.232.193 - - [16/Jun/2025:11:52:47 -0400] "GET /manga/re-monster-chapter-63/ HTTP/1.1" 200 0 "-" "WP Rocket/Preload"
162.0.232.193 - - [16/Jun/2025:11:52:48 -0400] "GET /manga/re-monster-chapter-63/ HTTP/1.1" 200 0 "-" "WP Rocket/Preload Mozilla/5.0 (iPhone; CPU iPhone OS 9_1 like Mac OS X) AppleWebKit/601.1.46 (KHTML, like Gecko) Version/9.0 Mobile/13B143 Safari/601.1"
162.0.232.193 - - [16/Jun/2025:11:52:50 -0400] "GET /manga/re-monster-chapter-55/ HTTP/1.1" 200 17807 "-" "WP Rocket/Preload"
162.0.232.193 - - [16/Jun/2025:11:52:51 -0400] "GET /manga/re-monster-chapter-55/ HTTP/1.1" 200 0 "-" "WP Rocket/Preload Mozilla/5.0 (iPhone; CPU iPhone OS 9_1 like Mac OS X) AppleWebKit/601.1.46 (KHTML, like Gecko) Version/9.0 Mobile/13B143 Safari/601.1"
2600:100f:b110:8ef:6831:f5b4:441:a055 - - [16/Jun/2025:11:53:00 -0400] "GET /manga/remonster-chapter-80/ HTTP/1.1" 200 14380 "-" "Mozilla/5.0 (Linux; Android 10; K) AppleWebKit/537.36 (KHTML, like Gecko) Chrome/137.0.0.0 Mobile Safari/537.36"
2600:100f:b110:8ef:6831:f5b4:441:a055 - - [16/Jun/2025:11:53:01 -0400] "GET /wp-includes/js/jquery/jquery.min.js?ver=3.7.1 HTTP/1.1" 200 29744 "https://remonster.online/manga/remonster-chapter-80/" "Mozilla/5.0 (Linux; Android 10; K) AppleWebKit/537.36 (KHTML, like Gecko) Chrome/137.0.0.0 Mobile Safari/537.36"
2600:100f:b110:8ef:6831:f5b4:441:a055 - - [16/Jun/2025:11:53:01 -0400] "GET /wp-includes/js/jquery/jquery-migrate.min.js?ver=3.4.1 HTTP/1.1" 200 4678 "https://remonster.online/manga/remonster-chapter-80/" "Mozilla/5.0 (Linux; Android 10; K) AppleWebKit/537.36 (KHTML, like Gecko) Chrome/137.0.0.0 Mobile Safari/537.36"
2600:100f:b110:8ef:6831:f5b4:441:a055 - - [16/Jun/2025:11:53:01 -0400] "GET /wp-content/themes/toivo-lite/style.css?ver=1.2.0 HTTP/1.1" 200 13718 "https://remonster.online/manga/remonster-chapter-80/" "Mozilla/5.0 (Linux; Android 10; K) AppleWebKit/537.36 (KHTML, like Gecko) Chrome/137.0.0.0 Mobile Safari/537.36"
2600:100f:b110:8ef:6831:f5b4:441:a055 - - [16/Jun/2025:11:53:01 -0400] "GET /wp-content/plugins/simple-social-buttons/assets/fonts/ssb-icon.ttf?eahqa2 HTTP/1.1" 200 6624 "https://remonster.online/wp-content/plugins/simple-social-buttons/assets/css/front.css?ver=5.3.1" "Mozilla/5.0 (Linux; Android 10; K) AppleWebKit/537.36 (KHTML, like Gecko) Chrome/137.0.0.0 Mobile Safari/537.36"
2600:100f:b110:8ef:6831:f5b4:441:a055 - - [16/Jun/2025:11:53:01 -0400] "GET /wp-content/uploads/2021/11/CeDzRGZ-768x682.png HTTP/1.1" 200 1056180 "https://remonster.online/manga/remonster-chapter-80/" "Mozilla/5.0 (Linux; Android 10; K) AppleWebKit/537.36 (KHTML, like Gecko) Chrome/137.0.0.0 Mobile Safari/537.36"
2600:100f:b110:8ef:6831:f5b4:441:a055 - - [16/Jun/2025:11:53:02 -0400] "GET /wp-content/uploads/2021/11/cropped-CeDzRGZ-180x180.png HTTP/1.1" 200 60430 "https://remonster.online/manga/remonster-chapter-80/" "Mozilla/5.0 (Linux; Android 10; K) AppleWebKit/537.36 (KHTML, like Gecko) Chrome/137.0.0.0 Mobile Safari/537.36"
2600:100f:b110:8ef:6831:f5b4:441:a055 - - [16/Jun/2025:11:53:02 -0400] "GET /wp-content/uploads/2021/11/cropped-CeDzRGZ-192x192.png HTTP/1.1" 200 68304 "https://remonster.online/manga/remonster-chapter-80/" "Mozilla/5.0 (Linux; Android 10; K) AppleWebKit/537.36 (KHTML, like Gecko) Chrome/137.0.0.0 Mobile Safari/537.36"
2a03:2880:f800:1b:: - - [16/Jun/2025:11:53:01 -0400] "GET /shopdetail/286694318 HTTP/1.1" 301 0 "-" "meta-externalagent/1.1 (+https://developers.facebook.com/docs/sharing/webmasters/crawler)"
2600:100f:b110:8ef:6831:f5b4:441:a055 - - [16/Jun/2025:11:53:01 -0400] "POST /wp-admin/admin-ajax.php HTTP/1.1" 200 69 "https://remonster.online/manga/remonster-chapter-80/" "Mozilla/5.0 (Linux; Android 10; K) AppleWebKit/537.36 (KHTML, like Gecko) Chrome/137.0.0.0 Mobile Safari/537.36"
162.0.232.193 - - [16/Jun/2025:11:53:06 -0400] "POST /wp-admin/admin-ajax.php?action=as_async_request_queue_runner&nonce=8c43902f25 HTTP/1.1" 200 0 "-" "WordPress/6.6.2; https://remonster.online"
2a03:2880:f800:1c:: - - [16/Jun/2025:11:53:08 -0400] "GET /shopdetail/21136518 HTTP/1.1" 301 0 "-" "meta-externalagent/1.1 (+https://developers.facebook.com/docs/sharing/webmasters/crawler)"
4.227.36.63 - - [16/Jun/2025:11:53:12 -0400] "GET /robots.txt HTTP/1.1" 304 0 "-" "Mozilla/5.0 AppleWebKit/537.36 (KHTML, like Gecko; compatible; GPTBot/1.2; +https://openai.com/gptbot)"
162.0.232.193 - - [16/Jun/2025:11:53:08 -0400] "GET /manga/re-monster-chapter-41/ HTTP/1.1" 200 17654 "-" "WP Rocket/Preload"
162.0.232.193 - - [16/Jun/2025:11:53:13 -0400] "GET /manga/re-monster-chapter-41/ HTTP/1.1" 200 0 "-" "WP Rocket/Preload Mozilla/5.0 (iPhone; CPU iPhone OS 9_1 like Mac OS X) AppleWebKit/601.1.46 (KHTML, like Gecko) Version/9.0 Mobile/13B143 Safari/601.1"
54.225.0.213 - - [16/Jun/2025:11:53:14 -0400] "POST /wp-login.php HTTP/1.1" 200 1875 "-" "Mozilla/5.0"
162.0.232.193 - - [16/Jun/2025:11:53:20 -0400] "POST /wp-admin/admin-ajax.php?action=as_async_request_queue_runner&nonce=8c43902f25 HTTP/1.1" 200 0 "-" "WordPress/6.6.2; https://remonster.online"
162.0.232.193 - - [16/Jun/2025:11:53:21 -0400] "POST /wp-cron.php?doing_wp_cron=1750089201.1611809730529785156250 HTTP/1.1" 200 0 "-" "WordPress/6.6.2; https://remonster.online"
162.0.232.193 - - [16/Jun/2025:11:53:22 -0400] "GET /manga/re-monster-chapter-45/ HTTP/1.1" 200 0 "-" "WP Rocket/Preload"
162.0.232.193 - - [16/Jun/2025:11:53:23 -0400] "GET /manga/re-monster-chapter-45/ HTTP/1.1" 200 0 "-" "WP Rocket/Preload Mozilla/5.0 (iPhone; CPU iPhone OS 9_1 like Mac OS X) AppleWebKit/601.1.46 (KHTML, like Gecko) Version/9.0 Mobile/13B143 Safari/601.1"
162.0.232.193 - - [16/Jun/2025:11:53:25 -0400] "GET /manga/re-monster-chapter-7-/ HTTP/1.1" 200 0 "-" "WP Rocket/Preload"
162.0.232.193 - - [16/Jun/2025:11:53:26 -0400] "GET /manga/re-monster-chapter-7-/ HTTP/1.1" 200 0 "-" "WP Rocket/Preload Mozilla/5.0 (iPhone; CPU iPhone OS 9_1 like Mac OS X) AppleWebKit/601.1.46 (KHTML, like Gecko) Version/9.0 Mobile/13B143 Safari/601.1"
162.0.232.193 - - [16/Jun/2025:11:53:28 -0400] "GET /manga/re-monster-chapter-54./ HTTP/1.1" 200 0 "-" "WP Rocket/Preload"
2a03:2880:f800:13:: - - [16/Jun/2025:11:53:28 -0400] "GET /shopdetail/30731018 HTTP/1.1" 301 0 "-" "meta-externalagent/1.1 (+https://developers.facebook.com/docs/sharing/webmasters/crawler)"
162.0.232.193 - - [16/Jun/2025:11:53:29 -0400] "GET /manga/re-monster-chapter-54./ HTTP/1.1" 200 0 "-" "WP Rocket/Preload Mozilla/5.0 (iPhone; CPU iPhone OS 9_1 like Mac OS X) AppleWebKit/601.1.46 (KHTML, like Gecko) Version/9.0 Mobile/13B143 Safari/601.1"
2a03:2880:f800:15:: - - [16/Jun/2025:11:53:31 -0400] "GET / HTTP/1.1" 200 10858 "-" "meta-externalagent/1.1 (+https://developers.facebook.com/docs/sharing/webmasters/crawler)"
162.0.232.193 - - [16/Jun/2025:11:53:31 -0400] "GET /manga/re-monster-chapter-7./ HTTP/1.1" 200 0 "-" "WP Rocket/Preload"
162.0.232.193 - - [16/Jun/2025:11:53:32 -0400] "POST /wp-cron.php?doing_wp_cron=1750089212.7475790977478027343750 HTTP/1.1" 200 0 "-" "WordPress/6.6.2; https://remonster.online"
162.0.232.193 - - [16/Jun/2025:11:53:32 -0400] "GET /manga/re-monster-chapter-7./ HTTP/1.1" 200 0 "-" "WP Rocket/Preload Mozilla/5.0 (iPhone; CPU iPhone OS 9_1 like Mac OS X) AppleWebKit/601.1.46 (KHTML, like Gecko) Version/9.0 Mobile/13B143 Safari/601.1"
162.0.232.193 - - [16/Jun/2025:11:53:34 -0400] "GET /manga/re-monster-chapter-16/ HTTP/1.1" 200 17600 "-" "WP Rocket/Preload"
162.0.232.193 - - [16/Jun/2025:11:53:35 -0400] "GET /manga/re-monster-chapter-16/ HTTP/1.1" 200 0 "-" "WP Rocket/Preload Mozilla/5.0 (iPhone; CPU iPhone OS 9_1 like Mac OS X) AppleWebKit/601.1.46 (KHTML, like Gecko) Version/9.0 Mobile/13B143 Safari/601.1"
162.0.232.193 - - [16/Jun/2025:11:53:37 -0400] "GET /manga/re-monster-chapter-63./ HTTP/1.1" 200 0 "-" "WP Rocket/Preload"
162.0.232.193 - - [16/Jun/2025:11:53:38 -0400] "GET /manga/re-monster-chapter-63./ HTTP/1.1" 200 0 "-" "WP Rocket/Preload Mozilla/5.0 (iPhone; CPU iPhone OS 9_1 like Mac OS X) AppleWebKit/601.1.46 (KHTML, like Gecko) Version/9.0 Mobile/13B143 Safari/601.1"
162.0.232.193 - - [16/Jun/2025:11:53:40 -0400] "GET /manga/re-monster-chapter-7/ HTTP/1.1" 200 0 "-" "WP Rocket/Preload"
162.0.232.193 - - [16/Jun/2025:11:53:42 -0400] "GET /manga/re-monster-chapter-7/ HTTP/1.1" 200 0 "-" "WP Rocket/Preload Mozilla/5.0 (iPhone; CPU iPhone OS 9_1 like Mac OS X) AppleWebKit/601.1.46 (KHTML, like Gecko) Version/9.0 Mobile/13B143 Safari/601.1"
162.0.232.193 - - [16/Jun/2025:11:53:48 -0400] "POST /wp-admin/admin-ajax.php?action=as_async_request_queue_runner&nonce=8c43902f25 HTTP/1.1" 200 0 "-" "WordPress/6.6.2; https://remonster.online"
162.0.232.193 - - [16/Jun/2025:11:53:51 -0400] "GET /manga/remonster-chapter-99/ HTTP/1.1" 200 15924 "-" "WP Rocket/Preload"
162.0.232.193 - - [16/Jun/2025:11:53:52 -0400] "GET /manga/remonster-chapter-99/ HTTP/1.1" 200 0 "-" "WP Rocket/Preload Mozilla/5.0 (iPhone; CPU iPhone OS 9_1 like Mac OS X) AppleWebKit/601.1.46 (KHTML, like Gecko) Version/9.0 Mobile/13B143 Safari/601.1"
162.0.232.193 - - [16/Jun/2025:11:53:54 -0400] "GET /manga/remonster-chapter-98/ HTTP/1.1" 200 15070 "-" "WP Rocket/Preload"
162.0.232.193 - - [16/Jun/2025:11:53:55 -0400] "GET /manga/remonster-chapter-98/ HTTP/1.1" 200 0 "-" "WP Rocket/Preload Mozilla/5.0 (iPhone; CPU iPhone OS 9_1 like Mac OS X) AppleWebKit/601.1.46 (KHTML, like Gecko) Version/9.0 Mobile/13B143 Safari/601.1"
162.0.232.193 - - [16/Jun/2025:11:53:56 -0400] "GET /manga/re-monster-chapter-64/ HTTP/1.1" 200 0 "-" "WP Rocket/Preload"
162.0.232.193 - - [16/Jun/2025:11:53:58 -0400] "GET /manga/re-monster-chapter-64/ HTTP/1.1" 200 0 "-" "WP Rocket/Preload Mozilla/5.0 (iPhone; CPU iPhone OS 9_1 like Mac OS X) AppleWebKit/601.1.46 (KHTML, like Gecko) Version/9.0 Mobile/13B143 Safari/601.1"
162.0.232.193 - - [16/Jun/2025:11:54:00 -0400] "GET /manga/re-monster-chapter-53/ HTTP/1.1" 200 0 "-" "WP Rocket/Preload"
162.0.232.193 - - [16/Jun/2025:11:54:01 -0400] "GET /manga/re-monster-chapter-53/ HTTP/1.1" 200 0 "-" "WP Rocket/Preload Mozilla/5.0 (iPhone; CPU iPhone OS 9_1 like Mac OS X) AppleWebKit/601.1.46 (KHTML, like Gecko) Version/9.0 Mobile/13B143 Safari/601.1"
162.0.232.193 - - [16/Jun/2025:11:54:03 -0400] "GET /manga/re-monster-chapter-14/ HTTP/1.1" 200 0 "-" "WP Rocket/Preload"
162.0.232.193 - - [16/Jun/2025:11:54:04 -0400] "GET /manga/re-monster-chapter-14/ HTTP/1.1" 200 0 "-" "WP Rocket/Preload Mozilla/5.0 (iPhone; CPU iPhone OS 9_1 like Mac OS X) AppleWebKit/601.1.46 (KHTML, like Gecko) Version/9.0 Mobile/13B143 Safari/601.1"
162.0.232.193 - - [16/Jun/2025:11:54:06 -0400] "GET /manga/re-monster-chapter-15/ HTTP/1.1" 200 0 "-" "WP Rocket/Preload"
