66.249.79.236 - - [16/Jun/2025:08:51:55 -0400] "POST /get-message-notify HTTP/1.1" 200 24574 "https://remonster.online/detail/canonicals578986876.phtml" "Mozilla/5.0 (Linux; Android 6.0.1; Nexus 5X Build/MMB29P) AppleWebKit/537.36 (KHTML, like Gecko) Chrome/136.0.7103.113 Mobile Safari/537.36 (compatible; Googlebot/2.1; +http://www.google.com/bot.html)"
162.0.232.193 - - [16/Jun/2025:08:52:36 -0400] "POST /wp-cron.php?doing_wp_cron=1750078355.9977769851684570312500 HTTP/1.1" 200 0 "-" "WordPress/6.6.2; https://remonster.online"
2a03:2880:f800:1c:: - - [16/Jun/2025:08:52:35 -0400] "GET /shopdetail/394768918 HTTP/1.1" 301 0 "-" "meta-externalagent/1.1 (+https://developers.facebook.com/docs/sharing/webmasters/crawler)"
114.119.146.179 - - [16/Jun/2025:08:53:06 -0400] "GET /remonster-chapter-91/ HTTP/1.1" 200 12834 "https://remonster.online/remonster-chapter-92/" "Mozilla/5.0 (Linux; Android 7.0;) AppleWebKit/537.36 (KHTML, like Gecko) Mobile Safari/537.36 (compatible; PetalBot;+https://webmaster.petalsearch.com/site/petalbot)"
66.249.79.237 - - [16/Jun/2025:08:53:08 -0400] "GET /info/qi/through327415174.phtml HTTP/1.1" 200 24862 "-" "Mozilla/5.0 (Linux; Android 6.0.1; Nexus 5X Build/MMB29P) AppleWebKit/537.36 (KHTML, like Gecko) Chrome/136.0.7103.113 Mobile Safari/537.36 (compatible; Googlebot/2.1; +http://www.google.com/bot.html)"
66.249.79.238 - - [16/Jun/2025:08:53:12 -0400] "POST /get-message-notify HTTP/1.1" 200 24574 "https://remonster.online/info/qi/through327415174.phtml" "Mozilla/5.0 (Linux; Android 6.0.1; Nexus 5X Build/MMB29P) AppleWebKit/537.36 (KHTML, like Gecko) Chrome/136.0.7103.113 Mobile Safari/537.36 (compatible; Googlebot/2.1; +http://www.google.com/bot.html)"
186.122.9.199 - - [16/Jun/2025:08:53:39 -0400] "GET / HTTP/1.1" 200 10788 "https://search.brave.com/" "Mozilla/5.0 (Linux; Android 10; K) AppleWebKit/537.36 (KHTML, like Gecko) Chrome/137.0.0.0 Mobile Safari/537.36"
186.122.9.199 - - [16/Jun/2025:08:53:40 -0400] "GET /wp-content/plugins/simple-social-buttons/assets/js/front.js?ver=5.3.1 HTTP/1.1" 304 0 "https://remonster.online/" "Mozilla/5.0 (Linux; Android 10; K) AppleWebKit/537.36 (KHTML, like Gecko) Chrome/137.0.0.0 Mobile Safari/537.36"
186.122.9.199 - - [16/Jun/2025:08:53:40 -0400] "GET /wp-includes/js/jquery/jquery-migrate.min.js?ver=3.4.1 HTTP/1.1" 200 4678 "https://remonster.online/" "Mozilla/5.0 (Linux; Android 10; K) AppleWebKit/537.36 (KHTML, like Gecko) Chrome/137.0.0.0 Mobile Safari/537.36"
186.122.9.199 - - [16/Jun/2025:08:53:40 -0400] "GET /wp-content/uploads/2021/11/8168f-bSGoS-1260x1800.jpeg HTTP/1.1" 200 463933 "https://remonster.online/" "Mozilla/5.0 (Linux; Android 10; K) AppleWebKit/537.36 (KHTML, like Gecko) Chrome/137.0.0.0 Mobile Safari/537.36"
186.122.9.199 - - [16/Jun/2025:08:53:40 -0400] "GET /wp-content/uploads/2021/11/LN_v09_001.jpeg HTTP/1.1" 200 1105440 "https://remonster.online/" "Mozilla/5.0 (Linux; Android 10; K) AppleWebKit/537.36 (KHTML, like Gecko) Chrome/137.0.0.0 Mobile Safari/537.36"
186.122.9.199 - - [16/Jun/2025:08:53:40 -0400] "GET /wp-content/themes/toivo-lite/js/responsive-nav.min.js?ver=1.2.0 HTTP/1.1" 304 0 "https://remonster.online/" "Mozilla/5.0 (Linux; Android 10; K) AppleWebKit/537.36 (KHTML, like Gecko) Chrome/137.0.0.0 Mobile Safari/537.36"
66.249.79.236 - - [16/Jun/2025:08:54:01 -0400] "GET /shopping/zincographer/172597134.phtml HTTP/1.1" 200 24440 "-" "Mozilla/5.0 (Linux; Android 6.0.1; Nexus 5X Build/MMB29P) AppleWebKit/537.36 (KHTML, like Gecko) Chrome/136.0.7103.113 Mobile Safari/537.36 (compatible; Googlebot/2.1; +http://www.google.com/bot.html)"
2003:d8:9f4c:f000:ac1c:5c62:2e22:25bf - - [16/Jun/2025:08:54:11 -0400] "GET /manga/re-monster-chapter-55/ HTTP/1.1" 200 17450 "-" "Mozilla/5.0 (Linux; Android 10; K) AppleWebKit/537.36 (KHTML, like Gecko) Chrome/137.0.0.0 Mobile Safari/537.36"
66.249.79.229 - - [16/Jun/2025:08:54:53 -0400] "GET /shopbrand/z/fluxibleness/123255728.phtml HTTP/1.1" 200 23733 "-" "Mozilla/5.0 (Linux; Android 6.0.1; Nexus 5X Build/MMB29P) AppleWebKit/537.36 (KHTML, like Gecko) Chrome/136.0.7103.113 Mobile Safari/537.36 (compatible; Googlebot/2.1; +http://www.google.com/bot.html)"
66.249.79.229 - - [16/Jun/2025:08:54:54 -0400] "GET /info/wjs/nightless171219898.phtml HTTP/1.1" 200 24154 "-" "Mozilla/5.0 (Linux; Android 6.0.1; Nexus 5X Build/MMB29P) AppleWebKit/537.36 (KHTML, like Gecko) Chrome/136.0.7103.113 Mobile Safari/537.36 (compatible; Googlebot/2.1; +http://www.google.com/bot.html)"
66.249.79.229 - - [16/Jun/2025:08:54:55 -0400] "GET /shopping/cataphracted/97678414.phtml HTTP/1.1" 200 24298 "-" "Mozilla/5.0 (Linux; Android 6.0.1; Nexus 5X Build/MMB29P) AppleWebKit/537.36 (KHTML, like Gecko) Chrome/136.0.7103.113 Mobile Safari/537.36 (compatible; Googlebot/2.1; +http://www.google.com/bot.html)"
2a09:bac3:6e1e:e6e::170:11d - - [16/Jun/2025:08:55:00 -0400] "GET /manga/re-monster-chapter-36/ HTTP/1.1" 200 17937 "https://remonster.online/manga/re-monster-chapter-35/" "Mozilla/5.0 (iPhone; CPU iPhone OS 18_5 like Mac OS X) AppleWebKit/605.1.15 (KHTML, like Gecko) Version/18.5 Mobile/15E148 Safari/604.1"
162.0.232.193 - - [16/Jun/2025:08:55:02 -0400] "POST /wp-cron.php?doing_wp_cron=1750078502.7419130802154541015625 HTTP/1.1" 200 0 "-" "WordPress/6.6.2; https://remonster.online"
2a09:bac3:6e1e:e6e::170:11d - - [16/Jun/2025:08:55:01 -0400] "POST /wp-admin/admin-ajax.php HTTP/1.1" 200 69 "https://remonster.online/manga/re-monster-chapter-36/" "Mozilla/5.0 (iPhone; CPU iPhone OS 18_5 like Mac OS X) AppleWebKit/605.1.15 (KHTML, like Gecko) Version/18.5 Mobile/15E148 Safari/604.1"
66.249.79.230 - - [16/Jun/2025:08:55:07 -0400] "POST /get-message-notify HTTP/1.1" 200 24574 "https://remonster.online/info/wjs/nightless171219898.phtml" "Mozilla/5.0 (Linux; Android 6.0.1; Nexus 5X Build/MMB29P) AppleWebKit/537.36 (KHTML, like Gecko) Chrome/136.0.7103.113 Mobile Safari/537.36 (compatible; Googlebot/2.1; +http://www.google.com/bot.html)"
162.0.232.193 - - [16/Jun/2025:08:55:26 -0400] "POST /wp-cron.php?doing_wp_cron=1750078526.3431649208068847656250 HTTP/1.1" 200 0 "-" "WordPress/6.6.2; https://remonster.online"
2a03:2880:f800:17:: - - [16/Jun/2025:08:55:24 -0400] "GET /shopdetail/166797618 HTTP/1.1" 301 0 "-" "meta-externalagent/1.1 (+https://developers.facebook.com/docs/sharing/webmasters/crawler)"
2a03:2880:f800:11:: - - [16/Jun/2025:08:55:25 -0400] "GET /shopdetail/107090818 HTTP/1.1" 301 0 "-" "meta-externalagent/1.1 (+https://developers.facebook.com/docs/sharing/webmasters/crawler)"
162.0.232.193 - - [16/Jun/2025:08:55:34 -0400] "POST /wp-cron.php?doing_wp_cron=1750078533.9371969699859619140625 HTTP/1.1" 200 0 "-" "WordPress/6.6.2; https://remonster.online"
2a03:2880:f800:1d:: - - [16/Jun/2025:08:55:32 -0400] "GET /shopdetail/206575818 HTTP/1.1" 301 0 "-" "meta-externalagent/1.1 (+https://developers.facebook.com/docs/sharing/webmasters/crawler)"
135.235.152.100 - - [16/Jun/2025:08:55:50 -0400] "GET /wp-admin/css/ HTTP/1.1" 200 2847 "binance.com" "Mozilla/5.0 (Windows NT 10.0; Win64; x64) AppleWebKit/537.36 (KHTML, like Gecko) Chrome/90.0.4430.85 Safari/537.36"
135.235.152.100 - - [16/Jun/2025:08:55:56 -0400] "GET /wp-content/uploads/2025/06/ HTTP/1.1" 200 553 "binance.com" "Mozilla/5.0 (Windows NT 10.0; Win64; x64) AppleWebKit/537.36 (KHTML, like Gecko) Chrome/90.0.4430.85 Safari/537.36"
135.235.152.100 - - [16/Jun/2025:08:56:00 -0400] "GET /wp-content/uploads/2025/05/ HTTP/1.1" 200 553 "binance.com" "Mozilla/5.0 (Windows NT 10.0; Win64; x64) AppleWebKit/537.36 (KHTML, like Gecko) Chrome/90.0.4430.85 Safari/537.36"
135.235.152.100 - - [16/Jun/2025:08:56:05 -0400] "GET /wp-content/uploads/ HTTP/1.1" 200 1074 "binance.com" "Mozilla/5.0 (Windows NT 10.0; Win64; x64) AppleWebKit/537.36 (KHTML, like Gecko) Chrome/90.0.4430.85 Safari/537.36"
135.235.152.100 - - [16/Jun/2025:08:56:09 -0400] "GET /wp-content/upgrade/ HTTP/1.1" 200 545 "binance.com" "Mozilla/5.0 (Windows NT 10.0; Win64; x64) AppleWebKit/537.36 (KHTML, like Gecko) Chrome/90.0.4430.85 Safari/537.36"
135.235.152.100 - - [16/Jun/2025:08:56:13 -0400] "GET /wp-content/languages/ HTTP/1.1" 200 0 "binance.com" "Mozilla/5.0 (Windows NT 10.0; Win64; x64) AppleWebKit/537.36 (KHTML, like Gecko) Chrome/90.0.4430.85 Safari/537.36"
135.235.152.100 - - [16/Jun/2025:08:56:16 -0400] "GET /wp-admin/includes/ HTTP/1.1" 200 3551 "binance.com" "Mozilla/5.0 (Windows NT 10.0; Win64; x64) AppleWebKit/537.36 (KHTML, like Gecko) Chrome/90.0.4430.85 Safari/537.36"
135.235.152.100 - - [16/Jun/2025:08:56:21 -0400] "GET /wp-admin/includes/ HTTP/1.1" 200 3551 "binance.com" "Mozilla/5.0 (Windows NT 10.0; Win64; x64) AppleWebKit/537.36 (KHTML, like Gecko) Chrome/90.0.4430.85 Safari/537.36"
135.235.152.100 - - [16/Jun/2025:08:56:26 -0400] "GET /wp-admin/maint/ HTTP/1.1" 200 624 "binance.com" "Mozilla/5.0 (Windows NT 10.0; Win64; x64) AppleWebKit/537.36 (KHTML, like Gecko) Chrome/90.0.4430.85 Safari/537.36"
135.235.152.100 - - [16/Jun/2025:08:56:28 -0400] "GET /wp-admin/maint/ HTTP/1.1" 200 624 "binance.com" "Mozilla/5.0 (Windows NT 10.0; Win64; x64) AppleWebKit/537.36 (KHTML, like Gecko) Chrome/90.0.4430.85 Safari/537.36"
135.235.152.100 - - [16/Jun/2025:08:56:31 -0400] "GET /wp-admin/network/ HTTP/1.1" 403 1242 "binance.com" "Mozilla/5.0 (Windows NT 10.0; Win64; x64) AppleWebKit/537.36 (KHTML, like Gecko) Chrome/90.0.4430.85 Safari/537.36"
135.235.152.100 - - [16/Jun/2025:08:56:36 -0400] "GET /wp-admin/user/ HTTP/1.1" 403 1242 "binance.com" "Mozilla/5.0 (Windows NT 10.0; Win64; x64) AppleWebKit/537.36 (KHTML, like Gecko) Chrome/90.0.4430.85 Safari/537.36"
216.244.66.198 - - [16/Jun/2025:08:56:38 -0400] "GET /robots.txt HTTP/1.1" 304 0 "-" "Mozilla/5.0 (compatible; DotBot/1.2; +https://opensiteexplorer.org/dotbot; [email protected])"
66.249.79.231 - - [16/Jun/2025:08:56:39 -0400] "GET /detail/f/rocker171225868.phtml HTTP/1.1" 200 24431 "-" "Mozilla/5.0 (Linux; Android 6.0.1; Nexus 5X Build/MMB29P) AppleWebKit/537.36 (KHTML, like Gecko) Chrome/136.0.7103.113 Mobile Safari/537.36 (compatible; Googlebot/2.1; +http://www.google.com/bot.html)"
135.235.152.100 - - [16/Jun/2025:08:56:40 -0400] "GET /wp-admin/css/ HTTP/1.1" 200 2847 "binance.com" "Mozilla/5.0 (Windows NT 10.0; Win64; x64) AppleWebKit/537.36 (KHTML, like Gecko) Chrome/90.0.4430.85 Safari/537.36"
135.235.152.100 - - [16/Jun/2025:08:56:45 -0400] "GET /wp-admin/css/colors/ HTTP/1.1" 200 1156 "binance.com" "Mozilla/5.0 (Windows NT 10.0; Win64; x64) AppleWebKit/537.36 (KHTML, like Gecko) Chrome/90.0.4430.85 Safari/537.36"
135.235.152.100 - - [16/Jun/2025:08:56:51 -0400] "GET /wp-admin/css/colors/blue/ HTTP/1.1" 200 731 "binance.com" "Mozilla/5.0 (Windows NT 10.0; Win64; x64) AppleWebKit/537.36 (KHTML, like Gecko) Chrome/90.0.4430.85 Safari/537.36"
135.235.152.100 - - [16/Jun/2025:08:56:57 -0400] "GET /wp-admin/css/colors/coffee/ HTTP/1.1" 200 741 "binance.com" "Mozilla/5.0 (Windows NT 10.0; Win64; x64) AppleWebKit/537.36 (KHTML, like Gecko) Chrome/90.0.4430.85 Safari/537.36"
135.235.152.100 - - [16/Jun/2025:08:57:04 -0400] "GET /wp-admin/css/colors/ectoplasm/ HTTP/1.1" 200 729 "binance.com" "Mozilla/5.0 (Windows NT 10.0; Win64; x64) AppleWebKit/537.36 (KHTML, like Gecko) Chrome/90.0.4430.85 Safari/537.36"
135.235.152.100 - - [16/Jun/2025:08:57:09 -0400] "GET /wp-admin/css/colors/light/ HTTP/1.1" 200 736 "binance.com" "Mozilla/5.0 (Windows NT 10.0; Win64; x64) AppleWebKit/537.36 (KHTML, like Gecko) Chrome/90.0.4430.85 Safari/537.36"
135.235.152.100 - - [16/Jun/2025:08:57:12 -0400] "GET /wp-admin/css/colors/midnight/ HTTP/1.1" 200 743 "binance.com" "Mozilla/5.0 (Windows NT 10.0; Win64; x64) AppleWebKit/537.36 (KHTML, like Gecko) Chrome/90.0.4430.85 Safari/537.36"
135.235.152.100 - - [16/Jun/2025:08:57:16 -0400] "GET /wp-admin/css/colors/modern/ HTTP/1.1" 200 1079 "binance.com" "Mozilla/5.0 (Windows NT 10.0; Win64; x64) AppleWebKit/537.36 (KHTML, like Gecko) Chrome/90.0.4430.85 Safari/537.36"
135.235.152.100 - - [16/Jun/2025:08:57:23 -0400] "GET /wp-admin/css/colors/ocean/ HTTP/1.1" 200 736 "binance.com" "Mozilla/5.0 (Windows NT 10.0; Win64; x64) AppleWebKit/537.36 (KHTML, like Gecko) Chrome/90.0.4430.85 Safari/537.36"
162.0.232.193 - - [16/Jun/2025:08:57:31 -0400] "POST /wp-cron.php?doing_wp_cron=1750078650.9519569873809814453125 HTTP/1.1" 200 0 "-" "WordPress/6.6.2; https://remonster.online"
135.235.152.100 - - [16/Jun/2025:08:57:27 -0400] "GET /wp-admin/css/colors/sunrise/%20 HTTP/1.1" 302 0 "binance.com" "Mozilla/5.0 (Windows NT 10.0; Win64; x64) AppleWebKit/537.36 (KHTML, like Gecko) Chrome/90.0.4430.85 Safari/537.36"
66.249.79.231 - - [16/Jun/2025:08:57:32 -0400] "GET /goodscode/espier/171269322.phtml HTTP/1.1" 200 23662 "-" "Mozilla/5.0 (Linux; Android 6.0.1; Nexus 5X Build/MMB29P) AppleWebKit/537.36 (KHTML, like Gecko) Chrome/136.0.7103.113 Mobile Safari/537.36 (compatible; Googlebot/2.1; +http://www.google.com/bot.html)"
135.235.152.100 - - [16/Jun/2025:08:57:31 -0400] "GET /wp-login.php?redirect_to=https%3A%2F%2Fremonster.online%2Fwp-admin%2Fcss%2Fcolors%2Fsunrise%2F%2520&reauth=1 HTTP/1.1" 200 1758 "binance.com" "Mozilla/5.0 (Windows NT 10.0; Win64; x64) AppleWebKit/537.36 (KHTML, like Gecko) Chrome/90.0.4430.85 Safari/537.36"
66.249.79.231 - - [16/Jun/2025:08:57:35 -0400] "POST /get-message-notify HTTP/1.1" 200 24574 "https://remonster.online/goodscode/espier/171269322.phtml" "Mozilla/5.0 (Linux; Android 6.0.1; Nexus 5X Build/MMB29P) AppleWebKit/537.36 (KHTML, like Gecko) Chrome/136.0.7103.113 Mobile Safari/537.36 (compatible; Googlebot/2.1; +http://www.google.com/bot.html)"
135.235.152.100 - - [16/Jun/2025:08:57:40 -0400] "GET /wp-admin/images/ HTTP/1.1" 200 2421 "binance.com" "Mozilla/5.0 (Windows NT 10.0; Win64; x64) AppleWebKit/537.36 (KHTML, like Gecko) Chrome/90.0.4430.85 Safari/537.36"
135.235.152.100 - - [16/Jun/2025:08:57:45 -0400] "GET /wp-admin/js/ HTTP/1.1" 200 3199 "binance.com" "Mozilla/5.0 (Windows NT 10.0; Win64; x64) AppleWebKit/537.36 (KHTML, like Gecko) Chrome/90.0.4430.85 Safari/537.36"
66.249.79.230 - - [16/Jun/2025:08:57:46 -0400] "GET /ads.txt HTTP/1.1" 200 23644 "-" "Mozilla/5.0 (compatible; Googlebot/2.1; +http://www.google.com/bot.html)"
135.235.152.100 - - [16/Jun/2025:08:57:48 -0400] "GET /wp-admin/js/widgets/ HTTP/1.1" 200 1294 "binance.com" "Mozilla/5.0 (Windows NT 10.0; Win64; x64) AppleWebKit/537.36 (KHTML, like Gecko) Chrome/90.0.4430.85 Safari/537.36"
135.235.152.100 - - [16/Jun/2025:08:57:52 -0400] "GET /wp-includes/ HTTP/1.1" 200 7123 "binance.com" "Mozilla/5.0 (Windows NT 10.0; Win64; x64) AppleWebKit/537.36 (KHTML, like Gecko) Chrome/90.0.4430.85 Safari/537.36"
2a02:598:96:8a00::1200:124 - - [16/Jun/2025:08:57:51 -0400] "GET /sitemap-hot-2968995.xml HTTP/1.1" 200 10710 "-" "Mozilla/5.0 (compatible; SeznamBot/4.0; +https://o-seznam.cz/napoveda/vyhledavani/en/seznambot-crawler/)"
135.235.152.100 - - [16/Jun/2025:08:57:56 -0400] "GET /wp-includes/ HTTP/1.1" 200 7159 "binance.com" "Mozilla/5.0 (Windows NT 10.0; Win64; x64) AppleWebKit/537.36 (KHTML, like Gecko) Chrome/90.0.4430.85 Safari/537.36"
135.235.152.100 - - [16/Jun/2025:08:57:59 -0400] "GET /wp-includes/block-bindings.php HTTP/1.1" 403 1242 "binance.com" "Mozilla/5.0 (Windows NT 10.0; Win64; x64) AppleWebKit/537.36 (KHTML, like Gecko) Chrome/90.0.4430.85 Safari/537.36"
135.235.152.100 - - [16/Jun/2025:08:58:05 -0400] "GET /wp-includes/block-editor.php HTTP/1.1" 403 1242 "binance.com" "Mozilla/5.0 (Windows NT 10.0; Win64; x64) AppleWebKit/537.36 (KHTML, like Gecko) Chrome/90.0.4430.85 Safari/537.36"
135.235.152.100 - - [16/Jun/2025:08:58:11 -0400] "GET /wp-includes/block-template-utils.php HTTP/1.1" 403 1242 "binance.com" "Mozilla/5.0 (Windows NT 10.0; Win64; x64) AppleWebKit/537.36 (KHTML, like Gecko) Chrome/90.0.4430.85 Safari/537.36"
2a03:2880:f800:15:: - - [16/Jun/2025:08:58:13 -0400] "GET /shopdetail/351790918 HTTP/1.1" 301 0 "-" "meta-externalagent/1.1 (+https://developers.facebook.com/docs/sharing/webmasters/crawler)"
135.235.152.100 - - [16/Jun/2025:08:58:16 -0400] "GET /wp-includes/block-template.php HTTP/1.1" 403 1242 "binance.com" "Mozilla/5.0 (Windows NT 10.0; Win64; x64) AppleWebKit/537.36 (KHTML, like Gecko) Chrome/90.0.4430.85 Safari/537.36"
135.235.152.100 - - [16/Jun/2025:08:58:21 -0400] "GET /wp-includes/class-avif-info.php HTTP/1.1" 403 1242 "binance.com" "Mozilla/5.0 (Windows NT 10.0; Win64; x64) AppleWebKit/537.36 (KHTML, like Gecko) Chrome/90.0.4430.85 Safari/537.36"
162.0.232.193 - - [16/Jun/2025:08:58:28 -0400] "POST /wp-cron.php?doing_wp_cron=1750078708.5486199855804443359375 HTTP/1.1" 200 0 "-" "WordPress/6.6.2; https://remonster.online"
2a03:2880:f800:1b:: - - [16/Jun/2025:08:58:26 -0400] "GET /shopdetail/70148818 HTTP/1.1" 301 0 "-" "meta-externalagent/1.1 (+https://developers.facebook.com/docs/sharing/webmasters/crawler)"
66.249.79.230 - - [16/Jun/2025:08:58:38 -0400] "GET /manga/re-monster-chapter-45 HTTP/1.1" 200 24626 "-" "Mozilla/5.0 (Linux; Android 6.0.1; Nexus 5X Build/MMB29P) AppleWebKit/537.36 (KHTML, like Gecko) Chrome/136.0.7103.113 Mobile Safari/537.36 (compatible; Googlebot/2.1; +http://www.google.com/bot.html)"
135.235.152.100 - - [16/Jun/2025:08:58:41 -0400] "GET /wp-includes/class-wp-block-bindings-registry.php HTTP/1.1" 403 1242 "binance.com" "Mozilla/5.0 (Windows NT 10.0; Win64; x64) AppleWebKit/537.36 (KHTML, like Gecko) Chrome/90.0.4430.85 Safari/537.36"
66.249.79.231 - - [16/Jun/2025:08:58:42 -0400] "POST /get-message-notify HTTP/1.1" 200 24574 "https://remonster.online/manga/re-monster-chapter-45" "Mozilla/5.0 (Linux; Android 6.0.1; Nexus 5X Build/MMB29P) AppleWebKit/537.36 (KHTML, like Gecko) Chrome/136.0.7103.113 Mobile Safari/537.36 (compatible; Googlebot/2.1; +http://www.google.com/bot.html)"
135.235.152.100 - - [16/Jun/2025:08:58:48 -0400] "GET /wp-includes/class-wp-block-bindings-source.php HTTP/1.1" 403 1242 "binance.com" "Mozilla/5.0 (Windows NT 10.0; Win64; x64) AppleWebKit/537.36 (KHTML, like Gecko) Chrome/90.0.4430.85 Safari/537.36"
135.235.152.100 - - [16/Jun/2025:08:58:52 -0400] "GET /wp-includes/class-wp-block-editor-context.php HTTP/1.1" 403 1242 "binance.com" "Mozilla/5.0 (Windows NT 10.0; Win64; x64) AppleWebKit/537.36 (KHTML, like Gecko) Chrome/90.0.4430.85 Safari/537.36"
216.244.66.198 - - [16/Jun/2025:08:58:54 -0400] "GET /remonster-chapter-30-1/ HTTP/1.1" 200 12260 "-" "Mozilla/5.0 (compatible; DotBot/1.2; +https://opensiteexplorer.org/dotbot; [email protected])"
135.235.152.100 - - [16/Jun/2025:08:58:56 -0400] "GET /wp-includes/class-wp-block-parser-block.php HTTP/1.1" 403 1242 "binance.com" "Mozilla/5.0 (Windows NT 10.0; Win64; x64) AppleWebKit/537.36 (KHTML, like Gecko) Chrome/90.0.4430.85 Safari/537.36"
162.0.232.193 - - [16/Jun/2025:08:58:59 -0400] "POST /wp-cron.php?doing_wp_cron=1750078739.8764600753784179687500 HTTP/1.1" 200 0 "-" "WordPress/6.6.2; https://remonster.online"
135.235.152.100 - - [16/Jun/2025:08:59:00 -0400] "GET /wp-includes/class-wp-block-parser-frame.php HTTP/1.1" 403 1242 "binance.com" "Mozilla/5.0 (Windows NT 10.0; Win64; x64) AppleWebKit/537.36 (KHTML, like Gecko) Chrome/90.0.4430.85 Safari/537.36"
216.244.66.198 - - [16/Jun/2025:08:58:59 -0400] "GET /category/remonster-manga/page/12/ HTTP/1.1" 200 18293 "-" "Mozilla/5.0 (compatible; DotBot/1.2; +https://opensiteexplorer.org/dotbot; [email protected])"
135.235.152.100 - - [16/Jun/2025:08:59:05 -0400] "GET /wp-includes/class-wp-block-template.php HTTP/1.1" 403 1242 "binance.com" "Mozilla/5.0 (Windows NT 10.0; Win64; x64) AppleWebKit/537.36 (KHTML, like Gecko) Chrome/90.0.4430.85 Safari/537.36"
135.235.152.100 - - [16/Jun/2025:08:59:10 -0400] "GET /wp-includes/class-wp-classic-to-block-menu-converter.php HTTP/1.1" 403 1242 "binance.com" "Mozilla/5.0 (Windows NT 10.0; Win64; x64) AppleWebKit/537.36 (KHTML, like Gecko) Chrome/90.0.4430.85 Safari/537.36"
135.235.152.100 - - [16/Jun/2025:08:59:15 -0400] "GET /wp-includes/class-wp-dependencies.php HTTP/1.1" 403 1242 "binance.com" "Mozilla/5.0 (Windows NT 10.0; Win64; x64) AppleWebKit/537.36 (KHTML, like Gecko) Chrome/90.0.4430.85 Safari/537.36"
135.235.152.100 - - [16/Jun/2025:08:59:19 -0400] "GET /wp-includes/class-wp-duotone.php HTTP/1.1" 403 1242 "binance.com" "Mozilla/5.0 (Windows NT 10.0; Win64; x64) AppleWebKit/537.36 (KHTML, like Gecko) Chrome/90.0.4430.85 Safari/537.36"
135.235.152.100 - - [16/Jun/2025:08:59:23 -0400] "GET /wp-includes/class-wp-http.php HTTP/1.1" 403 1242 "binance.com" "Mozilla/5.0 (Windows NT 10.0; Win64; x64) AppleWebKit/537.36 (KHTML, like Gecko) Chrome/90.0.4430.85 Safari/537.36"
135.235.152.100 - - [16/Jun/2025:08:59:26 -0400] "GET /wp-includes/class-wp-navigation-fallback.php HTTP/1.1" 403 1242 "binance.com" "Mozilla/5.0 (Windows NT 10.0; Win64; x64) AppleWebKit/537.36 (KHTML, like Gecko) Chrome/90.0.4430.85 Safari/537.36"
135.235.152.100 - - [16/Jun/2025:08:59:30 -0400] "GET /wp-includes/class-wp-plugin-dependencies.php HTTP/1.1" 403 1242 "binance.com" "Mozilla/5.0 (Windows NT 10.0; Win64; x64) AppleWebKit/537.36 (KHTML, like Gecko) Chrome/90.0.4430.85 Safari/537.36"
135.235.152.100 - - [16/Jun/2025:08:59:34 -0400] "GET /wp-includes/class-wp-script-modules.php HTTP/1.1" 403 1242 "binance.com" "Mozilla/5.0 (Windows NT 10.0; Win64; x64) AppleWebKit/537.36 (KHTML, like Gecko) Chrome/90.0.4430.85 Safari/537.36"
135.235.152.100 - - [16/Jun/2025:08:59:38 -0400] "GET /wp-includes/class-wp-scripts.php HTTP/1.1" 403 1242 "binance.com" "Mozilla/5.0 (Windows NT 10.0; Win64; x64) AppleWebKit/537.36 (KHTML, like Gecko) Chrome/90.0.4430.85 Safari/537.36"
37.19.213.110 - - [16/Jun/2025:08:59:39 -0400] "GET / HTTP/1.1" 200 10788 "-" "Mozilla/5.0 (iPhone; CPU iPhone OS 18_5 like Mac OS X) AppleWebKit/605.1.15 (KHTML, like Gecko) Version/18.5 Mobile/15E148 Safari/604.1"
135.235.152.100 - - [16/Jun/2025:08:59:42 -0400] "GET /wp-includes/class-wp-styles.php HTTP/1.1" 403 1242 "binance.com" "Mozilla/5.0 (Windows NT 10.0; Win64; x64) AppleWebKit/537.36 (KHTML, like Gecko) Chrome/90.0.4430.85 Safari/537.36"
216.244.66.198 - - [16/Jun/2025:08:59:44 -0400] "GET /tag/remonster-chapter-104-manga-scan/ HTTP/1.1" 301 0 "-" "Mozilla/5.0 (compatible; DotBot/1.2; +https://opensiteexplorer.org/dotbot; [email protected])"
162.0.232.193 - - [16/Jun/2025:08:59:46 -0400] "POST /wp-cron.php?doing_wp_cron=1750078786.2147231101989746093750 HTTP/1.1" 200 0 "-" "WordPress/6.6.2; https://remonster.online"
2a03:2880:f800:8:: - - [16/Jun/2025:08:59:45 -0400] "GET /shopdetail/373139718 HTTP/1.1" 301 0 "-" "meta-externalagent/1.1 (+https://developers.facebook.com/docs/sharing/webmasters/crawler)"
135.235.152.100 - - [16/Jun/2025:08:59:46 -0400] "GET /wp-includes/class-wp-textdomain-registry.php HTTP/1.1" 403 1242 "binance.com" "Mozilla/5.0 (Windows NT 10.0; Win64; x64) AppleWebKit/537.36 (KHTML, like Gecko) Chrome/90.0.4430.85 Safari/537.36"
135.235.152.100 - - [16/Jun/2025:08:59:51 -0400] "GET /wp-includes/class-wp-theme-json-data.php HTTP/1.1" 403 1242 "binance.com" "Mozilla/5.0 (Windows NT 10.0; Win64; x64) AppleWebKit/537.36 (KHTML, like Gecko) Chrome/90.0.4430.85 Safari/537.36"
135.235.152.100 - - [16/Jun/2025:08:59:54 -0400] "GET /wp-includes/class-wp-theme-json-resolver.php HTTP/1.1" 403 1242 "binance.com" "Mozilla/5.0 (Windows NT 10.0; Win64; x64) AppleWebKit/537.36 (KHTML, like Gecko) Chrome/90.0.4430.85 Safari/537.36"
135.235.152.100 - - [16/Jun/2025:08:59:56 -0400] "GET /wp-includes/class-wp-theme-json-schema.php HTTP/1.1" 403 1242 "binance.com" "Mozilla/5.0 (Windows NT 10.0; Win64; x64) AppleWebKit/537.36 (KHTML, like Gecko) Chrome/90.0.4430.85 Safari/537.36"
135.235.152.100 - - [16/Jun/2025:08:59:59 -0400] "GET /wp-includes/class-wp-theme-json.php HTTP/1.1" 403 1242 "binance.com" "Mozilla/5.0 (Windows NT 10.0; Win64; x64) AppleWebKit/537.36 (KHTML, like Gecko) Chrome/90.0.4430.85 Safari/537.36"
135.235.152.100 - - [16/Jun/2025:09:00:02 -0400] "GET /wp-includes/class-wp-token-map.php HTTP/1.1" 403 1242 "binance.com" "Mozilla/5.0 (Windows NT 10.0; Win64; x64) AppleWebKit/537.36 (KHTML, like Gecko) Chrome/90.0.4430.85 Safari/537.36"
135.235.152.100 - - [16/Jun/2025:09:00:06 -0400] "GET /wp-includes/class-wpdb.php HTTP/1.1" 403 1242 "binance.com" "Mozilla/5.0 (Windows NT 10.0; Win64; x64) AppleWebKit/537.36 (KHTML, like Gecko) Chrome/90.0.4430.85 Safari/537.36"
135.235.152.100 - - [16/Jun/2025:09:00:09 -0400] "GET /wp-includes/fonts.php HTTP/1.1" 403 1242 "binance.com" "Mozilla/5.0 (Windows NT 10.0; Win64; x64) AppleWebKit/537.36 (KHTML, like Gecko) Chrome/90.0.4430.85 Safari/537.36"
135.235.152.100 - - [16/Jun/2025:09:00:14 -0400] "GET /wp-includes/global-styles-and-settings.php HTTP/1.1" 403 1242 "binance.com" "Mozilla/5.0 (Windows NT 10.0; Win64; x64) AppleWebKit/537.36 (KHTML, like Gecko) Chrome/90.0.4430.85 Safari/537.36"
135.235.152.100 - - [16/Jun/2025:09:00:17 -0400] "GET /wp-includes/https-detection.php HTTP/1.1" 403 1242 "binance.com" "Mozilla/5.0 (Windows NT 10.0; Win64; x64) AppleWebKit/537.36 (KHTML, like Gecko) Chrome/90.0.4430.85 Safari/537.36"
135.235.152.100 - - [16/Jun/2025:09:00:21 -0400] "GET /wp-includes/https-migration.php HTTP/1.1" 403 1242 "binance.com" "Mozilla/5.0 (Windows NT 10.0; Win64; x64) AppleWebKit/537.36 (KHTML, like Gecko) Chrome/90.0.4430.85 Safari/537.36"
135.235.152.100 - - [16/Jun/2025:09:00:23 -0400] "GET /wp-includes/robots-template.php HTTP/1.1" 403 1242 "binance.com" "Mozilla/5.0 (Windows NT 10.0; Win64; x64) AppleWebKit/537.36 (KHTML, like Gecko) Chrome/90.0.4430.85 Safari/537.36"
135.235.152.100 - - [16/Jun/2025:09:00:25 -0400] "GET /wp-includes/script-modules.php HTTP/1.1" 403 1242 "binance.com" "Mozilla/5.0 (Windows NT 10.0; Win64; x64) AppleWebKit/537.36 (KHTML, like Gecko) Chrome/90.0.4430.85 Safari/537.36"
66.249.79.231 - - [16/Jun/2025:09:00:22 -0400] "GET /manga/re-monster-chapter-72/ HTTP/1.1" 200 23964 "-" "Mozilla/5.0 (Linux; Android 6.0.1; Nexus 5X Build/MMB29P) AppleWebKit/537.36 (KHTML, like Gecko) Chrome/136.0.7103.113 Mobile Safari/537.36 (compatible; Googlebot/2.1; +http://www.google.com/bot.html)"
66.249.79.230 - - [16/Jun/2025:09:00:30 -0400] "GET /special/f/imputed2050835344.phtml HTTP/1.1" 200 24798 "-" "Mozilla/5.0 (Linux; Android 6.0.1; Nexus 5X Build/MMB29P) AppleWebKit/537.36 (KHTML, like Gecko) Chrome/136.0.7103.113 Mobile Safari/537.36 (compatible; Googlebot/2.1; +http://www.google.com/bot.html)"
135.235.152.100 - - [16/Jun/2025:09:00:39 -0400] "GET /wp-includes/style-engine.php HTTP/1.1" 403 1242 "binance.com" "Mozilla/5.0 (Windows NT 10.0; Win64; x64) AppleWebKit/537.36 (KHTML, like Gecko) Chrome/90.0.4430.85 Safari/537.36"
66.249.79.229 - - [16/Jun/2025:09:00:37 -0400] "GET /special312191960.phtml HTTP/1.1" 200 25777 "-" "Mozilla/5.0 (Linux; Android 6.0.1; Nexus 5X Build/MMB29P) AppleWebKit/537.36 (KHTML, like Gecko) Chrome/136.0.7103.113 Mobile Safari/537.36 (compatible; Googlebot/2.1; +http://www.google.com/bot.html)"
135.235.152.100 - - [16/Jun/2025:09:00:45 -0400] "GET /wp-includes/template-canvas.php HTTP/1.1" 403 1242 "binance.com" "Mozilla/5.0 (Windows NT 10.0; Win64; x64) AppleWebKit/537.36 (KHTML, like Gecko) Chrome/90.0.4430.85 Safari/537.36"
135.235.152.100 - - [16/Jun/2025:09:00:50 -0400] "GET /wp-includes/theme-previews.php HTTP/1.1" 403 1242 "binance.com" "Mozilla/5.0 (Windows NT 10.0; Win64; x64) AppleWebKit/537.36 (KHTML, like Gecko) Chrome/90.0.4430.85 Safari/537.36"
66.249.79.229 - - [16/Jun/2025:09:00:50 -0400] "GET /manga/remonster-chapter-105/%3E%3CDIV%3E%3CDIV%3E4265RcFk10nn%3CBR%3E%3CCENTER%3E%3CFONT%20COLOR=white%3E%E8%AA%AC%E6%98%8E%E6%96%87%E3%81%AB%E7%94%BB%E5%83%8F%E3%81%8C%E3%81%82%E3%82%8A%E3%81%BE%E3%81%99%E3%80%82%E7%B6%9A%E3%81%8D%E3%82%92%E3%81%BF%E3%82%8B%E3%82%92%E3%82%AF%E3%83%AA%E3%83%83%E3%82%AF%E3%81%97%E3%81%A6%E3%81%8F%E3%81%A0%E3%81%95%E3%81%84%E3%80%82%3C/FONT%3E%3CBR%3E%3CCENTER%3E%3CTABLE%3E%3CTR%3E%3CTD%3E%3CCENTER%3E%3CBR%3E%3CCENTER%3E%3CTABLE%20BORDER=1%20CELLPADDING=10%3E%3CTR%3E%3CTD%20ALIGN=center%20BGCOLOR=pink%3E%3CB%3E%E6%98%A5%3C/B%3E%3C/TD%3E%3CTD%20ALIGN=center%20BGCOLOR=deepskyblue%3E%3CB%3E%E5%A4%8F%3C/B%3E%3C/TD%3E%3CTD%20ALIGN=center%20BGCOLOR=chocolate%3E%3CB%3E%E7%A7%8B%3C/B%3E%3C/TD%3E%3CTD%20ALIGN=center%3E%3CB%3E%E5%86%AC%3C/B%3E%3C/TD%3E%3C/TR%3E%3C/CENTER%3E%20%20%20%20%3C/div%3E%20%20%20%20%3Cdiv%20class= HTTP/1.1" 200 24650 "-" "Googlebot-Image/1.0"
135.235.152.100 - - [16/Jun/2025:09:00:54 -0400] "GET /wp-includes/theme-templates.php HTTP/1.1" 403 1242 "binance.com" "Mozilla/5.0 (Windows NT 10.0; Win64; x64) AppleWebKit/537.36 (KHTML, like Gecko) Chrome/90.0.4430.85 Safari/537.36"
135.235.152.100 - - [16/Jun/2025:09:00:58 -0400] "GET /wp-includes/ID3/ HTTP/1.1" 200 1363 "binance.com" "Mozilla/5.0 (Windows NT 10.0; Win64; x64) AppleWebKit/537.36 (KHTML, like Gecko) Chrome/90.0.4430.85 Safari/537.36"
135.235.152.100 - - [16/Jun/2025:09:01:08 -0400] "GET /wp-includes/ID3/ HTTP/1.1" 200 1363 "binance.com" "Mozilla/5.0 (Windows NT 10.0; Win64; x64) AppleWebKit/537.36 (KHTML, like Gecko) Chrome/90.0.4430.85 Safari/537.36"
135.235.152.100 - - [16/Jun/2025:09:01:13 -0400] "GET /wp-includes/IXR/ HTTP/1.1" 200 1226 "binance.com" "Mozilla/5.0 (Windows NT 10.0; Win64; x64) AppleWebKit/537.36 (KHTML, like Gecko) Chrome/90.0.4430.85 Safari/537.36"
135.235.152.100 - - [16/Jun/2025:09:01:18 -0400] "GET /wp-includes/IXR/ HTTP/1.1" 200 1226 "binance.com" "Mozilla/5.0 (Windows NT 10.0; Win64; x64) AppleWebKit/537.36 (KHTML, like Gecko) Chrome/90.0.4430.85 Safari/537.36"
135.235.152.100 - - [16/Jun/2025:09:01:21 -0400] "GET /wp-includes/PHPMailer/ HTTP/1.1" 200 710 "binance.com" "Mozilla/5.0 (Windows NT 10.0; Win64; x64) AppleWebKit/537.36 (KHTML, like Gecko) Chrome/90.0.4430.85 Safari/537.36"
135.235.152.100 - - [16/Jun/2025:09:01:24 -0400] "GET /wp-includes/PHPMailer/ HTTP/1.1" 200 710 "binance.com" "Mozilla/5.0 (Windows NT 10.0; Win64; x64) AppleWebKit/537.36 (KHTML, like Gecko) Chrome/90.0.4430.85 Safari/537.36"
135.235.152.100 - - [16/Jun/2025:09:01:27 -0400] "GET /wp-includes/Text/ HTTP/1.1" 200 685 "binance.com" "Mozilla/5.0 (Windows NT 10.0; Win64; x64) AppleWebKit/537.36 (KHTML, like Gecko) Chrome/90.0.4430.85 Safari/537.36"
135.235.152.100 - - [16/Jun/2025:09:01:29 -0400] "GET /wp-includes/Text/ HTTP/1.1" 200 685 "binance.com" "Mozilla/5.0 (Windows NT 10.0; Win64; x64) AppleWebKit/537.36 (KHTML, like Gecko) Chrome/90.0.4430.85 Safari/537.36"
135.235.152.100 - - [16/Jun/2025:09:01:31 -0400] "GET /wp-includes/Text/Diff/ HTTP/1.1" 200 702 "binance.com" "Mozilla/5.0 (Windows NT 10.0; Win64; x64) AppleWebKit/537.36 (KHTML, like Gecko) Chrome/90.0.4430.85 Safari/537.36"
66.249.79.231 - - [16/Jun/2025:09:01:31 -0400] "GET /manga/re-monster-chapter-3 HTTP/1.1" 200 24655 "-" "Mozilla/5.0 (Linux; Android 6.0.1; Nexus 5X Build/MMB29P) AppleWebKit/537.36 (KHTML, like Gecko) Chrome/136.0.7103.113 Mobile Safari/537.36 (compatible; Googlebot/2.1; +http://www.google.com/bot.html)"
135.235.152.100 - - [16/Jun/2025:09:01:35 -0400] "GET /wp-includes/Text/Diff/ HTTP/1.1" 200 702 "binance.com" "Mozilla/5.0 (Windows NT 10.0; Win64; x64) AppleWebKit/537.36 (KHTML, like Gecko) Chrome/90.0.4430.85 Safari/537.36"
135.235.152.100 - - [16/Jun/2025:09:01:39 -0400] "GET /wp-includes/Text/Diff/Engine/ HTTP/1.1" 200 760 "binance.com" "Mozilla/5.0 (Windows NT 10.0; Win64; x64) AppleWebKit/537.36 (KHTML, like Gecko) Chrome/90.0.4430.85 Safari/537.36"
135.235.152.100 - - [16/Jun/2025:09:01:42 -0400] "GET /wp-includes/Text/Diff/Engine/ HTTP/1.1" 200 760 "binance.com" "Mozilla/5.0 (Windows NT 10.0; Win64; x64) AppleWebKit/537.36 (KHTML, like Gecko) Chrome/90.0.4430.85 Safari/537.36"
2a03:2880:f800:b:: - - [16/Jun/2025:09:01:42 -0400] "GET /manga/re-monster-chapter-10/ HTTP/1.1" 200 17028 "-" "meta-externalagent/1.1 (+https://developers.facebook.com/docs/sharing/webmasters/crawler)"
135.235.152.100 - - [16/Jun/2025:09:01:47 -0400] "GET /wp-includes/Text/Diff/Renderer/ HTTP/1.1" 200 631 "binance.com" "Mozilla/5.0 (Windows NT 10.0; Win64; x64) AppleWebKit/537.36 (KHTML, like Gecko) Chrome/90.0.4430.85 Safari/537.36"
2600:4040:139d:1d00:cc09:a1c4:f869:618d - - [16/Jun/2025:09:01:47 -0400] "GET / HTTP/1.1" 200 10823 "-" "Mozilla/5.0 (Windows NT 10.0; Win64; x64) AppleWebKit/537.36 (KHTML, like Gecko) Chrome/122.0.0.0 Safari/537.36"
135.235.152.100 - - [16/Jun/2025:09:01:51 -0400] "GET /wp-includes/Text/Diff/Renderer/ HTTP/1.1" 200 631 "binance.com" "Mozilla/5.0 (Windows NT 10.0; Win64; x64) AppleWebKit/537.36 (KHTML, like Gecko) Chrome/90.0.4430.85 Safari/537.36"
135.235.152.100 - - [16/Jun/2025:09:01:56 -0400] "GET /wp-includes/blocks/ HTTP/1.1" 403 1242 "binance.com" "Mozilla/5.0 (Windows NT 10.0; Win64; x64) AppleWebKit/537.36 (KHTML, like Gecko) Chrome/90.0.4430.85 Safari/537.36"
135.235.152.100 - - [16/Jun/2025:09:02:01 -0400] "GET /wp-includes/pomo/ HTTP/1.1" 200 1057 "binance.com" "Mozilla/5.0 (Windows NT 10.0; Win64; x64) AppleWebKit/537.36 (KHTML, like Gecko) Chrome/90.0.4430.85 Safari/537.36"
135.235.152.100 - - [16/Jun/2025:09:02:06 -0400] "GET /wp-includes/pomo/ HTTP/1.1" 200 1057 "binance.com" "Mozilla/5.0 (Windows NT 10.0; Win64; x64) AppleWebKit/537.36 (KHTML, like Gecko) Chrome/90.0.4430.85 Safari/537.36"
135.235.152.100 - - [16/Jun/2025:09:02:10 -0400] "GET /wp-includes/sitemaps/ HTTP/1.1" 200 1138 "binance.com" "Mozilla/5.0 (Windows NT 10.0; Win64; x64) AppleWebKit/537.36 (KHTML, like Gecko) Chrome/90.0.4430.85 Safari/537.36"
135.235.152.100 - - [16/Jun/2025:09:02:13 -0400] "GET /wp-includes/sitemaps/ HTTP/1.1" 200 1138 "binance.com" "Mozilla/5.0 (Windows NT 10.0; Win64; x64) AppleWebKit/537.36 (KHTML, like Gecko) Chrome/90.0.4430.85 Safari/537.36"
135.235.152.100 - - [16/Jun/2025:09:02:16 -0400] "GET /wp-includes/sitemaps/providers/ HTTP/1.1" 200 762 "binance.com" "Mozilla/5.0 (Windows NT 10.0; Win64; x64) AppleWebKit/537.36 (KHTML, like Gecko) Chrome/90.0.4430.85 Safari/537.36"
135.235.152.100 - - [16/Jun/2025:09:02:18 -0400] "GET /wp-includes/sitemaps/providers/ HTTP/1.1" 200 762 "binance.com" "Mozilla/5.0 (Windows NT 10.0; Win64; x64) AppleWebKit/537.36 (KHTML, like Gecko) Chrome/90.0.4430.85 Safari/537.36"
135.235.152.100 - - [16/Jun/2025:09:02:21 -0400] "GET /wp-includes/widgets/ HTTP/1.1" 200 1498 "binance.com" "Mozilla/5.0 (Windows NT 10.0; Win64; x64) AppleWebKit/537.36 (KHTML, like Gecko) Chrome/90.0.4430.85 Safari/537.36"
135.235.152.100 - - [16/Jun/2025:09:02:24 -0400] "GET /wp-includes/widgets/ HTTP/1.1" 200 1498 "binance.com" "Mozilla/5.0 (Windows NT 10.0; Win64; x64) AppleWebKit/537.36 (KHTML, like Gecko) Chrome/90.0.4430.85 Safari/537.36"
66.249.79.229 - - [16/Jun/2025:09:02:24 -0400] "GET /remonster-chapter-100/ HTTP/1.1" 200 23942 "-" "Mozilla/5.0 (Linux; Android 6.0.1; Nexus 5X Build/MMB29P) AppleWebKit/537.36 (KHTML, like Gecko) Chrome/136.0.7103.113 Mobile Safari/537.36 (compatible; Googlebot/2.1; +http://www.google.com/bot.html)"
135.235.152.100 - - [16/Jun/2025:09:02:26 -0400] "GET /wp-includes/widgets/class-wp-widget-block.php HTTP/1.1" 403 1242 "binance.com" "Mozilla/5.0 (Windows NT 10.0; Win64; x64) AppleWebKit/537.36 (KHTML, like Gecko) Chrome/90.0.4430.85 Safari/537.36"
135.235.152.100 - - [16/Jun/2025:09:02:27 -0400] "GET /wp-includes/css/ HTTP/1.1" 200 1815 "binance.com" "Mozilla/5.0 (Windows NT 10.0; Win64; x64) AppleWebKit/537.36 (KHTML, like Gecko) Chrome/90.0.4430.85 Safari/537.36"
66.249.79.230 - - [16/Jun/2025:09:02:28 -0400] "GET /shopdetail/328804618 HTTP/1.1" 200 24463 "-" "Mozilla/5.0 (Linux; Android 6.0.1; Nexus 5X Build/MMB29P) AppleWebKit/537.36 (KHTML, like Gecko) Chrome/136.0.7103.113 Mobile Safari/537.36 (compatible; Googlebot/2.1; +http://www.google.com/bot.html)"
135.235.152.100 - - [16/Jun/2025:09:02:30 -0400] "GET /wp-includes/css/dist/ HTTP/1.1" 200 1168 "binance.com" "Mozilla/5.0 (Windows NT 10.0; Win64; x64) AppleWebKit/537.36 (KHTML, like Gecko) Chrome/90.0.4430.85 Safari/537.36"
162.0.232.193 - - [16/Jun/2025:09:02:32 -0400] "POST /wp-cron.php?doing_wp_cron=1750078951.9686360359191894531250 HTTP/1.1" 200 0 "-" "WordPress/6.6.2; https://remonster.online"
135.235.152.100 - - [16/Jun/2025:09:02:33 -0400] "GET /wp-includes/fonts/ HTTP/1.1" 200 1205 "binance.com" "Mozilla/5.0 (Windows NT 10.0; Win64; x64) AppleWebKit/537.36 (KHTML, like Gecko) Chrome/90.0.4430.85 Safari/537.36"
2a02:8084:2:ce00:dd23:60c0:bc9e:f21f - - [16/Jun/2025:09:02:22 -0400] "POST /wp-admin/admin-ajax.php HTTP/1.1" 200 69 "https://remonster.online/manga/re-monster-chapter-5/" "Mozilla/5.0 (Windows NT 10.0; Win64; x64) AppleWebKit/537.36 (KHTML, like Gecko) Chrome/137.0.0.0 Safari/537.36"
66.249.79.229 - - [16/Jun/2025:09:02:32 -0400] "POST /get-message-notify HTTP/1.1" 200 24574 "https://remonster.online/remonster-chapter-100/" "Mozilla/5.0 (Linux; Android 6.0.1; Nexus 5X Build/MMB29P) AppleWebKit/537.36 (KHTML, like Gecko) Chrome/136.0.7103.113 Mobile Safari/537.36 (compatible; Googlebot/2.1; +http://www.google.com/bot.html)"
135.235.152.100 - - [16/Jun/2025:09:02:35 -0400] "GET /wp-includes/fonts/ HTTP/1.1" 200 1205 "binance.com" "Mozilla/5.0 (Windows NT 10.0; Win64; x64) AppleWebKit/537.36 (KHTML, like Gecko) Chrome/90.0.4430.85 Safari/537.36"
135.235.152.100 - - [16/Jun/2025:09:02:37 -0400] "GET /wp-includes/fonts/class-wp-font-collection.php HTTP/1.1" 403 1242 "binance.com" "Mozilla/5.0 (Windows NT 10.0; Win64; x64) AppleWebKit/537.36 (KHTML, like Gecko) Chrome/90.0.4430.85 Safari/537.36"
135.235.152.100 - - [16/Jun/2025:09:02:39 -0400] "GET /wp-includes/fonts/class-wp-font-face-resolver.php HTTP/1.1" 403 1242 "binance.com" "Mozilla/5.0 (Windows NT 10.0; Win64; x64) AppleWebKit/537.36 (KHTML, like Gecko) Chrome/90.0.4430.85 Safari/537.36"
135.235.152.100 - - [16/Jun/2025:09:02:53 -0400] "GET /wp-includes/fonts/class-wp-font-face.php HTTP/1.1" 403 1242 "binance.com" "Mozilla/5.0 (Windows NT 10.0; Win64; x64) AppleWebKit/537.36 (KHTML, like Gecko) Chrome/90.0.4430.85 Safari/537.36"
135.235.152.100 - - [16/Jun/2025:09:02:58 -0400] "GET /wp-includes/fonts/class-wp-font-library.php HTTP/1.1" 403 1242 "binance.com" "Mozilla/5.0 (Windows NT 10.0; Win64; x64) AppleWebKit/537.36 (KHTML, like Gecko) Chrome/90.0.4430.85 Safari/537.36"
135.235.152.100 - - [16/Jun/2025:09:03:06 -0400] "GET /wp-includes/fonts/class-wp-font-utils.php HTTP/1.1" 403 1242 "binance.com" "Mozilla/5.0 (Windows NT 10.0; Win64; x64) AppleWebKit/537.36 (KHTML, like Gecko) Chrome/90.0.4430.85 Safari/537.36"
135.235.152.100 - - [16/Jun/2025:09:03:10 -0400] "GET /wp-includes/images/ HTTP/1.1" 200 1593 "binance.com" "Mozilla/5.0 (Windows NT 10.0; Win64; x64) AppleWebKit/537.36 (KHTML, like Gecko) Chrome/90.0.4430.85 Safari/537.36"
135.235.152.100 - - [16/Jun/2025:09:03:15 -0400] "GET /wp-includes/images/crystal/ HTTP/1.1" 200 1125 "binance.com" "Mozilla/5.0 (Windows NT 10.0; Win64; x64) AppleWebKit/537.36 (KHTML, like Gecko) Chrome/90.0.4430.85 Safari/537.36"
135.235.152.100 - - [16/Jun/2025:09:03:18 -0400] "GET /wp-includes/images/media/ HTTP/1.1" 200 1281 "binance.com" "Mozilla/5.0 (Windows NT 10.0; Win64; x64) AppleWebKit/537.36 (KHTML, like Gecko) Chrome/90.0.4430.85 Safari/537.36"
162.0.232.193 - - [16/Jun/2025:09:03:19 -0400] "POST /wp-cron.php?doing_wp_cron=1750078999.3368890285491943359375 HTTP/1.1" 200 0 "-" "WordPress/6.6.2; https://remonster.online"
2a03:2880:f800:b:: - - [16/Jun/2025:09:03:17 -0400] "GET /shopdetail/97069218 HTTP/1.1" 301 0 "-" "meta-externalagent/1.1 (+https://developers.facebook.com/docs/sharing/webmasters/crawler)"
66.249.79.229 - - [16/Jun/2025:09:03:21 -0400] "GET /goodscode/jager41352372.phtml HTTP/1.1" 200 24686 "-" "Mozilla/5.0 (Linux; Android 6.0.1; Nexus 5X Build/MMB29P) AppleWebKit/537.36 (KHTML, like Gecko) Chrome/136.0.7103.113 Mobile Safari/537.36 (compatible; Googlebot/2.1; +http://www.google.com/bot.html)"
2a03:2880:f800:14:: - - [16/Jun/2025:09:03:21 -0400] "GET / HTTP/1.1" 200 10823 "-" "meta-externalagent/1.1 (+https://developers.facebook.com/docs/sharing/webmasters/crawler)"
135.235.152.100 - - [16/Jun/2025:09:03:22 -0400] "GET /wp-includes/images/smilies/ HTTP/1.1" 200 1415 "binance.com" "Mozilla/5.0 (Windows NT 10.0; Win64; x64) AppleWebKit/537.36 (KHTML, like Gecko) Chrome/90.0.4430.85 Safari/537.36"
66.249.79.229 - - [16/Jun/2025:09:03:23 -0400] "POST /get-message-notify HTTP/1.1" 200 24574 "https://remonster.online/goodscode/jager41352372.phtml" "Mozilla/5.0 (Linux; Android 6.0.1; Nexus 5X Build/MMB29P) AppleWebKit/537.36 (KHTML, like Gecko) Chrome/136.0.7103.113 Mobile Safari/537.36 (compatible; Googlebot/2.1; +http://www.google.com/bot.html)"
66.249.79.229 - - [16/Jun/2025:09:03:28 -0400] "GET /shopdetail/416805418 HTTP/1.1" 200 24146 "-" "Mozilla/5.0 (Linux; Android 6.0.1; Nexus 5X Build/MMB29P) AppleWebKit/537.36 (KHTML, like Gecko) Chrome/136.0.7103.113 Mobile Safari/537.36 (compatible; Googlebot/2.1; +http://www.google.com/bot.html)"
162.0.232.193 - - [16/Jun/2025:09:03:38 -0400] "POST /wp-cron.php?doing_wp_cron=1750079018.6867799758911132812500 HTTP/1.1" 200 0 "-" "WordPress/6.6.2; https://remonster.online"
135.235.152.100 - - [16/Jun/2025:09:03:37 -0400] "GET /wp-includes/images/wlw/ HTTP/1.1" 301 0 "binance.com" "Mozilla/5.0 (Windows NT 10.0; Win64; x64) AppleWebKit/537.36 (KHTML, like Gecko) Chrome/90.0.4430.85 Safari/537.36"
135.235.152.100 - - [16/Jun/2025:09:03:39 -0400] "GET / HTTP/1.1" 200 10823 "binance.com" "Mozilla/5.0 (Windows NT 10.0; Win64; x64) AppleWebKit/537.36 (KHTML, like Gecko) Chrome/90.0.4430.85 Safari/537.36"
135.235.152.100 - - [16/Jun/2025:09:03:45 -0400] "GET /wp-includes/js/%20 HTTP/1.1" 301 0 "binance.com" "Mozilla/5.0 (Windows NT 10.0; Win64; x64) AppleWebKit/537.36 (KHTML, like Gecko) Chrome/90.0.4430.85 Safari/537.36"
135.235.152.100 - - [16/Jun/2025:09:03:47 -0400] "GET / HTTP/1.1" 200 10858 "binance.com" "Mozilla/5.0 (Windows NT 10.0; Win64; x64) AppleWebKit/537.36 (KHTML, like Gecko) Chrome/90.0.4430.85 Safari/537.36"
135.235.152.100 - - [16/Jun/2025:09:03:51 -0400] "GET /wp-includes/js/codemirror/ HTTP/1.1" 200 1107 "binance.com" "Mozilla/5.0 (Windows NT 10.0; Win64; x64) AppleWebKit/537.36 (KHTML, like Gecko) Chrome/90.0.4430.85 Safari/537.36"
2003:d8:9f4c:f000:ac1c:5c62:2e22:25bf - - [16/Jun/2025:09:03:54 -0400] "GET /manga/re-monster-chapter-56/ HTTP/1.1" 200 17379 "-" "Mozilla/5.0 (Linux; Android 10; K) AppleWebKit/537.36 (KHTML, like Gecko) Chrome/137.0.0.0 Mobile Safari/537.36"
2003:d8:9f4c:f000:ac1c:5c62:2e22:25bf - - [16/Jun/2025:09:03:54 -0400] "GET /tag/reincarnated-monster/ HTTP/1.1" 301 0 "-" "Mozilla/5.0 (Linux; Android 10; K) AppleWebKit/537.36 (KHTML, like Gecko) Chrome/137.0.0.0 Mobile Safari/537.36"
135.235.152.100 - - [16/Jun/2025:09:03:56 -0400] "GET /wp-includes/js/plupload/ HTTP/1.1" 200 1144 "binance.com" "Mozilla/5.0 (Windows NT 10.0; Win64; x64) AppleWebKit/537.36 (KHTML, like Gecko) Chrome/90.0.4430.85 Safari/537.36"
2a03:2880:f800:6:: - - [16/Jun/2025:09:03:57 -0400] "GET /shopdetail/302558618 HTTP/1.1" 301 0 "-" "meta-externalagent/1.1 (+https://developers.facebook.com/docs/sharing/webmasters/crawler)"
135.235.152.100 - - [16/Jun/2025:09:04:00 -0400] "GET /.well-known/ HTTP/1.1" 200 617 "binance.com" "Mozilla/5.0 (Windows NT 10.0; Win64; x64) AppleWebKit/537.36 (KHTML, like Gecko) Chrome/90.0.4430.85 Safari/537.36"
2a03:2880:f800:6:: - - [16/Jun/2025:09:04:01 -0400] "GET /shopdetail/321443718 HTTP/1.1" 301 0 "-" "meta-externalagent/1.1 (+https://developers.facebook.com/docs/sharing/webmasters/crawler)"
162.0.232.193 - - [16/Jun/2025:09:04:11 -0400] "POST /wp-cron.php?doing_wp_cron=1750079050.8659670352935791015625 HTTP/1.1" 200 0 "-" "WordPress/6.6.2; https://remonster.online"
2a03:2880:f800:1c:: - - [16/Jun/2025:09:04:10 -0400] "GET /shopdetail/344818718 HTTP/1.1" 301 0 "-" "meta-externalagent/1.1 (+https://developers.facebook.com/docs/sharing/webmasters/crawler)"
66.249.79.230 - - [16/Jun/2025:09:04:19 -0400] "GET /goods1214868908.phtml HTTP/1.1" 200 24781 "-" "Mozilla/5.0 (Linux; Android 6.0.1; Nexus 5X Build/MMB29P) AppleWebKit/537.36 (KHTML, like Gecko) Chrome/136.0.7103.113 Mobile Safari/537.36 (compatible; Googlebot/2.1; +http://www.google.com/bot.html)"
162.0.232.193 - - [16/Jun/2025:09:05:17 -0400] "POST /wp-cron.php?doing_wp_cron=1750079117.1449379920959472656250 HTTP/1.1" 200 0 "-" "WordPress/6.6.2; https://remonster.online"
2a03:2880:f800:16:: - - [16/Jun/2025:09:05:15 -0400] "GET /shopdetail/415735018 HTTP/1.1" 301 0 "-" "meta-externalagent/1.1 (+https://developers.facebook.com/docs/sharing/webmasters/crawler)"
2a03:2880:f800:1c:: - - [16/Jun/2025:09:05:19 -0400] "GET / HTTP/1.1" 200 10858 "-" "meta-externalagent/1.1 (+https://developers.facebook.com/docs/sharing/webmasters/crawler)"
66.249.79.230 - - [16/Jun/2025:09:05:30 -0400] "GET /product/wo/forwarder/43802422.phtml HTTP/1.1" 200 24023 "-" "Mozilla/5.0 (Linux; Android 6.0.1; Nexus 5X Build/MMB29P) AppleWebKit/537.36 (KHTML, like Gecko) Chrome/136.0.7103.113 Mobile Safari/537.36 (compatible; Googlebot/2.1; +http://www.google.com/bot.html)"
162.0.232.193 - - [16/Jun/2025:09:05:32 -0400] "POST /wp-cron.php?doing_wp_cron=1750079132.7415208816528320312500 HTTP/1.1" 200 0 "-" "WordPress/6.6.2; https://remonster.online"
2a03:2880:f800:: - - [16/Jun/2025:09:05:31 -0400] "GET /shopdetail/142003918 HTTP/1.1" 301 0 "-" "meta-externalagent/1.1 (+https://developers.facebook.com/docs/sharing/webmasters/crawler)"
162.0.232.193 - - [16/Jun/2025:09:06:20 -0400] "POST /wp-cron.php?doing_wp_cron=1750079180.2519180774688720703125 HTTP/1.1" 200 0 "-" "WordPress/6.6.2; https://remonster.online"
2a03:2880:f800:f:: - - [16/Jun/2025:09:06:18 -0400] "GET /shopdetail/207863518 HTTP/1.1" 301 0 "-" "meta-externalagent/1.1 (+https://developers.facebook.com/docs/sharing/webmasters/crawler)"
2a03:2880:f800:9:: - - [16/Jun/2025:09:06:24 -0400] "GET / HTTP/1.1" 200 10823 "-" "meta-externalagent/1.1 (+https://developers.facebook.com/docs/sharing/webmasters/crawler)"
66.249.79.230 - - [16/Jun/2025:09:06:41 -0400] "GET /shopping/e/toyingly171152250.phtml HTTP/1.1" 200 24897 "-" "Mozilla/5.0 (Linux; Android 6.0.1; Nexus 5X Build/MMB29P) AppleWebKit/537.36 (KHTML, like Gecko) Chrome/136.0.7103.113 Mobile Safari/537.36 (compatible; Googlebot/2.1; +http://www.google.com/bot.html)"
162.0.232.193 - - [16/Jun/2025:09:07:31 -0400] "POST /wp-cron.php?doing_wp_cron=1750079251.6475689411163330078125 HTTP/1.1" 200 0 "-" "WordPress/6.6.2; https://remonster.online"
2a03:2880:f800:8:: - - [16/Jun/2025:09:07:30 -0400] "GET /shopdetail/131396018 HTTP/1.1" 301 0 "-" "meta-externalagent/1.1 (+https://developers.facebook.com/docs/sharing/webmasters/crawler)"
2a03:2880:f800:4:: - - [16/Jun/2025:09:07:29 -0400] "GET /shopdetail/382479418 HTTP/1.1" 301 0 "-" "meta-externalagent/1.1 (+https://developers.facebook.com/docs/sharing/webmasters/crawler)"
2a03:2880:f800:1c:: - - [16/Jun/2025:09:07:38 -0400] "GET /shopdetail/79330918 HTTP/1.1" 301 0 "-" "meta-externalagent/1.1 (+https://developers.facebook.com/docs/sharing/webmasters/crawler)"
2a03:2880:f800:19:: - - [16/Jun/2025:09:07:41 -0400] "GET / HTTP/1.1" 200 10823 "-" "meta-externalagent/1.1 (+https://developers.facebook.com/docs/sharing/webmasters/crawler)"
66.249.79.229 - - [16/Jun/2025:09:07:52 -0400] "GET /goodscode/externalisation/171154946.phtml HTTP/1.1" 200 23910 "-" "Mozilla/5.0 (Linux; Android 6.0.1; Nexus 5X Build/MMB29P) AppleWebKit/537.36 (KHTML, like Gecko) Chrome/136.0.7103.113 Mobile Safari/537.36 (compatible; Googlebot/2.1; +http://www.google.com/bot.html)"
2a02:598:96:8a00::1200:124 - - [16/Jun/2025:09:07:54 -0400] "GET /sitemap-hot-2972995.xml HTTP/1.1" 200 10940 "-" "Mozilla/5.0 (compatible; SeznamBot/4.0; +https://o-seznam.cz/napoveda/vyhledavani/en/seznambot-crawler/)"
162.0.232.193 - - [16/Jun/2025:09:08:26 -0400] "POST /wp-cron.php?doing_wp_cron=1750079305.8445019721984863281250 HTTP/1.1" 200 0 "-" "WordPress/6.6.2; https://remonster.online"
2600:1702:a40:830:c090:a49e:4b1a:3023 - - [16/Jun/2025:09:08:25 -0400] "POST /wp-admin/admin-ajax.php HTTP/1.1" 200 69 "https://remonster.online/manga/re-monster-chapter-56/" "Mozilla/5.0 (iPhone; CPU iPhone OS 18_4_1 like Mac OS X) AppleWebKit/605.1.15 (KHTML, like Gecko) Version/18.4 Mobile/15E148 Safari/604.1"
66.249.79.231 - - [16/Jun/2025:09:08:38 -0400] "POST /get-message-notify HTTP/1.1" 200 24574 "https://remonster.online/?categories/111413242?num=89014" "Mozilla/5.0 (Linux; Android 6.0.1; Nexus 5X Build/MMB29P) AppleWebKit/537.36 (KHTML, like Gecko) Chrome/136.0.7103.113 Mobile Safari/537.36 (compatible; Googlebot/2.1; +http://www.google.com/bot.html)"
66.249.79.230 - - [16/Jun/2025:09:09:04 -0400] "GET /goods/p/sufficingly171286972.phtml HTTP/1.1" 200 23620 "-" "Mozilla/5.0 (Linux; Android 6.0.1; Nexus 5X Build/MMB29P) AppleWebKit/537.36 (KHTML, like Gecko) Chrome/136.0.7103.113 Mobile Safari/537.36 (compatible; Googlebot/2.1; +http://www.google.com/bot.html)"
162.0.232.193 - - [16/Jun/2025:09:09:24 -0400] "POST /wp-cron.php?doing_wp_cron=1750079364.3409121036529541015625 HTTP/1.1" 200 0 "-" "WordPress/6.6.2; https://remonster.online"
2a03:2880:f800:e:: - - [16/Jun/2025:09:09:22 -0400] "GET /shopdetail/204964018 HTTP/1.1" 301 0 "-" "meta-externalagent/1.1 (+https://developers.facebook.com/docs/sharing/webmasters/crawler)"
2a03:2880:f800:1b:: - - [16/Jun/2025:09:09:32 -0400] "GET /shopdetail/295463518 HTTP/1.1" 301 0 "-" "meta-externalagent/1.1 (+https://developers.facebook.com/docs/sharing/webmasters/crawler)"
162.0.232.193 - - [16/Jun/2025:09:09:34 -0400] "POST /wp-cron.php?doing_wp_cron=1750079373.8468320369720458984375 HTTP/1.1" 200 0 "-" "WordPress/6.6.2; https://remonster.online"
2a03:2880:f800:8:: - - [16/Jun/2025:09:09:32 -0400] "GET /shopdetail/235335518 HTTP/1.1" 301 0 "-" "meta-externalagent/1.1 (+https://developers.facebook.com/docs/sharing/webmasters/crawler)"
178.239.7.61 - - [16/Jun/2025:09:10:13 -0400] "GET /manga/re-monster-chapter-51/ HTTP/1.1" 200 17555 "https://remonster.online/manga/re-monster-chapter-50/" "Mozilla/5.0 (X11; Linux x86_64) AppleWebKit/537.36 (KHTML, like Gecko) SamsungBrowser/28.0 Chrome/130.0.0.0 Safari/537.36"
