2a03:2880:f800:13:: - - [16/Jun/2025:09:10:13 -0400] "GET /shopdetail/426172518 HTTP/1.1" 301 0 "-" "meta-externalagent/1.1 (+https://developers.facebook.com/docs/sharing/webmasters/crawler)"
178.239.7.61 - - [16/Jun/2025:09:10:14 -0400] "GET /wp-includes/js/jquery/jquery-migrate.min.js?ver=3.4.1 HTTP/1.1" 304 0 "https://remonster.online/manga/re-monster-chapter-51/" "Mozilla/5.0 (X11; Linux x86_64) AppleWebKit/537.36 (KHTML, like Gecko) SamsungBrowser/28.0 Chrome/130.0.0.0 Safari/537.36"
178.239.7.61 - - [16/Jun/2025:09:10:14 -0400] "GET /wp-content/plugins/wp-automatic/js/main-front.js?ver=6.6.2 HTTP/1.1" 304 0 "https://remonster.online/manga/re-monster-chapter-51/" "Mozilla/5.0 (X11; Linux x86_64) AppleWebKit/537.36 (KHTML, like Gecko) SamsungBrowser/28.0 Chrome/130.0.0.0 Safari/537.36"
178.239.7.61 - - [16/Jun/2025:09:10:14 -0400] "GET /wp-content/plugins/simple-social-buttons/assets/js/front.js?ver=5.3.1 HTTP/1.1" 304 0 "https://remonster.online/manga/re-monster-chapter-51/" "Mozilla/5.0 (X11; Linux x86_64) AppleWebKit/537.36 (KHTML, like Gecko) SamsungBrowser/28.0 Chrome/130.0.0.0 Safari/537.36"
2a03:2880:f800:15:: - - [16/Jun/2025:09:10:14 -0400] "GET /shopdetail/412334118 HTTP/1.1" 301 0 "-" "meta-externalagent/1.1 (+https://developers.facebook.com/docs/sharing/webmasters/crawler)"
178.239.7.61 - - [16/Jun/2025:09:10:15 -0400] "GET /wp-content/themes/toivo-lite/js/functions.min.js?ver=1.2.0 HTTP/1.1" 304 0 "https://remonster.online/manga/re-monster-chapter-51/" "Mozilla/5.0 (X11; Linux x86_64) AppleWebKit/537.36 (KHTML, like Gecko) SamsungBrowser/28.0 Chrome/130.0.0.0 Safari/537.36"
178.239.7.61 - - [16/Jun/2025:09:10:15 -0400] "GET /wp-includes/js/comment-reply.min.js?ver=6.6.2 HTTP/1.1" 304 0 "https://remonster.online/manga/re-monster-chapter-51/" "Mozilla/5.0 (X11; Linux x86_64) AppleWebKit/537.36 (KHTML, like Gecko) SamsungBrowser/28.0 Chrome/130.0.0.0 Safari/537.36"
178.239.7.61 - - [16/Jun/2025:09:10:15 -0400] "GET /wp-content/uploads/2021/11/CeDzRGZ-300x266.png HTTP/1.1" 200 144941 "https://remonster.online/manga/re-monster-chapter-51/" "Mozilla/5.0 (X11; Linux x86_64) AppleWebKit/537.36 (KHTML, like Gecko) SamsungBrowser/28.0 Chrome/130.0.0.0 Safari/537.36"
2a03:2880:f800:e:: - - [16/Jun/2025:09:10:15 -0400] "GET / HTTP/1.1" 200 10843 "-" "meta-externalagent/1.1 (+https://developers.facebook.com/docs/sharing/webmasters/crawler)"
66.249.79.231 - - [16/Jun/2025:09:10:15 -0400] "GET /items/eloquent/224576844.phtml HTTP/1.1" 200 24019 "-" "Mozilla/5.0 (Linux; Android 6.0.1; Nexus 5X Build/MMB29P) AppleWebKit/537.36 (KHTML, like Gecko) Chrome/136.0.7103.113 Mobile Safari/537.36 (compatible; Googlebot/2.1; +http://www.google.com/bot.html)"
162.0.232.193 - - [16/Jun/2025:09:10:22 -0400] "POST /wp-cron.php?doing_wp_cron=1750079421.9367439746856689453125 HTTP/1.1" 200 0 "-" "WordPress/6.6.2; https://remonster.online"
2a02:c207:2247:7448::1 - - [16/Jun/2025:09:10:20 -0400] "POST /wp-login.php HTTP/1.1" 200 1905 "https://remonster.online" "Mozilla/5.0 (Macintosh; Intel Mac OS X 10.15; rv:126.0) Gecko/20100101 Firefox/126.0"
2a03:2880:f800:1d:: - - [16/Jun/2025:09:10:25 -0400] "GET /shopdetail/40707718 HTTP/1.1" 301 0 "-" "meta-externalagent/1.1 (+https://developers.facebook.com/docs/sharing/webmasters/crawler)"
66.249.79.229 - - [16/Jun/2025:09:10:58 -0400] "POST /get-message-notify HTTP/1.1" 200 24574 "https://remonster.online/info81421856.phtml" "Mozilla/5.0 (Linux; Android 6.0.1; Nexus 5X Build/MMB29P) AppleWebKit/537.36 (KHTML, like Gecko) Chrome/136.0.7103.113 Mobile Safari/537.36 (compatible; Googlebot/2.1; +http://www.google.com/bot.html)"
2a02:8109:a28d:7600:3053:d5d4:21ab:b5fd - - [16/Jun/2025:09:11:12 -0400] "GET / HTTP/1.1" 200 10823 "https://search.brave.com/" "Mozilla/5.0 (Windows NT 10.0; Win64; x64) AppleWebKit/537.36 (KHTML, like Gecko) Chrome/137.0.0.0 Safari/537.36"
2a02:8109:a28d:7600:3053:d5d4:21ab:b5fd - - [16/Jun/2025:09:11:14 -0400] "GET /wp-content/uploads/2021/11/LN_v09_001-697x1024.jpeg HTTP/1.1" 200 214016 "https://remonster.online/" "Mozilla/5.0 (Windows NT 10.0; Win64; x64) AppleWebKit/537.36 (KHTML, like Gecko) Chrome/137.0.0.0 Safari/537.36"
2a02:8109:a28d:7600:3053:d5d4:21ab:b5fd - - [16/Jun/2025:09:11:14 -0400] "GET /wp-content/uploads/2021/11/8168f-bSGoS-717x1024.jpeg HTTP/1.1" 200 200846 "https://remonster.online/" "Mozilla/5.0 (Windows NT 10.0; Win64; x64) AppleWebKit/537.36 (KHTML, like Gecko) Chrome/137.0.0.0 Safari/537.36"
162.0.232.193 - - [16/Jun/2025:09:11:15 -0400] "POST /wp-cron.php?doing_wp_cron=1750079474.8523950576782226562500 HTTP/1.1" 200 0 "-" "WordPress/6.6.2; https://remonster.online"
2a03:2880:f800:7:: - - [16/Jun/2025:09:11:12 -0400] "GET /shopdetail/81698118 HTTP/1.1" 301 0 "-" "meta-externalagent/1.1 (+https://developers.facebook.com/docs/sharing/webmasters/crawler)"
2a03:2880:f800:d:: - - [16/Jun/2025:09:11:17 -0400] "GET / HTTP/1.1" 200 10823 "-" "meta-externalagent/1.1 (+https://developers.facebook.com/docs/sharing/webmasters/crawler)"
2a02:8109:a28d:7600:3053:d5d4:21ab:b5fd - - [16/Jun/2025:09:11:22 -0400] "GET /manga/re-monster-chapter-16/ HTTP/1.1" 200 17540 "-" "Mozilla/5.0 (Windows NT 10.0; Win64; x64) AppleWebKit/537.36 (KHTML, like Gecko) Chrome/137.0.0.0 Safari/537.36"
2a02:8109:a28d:7600:3053:d5d4:21ab:b5fd - - [16/Jun/2025:09:11:22 -0400] "GET /manga/re-monster-chapter-17/ HTTP/1.1" 200 17786 "-" "Mozilla/5.0 (Windows NT 10.0; Win64; x64) AppleWebKit/537.36 (KHTML, like Gecko) Chrome/137.0.0.0 Safari/537.36"
2a02:8109:a28d:7600:3053:d5d4:21ab:b5fd - - [16/Jun/2025:09:11:23 -0400] "GET /manga/re-monster-chapter-18/ HTTP/1.1" 200 18679 "-" "Mozilla/5.0 (Windows NT 10.0; Win64; x64) AppleWebKit/537.36 (KHTML, like Gecko) Chrome/137.0.0.0 Safari/537.36"
162.0.232.193 - - [16/Jun/2025:09:11:25 -0400] "POST /wp-cron.php?doing_wp_cron=1750079485.1461579799652099609375 HTTP/1.1" 200 0 "-" "WordPress/6.6.2; https://remonster.online"
2a02:8109:a28d:7600:3053:d5d4:21ab:b5fd - - [16/Jun/2025:09:11:23 -0400] "POST /wp-admin/admin-ajax.php HTTP/1.1" 200 69 "https://remonster.online/manga/re-monster-chapter-18/" "Mozilla/5.0 (Windows NT 10.0; Win64; x64) AppleWebKit/537.36 (KHTML, like Gecko) Chrome/137.0.0.0 Safari/537.36"
2a03:2880:f800:11:: - - [16/Jun/2025:09:11:25 -0400] "GET /shopdetail/328934018 HTTP/1.1" 301 0 "-" "meta-externalagent/1.1 (+https://developers.facebook.com/docs/sharing/webmasters/crawler)"
2a03:2880:f800:2:: - - [16/Jun/2025:09:11:26 -0400] "GET /shopdetail/264247918 HTTP/1.1" 301 0 "-" "meta-externalagent/1.1 (+https://developers.facebook.com/docs/sharing/webmasters/crawler)"
2a03:2880:f800:d:: - - [16/Jun/2025:09:11:28 -0400] "GET / HTTP/1.1" 200 10823 "-" "meta-externalagent/1.1 (+https://developers.facebook.com/docs/sharing/webmasters/crawler)"
2a03:2880:f800:3:: - - [16/Jun/2025:09:11:28 -0400] "GET / HTTP/1.1" 200 10823 "-" "meta-externalagent/1.1 (+https://developers.facebook.com/docs/sharing/webmasters/crawler)"
162.0.232.193 - - [16/Jun/2025:09:11:35 -0400] "POST /wp-cron.php?doing_wp_cron=1750079495.1836340427398681640625 HTTP/1.1" 200 0 "-" "WordPress/6.6.2; https://remonster.online"
2a03:2880:f800:1a:: - - [16/Jun/2025:09:11:34 -0400] "GET /shopdetail/7813418 HTTP/1.1" 301 0 "-" "meta-externalagent/1.1 (+https://developers.facebook.com/docs/sharing/webmasters/crawler)"
2a02:8109:a28d:7600:3053:d5d4:21ab:b5fd - - [16/Jun/2025:09:12:01 -0400] "GET /manga/re-monster-chapter-19/ HTTP/1.1" 200 18397 "-" "Mozilla/5.0 (Windows NT 10.0; Win64; x64) AppleWebKit/537.36 (KHTML, like Gecko) Chrome/137.0.0.0 Safari/537.36"
2a02:8109:a28d:7600:3053:d5d4:21ab:b5fd - - [16/Jun/2025:09:12:02 -0400] "GET /wp-content/plugins/wp-rocket/assets/js/wpr-beacon.min.js HTTP/1.1" 304 0 "https://remonster.online/manga/re-monster-chapter-19/" "Mozilla/5.0 (Windows NT 10.0; Win64; x64) AppleWebKit/537.36 (KHTML, like Gecko) Chrome/137.0.0.0 Safari/537.36"
2a03:2880:f800:19:: - - [16/Jun/2025:09:12:09 -0400] "GET /shopdetail/148287818 HTTP/1.1" 301 0 "-" "meta-externalagent/1.1 (+https://developers.facebook.com/docs/sharing/webmasters/crawler)"
66.249.79.229 - - [16/Jun/2025:09:12:14 -0400] "GET /special375613868.phtml HTTP/1.1" 200 23546 "-" "Mozilla/5.0 (Linux; Android 6.0.1; Nexus 5X Build/MMB29P) AppleWebKit/537.36 (KHTML, like Gecko) Chrome/136.0.7103.113 Mobile Safari/537.36 (compatible; Googlebot/2.1; +http://www.google.com/bot.html)"
66.249.79.231 - - [16/Jun/2025:09:12:15 -0400] "GET /product/la/maddened224617276.phtml HTTP/1.1" 200 23588 "-" "Mozilla/5.0 (Linux; Android 6.0.1; Nexus 5X Build/MMB29P) AppleWebKit/537.36 (KHTML, like Gecko) Chrome/136.0.7103.113 Mobile Safari/537.36 (compatible; Googlebot/2.1; +http://www.google.com/bot.html)"
162.0.232.193 - - [16/Jun/2025:09:12:17 -0400] "POST /wp-cron.php?doing_wp_cron=1750079537.1725649833679199218750 HTTP/1.1" 200 0 "-" "WordPress/6.6.2; https://remonster.online"
2a03:2880:f800:8:: - - [16/Jun/2025:09:12:16 -0400] "GET /shopdetail/204781618 HTTP/1.1" 301 0 "-" "meta-externalagent/1.1 (+https://developers.facebook.com/docs/sharing/webmasters/crawler)"
66.249.79.229 - - [16/Jun/2025:09:12:21 -0400] "POST /get-message-notify HTTP/1.1" 200 24574 "https://remonster.online/product/la/maddened224617276.phtml" "Mozilla/5.0 (Linux; Android 6.0.1; Nexus 5X Build/MMB29P) AppleWebKit/537.36 (KHTML, like Gecko) Chrome/136.0.7103.113 Mobile Safari/537.36 (compatible; Googlebot/2.1; +http://www.google.com/bot.html)"
162.0.232.193 - - [16/Jun/2025:09:12:28 -0400] "POST /wp-cron.php?doing_wp_cron=1750079548.5885989665985107421875 HTTP/1.1" 200 0 "-" "WordPress/6.6.2; https://remonster.online"
2a03:2880:f800:16:: - - [16/Jun/2025:09:12:28 -0400] "GET /shopdetail/11034818 HTTP/1.1" 301 0 "-" "meta-externalagent/1.1 (+https://developers.facebook.com/docs/sharing/webmasters/crawler)"
2a03:2880:f800:1b:: - - [16/Jun/2025:09:12:31 -0400] "GET / HTTP/1.1" 200 10823 "-" "meta-externalagent/1.1 (+https://developers.facebook.com/docs/sharing/webmasters/crawler)"
2a03:2880:f800:e:: - - [16/Jun/2025:09:12:30 -0400] "GET /shopdetail/109739618 HTTP/1.1" 301 0 "-" "meta-externalagent/1.1 (+https://developers.facebook.com/docs/sharing/webmasters/crawler)"
162.0.232.193 - - [16/Jun/2025:09:12:36 -0400] "POST /wp-cron.php?doing_wp_cron=1750079555.9446449279785156250000 HTTP/1.1" 200 0 "-" "WordPress/6.6.2; https://remonster.online"
2a03:2880:f800:2:: - - [16/Jun/2025:09:12:35 -0400] "GET /shopdetail/189366018 HTTP/1.1" 301 0 "-" "meta-externalagent/1.1 (+https://developers.facebook.com/docs/sharing/webmasters/crawler)"
2a02:26f7:c5c8:4000:7000::4 - - [16/Jun/2025:09:12:36 -0400] "GET /manga/re-monster-chapter-59/ HTTP/1.1" 200 17413 "-" "Mozilla/5.0 (iPhone; CPU iPhone OS 18_5 like Mac OS X) AppleWebKit/605.1.15 (KHTML, like Gecko) Version/18.5 Mobile/15E148 Safari/604.1"
2a02:26f7:c5c8:4000:7000::4 - - [16/Jun/2025:09:12:37 -0400] "GET /wp-content/plugins/widgets-on-pages/public/css/widgets-on-pages-public.css?ver=1.4.0 HTTP/1.1" 200 83 "https://remonster.online/manga/re-monster-chapter-59/" "Mozilla/5.0 (iPhone; CPU iPhone OS 18_5 like Mac OS X) AppleWebKit/605.1.15 (KHTML, like Gecko) Version/18.5 Mobile/15E148 Safari/604.1"
2a02:26f7:c5c8:4000:7000::4 - - [16/Jun/2025:09:12:37 -0400] "GET /wp-content/plugins/simple-social-buttons/assets/js/frontend-blocks.js?ver=5.3.1 HTTP/1.1" 304 0 "https://remonster.online/manga/re-monster-chapter-59/" "Mozilla/5.0 (iPhone; CPU iPhone OS 18_5 like Mac OS X) AppleWebKit/605.1.15 (KHTML, like Gecko) Version/18.5 Mobile/15E148 Safari/604.1"
2a02:26f7:c5c8:4000:7000::4 - - [16/Jun/2025:09:12:37 -0400] "GET /wp-content/themes/toivo-lite/style.css?ver=1.2.0 HTTP/1.1" 200 13718 "https://remonster.online/manga/re-monster-chapter-59/" "Mozilla/5.0 (iPhone; CPU iPhone OS 18_5 like Mac OS X) AppleWebKit/605.1.15 (KHTML, like Gecko) Version/18.5 Mobile/15E148 Safari/604.1"
2a02:26f7:c5c8:4000:7000::4 - - [16/Jun/2025:09:12:37 -0400] "GET /wp-content/plugins/simple-social-buttons/assets/js/front.js?ver=5.3.1 HTTP/1.1" 304 0 "https://remonster.online/manga/re-monster-chapter-59/" "Mozilla/5.0 (iPhone; CPU iPhone OS 18_5 like Mac OS X) AppleWebKit/605.1.15 (KHTML, like Gecko) Version/18.5 Mobile/15E148 Safari/604.1"
2a02:26f7:c5c8:4000:7000::4 - - [16/Jun/2025:09:12:37 -0400] "GET /wp-includes/js/jquery/jquery.min.js?ver=3.7.1 HTTP/1.1" 200 29744 "https://remonster.online/manga/re-monster-chapter-59/" "Mozilla/5.0 (iPhone; CPU iPhone OS 18_5 like Mac OS X) AppleWebKit/605.1.15 (KHTML, like Gecko) Version/18.5 Mobile/15E148 Safari/604.1"
2a02:26f7:c5c8:4000:7000::4 - - [16/Jun/2025:09:12:37 -0400] "GET /wp-includes/js/jquery/jquery-migrate.min.js?ver=3.4.1 HTTP/1.1" 304 0 "https://remonster.online/manga/re-monster-chapter-59/" "Mozilla/5.0 (iPhone; CPU iPhone OS 18_5 like Mac OS X) AppleWebKit/605.1.15 (KHTML, like Gecko) Version/18.5 Mobile/15E148 Safari/604.1"
2a02:26f7:c5c8:4000:7000::4 - - [16/Jun/2025:09:12:37 -0400] "GET /wp-content/plugins/links-auto-replacer/public/js/lar-public.js?ver=2.0.0 HTTP/1.1" 200 393 "https://remonster.online/manga/re-monster-chapter-59/" "Mozilla/5.0 (iPhone; CPU iPhone OS 18_5 like Mac OS X) AppleWebKit/605.1.15 (KHTML, like Gecko) Version/18.5 Mobile/15E148 Safari/604.1"
2a02:26f7:c5c8:4000:7000::4 - - [16/Jun/2025:09:12:37 -0400] "GET /wp-content/plugins/wp-automatic/js/main-front.js?ver=6.6.2 HTTP/1.1" 304 0 "https://remonster.online/manga/re-monster-chapter-59/" "Mozilla/5.0 (iPhone; CPU iPhone OS 18_5 like Mac OS X) AppleWebKit/605.1.15 (KHTML, like Gecko) Version/18.5 Mobile/15E148 Safari/604.1"
2a02:26f7:c5c8:4000:7000::4 - - [16/Jun/2025:09:12:37 -0400] "GET /wp-content/plugins/comic-easel/js/keynav.js HTTP/1.1" 200 302 "https://remonster.online/manga/re-monster-chapter-59/" "Mozilla/5.0 (iPhone; CPU iPhone OS 18_5 like Mac OS X) AppleWebKit/605.1.15 (KHTML, like Gecko) Version/18.5 Mobile/15E148 Safari/604.1"
2a02:26f7:c5c8:4000:7000::4 - - [16/Jun/2025:09:12:37 -0400] "GET /wp-content/themes/toivo-lite/js/functions.min.js?ver=1.2.0 HTTP/1.1" 304 0 "https://remonster.online/manga/re-monster-chapter-59/" "Mozilla/5.0 (iPhone; CPU iPhone OS 18_5 like Mac OS X) AppleWebKit/605.1.15 (KHTML, like Gecko) Version/18.5 Mobile/15E148 Safari/604.1"
2a02:26f7:c5c8:4000:7000::4 - - [16/Jun/2025:09:12:37 -0400] "GET /wp-content/plugins/disqus-comment-system/public/js/comment_count.js?ver=3.1.2 HTTP/1.1" 200 354 "https://remonster.online/manga/re-monster-chapter-59/" "Mozilla/5.0 (iPhone; CPU iPhone OS 18_5 like Mac OS X) AppleWebKit/605.1.15 (KHTML, like Gecko) Version/18.5 Mobile/15E148 Safari/604.1"
2a02:26f7:c5c8:4000:7000::4 - - [16/Jun/2025:09:12:37 -0400] "GET /wp-content/plugins/disqus-comment-system/public/js/comment_embed.js?ver=3.1.2 HTTP/1.1" 304 0 "https://remonster.online/manga/re-monster-chapter-59/" "Mozilla/5.0 (iPhone; CPU iPhone OS 18_5 like Mac OS X) AppleWebKit/605.1.15 (KHTML, like Gecko) Version/18.5 Mobile/15E148 Safari/604.1"
2a02:26f7:c5c8:4000:7000::4 - - [16/Jun/2025:09:12:37 -0400] "GET /wp-includes/js/comment-reply.min.js?ver=6.6.2 HTTP/1.1" 200 1228 "https://remonster.online/manga/re-monster-chapter-59/" "Mozilla/5.0 (iPhone; CPU iPhone OS 18_5 like Mac OS X) AppleWebKit/605.1.15 (KHTML, like Gecko) Version/18.5 Mobile/15E148 Safari/604.1"
2a02:26f7:c5c8:4000:7000::4 - - [16/Jun/2025:09:12:37 -0400] "GET /wp-content/themes/toivo-lite/js/responsive-nav.min.js?ver=1.2.0 HTTP/1.1" 304 0 "https://remonster.online/manga/re-monster-chapter-59/" "Mozilla/5.0 (iPhone; CPU iPhone OS 18_5 like Mac OS X) AppleWebKit/605.1.15 (KHTML, like Gecko) Version/18.5 Mobile/15E148 Safari/604.1"
2a02:26f7:c5c8:4000:7000::4 - - [16/Jun/2025:09:12:37 -0400] "GET /wp-content/themes/toivo-lite/js/settings.min.js?ver=1.2.0 HTTP/1.1" 304 0 "https://remonster.online/manga/re-monster-chapter-59/" "Mozilla/5.0 (iPhone; CPU iPhone OS 18_5 like Mac OS X) AppleWebKit/605.1.15 (KHTML, like Gecko) Version/18.5 Mobile/15E148 Safari/604.1"
2a03:2880:f800:13:: - - [16/Jun/2025:09:12:38 -0400] "GET / HTTP/1.1" 200 10823 "-" "meta-externalagent/1.1 (+https://developers.facebook.com/docs/sharing/webmasters/crawler)"
2a02:26f7:c5c8:4000:7000::4 - - [16/Jun/2025:09:12:38 -0400] "GET /wp-content/themes/toivo-lite/fonts/genericons/genericons/Genericons.svg HTTP/1.1" 200 23714 "https://remonster.online/manga/re-monster-chapter-59/" "Mozilla/5.0 (iPhone; CPU iPhone OS 18_5 like Mac OS X) AppleWebKit/605.1.15 (KHTML, like Gecko) Version/18.5 Mobile/15E148 Safari/604.1"
2a02:26f7:c5c8:4000:7000::4 - - [16/Jun/2025:09:12:38 -0400] "GET /wp-content/plugins/simple-social-buttons/assets/fonts/ssb-icon.ttf?eahqa2 HTTP/1.1" 200 6624 "https://remonster.online/manga/re-monster-chapter-59/" "Mozilla/5.0 (iPhone; CPU iPhone OS 18_5 like Mac OS X) AppleWebKit/605.1.15 (KHTML, like Gecko) Version/18.5 Mobile/15E148 Safari/604.1"
2a02:26f7:c5c8:4000:7000::4 - - [16/Jun/2025:09:12:41 -0400] "GET /wp-content/uploads/2021/11/cropped-CeDzRGZ-192x192.png HTTP/1.1" 200 68304 "https://remonster.online/manga/re-monster-chapter-59/" "Mozilla/5.0 (iPhone; CPU iPhone OS 18_5 like Mac OS X) AppleWebKit/605.1.15 (KHTML, like Gecko) Version/18.5 Mobile/15E148 Safari/604.1"
2a02:26f7:c5c8:4000:7000::4 - - [16/Jun/2025:09:12:41 -0400] "GET /wp-content/uploads/2021/11/cropped-CeDzRGZ-32x32.png HTTP/1.1" 200 2410 "https://remonster.online/manga/re-monster-chapter-59/" "Mozilla/5.0 (iPhone; CPU iPhone OS 18_5 like Mac OS X) AppleWebKit/605.1.15 (KHTML, like Gecko) Version/18.5 Mobile/15E148 Safari/604.1"
66.249.79.230 - - [16/Jun/2025:09:13:08 -0400] "GET /item/cleistocarp/224556816.phtml HTTP/1.1" 200 24501 "-" "Mozilla/5.0 (Linux; Android 6.0.1; Nexus 5X Build/MMB29P) AppleWebKit/537.36 (KHTML, like Gecko) Chrome/136.0.7103.113 Mobile Safari/537.36 (compatible; Googlebot/2.1; +http://www.google.com/bot.html)"
162.0.232.193 - - [16/Jun/2025:09:13:26 -0400] "POST /wp-cron.php?doing_wp_cron=1750079606.5447158813476562500000 HTTP/1.1" 200 0 "-" "WordPress/6.6.2; https://remonster.online"
2a03:2880:f800:1:: - - [16/Jun/2025:09:13:23 -0400] "GET /shopdetail/378969018 HTTP/1.1" 301 0 "-" "meta-externalagent/1.1 (+https://developers.facebook.com/docs/sharing/webmasters/crawler)"
162.0.232.193 - - [16/Jun/2025:09:13:53 -0400] "POST /wp-cron.php?doing_wp_cron=1750079632.7449140548706054687500 HTTP/1.1" 200 0 "-" "WordPress/6.6.2; https://remonster.online"
2a03:2880:f800:14:: - - [16/Jun/2025:09:13:50 -0400] "GET /shopdetail/399070218 HTTP/1.1" 301 0 "-" "meta-externalagent/1.1 (+https://developers.facebook.com/docs/sharing/webmasters/crawler)"
2a03:2880:f800:9:: - - [16/Jun/2025:09:13:55 -0400] "GET / HTTP/1.1" 200 10823 "-" "meta-externalagent/1.1 (+https://developers.facebook.com/docs/sharing/webmasters/crawler)"
2a03:2880:f800:15:: - - [16/Jun/2025:09:13:55 -0400] "GET /shopdetail/192319118 HTTP/1.1" 301 0 "-" "meta-externalagent/1.1 (+https://developers.facebook.com/docs/sharing/webmasters/crawler)"
66.249.79.230 - - [16/Jun/2025:09:14:00 -0400] "GET /shopping/parer/224537820.phtml HTTP/1.1" 200 24131 "-" "Mozilla/5.0 (Linux; Android 6.0.1; Nexus 5X Build/MMB29P) AppleWebKit/537.36 (KHTML, like Gecko) Chrome/136.0.7103.113 Mobile Safari/537.36 (compatible; Googlebot/2.1; +http://www.google.com/bot.html)"
2a03:2880:f800:1:: - - [16/Jun/2025:09:14:04 -0400] "GET /shopdetail/390930618 HTTP/1.1" 301 0 "-" "meta-externalagent/1.1 (+https://developers.facebook.com/docs/sharing/webmasters/crawler)"
2a03:2880:f800:15:: - - [16/Jun/2025:09:14:05 -0400] "GET /shopdetail/72218518 HTTP/1.1" 301 0 "-" "meta-externalagent/1.1 (+https://developers.facebook.com/docs/sharing/webmasters/crawler)"
2a03:2880:f800:e:: - - [16/Jun/2025:09:14:08 -0400] "GET /shopdetail/221611418 HTTP/1.1" 301 0 "-" "meta-externalagent/1.1 (+https://developers.facebook.com/docs/sharing/webmasters/crawler)"
2a03:2880:f800:5:: - - [16/Jun/2025:09:14:11 -0400] "GET /shopdetail/8644818 HTTP/1.1" 301 0 "-" "meta-externalagent/1.1 (+https://developers.facebook.com/docs/sharing/webmasters/crawler)"
162.0.232.193 - - [16/Jun/2025:09:14:19 -0400] "POST /wp-cron.php?doing_wp_cron=1750079659.7408099174499511718750 HTTP/1.1" 200 0 "-" "WordPress/6.6.2; https://remonster.online"
2a03:2880:f800:: - - [16/Jun/2025:09:14:18 -0400] "GET /shopdetail/289480218 HTTP/1.1" 301 0 "-" "meta-externalagent/1.1 (+https://developers.facebook.com/docs/sharing/webmasters/crawler)"
2a02:8109:a28d:7600:3053:d5d4:21ab:b5fd - - [16/Jun/2025:09:14:22 -0400] "GET /manga/re-monster-chapter-20/ HTTP/1.1" 200 16721 "-" "Mozilla/5.0 (Windows NT 10.0; Win64; x64) AppleWebKit/537.36 (KHTML, like Gecko) Chrome/137.0.0.0 Safari/537.36"
2a03:2880:f800:3:: - - [16/Jun/2025:09:14:23 -0400] "GET /shopdetail/267541518 HTTP/1.1" 301 0 "-" "meta-externalagent/1.1 (+https://developers.facebook.com/docs/sharing/webmasters/crawler)"
2a02:8109:a28d:7600:3053:d5d4:21ab:b5fd - - [16/Jun/2025:09:14:22 -0400] "POST /wp-admin/admin-ajax.php HTTP/1.1" 200 69 "https://remonster.online/manga/re-monster-chapter-20/" "Mozilla/5.0 (Windows NT 10.0; Win64; x64) AppleWebKit/537.36 (KHTML, like Gecko) Chrome/137.0.0.0 Safari/537.36"
2a03:2880:f800:1c:: - - [16/Jun/2025:09:14:28 -0400] "GET /shopdetail/352000518 HTTP/1.1" 301 0 "-" "meta-externalagent/1.1 (+https://developers.facebook.com/docs/sharing/webmasters/crawler)"
2a03:2880:f800:3:: - - [16/Jun/2025:09:14:30 -0400] "GET /shopdetail/230179218 HTTP/1.1" 301 0 "-" "meta-externalagent/1.1 (+https://developers.facebook.com/docs/sharing/webmasters/crawler)"
2a03:2880:f800:8:: - - [16/Jun/2025:09:14:30 -0400] "GET /shopdetail/126071318 HTTP/1.1" 301 0 "-" "meta-externalagent/1.1 (+https://developers.facebook.com/docs/sharing/webmasters/crawler)"
162.0.232.193 - - [16/Jun/2025:09:15:07 -0400] "POST /wp-cron.php?doing_wp_cron=1750079707.2444000244140625000000 HTTP/1.1" 200 0 "-" "WordPress/6.6.2; https://remonster.online"
2a03:2880:f800:13:: - - [16/Jun/2025:09:15:04 -0400] "GET /shopdetail/352671818 HTTP/1.1" 301 0 "-" "meta-externalagent/1.1 (+https://developers.facebook.com/docs/sharing/webmasters/crawler)"
2401:4900:8fce:e5d3:e942:389c:ba4e:c0e2 - - [16/Jun/2025:09:15:08 -0400] "GET /manga/remonster-chapter-79/ HTTP/1.1" 200 17829 "https://www.google.com/" "Mozilla/5.0 (Linux; Android 10; K) AppleWebKit/537.36 (KHTML, like Gecko) Chrome/137.0.0.0 Mobile Safari/537.36"
2a02:8109:a28d:7600:3053:d5d4:21ab:b5fd - - [16/Jun/2025:09:15:08 -0400] "GET /manga/re-monster-chapter-21/ HTTP/1.1" 200 16758 "-" "Mozilla/5.0 (Windows NT 10.0; Win64; x64) AppleWebKit/537.36 (KHTML, like Gecko) Chrome/137.0.0.0 Safari/537.36"
2001:4860:7:505::e7 - - [16/Jun/2025:09:15:08 -0400] "GET /manga/remonster-chapter-79/ HTTP/1.1" 200 17829 "https://www.google.com/" "Mozilla/5.0 (Linux; Android 10; K) AppleWebKit/537.36 (KHTML, like Gecko) Chrome/137.0.0.0 Mobile Safari/537.36"
2a02:8109:a28d:7600:3053:d5d4:21ab:b5fd - - [16/Jun/2025:09:15:09 -0400] "POST /wp-admin/admin-ajax.php HTTP/1.1" 200 69 "https://remonster.online/manga/re-monster-chapter-21/" "Mozilla/5.0 (Windows NT 10.0; Win64; x64) AppleWebKit/537.36 (KHTML, like Gecko) Chrome/137.0.0.0 Safari/537.36"
2401:4900:8fce:e5d3:e942:389c:ba4e:c0e2 - - [16/Jun/2025:09:15:21 -0400] "GET /category/remonster/ HTTP/1.1" 200 24978 "https://remonster.online/manga/remonster-chapter-79/" "Mozilla/5.0 (Linux; Android 10; K) AppleWebKit/537.36 (KHTML, like Gecko) Chrome/137.0.0.0 Mobile Safari/537.36"
2401:4900:8fce:e5d3:e942:389c:ba4e:c0e2 - - [16/Jun/2025:09:15:23 -0400] "GET /manga/re-monster-chapter-1/ HTTP/1.1" 200 17992 "https://remonster.online/manga/remonster-chapter-79/" "Mozilla/5.0 (Linux; Android 10; K) AppleWebKit/537.36 (KHTML, like Gecko) Chrome/137.0.0.0 Mobile Safari/537.36"
162.0.232.193 - - [16/Jun/2025:09:15:41 -0400] "POST /wp-cron.php?doing_wp_cron=1750079740.9471640586853027343750 HTTP/1.1" 200 0 "-" "WordPress/6.6.2; https://remonster.online"
2a03:2880:f800:1:: - - [16/Jun/2025:09:15:41 -0400] "GET /shopdetail/411857618 HTTP/1.1" 301 0 "-" "meta-externalagent/1.1 (+https://developers.facebook.com/docs/sharing/webmasters/crawler)"
2401:4900:8fce:e5d3:e942:389c:ba4e:c0e2 - - [16/Jun/2025:09:15:38 -0400] "GET /?s=13 HTTP/1.1" 200 10638 "https://remonster.online/manga/re-monster-chapter-1/" "Mozilla/5.0 (Linux; Android 10; K) AppleWebKit/537.36 (KHTML, like Gecko) Chrome/137.0.0.0 Mobile Safari/537.36"
66.249.79.231 - - [16/Jun/2025:09:15:44 -0400] "GET /info/frimaire/224597508.phtml HTTP/1.1" 200 23767 "-" "Mozilla/5.0 (Linux; Android 6.0.1; Nexus 5X Build/MMB29P) AppleWebKit/537.36 (KHTML, like Gecko) Chrome/136.0.7103.113 Mobile Safari/537.36 (compatible; Googlebot/2.1; +http://www.google.com/bot.html)"
2401:4900:8fce:e5d3:e942:389c:ba4e:c0e2 - - [16/Jun/2025:09:15:46 -0400] "GET /tag/volume/ HTTP/1.1" 301 0 "https://remonster.online/manga/re-monster-chapter-1/" "Mozilla/5.0 (Linux; Android 10; K) AppleWebKit/537.36 (KHTML, like Gecko) Chrome/137.0.0.0 Mobile Safari/537.36"
2401:4900:8fce:e5d3:e942:389c:ba4e:c0e2 - - [16/Jun/2025:09:15:47 -0400] "GET /manga/remonster-chapter-99/ HTTP/1.1" 200 15943 "https://remonster.online/?s=13" "Mozilla/5.0 (Linux; Android 10; K) AppleWebKit/537.36 (KHTML, like Gecko) Chrome/137.0.0.0 Mobile Safari/537.36"
2401:4900:8fce:e5d3:e942:389c:ba4e:c0e2 - - [16/Jun/2025:09:15:52 -0400] "GET /manga/re-monster-chapter-13/ HTTP/1.1" 200 17403 "https://remonster.online/?s=13" "Mozilla/5.0 (Linux; Android 10; K) AppleWebKit/537.36 (KHTML, like Gecko) Chrome/137.0.0.0 Mobile Safari/537.36"
2600:1702:a40:830:c090:a49e:4b1a:3023 - - [16/Jun/2025:09:15:53 -0400] "GET /manga/re-monster-chapter-57/ HTTP/1.1" 200 17451 "https://remonster.online/manga/re-monster-chapter-56/" "Mozilla/5.0 (iPhone; CPU iPhone OS 18_4_1 like Mac OS X) AppleWebKit/605.1.15 (KHTML, like Gecko) Version/18.4 Mobile/15E148 Safari/604.1"
2600:1702:a40:830:c090:a49e:4b1a:3023 - - [16/Jun/2025:09:15:54 -0400] "GET /wp-content/plugins/simple-social-buttons/assets/js/front.js?ver=5.3.1 HTTP/1.1" 304 0 "https://remonster.online/manga/re-monster-chapter-57/" "Mozilla/5.0 (iPhone; CPU iPhone OS 18_4_1 like Mac OS X) AppleWebKit/605.1.15 (KHTML, like Gecko) Version/18.4 Mobile/15E148 Safari/604.1"
2600:1702:a40:830:c090:a49e:4b1a:3023 - - [16/Jun/2025:09:15:54 -0400] "GET /wp-includes/js/jquery/jquery-migrate.min.js?ver=3.4.1 HTTP/1.1" 304 0 "https://remonster.online/manga/re-monster-chapter-57/" "Mozilla/5.0 (iPhone; CPU iPhone OS 18_4_1 like Mac OS X) AppleWebKit/605.1.15 (KHTML, like Gecko) Version/18.4 Mobile/15E148 Safari/604.1"
2600:1702:a40:830:c090:a49e:4b1a:3023 - - [16/Jun/2025:09:15:54 -0400] "GET /wp-content/plugins/disqus-comment-system/public/js/comment_count.js?ver=3.1.2 HTTP/1.1" 304 0 "https://remonster.online/manga/re-monster-chapter-57/" "Mozilla/5.0 (iPhone; CPU iPhone OS 18_4_1 like Mac OS X) AppleWebKit/605.1.15 (KHTML, like Gecko) Version/18.4 Mobile/15E148 Safari/604.1"
2600:1702:a40:830:c090:a49e:4b1a:3023 - - [16/Jun/2025:09:15:54 -0400] "GET /wp-content/plugins/comic-easel/js/keynav.js HTTP/1.1" 304 0 "https://remonster.online/manga/re-monster-chapter-57/" "Mozilla/5.0 (iPhone; CPU iPhone OS 18_4_1 like Mac OS X) AppleWebKit/605.1.15 (KHTML, like Gecko) Version/18.4 Mobile/15E148 Safari/604.1"
2600:1702:a40:830:c090:a49e:4b1a:3023 - - [16/Jun/2025:09:15:54 -0400] "GET /wp-includes/js/comment-reply.min.js?ver=6.6.2 HTTP/1.1" 304 0 "https://remonster.online/manga/re-monster-chapter-57/" "Mozilla/5.0 (iPhone; CPU iPhone OS 18_4_1 like Mac OS X) AppleWebKit/605.1.15 (KHTML, like Gecko) Version/18.4 Mobile/15E148 Safari/604.1"
112.204.227.120 - - [16/Jun/2025:09:15:58 -0400] "GET /wp-content/plugins/simple-social-buttons/assets/css/front.css?ver=5.3.1 HTTP/1.1" 200 10295 "-" "Mozilla/5.0 (Linux; Android 10; K) AppleWebKit/537.36 (KHTML, like Gecko) Chrome/137.0.0.0 Mobile Safari/537.36"
112.204.227.120 - - [16/Jun/2025:09:15:58 -0400] "GET /manga/remonster-chapter-78/ HTTP/1.1" 200 16753 "https://www.google.com/" "Mozilla/5.0 (Linux; Android 10; K) AppleWebKit/537.36 (KHTML, like Gecko) Chrome/137.0.0.0 Mobile Safari/537.36"
112.204.227.120 - - [16/Jun/2025:09:15:58 -0400] "GET /wp-includes/js/jquery/jquery-migrate.min.js?ver=3.4.1 HTTP/1.1" 200 4678 "https://remonster.online/manga/remonster-chapter-78/" "Mozilla/5.0 (Linux; Android 10; K) AppleWebKit/537.36 (KHTML, like Gecko) Chrome/137.0.0.0 Mobile Safari/537.36"
112.204.227.120 - - [16/Jun/2025:09:15:58 -0400] "GET /wp-content/plugins/wp-automatic/js/main-front.js?ver=6.6.2 HTTP/1.1" 304 0 "https://remonster.online/manga/remonster-chapter-78/" "Mozilla/5.0 (Linux; Android 10; K) AppleWebKit/537.36 (KHTML, like Gecko) Chrome/137.0.0.0 Mobile Safari/537.36"
112.204.227.120 - - [16/Jun/2025:09:15:58 -0400] "GET /wp-content/plugins/links-auto-replacer/public/js/lar-public.js?ver=2.0.0 HTTP/1.1" 200 393 "https://remonster.online/manga/remonster-chapter-78/" "Mozilla/5.0 (Linux; Android 10; K) AppleWebKit/537.36 (KHTML, like Gecko) Chrome/137.0.0.0 Mobile Safari/537.36"
112.204.227.120 - - [16/Jun/2025:09:15:58 -0400] "GET /wp-content/plugins/simple-social-buttons/assets/js/front.js?ver=5.3.1 HTTP/1.1" 304 0 "https://remonster.online/manga/remonster-chapter-78/" "Mozilla/5.0 (Linux; Android 10; K) AppleWebKit/537.36 (KHTML, like Gecko) Chrome/137.0.0.0 Mobile Safari/537.36"
112.204.227.120 - - [16/Jun/2025:09:15:59 -0400] "GET /wp-content/plugins/simple-social-buttons/assets/js/frontend-blocks.js?ver=5.3.1 HTTP/1.1" 304 0 "https://remonster.online/manga/remonster-chapter-78/" "Mozilla/5.0 (Linux; Android 10; K) AppleWebKit/537.36 (KHTML, like Gecko) Chrome/137.0.0.0 Mobile Safari/537.36"
112.204.227.120 - - [16/Jun/2025:09:15:59 -0400] "GET /wp-includes/js/jquery/jquery.min.js?ver=3.7.1 HTTP/1.1" 304 0 "https://remonster.online/manga/remonster-chapter-78/" "Mozilla/5.0 (Linux; Android 10; K) AppleWebKit/537.36 (KHTML, like Gecko) Chrome/137.0.0.0 Mobile Safari/537.36"
112.204.227.120 - - [16/Jun/2025:09:15:59 -0400] "GET /wp-content/themes/toivo-lite/js/settings.min.js?ver=1.2.0 HTTP/1.1" 200 307 "https://remonster.online/manga/remonster-chapter-78/" "Mozilla/5.0 (Linux; Android 10; K) AppleWebKit/537.36 (KHTML, like Gecko) Chrome/137.0.0.0 Mobile Safari/537.36"
112.204.227.120 - - [16/Jun/2025:09:15:59 -0400] "GET /wp-content/themes/toivo-lite/js/responsive-nav.min.js?ver=1.2.0 HTTP/1.1" 304 0 "https://remonster.online/manga/remonster-chapter-78/" "Mozilla/5.0 (Linux; Android 10; K) AppleWebKit/537.36 (KHTML, like Gecko) Chrome/137.0.0.0 Mobile Safari/537.36"
112.204.227.120 - - [16/Jun/2025:09:15:59 -0400] "GET /wp-includes/js/comment-reply.min.js?ver=6.6.2 HTTP/1.1" 200 1228 "https://remonster.online/manga/remonster-chapter-78/" "Mozilla/5.0 (Linux; Android 10; K) AppleWebKit/537.36 (KHTML, like Gecko) Chrome/137.0.0.0 Mobile Safari/537.36"
112.204.227.120 - - [16/Jun/2025:09:15:59 -0400] "GET /wp-content/plugins/disqus-comment-system/public/js/comment_embed.js?ver=3.1.2 HTTP/1.1" 304 0 "https://remonster.online/manga/remonster-chapter-78/" "Mozilla/5.0 (Linux; Android 10; K) AppleWebKit/537.36 (KHTML, like Gecko) Chrome/137.0.0.0 Mobile Safari/537.36"
112.204.227.120 - - [16/Jun/2025:09:15:59 -0400] "GET /wp-content/plugins/disqus-comment-system/public/js/comment_count.js?ver=3.1.2 HTTP/1.1" 304 0 "https://remonster.online/manga/remonster-chapter-78/" "Mozilla/5.0 (Linux; Android 10; K) AppleWebKit/537.36 (KHTML, like Gecko) Chrome/137.0.0.0 Mobile Safari/537.36"
112.204.227.120 - - [16/Jun/2025:09:15:59 -0400] "GET /wp-content/plugins/comic-easel/js/keynav.js HTTP/1.1" 304 0 "https://remonster.online/manga/remonster-chapter-78/" "Mozilla/5.0 (Linux; Android 10; K) AppleWebKit/537.36 (KHTML, like Gecko) Chrome/137.0.0.0 Mobile Safari/537.36"
112.204.227.120 - - [16/Jun/2025:09:15:59 -0400] "GET /wp-content/themes/toivo-lite/js/functions.min.js?ver=1.2.0 HTTP/1.1" 200 593 "https://remonster.online/manga/remonster-chapter-78/" "Mozilla/5.0 (Linux; Android 10; K) AppleWebKit/537.36 (KHTML, like Gecko) Chrome/137.0.0.0 Mobile Safari/537.36"
2a02:8109:a28d:7600:3053:d5d4:21ab:b5fd - - [16/Jun/2025:09:16:15 -0400] "GET /manga/re-monster-chapter-22/ HTTP/1.1" 200 16628 "-" "Mozilla/5.0 (Windows NT 10.0; Win64; x64) AppleWebKit/537.36 (KHTML, like Gecko) Chrome/137.0.0.0 Safari/537.36"
162.0.232.193 - - [16/Jun/2025:09:16:17 -0400] "POST /wp-cron.php?doing_wp_cron=1750079777.5410819053649902343750 HTTP/1.1" 200 0 "-" "WordPress/6.6.2; https://remonster.online"
2401:4900:8fce:e5d3:e942:389c:ba4e:c0e2 - - [16/Jun/2025:09:16:15 -0400] "GET /?s=40 HTTP/1.1" 200 10499 "https://remonster.online/manga/re-monster-chapter-13/" "Mozilla/5.0 (Linux; Android 10; K) AppleWebKit/537.36 (KHTML, like Gecko) Chrome/137.0.0.0 Mobile Safari/537.36"
2401:4900:8fce:e5d3:e942:389c:ba4e:c0e2 - - [16/Jun/2025:09:16:23 -0400] "GET /remonster-chapter-40/ HTTP/1.1" 200 12632 "https://remonster.online/?s=40" "Mozilla/5.0 (Linux; Android 10; K) AppleWebKit/537.36 (KHTML, like Gecko) Chrome/137.0.0.0 Mobile Safari/537.36"
2401:4900:8fce:e5d3:e942:389c:ba4e:c0e2 - - [16/Jun/2025:09:16:24 -0400] "POST /wp-admin/admin-ajax.php HTTP/1.1" 200 69 "https://remonster.online/remonster-chapter-40/" "Mozilla/5.0 (Linux; Android 10; K) AppleWebKit/537.36 (KHTML, like Gecko) Chrome/137.0.0.0 Mobile Safari/537.36"
66.249.79.238 - - [16/Jun/2025:09:16:37 -0400] "GET /products/quicker/224535702.phtml HTTP/1.1" 200 24079 "-" "Mozilla/5.0 (Linux; Android 6.0.1; Nexus 5X Build/MMB29P) AppleWebKit/537.36 (KHTML, like Gecko) Chrome/136.0.7103.113 Mobile Safari/537.36 (compatible; Googlebot/2.1; +http://www.google.com/bot.html)"
66.249.79.238 - - [16/Jun/2025:09:16:37 -0400] "GET /detail/busbies/43079594.phtml HTTP/1.1" 200 24251 "-" "Mozilla/5.0 (Linux; Android 6.0.1; Nexus 5X Build/MMB29P) AppleWebKit/537.36 (KHTML, like Gecko) Chrome/136.0.7103.113 Mobile Safari/537.36 (compatible; Googlebot/2.1; +http://www.google.com/bot.html)"
66.249.79.238 - - [16/Jun/2025:09:16:40 -0400] "POST /get-message-notify HTTP/1.1" 200 24574 "https://remonster.online/products/quicker/224535702.phtml" "Mozilla/5.0 (Linux; Android 6.0.1; Nexus 5X Build/MMB29P) AppleWebKit/537.36 (KHTML, like Gecko) Chrome/136.0.7103.113 Mobile Safari/537.36 (compatible; Googlebot/2.1; +http://www.google.com/bot.html)"
2a02:8109:a28d:7600:3053:d5d4:21ab:b5fd - - [16/Jun/2025:09:16:48 -0400] "GET /manga/re-monster-chapter-23/ HTTP/1.1" 200 16652 "-" "Mozilla/5.0 (Windows NT 10.0; Win64; x64) AppleWebKit/537.36 (KHTML, like Gecko) Chrome/137.0.0.0 Safari/537.36"
162.0.232.193 - - [16/Jun/2025:09:16:51 -0400] "POST /wp-cron.php?doing_wp_cron=1750079811.4588780403137207031250 HTTP/1.1" 200 0 "-" "WordPress/6.6.2; https://remonster.online"
2a02:8109:a28d:7600:3053:d5d4:21ab:b5fd - - [16/Jun/2025:09:16:50 -0400] "POST /wp-admin/admin-ajax.php HTTP/1.1" 200 49 "https://remonster.online/manga/re-monster-chapter-23/" "Mozilla/5.0 (Windows NT 10.0; Win64; x64) AppleWebKit/537.36 (KHTML, like Gecko) Chrome/137.0.0.0 Safari/537.36"
2a02:8109:a28d:7600:3053:d5d4:21ab:b5fd - - [16/Jun/2025:09:16:52 -0400] "POST /wp-admin/admin-ajax.php HTTP/1.1" 200 454 "https://remonster.online/manga/re-monster-chapter-23/" "Mozilla/5.0 (Windows NT 10.0; Win64; x64) AppleWebKit/537.36 (KHTML, like Gecko) Chrome/137.0.0.0 Safari/537.36"
2a03:2880:f800:e:: - - [16/Jun/2025:09:16:52 -0400] "GET /shopdetail/4242218 HTTP/1.1" 301 0 "-" "meta-externalagent/1.1 (+https://developers.facebook.com/docs/sharing/webmasters/crawler)"
2401:4900:8fce:e5d3:e942:389c:ba4e:c0e2 - - [16/Jun/2025:09:16:53 -0400] "GET /remonster-chapter-40/ HTTP/1.1" 304 0 "https://remonster.online/?s=40" "Mozilla/5.0 (Linux; Android 10; K) AppleWebKit/537.36 (KHTML, like Gecko) Chrome/137.0.0.0 Mobile Safari/537.36"
2a03:2880:f800:8:: - - [16/Jun/2025:09:16:55 -0400] "GET / HTTP/1.1" 200 10823 "-" "meta-externalagent/1.1 (+https://developers.facebook.com/docs/sharing/webmasters/crawler)"
2401:4900:8fce:e5d3:e942:389c:ba4e:c0e2 - - [16/Jun/2025:09:16:55 -0400] "POST /wp-admin/admin-ajax.php HTTP/1.1" 200 69 "https://remonster.online/remonster-chapter-40/" "Mozilla/5.0 (Linux; Android 10; K) AppleWebKit/537.36 (KHTML, like Gecko) Chrome/137.0.0.0 Mobile Safari/537.36"
2a09:bac3:6e19:e78::171:294 - - [16/Jun/2025:09:16:56 -0400] "POST /wp-admin/admin-ajax.php HTTP/1.1" 200 69 "https://remonster.online/manga/re-monster-chapter-36/" "Mozilla/5.0 (iPhone; CPU iPhone OS 18_5 like Mac OS X) AppleWebKit/605.1.15 (KHTML, like Gecko) Version/18.5 Mobile/15E148 Safari/604.1"
2a03:2880:f800:14:: - - [16/Jun/2025:09:17:00 -0400] "GET /shopdetail/372801118 HTTP/1.1" 301 0 "-" "meta-externalagent/1.1 (+https://developers.facebook.com/docs/sharing/webmasters/crawler)"
2a02:8109:a28d:7600:3053:d5d4:21ab:b5fd - - [16/Jun/2025:09:17:04 -0400] "GET /manga/re-monster-chapter-24/ HTTP/1.1" 200 18486 "-" "Mozilla/5.0 (Windows NT 10.0; Win64; x64) AppleWebKit/537.36 (KHTML, like Gecko) Chrome/137.0.0.0 Safari/537.36"
2a02:8109:a28d:7600:3053:d5d4:21ab:b5fd - - [16/Jun/2025:09:17:05 -0400] "POST /wp-admin/admin-ajax.php HTTP/1.1" 200 69 "https://remonster.online/manga/re-monster-chapter-24/" "Mozilla/5.0 (Windows NT 10.0; Win64; x64) AppleWebKit/537.36 (KHTML, like Gecko) Chrome/137.0.0.0 Safari/537.36"
2401:4900:8fce:e5d3:e942:389c:ba4e:c0e2 - - [16/Jun/2025:09:17:07 -0400] "GET /manga/re-monster-chapter-40/ HTTP/1.1" 200 16594 "https://remonster.online/?s=40" "Mozilla/5.0 (Linux; Android 10; K) AppleWebKit/537.36 (KHTML, like Gecko) Chrome/137.0.0.0 Mobile Safari/537.36"
66.249.79.237 - - [16/Jun/2025:09:17:30 -0400] "GET /shopdetail/arteritis/224582360.phtml HTTP/1.1" 200 24989 "-" "Mozilla/5.0 (Linux; Android 6.0.1; Nexus 5X Build/MMB29P) AppleWebKit/537.36 (KHTML, like Gecko) Chrome/136.0.7103.113 Mobile Safari/537.36 (compatible; Googlebot/2.1; +http://www.google.com/bot.html)"
2401:4900:8fce:e5d3:e942:389c:ba4e:c0e2 - - [16/Jun/2025:09:18:28 -0400] "GET /manga/remonster-chapter-105/ HTTP/1.1" 200 17889 "https://remonster.online/category/remonster/" "Mozilla/5.0 (Linux; Android 10; K) AppleWebKit/537.36 (KHTML, like Gecko) Chrome/137.0.0.0 Mobile Safari/537.36"
162.0.232.193 - - [16/Jun/2025:09:18:41 -0400] "POST /wp-cron.php?doing_wp_cron=1750079921.0386910438537597656250 HTTP/1.1" 200 0 "-" "WordPress/6.6.2; https://remonster.online"
2401:4900:8fce:e5d3:e942:389c:ba4e:c0e2 - - [16/Jun/2025:09:18:38 -0400] "GET /?s=55 HTTP/1.1" 200 10739 "https://remonster.online/manga/remonster-chapter-105/" "Mozilla/5.0 (Linux; Android 10; K) AppleWebKit/537.36 (KHTML, like Gecko) Chrome/137.0.0.0 Mobile Safari/537.36"
2401:4900:8fce:e5d3:e942:389c:ba4e:c0e2 - - [16/Jun/2025:09:18:44 -0400] "GET /?s=55 HTTP/1.1" 200 10739 "https://remonster.online/manga/remonster-chapter-105/" "Mozilla/5.0 (Linux; Android 10; K) AppleWebKit/537.36 (KHTML, like Gecko) Chrome/137.0.0.0 Mobile Safari/537.36"
2a03:2880:f800:1a:: - - [16/Jun/2025:09:18:48 -0400] "GET /shopdetail/301385218 HTTP/1.1" 301 0 "-" "meta-externalagent/1.1 (+https://developers.facebook.com/docs/sharing/webmasters/crawler)"
2401:4900:8fce:e5d3:e942:389c:ba4e:c0e2 - - [16/Jun/2025:09:18:50 -0400] "GET /?s=56 HTTP/1.1" 200 10724 "https://remonster.online/manga/remonster-chapter-105/" "Mozilla/5.0 (Linux; Android 10; K) AppleWebKit/537.36 (KHTML, like Gecko) Chrome/137.0.0.0 Mobile Safari/537.36"
2a03:2880:f800:b:: - - [16/Jun/2025:09:18:55 -0400] "GET / HTTP/1.1" 200 10858 "-" "meta-externalagent/1.1 (+https://developers.facebook.com/docs/sharing/webmasters/crawler)"
2401:4900:8fce:e5d3:e942:389c:ba4e:c0e2 - - [16/Jun/2025:09:18:57 -0400] "GET /manga/re-monster-chapter-56/ HTTP/1.1" 200 17379 "https://remonster.online/?s=56" "Mozilla/5.0 (Linux; Android 10; K) AppleWebKit/537.36 (KHTML, like Gecko) Chrome/137.0.0.0 Mobile Safari/537.36"
13.126.34.59 - - [16/Jun/2025:09:19:10 -0400] "GET /ads.txt HTTP/1.1" 301 0 "-" "axios/1.7.4"
66.249.79.237 - - [16/Jun/2025:09:19:14 -0400] "GET /products/eha/teleseismic224667274.phtml HTTP/1.1" 200 23588 "-" "Mozilla/5.0 (Linux; Android 6.0.1; Nexus 5X Build/MMB29P) AppleWebKit/537.36 (KHTML, like Gecko) Chrome/136.0.7103.113 Mobile Safari/537.36 (compatible; Googlebot/2.1; +http://www.google.com/bot.html)"
66.249.79.236 - - [16/Jun/2025:09:19:15 -0400] "GET /items/blimbing/28586528.phtml HTTP/1.1" 200 23750 "-" "Mozilla/5.0 (Linux; Android 6.0.1; Nexus 5X Build/MMB29P) AppleWebKit/537.36 (KHTML, like Gecko) Chrome/136.0.7103.113 Mobile Safari/537.36 (compatible; Googlebot/2.1; +http://www.google.com/bot.html)"
66.249.79.236 - - [16/Jun/2025:09:19:15 -0400] "GET /items/fastest/211953038.phtml HTTP/1.1" 200 23353 "-" "Mozilla/5.0 (Linux; Android 6.0.1; Nexus 5X Build/MMB29P) AppleWebKit/537.36 (KHTML, like Gecko) Chrome/136.0.7103.113 Mobile Safari/537.36 (compatible; Googlebot/2.1; +http://www.google.com/bot.html)"
13.126.34.59 - - [16/Jun/2025:09:19:19 -0400] "GET / HTTP/1.1" 200 10823 "-" "axios/1.7.4"
162.0.232.193 - - [16/Jun/2025:09:19:24 -0400] "POST /wp-cron.php?doing_wp_cron=1750079963.7463650703430175781250 HTTP/1.1" 200 0 "-" "WordPress/6.6.2; https://remonster.online"
2a03:2880:f800:6:: - - [16/Jun/2025:09:19:20 -0400] "GET /shopdetail/224289218 HTTP/1.1" 301 0 "-" "meta-externalagent/1.1 (+https://developers.facebook.com/docs/sharing/webmasters/crawler)"
2a03:2880:f800:12:: - - [16/Jun/2025:09:19:26 -0400] "GET / HTTP/1.1" 200 10823 "-" "meta-externalagent/1.1 (+https://developers.facebook.com/docs/sharing/webmasters/crawler)"
66.249.79.238 - - [16/Jun/2025:09:20:08 -0400] "GET /shopbrand/cheirosophist/224590964.phtml HTTP/1.1" 200 23694 "-" "Mozilla/5.0 (Linux; Android 6.0.1; Nexus 5X Build/MMB29P) AppleWebKit/537.36 (KHTML, like Gecko) Chrome/136.0.7103.113 Mobile Safari/537.36 (compatible; Googlebot/2.1; +http://www.google.com/bot.html)"
162.0.232.193 - - [16/Jun/2025:09:20:09 -0400] "POST /wp-cron.php?doing_wp_cron=1750080008.8493509292602539062500 HTTP/1.1" 200 0 "-" "WordPress/6.6.2; https://remonster.online"
2001:56b:9ff4:51f8:75e8:5c6a:845c:fed3 - - [16/Jun/2025:09:20:06 -0400] "POST /wp-admin/admin-ajax.php HTTP/1.1" 200 69 "https://remonster.online/manga/remonster-chapter-76/" "Mozilla/5.0 (Linux; Android 10; K) AppleWebKit/537.36 (KHTML, like Gecko) Chrome/137.0.0.0 Mobile Safari/537.36"
2001:4860:7:805::73 - - [16/Jun/2025:09:20:11 -0400] "GET /manga/remonster-chapter-79/ HTTP/1.1" 200 17829 "https://www.google.com/" "Mozilla/5.0 (Linux; Android 10; K) AppleWebKit/537.36 (KHTML, like Gecko) Chrome/137.0.0.0 Mobile Safari/537.36"
2600:100c:b06f:b6a7:c0d7:4725:2917:9672 - - [16/Jun/2025:09:20:34 -0400] "GET /manga/re-monster-chapter-71/ HTTP/1.1" 200 18116 "https://remonster.online/manga/re-monster-chapter-70/" "Mozilla/5.0 (iPhone; CPU iPhone OS 17_4_1 like Mac OS X) AppleWebKit/605.1.15 (KHTML, like Gecko) Version/17.4.1 Mobile/15E148 Safari/604.1"
162.0.232.193 - - [16/Jun/2025:09:20:38 -0400] "POST /wp-cron.php?doing_wp_cron=1750080037.9469709396362304687500 HTTP/1.1" 200 0 "-" "WordPress/6.6.2; https://remonster.online"
2600:100c:b06f:b6a7:c0d7:4725:2917:9672 - - [16/Jun/2025:09:20:35 -0400] "POST /wp-admin/admin-ajax.php HTTP/1.1" 200 69 "https://remonster.online/manga/re-monster-chapter-71/" "Mozilla/5.0 (iPhone; CPU iPhone OS 17_4_1 like Mac OS X) AppleWebKit/605.1.15 (KHTML, like Gecko) Version/17.4.1 Mobile/15E148 Safari/604.1"
52.167.144.211 - - [16/Jun/2025:09:20:54 -0400] "GET /manga/re-monster-chapter-42/ HTTP/1.1" 200 24669 "-" "Mozilla/5.0 AppleWebKit/537.36 (KHTML, like Gecko; compatible; bingbot/2.0; +http://www.bing.com/bingbot.htm) Chrome/116.0.1938.76 Safari/537.36"
66.249.79.238 - - [16/Jun/2025:09:21:01 -0400] "GET /item/bobolink/224668430.phtml HTTP/1.1" 200 23661 "-" "Mozilla/5.0 (Linux; Android 6.0.1; Nexus 5X Build/MMB29P) AppleWebKit/537.36 (KHTML, like Gecko) Chrome/136.0.7103.113 Mobile Safari/537.36 (compatible; Googlebot/2.1; +http://www.google.com/bot.html)"
54.36.148.147 - - [16/Jun/2025:09:21:04 -0400] "GET /robots.txt HTTP/1.1" 200 125 "-" "Mozilla/5.0 (compatible; AhrefsBot/7.0; +http://ahrefs.com/robot/)"
66.249.79.237 - - [16/Jun/2025:09:21:04 -0400] "POST /get-message-notify HTTP/1.1" 200 24574 "https://remonster.online/item/bobolink/224668430.phtml" "Mozilla/5.0 (Linux; Android 6.0.1; Nexus 5X Build/MMB29P) AppleWebKit/537.36 (KHTML, like Gecko) Chrome/136.0.7103.113 Mobile Safari/537.36 (compatible; Googlebot/2.1; +http://www.google.com/bot.html)"
54.36.149.86 - - [16/Jun/2025:09:21:07 -0400] "GET /sitemap-hot-2970995.xml HTTP/1.1" 200 10895 "-" "Mozilla/5.0 (compatible; AhrefsBot/7.0; +http://ahrefs.com/robot/)"
162.0.232.193 - - [16/Jun/2025:09:22:28 -0400] "POST /wp-cron.php?doing_wp_cron=1750080148.6429090499877929687500 HTTP/1.1" 200 0 "-" "WordPress/6.6.2; https://remonster.online"
2a03:2880:f800:3:: - - [16/Jun/2025:09:22:26 -0400] "GET /shopdetail/277606618 HTTP/1.1" 301 0 "-" "meta-externalagent/1.1 (+https://developers.facebook.com/docs/sharing/webmasters/crawler)"
2a03:2880:f800:11:: - - [16/Jun/2025:09:22:31 -0400] "GET / HTTP/1.1" 200 10823 "-" "meta-externalagent/1.1 (+https://developers.facebook.com/docs/sharing/webmasters/crawler)"
162.0.232.193 - - [16/Jun/2025:09:22:34 -0400] "POST /wp-cron.php?doing_wp_cron=1750080153.7441220283508300781250 HTTP/1.1" 200 0 "-" "WordPress/6.6.2; https://remonster.online"
2a03:2880:f800:d:: - - [16/Jun/2025:09:22:32 -0400] "GET /shopdetail/176205318 HTTP/1.1" 301 0 "-" "meta-externalagent/1.1 (+https://developers.facebook.com/docs/sharing/webmasters/crawler)"
66.249.79.229 - - [16/Jun/2025:09:22:45 -0400] "GET /goods/altercating/224570936.phtml HTTP/1.1" 200 24685 "-" "Mozilla/5.0 (Linux; Android 6.0.1; Nexus 5X Build/MMB29P) AppleWebKit/537.36 (KHTML, like Gecko) Chrome/136.0.7103.113 Mobile Safari/537.36 (compatible; Googlebot/2.1; +http://www.google.com/bot.html)"
66.249.79.231 - - [16/Jun/2025:09:22:48 -0400] "POST /get-message-notify HTTP/1.1" 200 24574 "https://remonster.online/goods/altercating/224570936.phtml" "Mozilla/5.0 (Linux; Android 6.0.1; Nexus 5X Build/MMB29P) AppleWebKit/537.36 (KHTML, like Gecko) Chrome/136.0.7103.113 Mobile Safari/537.36 (compatible; Googlebot/2.1; +http://www.google.com/bot.html)"
2a03:2880:f800:19:: - - [16/Jun/2025:09:22:50 -0400] "GET /shopdetail/315882918 HTTP/1.1" 301 0 "-" "meta-externalagent/1.1 (+https://developers.facebook.com/docs/sharing/webmasters/crawler)"
2a03:2880:f800:2:: - - [16/Jun/2025:09:22:52 -0400] "GET / HTTP/1.1" 200 10823 "-" "meta-externalagent/1.1 (+https://developers.facebook.com/docs/sharing/webmasters/crawler)"
2a03:2880:f800:10:: - - [16/Jun/2025:09:22:59 -0400] "GET /shopdetail/204380718 HTTP/1.1" 301 0 "-" "meta-externalagent/1.1 (+https://developers.facebook.com/docs/sharing/webmasters/crawler)"
2a03:2880:f800:1:: - - [16/Jun/2025:09:23:07 -0400] "GET /shopdetail/276062018 HTTP/1.1" 301 0 "-" "meta-externalagent/1.1 (+https://developers.facebook.com/docs/sharing/webmasters/crawler)"
2a03:2880:f800:19:: - - [16/Jun/2025:09:23:09 -0400] "GET /shopdetail/371173518 HTTP/1.1" 301 0 "-" "meta-externalagent/1.1 (+https://developers.facebook.com/docs/sharing/webmasters/crawler)"
2a03:2880:f800:13:: - - [16/Jun/2025:09:23:13 -0400] "GET /shopdetail/385045918 HTTP/1.1" 301 0 "-" "meta-externalagent/1.1 (+https://developers.facebook.com/docs/sharing/webmasters/crawler)"
66.249.79.229 - - [16/Jun/2025:09:23:37 -0400] "GET /entity/opener/224615414.phtml HTTP/1.1" 200 23857 "-" "Mozilla/5.0 (Linux; Android 6.0.1; Nexus 5X Build/MMB29P) AppleWebKit/537.36 (KHTML, like Gecko) Chrome/136.0.7103.113 Mobile Safari/537.36 (compatible; Googlebot/2.1; +http://www.google.com/bot.html)"
2a02:598:96:8a00::1200:124 - - [16/Jun/2025:09:23:56 -0400] "GET /sitemap-hot-2984995.xml HTTP/1.1" 200 10748 "-" "Mozilla/5.0 (compatible; SeznamBot/4.0; +https://o-seznam.cz/napoveda/vyhledavani/en/seznambot-crawler/)"
2600:100c:b06f:b6a7:c0d7:4725:2917:9672 - - [16/Jun/2025:09:24:33 -0400] "GET /manga/re-monster-chapter-72/ HTTP/1.1" 200 17569 "https://remonster.online/manga/re-monster-chapter-71/" "Mozilla/5.0 (iPhone; CPU iPhone OS 17_4_1 like Mac OS X) AppleWebKit/605.1.15 (KHTML, like Gecko) Version/17.4.1 Mobile/15E148 Safari/604.1"
162.0.232.193 - - [16/Jun/2025:09:24:35 -0400] "POST /wp-cron.php?doing_wp_cron=1750080275.1468999385833740234375 HTTP/1.1" 200 0 "-" "WordPress/6.6.2; https://remonster.online"
2a03:2880:f800:a:: - - [16/Jun/2025:09:24:33 -0400] "GET /shopdetail/215142418 HTTP/1.1" 301 0 "-" "meta-externalagent/1.1 (+https://developers.facebook.com/docs/sharing/webmasters/crawler)"
2a03:2880:f800:1d:: - - [16/Jun/2025:09:24:37 -0400] "GET / HTTP/1.1" 200 10823 "-" "meta-externalagent/1.1 (+https://developers.facebook.com/docs/sharing/webmasters/crawler)"
2a03:2880:f800:16:: - - [16/Jun/2025:09:24:43 -0400] "GET /shopdetail/114338518 HTTP/1.1" 301 0 "-" "meta-externalagent/1.1 (+https://developers.facebook.com/docs/sharing/webmasters/crawler)"
2a03:2880:f800:18:: - - [16/Jun/2025:09:24:48 -0400] "GET / HTTP/1.1" 200 10823 "-" "meta-externalagent/1.1 (+https://developers.facebook.com/docs/sharing/webmasters/crawler)"
2a03:2880:f800:14:: - - [16/Jun/2025:09:24:52 -0400] "GET /shopdetail/100339118 HTTP/1.1" 301 0 "-" "meta-externalagent/1.1 (+https://developers.facebook.com/docs/sharing/webmasters/crawler)"
2a03:2880:f800:14:: - - [16/Jun/2025:09:24:55 -0400] "GET / HTTP/1.1" 200 10823 "-" "meta-externalagent/1.1 (+https://developers.facebook.com/docs/sharing/webmasters/crawler)"
66.249.79.230 - - [16/Jun/2025:09:25:21 -0400] "GET /entity/brown/224536858.phtml HTTP/1.1" 200 24007 "-" "Mozilla/5.0 (Linux; Android 6.0.1; Nexus 5X Build/MMB29P) AppleWebKit/537.36 (KHTML, like Gecko) Chrome/136.0.7103.113 Mobile Safari/537.36 (compatible; Googlebot/2.1; +http://www.google.com/bot.html)"
66.249.79.229 - - [16/Jun/2025:09:25:22 -0400] "GET /entity/xq/surbating/221961132.phtml HTTP/1.1" 200 25601 "-" "Mozilla/5.0 (Linux; Android 6.0.1; Nexus 5X Build/MMB29P) AppleWebKit/537.36 (KHTML, like Gecko) Chrome/136.0.7103.113 Mobile Safari/537.36 (compatible; Googlebot/2.1; +http://www.google.com/bot.html)"
