178.51.50.212 - - [16/Jun/2025:11:54:08 -0400] "GET / HTTP/1.1" 304 0 "https://remonster.online/manga/re-monster-chapter-24/" "Mozilla/5.0 (Linux; Android 10; K) AppleWebKit/537.36 (KHTML, like Gecko) Chrome/137.0.0.0 Mobile Safari/537.36"
162.0.232.193 - - [16/Jun/2025:11:54:07 -0400] "GET /manga/re-monster-chapter-15/ HTTP/1.1" 200 0 "-" "WP Rocket/Preload Mozilla/5.0 (iPhone; CPU iPhone OS 9_1 like Mac OS X) AppleWebKit/601.1.46 (KHTML, like Gecko) Version/9.0 Mobile/13B143 Safari/601.1"
178.51.50.212 - - [16/Jun/2025:11:54:09 -0400] "GET /manga/re-monster-chapter-24/ HTTP/1.1" 304 0 "https://remonster.online/manga/re-monster-chapter-23/" "Mozilla/5.0 (Linux; Android 10; K) AppleWebKit/537.36 (KHTML, like Gecko) Chrome/137.0.0.0 Mobile Safari/537.36"
162.0.232.193 - - [16/Jun/2025:11:54:09 -0400] "GET /manga/remonster-chapter-88/ HTTP/1.1" 200 0 "-" "WP Rocket/Preload"
162.0.232.193 - - [16/Jun/2025:11:54:10 -0400] "GET /manga/remonster-chapter-88/ HTTP/1.1" 200 0 "-" "WP Rocket/Preload Mozilla/5.0 (iPhone; CPU iPhone OS 9_1 like Mac OS X) AppleWebKit/601.1.46 (KHTML, like Gecko) Version/9.0 Mobile/13B143 Safari/601.1"
66.249.79.237 - - [16/Jun/2025:11:54:13 -0400] "GET /shopping/areek/348725616.phtml HTTP/1.1" 200 23827 "-" "Mozilla/5.0 (Linux; Android 6.0.1; Nexus 5X Build/MMB29P) AppleWebKit/537.36 (KHTML, like Gecko) Chrome/136.0.7103.113 Mobile Safari/537.36 (compatible; Googlebot/2.1; +http://www.google.com/bot.html)"
178.51.50.212 - - [16/Jun/2025:11:54:09 -0400] "POST /wp-admin/admin-ajax.php HTTP/1.1" 200 69 "https://remonster.online/manga/re-monster-chapter-23/" "Mozilla/5.0 (Linux; Android 10; K) AppleWebKit/537.36 (KHTML, like Gecko) Chrome/137.0.0.0 Mobile Safari/537.36"
162.0.232.193 - - [16/Jun/2025:11:54:12 -0400] "POST /wp-admin/admin-ajax.php?action=as_async_request_queue_runner&nonce=8c43902f25 HTTP/1.1" 200 0 "-" "WordPress/6.6.2; https://remonster.online"
178.51.50.212 - - [16/Jun/2025:11:54:17 -0400] "GET /manga/re-monster-chapter-21/ HTTP/1.1" 200 15992 "https://remonster.online/manga/re-monster-chapter-22/" "Mozilla/5.0 (Linux; Android 10; K) AppleWebKit/537.36 (KHTML, like Gecko) Chrome/137.0.0.0 Mobile Safari/537.36"
162.0.232.193 - - [16/Jun/2025:11:54:15 -0400] "GET /manga/re-monster-chapter--8/ HTTP/1.1" 200 16822 "-" "WP Rocket/Preload"
162.0.232.193 - - [16/Jun/2025:11:54:20 -0400] "GET /manga/re-monster-chapter--8/ HTTP/1.1" 200 0 "-" "WP Rocket/Preload Mozilla/5.0 (iPhone; CPU iPhone OS 9_1 like Mac OS X) AppleWebKit/601.1.46 (KHTML, like Gecko) Version/9.0 Mobile/13B143 Safari/601.1"
162.0.232.193 - - [16/Jun/2025:11:54:21 -0400] "POST /wp-cron.php?doing_wp_cron=1750089261.5375249385833740234375 HTTP/1.1" 200 0 "-" "WordPress/6.6.2; https://remonster.online"
178.51.50.212 - - [16/Jun/2025:11:54:21 -0400] "POST /wp-admin/admin-ajax.php HTTP/1.1" 200 69 "https://remonster.online/manga/re-monster-chapter-23/" "Mozilla/5.0 (Linux; Android 10; K) AppleWebKit/537.36 (KHTML, like Gecko) Chrome/137.0.0.0 Mobile Safari/537.36"
162.0.232.193 - - [16/Jun/2025:11:54:26 -0400] "POST /wp-admin/admin-ajax.php?action=as_async_request_queue_runner&nonce=8c43902f25 HTTP/1.1" 200 0 "-" "WordPress/6.6.2; https://remonster.online"
162.0.232.193 - - [16/Jun/2025:11:54:29 -0400] "GET /manga/re-monster-chapter-73/ HTTP/1.1" 200 17850 "-" "WP Rocket/Preload"
162.0.232.193 - - [16/Jun/2025:11:54:30 -0400] "GET /manga/re-monster-chapter-73/ HTTP/1.1" 200 0 "-" "WP Rocket/Preload Mozilla/5.0 (iPhone; CPU iPhone OS 9_1 like Mac OS X) AppleWebKit/601.1.46 (KHTML, like Gecko) Version/9.0 Mobile/13B143 Safari/601.1"
162.0.232.193 - - [16/Jun/2025:11:54:31 -0400] "GET /manga/re-monster-chapter-49/ HTTP/1.1" 200 17818 "-" "WP Rocket/Preload"
162.0.232.193 - - [16/Jun/2025:11:54:32 -0400] "GET /manga/re-monster-chapter-49/ HTTP/1.1" 200 0 "-" "WP Rocket/Preload Mozilla/5.0 (iPhone; CPU iPhone OS 9_1 like Mac OS X) AppleWebKit/601.1.46 (KHTML, like Gecko) Version/9.0 Mobile/13B143 Safari/601.1"
162.0.232.193 - - [16/Jun/2025:11:54:34 -0400] "POST /wp-cron.php?doing_wp_cron=1750089274.0544109344482421875000 HTTP/1.1" 200 0 "-" "WordPress/6.6.2; https://remonster.online"
162.0.232.193 - - [16/Jun/2025:11:54:34 -0400] "GET /manga/re-monster-chapter-52/ HTTP/1.1" 200 0 "-" "WP Rocket/Preload"
162.0.232.193 - - [16/Jun/2025:11:54:36 -0400] "GET /manga/re-monster-chapter-52/ HTTP/1.1" 200 0 "-" "WP Rocket/Preload Mozilla/5.0 (iPhone; CPU iPhone OS 9_1 like Mac OS X) AppleWebKit/601.1.46 (KHTML, like Gecko) Version/9.0 Mobile/13B143 Safari/601.1"
162.0.232.193 - - [16/Jun/2025:11:54:37 -0400] "GET /manga/re-monster-chapter-39/ HTTP/1.1" 200 0 "-" "WP Rocket/Preload"
162.0.232.193 - - [16/Jun/2025:11:54:39 -0400] "GET /manga/re-monster-chapter-39/ HTTP/1.1" 200 0 "-" "WP Rocket/Preload Mozilla/5.0 (iPhone; CPU iPhone OS 9_1 like Mac OS X) AppleWebKit/601.1.46 (KHTML, like Gecko) Version/9.0 Mobile/13B143 Safari/601.1"
162.0.232.193 - - [16/Jun/2025:11:54:40 -0400] "GET /manga/re-monster-chapter-40/ HTTP/1.1" 200 0 "-" "WP Rocket/Preload"
162.0.232.193 - - [16/Jun/2025:11:54:42 -0400] "GET /manga/re-monster-chapter-40/ HTTP/1.1" 200 0 "-" "WP Rocket/Preload Mozilla/5.0 (iPhone; CPU iPhone OS 9_1 like Mac OS X) AppleWebKit/601.1.46 (KHTML, like Gecko) Version/9.0 Mobile/13B143 Safari/601.1"
162.0.232.193 - - [16/Jun/2025:11:54:44 -0400] "GET /manga/re-monster-chapter-42/ HTTP/1.1" 200 0 "-" "WP Rocket/Preload"
162.0.232.193 - - [16/Jun/2025:11:54:45 -0400] "GET /manga/re-monster-chapter-42/ HTTP/1.1" 200 0 "-" "WP Rocket/Preload Mozilla/5.0 (iPhone; CPU iPhone OS 9_1 like Mac OS X) AppleWebKit/601.1.46 (KHTML, like Gecko) Version/9.0 Mobile/13B143 Safari/601.1"
162.0.232.193 - - [16/Jun/2025:11:54:47 -0400] "GET /manga/re-monster-chapter-23/ HTTP/1.1" 200 0 "-" "WP Rocket/Preload"
2a03:2880:f800:3:: - - [16/Jun/2025:11:54:47 -0400] "GET /shopdetail/239102518 HTTP/1.1" 301 0 "-" "meta-externalagent/1.1 (+https://developers.facebook.com/docs/sharing/webmasters/crawler)"
162.0.232.193 - - [16/Jun/2025:11:54:49 -0400] "GET /manga/re-monster-chapter-23/ HTTP/1.1" 200 16711 "-" "WP Rocket/Preload Mozilla/5.0 (iPhone; CPU iPhone OS 9_1 like Mac OS X) AppleWebKit/601.1.46 (KHTML, like Gecko) Version/9.0 Mobile/13B143 Safari/601.1"
2a03:2880:f800:1c:: - - [16/Jun/2025:11:54:50 -0400] "GET / HTTP/1.1" 200 10823 "-" "meta-externalagent/1.1 (+https://developers.facebook.com/docs/sharing/webmasters/crawler)"
162.0.232.193 - - [16/Jun/2025:11:54:50 -0400] "GET /manga/re-monster-chapter-26/ HTTP/1.1" 200 0 "-" "WP Rocket/Preload"
162.0.232.193 - - [16/Jun/2025:11:54:51 -0400] "GET /manga/re-monster-chapter-26/ HTTP/1.1" 200 16625 "-" "WP Rocket/Preload Mozilla/5.0 (iPhone; CPU iPhone OS 9_1 like Mac OS X) AppleWebKit/601.1.46 (KHTML, like Gecko) Version/9.0 Mobile/13B143 Safari/601.1"
162.0.232.193 - - [16/Jun/2025:11:54:57 -0400] "POST /wp-admin/admin-ajax.php?action=as_async_request_queue_runner&nonce=8c43902f25 HTTP/1.1" 200 0 "-" "WordPress/6.6.2; https://remonster.online"
162.0.232.193 - - [16/Jun/2025:11:55:01 -0400] "GET /manga/re-monster-chapter-17/ HTTP/1.1" 200 17791 "-" "WP Rocket/Preload"
2a03:2880:f800:2:: - - [16/Jun/2025:11:55:01 -0400] "GET /shopdetail/420403318 HTTP/1.1" 301 0 "-" "meta-externalagent/1.1 (+https://developers.facebook.com/docs/sharing/webmasters/crawler)"
162.0.232.193 - - [16/Jun/2025:11:55:02 -0400] "GET /manga/re-monster-chapter-17/ HTTP/1.1" 200 0 "-" "WP Rocket/Preload Mozilla/5.0 (iPhone; CPU iPhone OS 9_1 like Mac OS X) AppleWebKit/601.1.46 (KHTML, like Gecko) Version/9.0 Mobile/13B143 Safari/601.1"
2a03:2880:f800:15:: - - [16/Jun/2025:11:55:04 -0400] "GET / HTTP/1.1" 200 10823 "-" "meta-externalagent/1.1 (+https://developers.facebook.com/docs/sharing/webmasters/crawler)"
162.0.232.193 - - [16/Jun/2025:11:55:03 -0400] "GET /manga/re-monster-chapter-18/ HTTP/1.1" 200 0 "-" "WP Rocket/Preload"
162.0.232.193 - - [16/Jun/2025:11:55:05 -0400] "GET /manga/re-monster-chapter-18/ HTTP/1.1" 200 0 "-" "WP Rocket/Preload Mozilla/5.0 (iPhone; CPU iPhone OS 9_1 like Mac OS X) AppleWebKit/601.1.46 (KHTML, like Gecko) Version/9.0 Mobile/13B143 Safari/601.1"
162.0.232.193 - - [16/Jun/2025:11:55:07 -0400] "GET /manga/re-monster-chapter-10/ HTTP/1.1" 200 0 "-" "WP Rocket/Preload"
162.0.232.193 - - [16/Jun/2025:11:55:08 -0400] "GET /manga/re-monster-chapter-10/ HTTP/1.1" 200 16992 "-" "WP Rocket/Preload Mozilla/5.0 (iPhone; CPU iPhone OS 9_1 like Mac OS X) AppleWebKit/601.1.46 (KHTML, like Gecko) Version/9.0 Mobile/13B143 Safari/601.1"
162.0.232.193 - - [16/Jun/2025:11:55:10 -0400] "GET /manga/re-monster-chapter-12/ HTTP/1.1" 200 0 "-" "WP Rocket/Preload"
162.0.232.193 - - [16/Jun/2025:11:55:11 -0400] "GET /manga/re-monster-chapter-12/ HTTP/1.1" 200 17807 "-" "WP Rocket/Preload Mozilla/5.0 (iPhone; CPU iPhone OS 9_1 like Mac OS X) AppleWebKit/601.1.46 (KHTML, like Gecko) Version/9.0 Mobile/13B143 Safari/601.1"
2a03:2880:f800:1a:: - - [16/Jun/2025:11:55:10 -0400] "GET /shopdetail/265918618 HTTP/1.1" 301 0 "-" "meta-externalagent/1.1 (+https://developers.facebook.com/docs/sharing/webmasters/crawler)"
2a03:2880:f800:12:: - - [16/Jun/2025:11:55:10 -0400] "GET /shopdetail/320356018 HTTP/1.1" 301 0 "-" "meta-externalagent/1.1 (+https://developers.facebook.com/docs/sharing/webmasters/crawler)"
162.0.232.193 - - [16/Jun/2025:11:55:12 -0400] "GET /manga/remonster-chapter-82/ HTTP/1.1" 200 14456 "-" "WP Rocket/Preload"
162.0.232.193 - - [16/Jun/2025:11:55:14 -0400] "GET /manga/remonster-chapter-82/ HTTP/1.1" 200 0 "-" "WP Rocket/Preload Mozilla/5.0 (iPhone; CPU iPhone OS 9_1 like Mac OS X) AppleWebKit/601.1.46 (KHTML, like Gecko) Version/9.0 Mobile/13B143 Safari/601.1"
162.0.232.193 - - [16/Jun/2025:11:55:15 -0400] "GET /manga/remonster-chapter-86/ HTTP/1.1" 200 0 "-" "WP Rocket/Preload"
162.0.232.193 - - [16/Jun/2025:11:55:17 -0400] "GET /manga/remonster-chapter-86/ HTTP/1.1" 200 0 "-" "WP Rocket/Preload Mozilla/5.0 (iPhone; CPU iPhone OS 9_1 like Mac OS X) AppleWebKit/601.1.46 (KHTML, like Gecko) Version/9.0 Mobile/13B143 Safari/601.1"
162.0.232.193 - - [16/Jun/2025:11:55:19 -0400] "POST /wp-cron.php?doing_wp_cron=1750089318.9430971145629882812500 HTTP/1.1" 200 0 "-" "WordPress/6.6.2; https://remonster.online"
162.0.232.193 - - [16/Jun/2025:11:55:23 -0400] "POST /wp-admin/admin-ajax.php?action=as_async_request_queue_runner&nonce=8c43902f25 HTTP/1.1" 200 0 "-" "WordPress/6.6.2; https://remonster.online"
162.0.232.193 - - [16/Jun/2025:11:55:26 -0400] "GET /manga/re-monster-chapter-69/ HTTP/1.1" 200 17996 "-" "WP Rocket/Preload"
162.0.232.193 - - [16/Jun/2025:11:55:27 -0400] "GET /manga/re-monster-chapter-69/ HTTP/1.1" 200 0 "-" "WP Rocket/Preload Mozilla/5.0 (iPhone; CPU iPhone OS 9_1 like Mac OS X) AppleWebKit/601.1.46 (KHTML, like Gecko) Version/9.0 Mobile/13B143 Safari/601.1"
162.0.232.193 - - [16/Jun/2025:11:55:29 -0400] "GET /manga/re-monster-chapter-11/ HTTP/1.1" 200 0 "-" "WP Rocket/Preload"
162.0.232.193 - - [16/Jun/2025:11:55:30 -0400] "GET /manga/re-monster-chapter-11/ HTTP/1.1" 200 0 "-" "WP Rocket/Preload Mozilla/5.0 (iPhone; CPU iPhone OS 9_1 like Mac OS X) AppleWebKit/601.1.46 (KHTML, like Gecko) Version/9.0 Mobile/13B143 Safari/601.1"
162.0.232.193 - - [16/Jun/2025:11:55:32 -0400] "GET /manga/remonster-chapter-94/ HTTP/1.1" 200 15755 "-" "WP Rocket/Preload"
162.0.232.193 - - [16/Jun/2025:11:55:32 -0400] "POST /wp-cron.php?doing_wp_cron=1750089332.7444040775299072265625 HTTP/1.1" 200 0 "-" "WordPress/6.6.2; https://remonster.online"
2a03:2880:f800:19:: - - [16/Jun/2025:11:55:30 -0400] "GET /shopdetail/317707718 HTTP/1.1" 301 0 "-" "meta-externalagent/1.1 (+https://developers.facebook.com/docs/sharing/webmasters/crawler)"
162.0.232.193 - - [16/Jun/2025:11:55:33 -0400] "GET /manga/remonster-chapter-94/ HTTP/1.1" 200 0 "-" "WP Rocket/Preload Mozilla/5.0 (iPhone; CPU iPhone OS 9_1 like Mac OS X) AppleWebKit/601.1.46 (KHTML, like Gecko) Version/9.0 Mobile/13B143 Safari/601.1"
162.0.232.193 - - [16/Jun/2025:11:55:34 -0400] "GET /manga/re-monster-chapter-66/ HTTP/1.1" 200 0 "-" "WP Rocket/Preload"
162.0.232.193 - - [16/Jun/2025:11:55:36 -0400] "GET /manga/re-monster-chapter-66/ HTTP/1.1" 200 0 "-" "WP Rocket/Preload Mozilla/5.0 (iPhone; CPU iPhone OS 9_1 like Mac OS X) AppleWebKit/601.1.46 (KHTML, like Gecko) Version/9.0 Mobile/13B143 Safari/601.1"
162.0.232.193 - - [16/Jun/2025:11:55:38 -0400] "GET /manga/remonster-chapter-90/ HTTP/1.1" 200 14179 "-" "WP Rocket/Preload"
162.0.232.193 - - [16/Jun/2025:11:55:39 -0400] "GET /manga/remonster-chapter-90/ HTTP/1.1" 200 0 "-" "WP Rocket/Preload Mozilla/5.0 (iPhone; CPU iPhone OS 9_1 like Mac OS X) AppleWebKit/601.1.46 (KHTML, like Gecko) Version/9.0 Mobile/13B143 Safari/601.1"
2a03:2880:f800:1b:: - - [16/Jun/2025:11:55:38 -0400] "GET /shopdetail/389602118 HTTP/1.1" 301 0 "-" "meta-externalagent/1.1 (+https://developers.facebook.com/docs/sharing/webmasters/crawler)"
162.0.232.193 - - [16/Jun/2025:11:55:40 -0400] "GET /manga/remonster-chapter-93/ HTTP/1.1" 200 15463 "-" "WP Rocket/Preload"
162.0.232.193 - - [16/Jun/2025:11:55:41 -0400] "GET /manga/remonster-chapter-93/ HTTP/1.1" 200 0 "-" "WP Rocket/Preload Mozilla/5.0 (iPhone; CPU iPhone OS 9_1 like Mac OS X) AppleWebKit/601.1.46 (KHTML, like Gecko) Version/9.0 Mobile/13B143 Safari/601.1"
2a03:2880:f800:12:: - - [16/Jun/2025:11:55:42 -0400] "GET / HTTP/1.1" 200 10823 "-" "meta-externalagent/1.1 (+https://developers.facebook.com/docs/sharing/webmasters/crawler)"
162.0.232.193 - - [16/Jun/2025:11:55:43 -0400] "GET /manga/remonster-chapter-102/ HTTP/1.1" 200 15583 "-" "WP Rocket/Preload"
162.0.232.193 - - [16/Jun/2025:11:55:44 -0400] "GET /manga/remonster-chapter-102/ HTTP/1.1" 200 0 "-" "WP Rocket/Preload Mozilla/5.0 (iPhone; CPU iPhone OS 9_1 like Mac OS X) AppleWebKit/601.1.46 (KHTML, like Gecko) Version/9.0 Mobile/13B143 Safari/601.1"
2a03:2880:f800:3:: - - [16/Jun/2025:11:55:48 -0400] "GET /shopdetail/181415118 HTTP/1.1" 301 0 "-" "meta-externalagent/1.1 (+https://developers.facebook.com/docs/sharing/webmasters/crawler)"
2a03:2880:f800:14:: - - [16/Jun/2025:11:55:50 -0400] "GET /shopdetail/293882918 HTTP/1.1" 301 0 "-" "meta-externalagent/1.1 (+https://developers.facebook.com/docs/sharing/webmasters/crawler)"
162.0.232.193 - - [16/Jun/2025:11:55:51 -0400] "POST /wp-admin/admin-ajax.php?action=as_async_request_queue_runner&nonce=8c43902f25 HTTP/1.1" 200 0 "-" "WordPress/6.6.2; https://remonster.online"
162.0.232.193 - - [16/Jun/2025:11:55:53 -0400] "GET /manga/remonster-chapter-100/ HTTP/1.1" 200 15196 "-" "WP Rocket/Preload"
162.0.232.193 - - [16/Jun/2025:11:55:54 -0400] "GET /manga/remonster-chapter-100/ HTTP/1.1" 200 0 "-" "WP Rocket/Preload Mozilla/5.0 (iPhone; CPU iPhone OS 9_1 like Mac OS X) AppleWebKit/601.1.46 (KHTML, like Gecko) Version/9.0 Mobile/13B143 Safari/601.1"
2a03:2880:f800:e:: - - [16/Jun/2025:11:55:54 -0400] "GET /shopdetail/128014718 HTTP/1.1" 301 0 "-" "meta-externalagent/1.1 (+https://developers.facebook.com/docs/sharing/webmasters/crawler)"
162.0.232.193 - - [16/Jun/2025:11:55:56 -0400] "GET /manga/remonster-chapter-97/ HTTP/1.1" 200 15382 "-" "WP Rocket/Preload"
162.0.232.193 - - [16/Jun/2025:11:55:57 -0400] "GET /manga/remonster-chapter-97/ HTTP/1.1" 200 0 "-" "WP Rocket/Preload Mozilla/5.0 (iPhone; CPU iPhone OS 9_1 like Mac OS X) AppleWebKit/601.1.46 (KHTML, like Gecko) Version/9.0 Mobile/13B143 Safari/601.1"
2a03:2880:f800:2:: - - [16/Jun/2025:11:55:58 -0400] "GET / HTTP/1.1" 200 10823 "-" "meta-externalagent/1.1 (+https://developers.facebook.com/docs/sharing/webmasters/crawler)"
2a03:2880:f800:8:: - - [16/Jun/2025:11:56:04 -0400] "GET /manga/remonster-chapter-102/ HTTP/1.1" 200 15583 "-" "meta-externalagent/1.1 (+https://developers.facebook.com/docs/sharing/webmasters/crawler)"
23.241.212.125 - - [16/Jun/2025:11:56:06 -0400] "GET /manga/re-monster-chapter-36/ HTTP/1.1" 200 17937 "https://remonster.online/manga/re-monster-chapter-35/" "Mozilla/5.0 (iPhone; CPU iPhone OS 18_5 like Mac OS X) AppleWebKit/605.1.15 (KHTML, like Gecko) Version/18.5 Mobile/15E148 Safari/604.1"
23.241.212.125 - - [16/Jun/2025:11:56:06 -0400] "POST /wp-admin/admin-ajax.php HTTP/1.1" 200 69 "https://remonster.online/manga/re-monster-chapter-36/" "Mozilla/5.0 (iPhone; CPU iPhone OS 18_5 like Mac OS X) AppleWebKit/605.1.15 (KHTML, like Gecko) Version/18.5 Mobile/15E148 Safari/604.1"
66.249.79.238 - - [16/Jun/2025:11:56:13 -0400] "GET /goods/tempera/348799552.phtml HTTP/1.1" 200 25547 "-" "Mozilla/5.0 (Linux; Android 6.0.1; Nexus 5X Build/MMB29P) AppleWebKit/537.36 (KHTML, like Gecko) Chrome/136.0.7103.113 Mobile Safari/537.36 (compatible; Googlebot/2.1; +http://www.google.com/bot.html)"
162.0.232.193 - - [16/Jun/2025:11:56:57 -0400] "POST /wp-cron.php?doing_wp_cron=1750089416.9530699253082275390625 HTTP/1.1" 200 0 "-" "WordPress/6.6.2; https://remonster.online"
2a03:2880:f800:14:: - - [16/Jun/2025:11:56:55 -0400] "GET /shopdetail/123729818 HTTP/1.1" 301 0 "-" "meta-externalagent/1.1 (+https://developers.facebook.com/docs/sharing/webmasters/crawler)"
2a03:2880:f800:14:: - - [16/Jun/2025:11:57:01 -0400] "GET / HTTP/1.1" 200 10823 "-" "meta-externalagent/1.1 (+https://developers.facebook.com/docs/sharing/webmasters/crawler)"
2a03:2880:f800:c:: - - [16/Jun/2025:11:57:19 -0400] "GET /manga/remonster-chapter-97/ HTTP/1.1" 200 15382 "-" "meta-externalagent/1.1 (+https://developers.facebook.com/docs/sharing/webmasters/crawler)"
162.0.232.193 - - [16/Jun/2025:11:57:29 -0400] "POST /wp-cron.php?doing_wp_cron=1750089448.9384829998016357421875 HTTP/1.1" 200 0 "-" "WordPress/6.6.2; https://remonster.online"
2a03:2880:f800:7:: - - [16/Jun/2025:11:57:26 -0400] "GET /shopdetail/135653318 HTTP/1.1" 301 0 "-" "meta-externalagent/1.1 (+https://developers.facebook.com/docs/sharing/webmasters/crawler)"
2a03:2880:f800:c:: - - [16/Jun/2025:11:57:32 -0400] "GET / HTTP/1.1" 200 10823 "-" "meta-externalagent/1.1 (+https://developers.facebook.com/docs/sharing/webmasters/crawler)"
66.249.79.238 - - [16/Jun/2025:11:57:50 -0400] "GET /shopdetail/293665618 HTTP/1.1" 200 23374 "-" "Mozilla/5.0 (Linux; Android 6.0.1; Nexus 5X Build/MMB29P) AppleWebKit/537.36 (KHTML, like Gecko) Chrome/136.0.7103.113 Mobile Safari/537.36 (compatible; Googlebot/2.1; +http://www.google.com/bot.html)"
66.249.79.237 - - [16/Jun/2025:11:57:51 -0400] "GET /info/k/electant430791418.phtml HTTP/1.1" 200 23888 "-" "Mozilla/5.0 (Linux; Android 6.0.1; Nexus 5X Build/MMB29P) AppleWebKit/537.36 (KHTML, like Gecko) Chrome/136.0.7103.113 Mobile Safari/537.36 (compatible; Googlebot/2.1; +http://www.google.com/bot.html)"
162.0.232.193 - - [16/Jun/2025:11:58:05 -0400] "POST /wp-cron.php?doing_wp_cron=1750089485.0723268985748291015625 HTTP/1.1" 200 0 "-" "WordPress/6.6.2; https://remonster.online"
2a03:2880:f800:b:: - - [16/Jun/2025:11:58:04 -0400] "GET /shopdetail/395485818 HTTP/1.1" 301 0 "-" "meta-externalagent/1.1 (+https://developers.facebook.com/docs/sharing/webmasters/crawler)"
2a00:fbc:eda7:50cd:d002:d8ff:fe14:ac99 - - [16/Jun/2025:11:58:05 -0400] "GET /manga/re-monster-chapter-51/ HTTP/1.1" 200 17945 "https://remonster.online/manga/re-monster-chapter-50/" "Mozilla/5.0 (Android 15; Mobile; rv:139.0) Gecko/139.0 Firefox/139.0"
2a03:2880:f800:f:: - - [16/Jun/2025:11:58:06 -0400] "GET /shopdetail/265917218 HTTP/1.1" 301 0 "-" "meta-externalagent/1.1 (+https://developers.facebook.com/docs/sharing/webmasters/crawler)"
2a00:fbc:eda7:50cd:d002:d8ff:fe14:ac99 - - [16/Jun/2025:11:58:07 -0400] "POST /wp-admin/admin-ajax.php HTTP/1.1" 200 69 "https://remonster.online/manga/re-monster-chapter-51/" "Mozilla/5.0 (Android 15; Mobile; rv:139.0) Gecko/139.0 Firefox/139.0"
2a03:2880:f800:f:: - - [16/Jun/2025:11:58:08 -0400] "GET / HTTP/1.1" 200 10823 "-" "meta-externalagent/1.1 (+https://developers.facebook.com/docs/sharing/webmasters/crawler)"
162.0.232.193 - - [16/Jun/2025:11:58:22 -0400] "POST /wp-cron.php?doing_wp_cron=1750089502.7069540023803710937500 HTTP/1.1" 200 0 "-" "WordPress/6.6.2; https://remonster.online"
2a03:2880:f800:3:: - - [16/Jun/2025:11:58:21 -0400] "GET /shopdetail/229729918 HTTP/1.1" 301 0 "-" "meta-externalagent/1.1 (+https://developers.facebook.com/docs/sharing/webmasters/crawler)"
2a03:2880:f800:14:: - - [16/Jun/2025:11:58:27 -0400] "GET /shopdetail/57328118 HTTP/1.1" 301 0 "-" "meta-externalagent/1.1 (+https://developers.facebook.com/docs/sharing/webmasters/crawler)"
162.0.232.193 - - [16/Jun/2025:11:58:39 -0400] "POST /wp-cron.php?doing_wp_cron=1750089519.0468940734863281250000 HTTP/1.1" 200 0 "-" "WordPress/6.6.2; https://remonster.online"
2a03:2880:f800:d:: - - [16/Jun/2025:11:58:37 -0400] "GET /shopdetail/331571018 HTTP/1.1" 301 0 "-" "meta-externalagent/1.1 (+https://developers.facebook.com/docs/sharing/webmasters/crawler)"
2a03:2880:f800:1a:: - - [16/Jun/2025:11:58:41 -0400] "GET / HTTP/1.1" 200 10823 "-" "meta-externalagent/1.1 (+https://developers.facebook.com/docs/sharing/webmasters/crawler)"
66.249.79.237 - - [16/Jun/2025:11:58:45 -0400] "GET /manga/remonster-chapter-100/ HTTP/1.1" 200 23976 "-" "Mozilla/5.0 (Linux; Android 6.0.1; Nexus 5X Build/MMB29P) AppleWebKit/537.36 (KHTML, like Gecko) Chrome/136.0.7103.113 Mobile Safari/537.36 (compatible; Googlebot/2.1; +http://www.google.com/bot.html)"
66.249.79.237 - - [16/Jun/2025:11:58:52 -0400] "GET /manga/re-monster-chapter-27 HTTP/1.1" 200 24674 "-" "Mozilla/5.0 (Linux; Android 6.0.1; Nexus 5X Build/MMB29P) AppleWebKit/537.36 (KHTML, like Gecko) Chrome/136.0.7103.113 Mobile Safari/537.36 (compatible; Googlebot/2.1; +http://www.google.com/bot.html)"
66.249.79.236 - - [16/Jun/2025:11:58:56 -0400] "POST /get-message-notify HTTP/1.1" 200 24574 "https://remonster.online/manga/re-monster-chapter-27" "Mozilla/5.0 (Linux; Android 6.0.1; Nexus 5X Build/MMB29P) AppleWebKit/537.36 (KHTML, like Gecko) Chrome/136.0.7103.113 Mobile Safari/537.36 (compatible; Googlebot/2.1; +http://www.google.com/bot.html)"
162.0.232.193 - - [16/Jun/2025:11:59:42 -0400] "POST /wp-cron.php?doing_wp_cron=1750089581.9429509639739990234375 HTTP/1.1" 200 0 "-" "WordPress/6.6.2; https://remonster.online"
2a03:2880:f800:7:: - - [16/Jun/2025:11:59:40 -0400] "GET /shopdetail/185638918 HTTP/1.1" 301 0 "-" "meta-externalagent/1.1 (+https://developers.facebook.com/docs/sharing/webmasters/crawler)"
2a03:2880:f800:10:: - - [16/Jun/2025:11:59:45 -0400] "GET /shopdetail/278553718 HTTP/1.1" 301 0 "-" "meta-externalagent/1.1 (+https://developers.facebook.com/docs/sharing/webmasters/crawler)"
2a03:2880:f800:2:: - - [16/Jun/2025:11:59:50 -0400] "GET / HTTP/1.1" 200 10858 "-" "meta-externalagent/1.1 (+https://developers.facebook.com/docs/sharing/webmasters/crawler)"
162.0.232.193 - - [16/Jun/2025:12:00:38 -0400] "POST /wp-cron.php?doing_wp_cron=1750089638.0526590347290039062500 HTTP/1.1" 200 0 "-" "WordPress/6.6.2; https://remonster.online"
2a03:2880:f800:: - - [16/Jun/2025:12:00:35 -0400] "GET /shopdetail/155442518 HTTP/1.1" 301 0 "-" "meta-externalagent/1.1 (+https://developers.facebook.com/docs/sharing/webmasters/crawler)"
66.249.79.236 - - [16/Jun/2025:12:00:53 -0400] "GET /shopdetail/repellence173876876.phtml HTTP/1.1" 200 23781 "-" "Mozilla/5.0 (Linux; Android 6.0.1; Nexus 5X Build/MMB29P) AppleWebKit/537.36 (KHTML, like Gecko) Chrome/136.0.7103.113 Mobile Safari/537.36 (compatible; Googlebot/2.1; +http://www.google.com/bot.html)"
2a03:2880:f800:8:: - - [16/Jun/2025:12:01:02 -0400] "GET /shopdetail/102790518 HTTP/1.1" 301 0 "-" "meta-externalagent/1.1 (+https://developers.facebook.com/docs/sharing/webmasters/crawler)"
2a03:2880:f800:: - - [16/Jun/2025:12:01:05 -0400] "GET / HTTP/1.1" 200 10823 "-" "meta-externalagent/1.1 (+https://developers.facebook.com/docs/sharing/webmasters/crawler)"
2607:fb91:8e11:85df:e0f0:ae2:4b59:b4e8 - - [16/Jun/2025:12:01:06 -0400] "GET /manga/re-monster-chapter-50/ HTTP/1.1" 200 17388 "https://alohafind.com/search/" "Mozilla/5.0 (iPhone; CPU iPhone OS 18_5 like Mac OS X) AppleWebKit/605.1.15 (KHTML, like Gecko) Mobile/15E148 Version/18.5 Safari/605.1.15 AlohaBrowser/7.4.0"
2607:fb91:8e11:85df:e0f0:ae2:4b59:b4e8 - - [16/Jun/2025:12:01:07 -0400] "GET /wp-content/plugins/comic-easel/js/keynav.js HTTP/1.1" 200 302 "https://remonster.online/manga/re-monster-chapter-50/" "Mozilla/5.0 (iPhone; CPU iPhone OS 18_5 like Mac OS X) AppleWebKit/605.1.15 (KHTML, like Gecko) Mobile/15E148 Version/18.5 Safari/605.1.15 AlohaBrowser/7.4.0"
2607:fb91:8e11:85df:e0f0:ae2:4b59:b4e8 - - [16/Jun/2025:12:01:07 -0400] "GET /wp-includes/js/jquery/jquery.min.js?ver=3.7.1 HTTP/1.1" 304 0 "https://remonster.online/manga/re-monster-chapter-50/" "Mozilla/5.0 (iPhone; CPU iPhone OS 18_5 like Mac OS X) AppleWebKit/605.1.15 (KHTML, like Gecko) Mobile/15E148 Version/18.5 Safari/605.1.15 AlohaBrowser/7.4.0"
2607:fb91:8e11:85df:e0f0:ae2:4b59:b4e8 - - [16/Jun/2025:12:01:07 -0400] "GET /wp-content/plugins/simple-social-buttons/assets/js/front.js?ver=5.3.1 HTTP/1.1" 304 0 "https://remonster.online/manga/re-monster-chapter-50/" "Mozilla/5.0 (iPhone; CPU iPhone OS 18_5 like Mac OS X) AppleWebKit/605.1.15 (KHTML, like Gecko) Mobile/15E148 Version/18.5 Safari/605.1.15 AlohaBrowser/7.4.0"
2607:fb91:8e11:85df:e0f0:ae2:4b59:b4e8 - - [16/Jun/2025:12:01:07 -0400] "GET /wp-content/plugins/links-auto-replacer/public/js/lar-public.js?ver=2.0.0 HTTP/1.1" 304 0 "https://remonster.online/manga/re-monster-chapter-50/" "Mozilla/5.0 (iPhone; CPU iPhone OS 18_5 like Mac OS X) AppleWebKit/605.1.15 (KHTML, like Gecko) Mobile/15E148 Version/18.5 Safari/605.1.15 AlohaBrowser/7.4.0"
2607:fb91:8e11:85df:e0f0:ae2:4b59:b4e8 - - [16/Jun/2025:12:01:07 -0400] "GET /wp-content/plugins/disqus-comment-system/public/js/comment_embed.js?ver=3.1.2 HTTP/1.1" 304 0 "https://remonster.online/manga/re-monster-chapter-50/" "Mozilla/5.0 (iPhone; CPU iPhone OS 18_5 like Mac OS X) AppleWebKit/605.1.15 (KHTML, like Gecko) Mobile/15E148 Version/18.5 Safari/605.1.15 AlohaBrowser/7.4.0"
2607:fb91:8e11:85df:e0f0:ae2:4b59:b4e8 - - [16/Jun/2025:12:01:07 -0400] "GET /wp-content/plugins/simple-social-buttons/assets/js/frontend-blocks.js?ver=5.3.1 HTTP/1.1" 304 0 "https://remonster.online/manga/re-monster-chapter-50/" "Mozilla/5.0 (iPhone; CPU iPhone OS 18_5 like Mac OS X) AppleWebKit/605.1.15 (KHTML, like Gecko) Mobile/15E148 Version/18.5 Safari/605.1.15 AlohaBrowser/7.4.0"
2607:fb91:8e11:85df:e0f0:ae2:4b59:b4e8 - - [16/Jun/2025:12:01:07 -0400] "GET /wp-content/plugins/wp-automatic/js/main-front.js?ver=6.6.2 HTTP/1.1" 304 0 "https://remonster.online/manga/re-monster-chapter-50/" "Mozilla/5.0 (iPhone; CPU iPhone OS 18_5 like Mac OS X) AppleWebKit/605.1.15 (KHTML, like Gecko) Mobile/15E148 Version/18.5 Safari/605.1.15 AlohaBrowser/7.4.0"
2607:fb91:8e11:85df:e0f0:ae2:4b59:b4e8 - - [16/Jun/2025:12:01:07 -0400] "GET /wp-content/plugins/disqus-comment-system/public/js/comment_count.js?ver=3.1.2 HTTP/1.1" 304 0 "https://remonster.online/manga/re-monster-chapter-50/" "Mozilla/5.0 (iPhone; CPU iPhone OS 18_5 like Mac OS X) AppleWebKit/605.1.15 (KHTML, like Gecko) Mobile/15E148 Version/18.5 Safari/605.1.15 AlohaBrowser/7.4.0"
2607:fb91:8e11:85df:e0f0:ae2:4b59:b4e8 - - [16/Jun/2025:12:01:07 -0400] "GET /wp-content/themes/toivo-lite/js/responsive-nav.min.js?ver=1.2.0 HTTP/1.1" 304 0 "https://remonster.online/manga/re-monster-chapter-50/" "Mozilla/5.0 (iPhone; CPU iPhone OS 18_5 like Mac OS X) AppleWebKit/605.1.15 (KHTML, like Gecko) Mobile/15E148 Version/18.5 Safari/605.1.15 AlohaBrowser/7.4.0"
2607:fb91:8e11:85df:e0f0:ae2:4b59:b4e8 - - [16/Jun/2025:12:01:07 -0400] "GET /wp-content/themes/toivo-lite/js/functions.min.js?ver=1.2.0 HTTP/1.1" 304 0 "https://remonster.online/manga/re-monster-chapter-50/" "Mozilla/5.0 (iPhone; CPU iPhone OS 18_5 like Mac OS X) AppleWebKit/605.1.15 (KHTML, like Gecko) Mobile/15E148 Version/18.5 Safari/605.1.15 AlohaBrowser/7.4.0"
2607:fb91:8e11:85df:e0f0:ae2:4b59:b4e8 - - [16/Jun/2025:12:01:07 -0400] "GET /wp-includes/js/comment-reply.min.js?ver=6.6.2 HTTP/1.1" 304 0 "https://remonster.online/manga/re-monster-chapter-50/" "Mozilla/5.0 (iPhone; CPU iPhone OS 18_5 like Mac OS X) AppleWebKit/605.1.15 (KHTML, like Gecko) Mobile/15E148 Version/18.5 Safari/605.1.15 AlohaBrowser/7.4.0"
2607:fb91:8e11:85df:e0f0:ae2:4b59:b4e8 - - [16/Jun/2025:12:01:07 -0400] "GET /wp-includes/js/jquery/jquery-migrate.min.js?ver=3.4.1 HTTP/1.1" 304 0 "https://remonster.online/manga/re-monster-chapter-50/" "Mozilla/5.0 (iPhone; CPU iPhone OS 18_5 like Mac OS X) AppleWebKit/605.1.15 (KHTML, like Gecko) Mobile/15E148 Version/18.5 Safari/605.1.15 AlohaBrowser/7.4.0"
2607:fb91:8e11:85df:e0f0:ae2:4b59:b4e8 - - [16/Jun/2025:12:01:09 -0400] "GET /manga/re-monster-chapter-50/ HTTP/1.1" 200 17388 "-" "Mozilla/5.0 (iPhone; CPU iPhone OS 18_5 like Mac OS X) AppleWebKit/605.1.15 (KHTML, like Gecko) Mobile/15E148 Version/18.5 Safari/605.1.15 AlohaBrowser/7.4.0"
2607:fb91:8e11:85df:e0f0:ae2:4b59:b4e8 - - [16/Jun/2025:12:01:10 -0400] "GET /wp-content/uploads/2021/11/cropped-CeDzRGZ-32x32.png HTTP/1.1" 200 2410 "-" "Mozilla/5.0 (iPhone; CPU iPhone OS 18_5 like Mac OS X) AppleWebKit/605.1.15 (KHTML, like Gecko) Mobile/15E148 Version/18.5 Safari/605.1.15 AlohaBrowser/7.4.0"
2a03:2880:f800:3:: - - [16/Jun/2025:12:01:12 -0400] "GET /shopdetail/415108018 HTTP/1.1" 301 0 "-" "meta-externalagent/1.1 (+https://developers.facebook.com/docs/sharing/webmasters/crawler)"
2a03:2880:f800:7:: - - [16/Jun/2025:12:01:14 -0400] "GET /shopdetail/252018518 HTTP/1.1" 301 0 "-" "meta-externalagent/1.1 (+https://developers.facebook.com/docs/sharing/webmasters/crawler)"
2a03:2880:f800:3:: - - [16/Jun/2025:12:01:16 -0400] "GET / HTTP/1.1" 200 10823 "-" "meta-externalagent/1.1 (+https://developers.facebook.com/docs/sharing/webmasters/crawler)"
2a03:2880:f800:19:: - - [16/Jun/2025:12:01:17 -0400] "GET / HTTP/1.1" 200 10823 "-" "meta-externalagent/1.1 (+https://developers.facebook.com/docs/sharing/webmasters/crawler)"
162.0.232.193 - - [16/Jun/2025:12:01:45 -0400] "POST /wp-cron.php?doing_wp_cron=1750089704.6581199169158935546875 HTTP/1.1" 200 0 "-" "WordPress/6.6.2; https://remonster.online"
2a03:2880:f800:d:: - - [16/Jun/2025:12:01:42 -0400] "GET /shopdetail/392645318 HTTP/1.1" 301 0 "-" "meta-externalagent/1.1 (+https://developers.facebook.com/docs/sharing/webmasters/crawler)"
2a03:2880:f800:c:: - - [16/Jun/2025:12:01:47 -0400] "GET / HTTP/1.1" 200 10823 "-" "meta-externalagent/1.1 (+https://developers.facebook.com/docs/sharing/webmasters/crawler)"
2a03:2880:f800:f:: - - [16/Jun/2025:12:01:46 -0400] "GET /shopdetail/367256918 HTTP/1.1" 301 0 "-" "meta-externalagent/1.1 (+https://developers.facebook.com/docs/sharing/webmasters/crawler)"
2a03:2880:f800:c:: - - [16/Jun/2025:12:01:51 -0400] "GET / HTTP/1.1" 200 10823 "-" "meta-externalagent/1.1 (+https://developers.facebook.com/docs/sharing/webmasters/crawler)"
162.0.232.193 - - [16/Jun/2025:12:02:31 -0400] "POST /wp-cron.php?doing_wp_cron=1750089751.2383809089660644531250 HTTP/1.1" 200 0 "-" "WordPress/6.6.2; https://remonster.online"
2a03:2880:f800:3:: - - [16/Jun/2025:12:02:27 -0400] "GET /shopdetail/246581218 HTTP/1.1" 301 0 "-" "meta-externalagent/1.1 (+https://developers.facebook.com/docs/sharing/webmasters/crawler)"
2a03:2880:f800:f:: - - [16/Jun/2025:12:02:33 -0400] "GET / HTTP/1.1" 200 10823 "-" "meta-externalagent/1.1 (+https://developers.facebook.com/docs/sharing/webmasters/crawler)"
2a03:2880:f800:17:: - - [16/Jun/2025:12:02:40 -0400] "GET /shopdetail/324083918 HTTP/1.1" 301 0 "-" "meta-externalagent/1.1 (+https://developers.facebook.com/docs/sharing/webmasters/crawler)"
2a03:2880:f800:e:: - - [16/Jun/2025:12:02:42 -0400] "GET /shopdetail/25060218 HTTP/1.1" 301 0 "-" "meta-externalagent/1.1 (+https://developers.facebook.com/docs/sharing/webmasters/crawler)"
2a03:2880:f800:b:: - - [16/Jun/2025:12:02:46 -0400] "GET / HTTP/1.1" 200 10823 "-" "meta-externalagent/1.1 (+https://developers.facebook.com/docs/sharing/webmasters/crawler)"
66.249.79.238 - - [16/Jun/2025:12:02:54 -0400] "GET /goods324269570.phtml HTTP/1.1" 200 23858 "-" "Mozilla/5.0 (Linux; Android 6.0.1; Nexus 5X Build/MMB29P) AppleWebKit/537.36 (KHTML, like Gecko) Chrome/136.0.7103.113 Mobile Safari/537.36 (compatible; Googlebot/2.1; +http://www.google.com/bot.html)"
66.249.79.238 - - [16/Jun/2025:12:02:54 -0400] "GET /manga/re-monster-chapter-5 HTTP/1.1" 200 24673 "-" "Mozilla/5.0 (Linux; Android 6.0.1; Nexus 5X Build/MMB29P) AppleWebKit/537.36 (KHTML, like Gecko) Chrome/136.0.7103.113 Mobile Safari/537.36 (compatible; Googlebot/2.1; +http://www.google.com/bot.html)"
2a03:2880:f800:14:: - - [16/Jun/2025:12:02:59 -0400] "GET /shopdetail/50106718 HTTP/1.1" 301 0 "-" "meta-externalagent/1.1 (+https://developers.facebook.com/docs/sharing/webmasters/crawler)"
2a03:2880:f800:1:: - - [16/Jun/2025:12:03:03 -0400] "GET / HTTP/1.1" 200 10858 "-" "meta-externalagent/1.1 (+https://developers.facebook.com/docs/sharing/webmasters/crawler)"
162.0.232.193 - - [16/Jun/2025:12:03:25 -0400] "POST /wp-cron.php?doing_wp_cron=1750089804.9577960968017578125000 HTTP/1.1" 200 0 "-" "WordPress/6.6.2; https://remonster.online"
2a03:2880:f800:a:: - - [16/Jun/2025:12:03:23 -0400] "GET /shopdetail/105960318 HTTP/1.1" 301 0 "-" "meta-externalagent/1.1 (+https://developers.facebook.com/docs/sharing/webmasters/crawler)"
2a03:2880:f800:a:: - - [16/Jun/2025:12:03:28 -0400] "GET / HTTP/1.1" 200 10823 "-" "meta-externalagent/1.1 (+https://developers.facebook.com/docs/sharing/webmasters/crawler)"
162.0.232.193 - - [16/Jun/2025:12:03:32 -0400] "POST /wp-cron.php?doing_wp_cron=1750089812.3380279541015625000000 HTTP/1.1" 200 0 "-" "WordPress/6.6.2; https://remonster.online"
2a03:2880:f800:f:: - - [16/Jun/2025:12:03:30 -0400] "GET /shopdetail/400673218 HTTP/1.1" 301 0 "-" "meta-externalagent/1.1 (+https://developers.facebook.com/docs/sharing/webmasters/crawler)"
91.155.210.168 - - [16/Jun/2025:12:03:33 -0400] "GET /manga/remonster-chapter-79/ HTTP/1.1" 200 17824 "-" "Mozilla/5.0 (Windows NT 10.0; Win64; x64) AppleWebKit/537.36 (KHTML, like Gecko) Chrome/137.0.0.0 Safari/537.36"
91.155.210.168 - - [16/Jun/2025:12:03:34 -0400] "GET /wp-includes/css/dist/block-library/style.min.css?ver=6.6.2 HTTP/1.1" 200 13903 "https://remonster.online/manga/remonster-chapter-79/" "Mozilla/5.0 (Windows NT 10.0; Win64; x64) AppleWebKit/537.36 (KHTML, like Gecko) Chrome/137.0.0.0 Safari/537.36"
91.155.210.168 - - [16/Jun/2025:12:03:34 -0400] "GET /wp-content/plugins/widgets-on-pages/public/css/widgets-on-pages-public.css?ver=1.4.0 HTTP/1.1" 200 83 "https://remonster.online/manga/remonster-chapter-79/" "Mozilla/5.0 (Windows NT 10.0; Win64; x64) AppleWebKit/537.36 (KHTML, like Gecko) Chrome/137.0.0.0 Safari/537.36"
91.155.210.168 - - [16/Jun/2025:12:03:34 -0400] "GET /wp-content/plugins/wp-automatic/css/wp-automatic.css?ver=1.0.0 HTTP/1.1" 200 537 "https://remonster.online/manga/remonster-chapter-79/" "Mozilla/5.0 (Windows NT 10.0; Win64; x64) AppleWebKit/537.36 (KHTML, like Gecko) Chrome/137.0.0.0 Safari/537.36"
91.155.210.168 - - [16/Jun/2025:12:03:35 -0400] "GET /wp-content/themes/toivo-lite/fonts/genericons/genericons/genericons.min.css?ver=3.3 HTTP/1.1" 200 15959 "https://remonster.online/manga/remonster-chapter-79/" "Mozilla/5.0 (Windows NT 10.0; Win64; x64) AppleWebKit/537.36 (KHTML, like Gecko) Chrome/137.0.0.0 Safari/537.36"
91.155.210.168 - - [16/Jun/2025:12:03:35 -0400] "GET /wp-content/themes/toivo-lite/style.css?ver=1.2.0 HTTP/1.1" 200 13718 "https://remonster.online/manga/remonster-chapter-79/" "Mozilla/5.0 (Windows NT 10.0; Win64; x64) AppleWebKit/537.36 (KHTML, like Gecko) Chrome/137.0.0.0 Safari/537.36"
91.155.210.168 - - [16/Jun/2025:12:03:35 -0400] "GET /wp-content/plugins/simple-social-buttons/assets/js/frontend-blocks.js?ver=5.3.1 HTTP/1.1" 200 0 "https://remonster.online/manga/remonster-chapter-79/" "Mozilla/5.0 (Windows NT 10.0; Win64; x64) AppleWebKit/537.36 (KHTML, like Gecko) Chrome/137.0.0.0 Safari/537.36"
91.155.210.168 - - [16/Jun/2025:12:03:36 -0400] "GET /wp-includes/js/jquery/jquery.min.js?ver=3.7.1 HTTP/1.1" 200 29744 "https://remonster.online/manga/remonster-chapter-79/" "Mozilla/5.0 (Windows NT 10.0; Win64; x64) AppleWebKit/537.36 (KHTML, like Gecko) Chrome/137.0.0.0 Safari/537.36"
91.155.210.168 - - [16/Jun/2025:12:03:36 -0400] "GET /wp-includes/js/jquery/jquery-migrate.min.js?ver=3.4.1 HTTP/1.1" 200 4678 "https://remonster.online/manga/remonster-chapter-79/" "Mozilla/5.0 (Windows NT 10.0; Win64; x64) AppleWebKit/537.36 (KHTML, like Gecko) Chrome/137.0.0.0 Safari/537.36"
91.155.210.168 - - [16/Jun/2025:12:03:36 -0400] "GET /wp-content/plugins/links-auto-replacer/public/js/lar-public.js?ver=2.0.0 HTTP/1.1" 304 0 "https://remonster.online/manga/remonster-chapter-79/" "Mozilla/5.0 (Windows NT 10.0; Win64; x64) AppleWebKit/537.36 (KHTML, like Gecko) Chrome/137.0.0.0 Safari/537.36"
91.155.210.168 - - [16/Jun/2025:12:03:36 -0400] "GET /wp-content/plugins/wp-automatic/js/main-front.js?ver=6.6.2 HTTP/1.1" 200 316 "https://remonster.online/manga/remonster-chapter-79/" "Mozilla/5.0 (Windows NT 10.0; Win64; x64) AppleWebKit/537.36 (KHTML, like Gecko) Chrome/137.0.0.0 Safari/537.36"
91.155.210.168 - - [16/Jun/2025:12:03:36 -0400] "GET /wp-content/plugins/simple-social-buttons/assets/js/front.js?ver=5.3.1 HTTP/1.1" 304 0 "https://remonster.online/manga/remonster-chapter-79/" "Mozilla/5.0 (Windows NT 10.0; Win64; x64) AppleWebKit/537.36 (KHTML, like Gecko) Chrome/137.0.0.0 Safari/537.36"
91.155.210.168 - - [16/Jun/2025:12:03:37 -0400] "GET /wp-content/plugins/comic-easel/js/keynav.js HTTP/1.1" 200 302 "https://remonster.online/manga/remonster-chapter-79/" "Mozilla/5.0 (Windows NT 10.0; Win64; x64) AppleWebKit/537.36 (KHTML, like Gecko) Chrome/137.0.0.0 Safari/537.36"
2a03:2880:f800:16:: - - [16/Jun/2025:12:03:34 -0400] "GET /shopdetail/125656518 HTTP/1.1" 301 0 "-" "meta-externalagent/1.1 (+https://developers.facebook.com/docs/sharing/webmasters/crawler)"
91.155.210.168 - - [16/Jun/2025:12:03:37 -0400] "GET /wp-content/plugins/disqus-comment-system/public/js/comment_embed.js?ver=3.1.2 HTTP/1.1" 200 653 "https://remonster.online/manga/remonster-chapter-79/" "Mozilla/5.0 (Windows NT 10.0; Win64; x64) AppleWebKit/537.36 (KHTML, like Gecko) Chrome/137.0.0.0 Safari/537.36"
91.155.210.168 - - [16/Jun/2025:12:03:37 -0400] "GET /wp-content/themes/toivo-lite/js/functions.min.js?ver=1.2.0 HTTP/1.1" 200 593 "https://remonster.online/manga/remonster-chapter-79/" "Mozilla/5.0 (Windows NT 10.0; Win64; x64) AppleWebKit/537.36 (KHTML, like Gecko) Chrome/137.0.0.0 Safari/537.36"
91.155.210.168 - - [16/Jun/2025:12:03:37 -0400] "GET /wp-content/themes/toivo-lite/js/responsive-nav.min.js?ver=1.2.0 HTTP/1.1" 304 0 "https://remonster.online/manga/remonster-chapter-79/" "Mozilla/5.0 (Windows NT 10.0; Win64; x64) AppleWebKit/537.36 (KHTML, like Gecko) Chrome/137.0.0.0 Safari/537.36"
91.155.210.168 - - [16/Jun/2025:12:03:37 -0400] "GET /wp-content/plugins/disqus-comment-system/public/js/comment_count.js?ver=3.1.2 HTTP/1.1" 200 354 "https://remonster.online/manga/remonster-chapter-79/" "Mozilla/5.0 (Windows NT 10.0; Win64; x64) AppleWebKit/537.36 (KHTML, like Gecko) Chrome/137.0.0.0 Safari/537.36"
91.155.210.168 - - [16/Jun/2025:12:03:37 -0400] "GET /wp-content/themes/toivo-lite/js/settings.min.js?ver=1.2.0 HTTP/1.1" 200 307 "https://remonster.online/manga/remonster-chapter-79/" "Mozilla/5.0 (Windows NT 10.0; Win64; x64) AppleWebKit/537.36 (KHTML, like Gecko) Chrome/137.0.0.0 Safari/537.36"
91.155.210.168 - - [16/Jun/2025:12:03:37 -0400] "GET /wp-includes/js/comment-reply.min.js?ver=6.6.2 HTTP/1.1" 200 1228 "https://remonster.online/manga/remonster-chapter-79/" "Mozilla/5.0 (Windows NT 10.0; Win64; x64) AppleWebKit/537.36 (KHTML, like Gecko) Chrome/137.0.0.0 Safari/537.36"
91.155.210.168 - - [16/Jun/2025:12:03:37 -0400] "GET /wp-content/uploads/2021/11/CeDzRGZ-768x682.png HTTP/1.1" 200 1056180 "https://remonster.online/manga/remonster-chapter-79/" "Mozilla/5.0 (Windows NT 10.0; Win64; x64) AppleWebKit/537.36 (KHTML, like Gecko) Chrome/137.0.0.0 Safari/537.36"
91.155.210.168 - - [16/Jun/2025:12:03:37 -0400] "GET /wp-content/plugins/simple-social-buttons/assets/fonts/ssb-icon.ttf?eahqa2 HTTP/1.1" 200 6624 "https://remonster.online/wp-content/plugins/simple-social-buttons/assets/css/front.css?ver=5.3.1" "Mozilla/5.0 (Windows NT 10.0; Win64; x64) AppleWebKit/537.36 (KHTML, like Gecko) Chrome/137.0.0.0 Safari/537.36"
91.155.210.168 - - [16/Jun/2025:12:03:39 -0400] "GET /wp-content/uploads/2021/11/cropped-CeDzRGZ-32x32.png HTTP/1.1" 200 2410 "https://remonster.online/manga/remonster-chapter-79/" "Mozilla/5.0 (Windows NT 10.0; Win64; x64) AppleWebKit/537.36 (KHTML, like Gecko) Chrome/137.0.0.0 Safari/537.36"
91.155.210.168 - - [16/Jun/2025:12:03:39 -0400] "GET / HTTP/1.1" 200 10823 "https://remonster.online/manga/remonster-chapter-79/" "Mozilla/5.0 (Windows NT 10.0; Win64; x64) AppleWebKit/537.36 (KHTML, like Gecko) Chrome/137.0.0.0 Safari/537.36"
91.155.210.168 - - [16/Jun/2025:12:03:40 -0400] "GET /wp-content/uploads/2021/11/8168f-bSGoS-1260x1800.jpeg HTTP/1.1" 200 463933 "https://remonster.online/" "Mozilla/5.0 (Windows NT 10.0; Win64; x64) AppleWebKit/537.36 (KHTML, like Gecko) Chrome/137.0.0.0 Safari/537.36"
91.155.210.168 - - [16/Jun/2025:12:03:40 -0400] "GET /wp-content/uploads/2021/11/LN_v09_001.jpeg HTTP/1.1" 200 1105440 "https://remonster.online/" "Mozilla/5.0 (Windows NT 10.0; Win64; x64) AppleWebKit/537.36 (KHTML, like Gecko) Chrome/137.0.0.0 Safari/537.36"
2a03:2880:f800:6:: - - [16/Jun/2025:12:03:46 -0400] "GET /shopdetail/396232318 HTTP/1.1" 301 0 "-" "meta-externalagent/1.1 (+https://developers.facebook.com/docs/sharing/webmasters/crawler)"
2a03:2880:f800:6:: - - [16/Jun/2025:12:03:51 -0400] "GET / HTTP/1.1" 200 10823 "-" "meta-externalagent/1.1 (+https://developers.facebook.com/docs/sharing/webmasters/crawler)"
2a03:2880:f800:16:: - - [16/Jun/2025:12:03:55 -0400] "GET /shopdetail/215634418 HTTP/1.1" 301 0 "-" "meta-externalagent/1.1 (+https://developers.facebook.com/docs/sharing/webmasters/crawler)"
2a03:2880:f800:b:: - - [16/Jun/2025:12:03:57 -0400] "GET /shopdetail/136914318 HTTP/1.1" 301 0 "-" "meta-externalagent/1.1 (+https://developers.facebook.com/docs/sharing/webmasters/crawler)"
162.0.232.193 - - [16/Jun/2025:12:04:06 -0400] "POST /wp-cron.php?doing_wp_cron=1750089846.4169249534606933593750 HTTP/1.1" 200 0 "-" "WordPress/6.6.2; https://remonster.online"
2a03:2880:f800:5:: - - [16/Jun/2025:12:04:05 -0400] "GET /shopdetail/122128918 HTTP/1.1" 301 0 "-" "meta-externalagent/1.1 (+https://developers.facebook.com/docs/sharing/webmasters/crawler)"
162.0.232.193 - - [16/Jun/2025:12:04:19 -0400] "POST /wp-cron.php?doing_wp_cron=1750089859.3608789443969726562500 HTTP/1.1" 200 0 "-" "WordPress/6.6.2; https://remonster.online"
2a03:2880:f800:3:: - - [16/Jun/2025:12:04:17 -0400] "GET /shopdetail/106355818 HTTP/1.1" 301 0 "-" "meta-externalagent/1.1 (+https://developers.facebook.com/docs/sharing/webmasters/crawler)"
2a03:2880:f800:11:: - - [16/Jun/2025:12:04:21 -0400] "GET /shopdetail/339139718 HTTP/1.1" 301 0 "-" "meta-externalagent/1.1 (+https://developers.facebook.com/docs/sharing/webmasters/crawler)"
2a03:2880:f800:10:: - - [16/Jun/2025:12:04:23 -0400] "GET / HTTP/1.1" 200 10823 "-" "meta-externalagent/1.1 (+https://developers.facebook.com/docs/sharing/webmasters/crawler)"
162.0.232.193 - - [16/Jun/2025:12:04:32 -0400] "POST /wp-cron.php?doing_wp_cron=1750089872.0509889125823974609375 HTTP/1.1" 200 0 "-" "WordPress/6.6.2; https://remonster.online"
2a03:2880:f800:13:: - - [16/Jun/2025:12:04:29 -0400] "GET /shopdetail/308346518 HTTP/1.1" 301 0 "-" "meta-externalagent/1.1 (+https://developers.facebook.com/docs/sharing/webmasters/crawler)"
2a03:2880:f800:1d:: - - [16/Jun/2025:12:04:35 -0400] "GET /shopdetail/291905918 HTTP/1.1" 301 0 "-" "meta-externalagent/1.1 (+https://developers.facebook.com/docs/sharing/webmasters/crawler)"
66.249.79.238 - - [16/Jun/2025:12:04:55 -0400] "GET /product/vtc/plumierana128508200.phtml HTTP/1.1" 200 23436 "-" "Mozilla/5.0 (Linux; Android 6.0.1; Nexus 5X Build/MMB29P) AppleWebKit/537.36 (KHTML, like Gecko) Chrome/136.0.7103.113 Mobile Safari/537.36 (compatible; Googlebot/2.1; +http://www.google.com/bot.html)"
2a03:2880:f800:15:: - - [16/Jun/2025:12:04:56 -0400] "GET /shopdetail/308429118 HTTP/1.1" 301 0 "-" "meta-externalagent/1.1 (+https://developers.facebook.com/docs/sharing/webmasters/crawler)"
2a03:2880:f800:: - - [16/Jun/2025:12:04:59 -0400] "GET / HTTP/1.1" 200 10823 "-" "meta-externalagent/1.1 (+https://developers.facebook.com/docs/sharing/webmasters/crawler)"
2a03:2880:f800:5:: - - [16/Jun/2025:12:05:04 -0400] "GET /shopdetail/259559718 HTTP/1.1" 301 0 "-" "meta-externalagent/1.1 (+https://developers.facebook.com/docs/sharing/webmasters/crawler)"
2a03:2880:f800:1d:: - - [16/Jun/2025:12:05:05 -0400] "GET /shopdetail/209182818 HTTP/1.1" 301 0 "-" "meta-externalagent/1.1 (+https://developers.facebook.com/docs/sharing/webmasters/crawler)"
2a03:2880:f800:e:: - - [16/Jun/2025:12:05:10 -0400] "GET / HTTP/1.1" 200 10823 "-" "meta-externalagent/1.1 (+https://developers.facebook.com/docs/sharing/webmasters/crawler)"
66.249.79.236 - - [16/Jun/2025:12:05:12 -0400] "POST /get-message-notify HTTP/1.1" 200 24583 "https://remonster.online/product/vtc/plumierana128508200.phtml" "Mozilla/5.0 (Linux; Android 6.0.1; Nexus 5X Build/MMB29P) AppleWebKit/537.36 (KHTML, like Gecko) Chrome/136.0.7103.113 Mobile Safari/537.36 (compatible; Googlebot/2.1; +http://www.google.com/bot.html)"
2a03:2880:f800:15:: - - [16/Jun/2025:12:05:15 -0400] "GET /shopdetail/383142418 HTTP/1.1" 301 0 "-" "meta-externalagent/1.1 (+https://developers.facebook.com/docs/sharing/webmasters/crawler)"
162.0.232.193 - - [16/Jun/2025:12:05:24 -0400] "POST /wp-cron.php?doing_wp_cron=1750089923.9660980701446533203125 HTTP/1.1" 200 0 "-" "WordPress/6.6.2; https://remonster.online"
2a03:2880:f800:16:: - - [16/Jun/2025:12:05:23 -0400] "GET /shopdetail/97937018 HTTP/1.1" 301 0 "-" "meta-externalagent/1.1 (+https://developers.facebook.com/docs/sharing/webmasters/crawler)"
2a03:2880:f800:10:: - - [16/Jun/2025:12:05:25 -0400] "GET / HTTP/1.1" 200 10823 "-" "meta-externalagent/1.1 (+https://developers.facebook.com/docs/sharing/webmasters/crawler)"
173.80.70.117 - - [16/Jun/2025:12:05:41 -0400] "GET /manga/remonster-chapter-78/ HTTP/1.1" 200 16736 "https://remonster.online/manga/remonster-chapter-77/" "Mozilla/5.0 (Macintosh; Intel Mac OS X 10_15_7) AppleWebKit/605.1.15 (KHTML, like Gecko) Version/18.5 Safari/605.1.15"
162.0.232.193 - - [16/Jun/2025:12:05:53 -0400] "POST /wp-cron.php?doing_wp_cron=1750089952.9477829933166503906250 HTTP/1.1" 200 0 "-" "WordPress/6.6.2; https://remonster.online"
2a03:2880:f800:17:: - - [16/Jun/2025:12:05:51 -0400] "GET /shopdetail/238788618 HTTP/1.1" 301 0 "-" "meta-externalagent/1.1 (+https://developers.facebook.com/docs/sharing/webmasters/crawler)"
2a03:2880:f800:19:: - - [16/Jun/2025:12:05:55 -0400] "GET / HTTP/1.1" 200 10843 "-" "meta-externalagent/1.1 (+https://developers.facebook.com/docs/sharing/webmasters/crawler)"
66.249.79.229 - - [16/Jun/2025:12:05:56 -0400] "GET /products324309940.phtml HTTP/1.1" 200 24982 "-" "Mozilla/5.0 (Linux; Android 6.0.1; Nexus 5X Build/MMB29P) AppleWebKit/537.36 (KHTML, like Gecko) Chrome/136.0.7103.113 Mobile Safari/537.36 (compatible; Googlebot/2.1; +http://www.google.com/bot.html)"
66.249.79.229 - - [16/Jun/2025:12:05:57 -0400] "GET /items/separate/224637304.phtml HTTP/1.1" 200 24902 "-" "Mozilla/5.0 (Linux; Android 6.0.1; Nexus 5X Build/MMB29P) AppleWebKit/537.36 (KHTML, like Gecko) Chrome/136.0.7103.113 Mobile Safari/537.36 (compatible; Googlebot/2.1; +http://www.google.com/bot.html)"
2a03:2880:f800:: - - [16/Jun/2025:12:06:04 -0400] "GET /shopdetail/154195618 HTTP/1.1" 301 0 "-" "meta-externalagent/1.1 (+https://developers.facebook.com/docs/sharing/webmasters/crawler)"
2a03:2880:f800:3:: - - [16/Jun/2025:12:06:05 -0400] "GET /shopdetail/82735418 HTTP/1.1" 301 0 "-" "meta-externalagent/1.1 (+https://developers.facebook.com/docs/sharing/webmasters/crawler)"
2a03:2880:f800:1:: - - [16/Jun/2025:12:06:09 -0400] "GET / HTTP/1.1" 200 10823 "-" "meta-externalagent/1.1 (+https://developers.facebook.com/docs/sharing/webmasters/crawler)"
2a03:2880:f800:c:: - - [16/Jun/2025:12:06:09 -0400] "GET / HTTP/1.1" 200 10823 "-" "meta-externalagent/1.1 (+https://developers.facebook.com/docs/sharing/webmasters/crawler)"
2a03:2880:f800:d:: - - [16/Jun/2025:12:06:11 -0400] "GET /shopdetail/278369418 HTTP/1.1" 301 0 "-" "meta-externalagent/1.1 (+https://developers.facebook.com/docs/sharing/webmasters/crawler)"
2a03:2880:f800:e:: - - [16/Jun/2025:12:06:13 -0400] "GET / HTTP/1.1" 200 10823 "-" "meta-externalagent/1.1 (+https://developers.facebook.com/docs/sharing/webmasters/crawler)"
162.0.232.193 - - [16/Jun/2025:12:06:31 -0400] "POST /wp-cron.php?doing_wp_cron=1750089991.3380429744720458984375 HTTP/1.1" 200 0 "-" "WordPress/6.6.2; https://remonster.online"
2a03:2880:f800:11:: - - [16/Jun/2025:12:06:29 -0400] "GET /shopdetail/410503218 HTTP/1.1" 301 0 "-" "meta-externalagent/1.1 (+https://developers.facebook.com/docs/sharing/webmasters/crawler)"
2a03:2880:f800:f:: - - [16/Jun/2025:12:06:33 -0400] "GET /shopdetail/376506218 HTTP/1.1" 301 0 "-" "meta-externalagent/1.1 (+https://developers.facebook.com/docs/sharing/webmasters/crawler)"
2a03:2880:f800:f:: - - [16/Jun/2025:12:06:35 -0400] "GET / HTTP/1.1" 200 10858 "-" "meta-externalagent/1.1 (+https://developers.facebook.com/docs/sharing/webmasters/crawler)"
2a03:2880:f800:11:: - - [16/Jun/2025:12:06:35 -0400] "GET /shopdetail/154202818 HTTP/1.1" 301 0 "-" "meta-externalagent/1.1 (+https://developers.facebook.com/docs/sharing/webmasters/crawler)"
2a03:2880:f800:e:: - - [16/Jun/2025:12:06:38 -0400] "GET / HTTP/1.1" 200 10823 "-" "meta-externalagent/1.1 (+https://developers.facebook.com/docs/sharing/webmasters/crawler)"
2a03:2880:f800:c:: - - [16/Jun/2025:12:06:40 -0400] "GET / HTTP/1.1" 200 10823 "-" "meta-externalagent/1.1 (+https://developers.facebook.com/docs/sharing/webmasters/crawler)"
