34.127.21.39 - - [16/Jun/2025:10:03:18 -0400] "HEAD / HTTP/1.1" 200 0 "https://remonster.online/new" "Mozilla/5.0 (Windows NT 10.0; Win64; x64) AppleWebKit/537.36 (KHTML, like Gecko) Chrome/74.0.3729.169 Safari/537.36"
34.127.21.39 - - [16/Jun/2025:10:03:18 -0400] "HEAD /main HTTP/1.1" 301 0 "http://remonster.online/main" "Mozilla/5.0 (Windows NT 10.0; Win64; x64) AppleWebKit/537.36 (KHTML, like Gecko) Chrome/74.0.3729.169 Safari/537.36"
34.127.21.39 - - [16/Jun/2025:10:03:20 -0400] "HEAD / HTTP/1.1" 200 0 "https://remonster.online/main" "Mozilla/5.0 (Windows NT 10.0; Win64; x64) AppleWebKit/537.36 (KHTML, like Gecko) Chrome/74.0.3729.169 Safari/537.36"
34.127.21.39 - - [16/Jun/2025:10:03:20 -0400] "HEAD /home HTTP/1.1" 301 0 "http://remonster.online/home" "Mozilla/5.0 (Windows NT 10.0; Win64; x64) AppleWebKit/537.36 (KHTML, like Gecko) Chrome/74.0.3729.169 Safari/537.36"
34.127.21.39 - - [16/Jun/2025:10:03:23 -0400] "HEAD / HTTP/1.1" 200 0 "https://remonster.online/home" "Mozilla/5.0 (Windows NT 10.0; Win64; x64) AppleWebKit/537.36 (KHTML, like Gecko) Chrome/74.0.3729.169 Safari/537.36"
103.170.62.79 - - [16/Jun/2025:10:03:38 -0400] "GET /manga/re-monster-chapter-17/ HTTP/1.1" 200 17760 "-" "Mozilla/5.0 (Linux; Android 10; K) AppleWebKit/537.36 (KHTML, like Gecko) Chrome/137.0.0.0 Mobile Safari/537.36"
162.0.232.193 - - [16/Jun/2025:10:03:42 -0400] "POST /wp-cron.php?doing_wp_cron=1750082622.0452589988708496093750 HTTP/1.1" 200 0 "-" "WordPress/6.6.2; https://remonster.online"
103.170.62.79 - - [16/Jun/2025:10:03:40 -0400] "POST /wp-admin/admin-ajax.php HTTP/1.1" 200 69 "https://remonster.online/manga/re-monster-chapter-17/" "Mozilla/5.0 (Linux; Android 10; K) AppleWebKit/537.36 (KHTML, like Gecko) Chrome/137.0.0.0 Mobile Safari/537.36"
2a03:2880:f800:1:: - - [16/Jun/2025:10:03:42 -0400] "GET /shopdetail/381996118 HTTP/1.1" 301 0 "-" "meta-externalagent/1.1 (+https://developers.facebook.com/docs/sharing/webmasters/crawler)"
2a03:2880:f800:4:: - - [16/Jun/2025:10:03:47 -0400] "GET / HTTP/1.1" 200 10886 "-" "meta-externalagent/1.1 (+https://developers.facebook.com/docs/sharing/webmasters/crawler)"
198.54.125.232 - - [16/Jun/2025:10:03:48 -0400] "POST /wp-login.php HTTP/1.1" 200 1911 "https://remonster.online" "Mozilla/5.0 (Macintosh; Intel Mac OS X 10_15_7; rv:125.0.1) Gecko/20100101 Firefox/125.0.1"
2a03:2880:f800:d:: - - [16/Jun/2025:10:03:51 -0400] "GET /shopdetail/67477718 HTTP/1.1" 301 0 "-" "meta-externalagent/1.1 (+https://developers.facebook.com/docs/sharing/webmasters/crawler)"
2600:1702:a40:830:c090:a49e:4b1a:3023 - - [16/Jun/2025:10:03:54 -0400] "GET /manga/re-monster-chapter-60/ HTTP/1.1" 200 17445 "https://remonster.online/manga/re-monster-chapter-59/" "Mozilla/5.0 (iPhone; CPU iPhone OS 18_4_1 like Mac OS X) AppleWebKit/605.1.15 (KHTML, like Gecko) Version/18.4 Mobile/15E148 Safari/604.1"
2a03:2880:f800:d:: - - [16/Jun/2025:10:03:57 -0400] "GET /shopdetail/217210118 HTTP/1.1" 301 0 "-" "meta-externalagent/1.1 (+https://developers.facebook.com/docs/sharing/webmasters/crawler)"
162.0.232.193 - - [16/Jun/2025:10:04:10 -0400] "POST /wp-cron.php?doing_wp_cron=1750082650.1415739059448242187500 HTTP/1.1" 200 0 "-" "WordPress/6.6.2; https://remonster.online"
2a03:2880:f800:2:: - - [16/Jun/2025:10:04:08 -0400] "GET /shopdetail/429455218 HTTP/1.1" 301 0 "-" "meta-externalagent/1.1 (+https://developers.facebook.com/docs/sharing/webmasters/crawler)"
2a03:2880:f800:a:: - - [16/Jun/2025:10:04:12 -0400] "GET / HTTP/1.1" 200 10823 "-" "meta-externalagent/1.1 (+https://developers.facebook.com/docs/sharing/webmasters/crawler)"
162.0.232.193 - - [16/Jun/2025:10:04:26 -0400] "POST /wp-cron.php?doing_wp_cron=1750082666.5368800163269042968750 HTTP/1.1" 200 0 "-" "WordPress/6.6.2; https://remonster.online"
2a03:2880:f800:8:: - - [16/Jun/2025:10:04:25 -0400] "GET /shopdetail/102141718 HTTP/1.1" 301 0 "-" "meta-externalagent/1.1 (+https://developers.facebook.com/docs/sharing/webmasters/crawler)"
2a03:2880:f800:a:: - - [16/Jun/2025:10:04:24 -0400] "GET /shopdetail/18243218 HTTP/1.1" 301 0 "-" "meta-externalagent/1.1 (+https://developers.facebook.com/docs/sharing/webmasters/crawler)"
2a03:2880:f800:1d:: - - [16/Jun/2025:10:04:28 -0400] "GET / HTTP/1.1" 200 10823 "-" "meta-externalagent/1.1 (+https://developers.facebook.com/docs/sharing/webmasters/crawler)"
2a02:8109:a28d:7600:3053:d5d4:21ab:b5fd - - [16/Jun/2025:10:04:48 -0400] "GET /manga/re-monster-chapter-62/ HTTP/1.1" 200 17365 "-" "Mozilla/5.0 (Windows NT 10.0; Win64; x64) AppleWebKit/537.36 (KHTML, like Gecko) Chrome/137.0.0.0 Safari/537.36"
162.0.232.193 - - [16/Jun/2025:10:04:51 -0400] "POST /wp-cron.php?doing_wp_cron=1750082691.5541260242462158203125 HTTP/1.1" 200 0 "-" "WordPress/6.6.2; https://remonster.online"
2a03:2880:f800:1a:: - - [16/Jun/2025:10:04:50 -0400] "GET /shopdetail/410640118 HTTP/1.1" 301 0 "-" "meta-externalagent/1.1 (+https://developers.facebook.com/docs/sharing/webmasters/crawler)"
2a03:2880:f800:b:: - - [16/Jun/2025:10:04:53 -0400] "GET / HTTP/1.1" 200 10823 "-" "meta-externalagent/1.1 (+https://developers.facebook.com/docs/sharing/webmasters/crawler)"
66.249.79.231 - - [16/Jun/2025:10:05:14 -0400] "GET /manga/re-monster-chapter-20 HTTP/1.1" 200 24642 "-" "Mozilla/5.0 (Linux; Android 6.0.1; Nexus 5X Build/MMB29P) AppleWebKit/537.36 (KHTML, like Gecko) Chrome/136.0.7103.113 Mobile Safari/537.36 (compatible; Googlebot/2.1; +http://www.google.com/bot.html)"
2a02:8109:a28d:7600:3053:d5d4:21ab:b5fd - - [16/Jun/2025:10:05:47 -0400] "GET /manga/re-monster-chapter-63/ HTTP/1.1" 200 17380 "-" "Mozilla/5.0 (Windows NT 10.0; Win64; x64) AppleWebKit/537.36 (KHTML, like Gecko) Chrome/137.0.0.0 Safari/537.36"
162.0.232.193 - - [16/Jun/2025:10:06:17 -0400] "POST /wp-cron.php?doing_wp_cron=1750082777.5367178916931152343750 HTTP/1.1" 200 0 "-" "WordPress/6.6.2; https://remonster.online"
2a03:2880:f800:5:: - - [16/Jun/2025:10:06:15 -0400] "GET /shopdetail/164089818 HTTP/1.1" 301 0 "-" "meta-externalagent/1.1 (+https://developers.facebook.com/docs/sharing/webmasters/crawler)"
2a03:2880:f800:12:: - - [16/Jun/2025:10:06:25 -0400] "GET /shopdetail/19858518 HTTP/1.1" 301 0 "-" "meta-externalagent/1.1 (+https://developers.facebook.com/docs/sharing/webmasters/crawler)"
66.249.79.230 - - [16/Jun/2025:10:06:40 -0400] "GET /robots.txt HTTP/1.1" 304 0 "-" "Mozilla/5.0 (compatible; Googlebot/2.1; +http://www.google.com/bot.html)"
162.0.232.193 - - [16/Jun/2025:10:06:40 -0400] "POST /wp-cron.php?doing_wp_cron=1750082800.3374710083007812500000 HTTP/1.1" 200 0 "-" "WordPress/6.6.2; https://remonster.online"
2a03:2880:f800:19:: - - [16/Jun/2025:10:06:39 -0400] "GET /shopdetail/399380018 HTTP/1.1" 301 0 "-" "meta-externalagent/1.1 (+https://developers.facebook.com/docs/sharing/webmasters/crawler)"
66.249.79.230 - - [16/Jun/2025:10:06:40 -0400] "POST /get-message-notify HTTP/1.1" 200 24574 "https://remonster.online/goodscode/e/impercipient125977790.phtml" "Mozilla/5.0 (Linux; Android 6.0.1; Nexus 5X Build/MMB29P) AppleWebKit/537.36 (KHTML, like Gecko) Chrome/136.0.7103.113 Mobile Safari/537.36 (compatible; Googlebot/2.1; +http://www.google.com/bot.html)"
2a03:2880:f800:13:: - - [16/Jun/2025:10:06:56 -0400] "GET /shopdetail/86186818 HTTP/1.1" 301 0 "-" "meta-externalagent/1.1 (+https://developers.facebook.com/docs/sharing/webmasters/crawler)"
2a03:2880:f800:1a:: - - [16/Jun/2025:10:07:00 -0400] "GET / HTTP/1.1" 200 10823 "-" "meta-externalagent/1.1 (+https://developers.facebook.com/docs/sharing/webmasters/crawler)"
2a02:8109:a28d:7600:3053:d5d4:21ab:b5fd - - [16/Jun/2025:10:07:06 -0400] "GET /manga/re-monster-chapter-64/ HTTP/1.1" 200 17715 "-" "Mozilla/5.0 (Windows NT 10.0; Win64; x64) AppleWebKit/537.36 (KHTML, like Gecko) Chrome/137.0.0.0 Safari/537.36"
103.170.62.79 - - [16/Jun/2025:10:07:10 -0400] "GET /manga/re-monster-chapter-18/ HTTP/1.1" 200 18693 "-" "Mozilla/5.0 (Linux; Android 10; K) AppleWebKit/537.36 (KHTML, like Gecko) Chrome/137.0.0.0 Mobile Safari/537.36"
103.170.62.79 - - [16/Jun/2025:10:07:09 -0400] "GET /tag/kichi/ HTTP/1.1" 301 0 "-" "Mozilla/5.0 (Linux; Android 10; K) AppleWebKit/537.36 (KHTML, like Gecko) Chrome/137.0.0.0 Mobile Safari/537.36"
2a03:2880:f800:b:: - - [16/Jun/2025:10:07:10 -0400] "GET /shopdetail/185730118 HTTP/1.1" 301 0 "-" "meta-externalagent/1.1 (+https://developers.facebook.com/docs/sharing/webmasters/crawler)"
103.170.62.79 - - [16/Jun/2025:10:07:12 -0400] "POST /wp-admin/admin-ajax.php HTTP/1.1" 200 69 "https://remonster.online/manga/re-monster-chapter-18/" "Mozilla/5.0 (Linux; Android 10; K) AppleWebKit/537.36 (KHTML, like Gecko) Chrome/137.0.0.0 Mobile Safari/537.36"
66.249.79.230 - - [16/Jun/2025:10:07:15 -0400] "GET /manga/re-monster-chapter-52 HTTP/1.1" 200 24674 "-" "Mozilla/5.0 (Linux; Android 6.0.1; Nexus 5X Build/MMB29P) AppleWebKit/537.36 (KHTML, like Gecko) Chrome/136.0.7103.113 Mobile Safari/537.36 (compatible; Googlebot/2.1; +http://www.google.com/bot.html)"
162.0.232.193 - - [16/Jun/2025:10:07:18 -0400] "POST /wp-cron.php?doing_wp_cron=1750082838.8373930454254150390625 HTTP/1.1" 200 0 "-" "WordPress/6.6.2; https://remonster.online"
2a03:2880:f800:f:: - - [16/Jun/2025:10:07:17 -0400] "GET /shopdetail/358415918 HTTP/1.1" 301 0 "-" "meta-externalagent/1.1 (+https://developers.facebook.com/docs/sharing/webmasters/crawler)"
162.0.232.193 - - [16/Jun/2025:10:07:34 -0400] "POST /wp-cron.php?doing_wp_cron=1750082853.8427839279174804687500 HTTP/1.1" 200 0 "-" "WordPress/6.6.2; https://remonster.online"
2a03:2880:f800:1d:: - - [16/Jun/2025:10:07:31 -0400] "GET /shopdetail/11511618 HTTP/1.1" 301 0 "-" "meta-externalagent/1.1 (+https://developers.facebook.com/docs/sharing/webmasters/crawler)"
2a02:8109:a28d:7600:3053:d5d4:21ab:b5fd - - [16/Jun/2025:10:07:40 -0400] "GET /manga/re-monster-chapter-65/ HTTP/1.1" 200 17439 "-" "Mozilla/5.0 (Windows NT 10.0; Win64; x64) AppleWebKit/537.36 (KHTML, like Gecko) Chrome/137.0.0.0 Safari/537.36"
2a02:8109:a28d:7600:3053:d5d4:21ab:b5fd - - [16/Jun/2025:10:08:05 -0400] "GET /manga/re-monster-chapter-66/ HTTP/1.1" 200 17863 "-" "Mozilla/5.0 (Windows NT 10.0; Win64; x64) AppleWebKit/537.36 (KHTML, like Gecko) Chrome/137.0.0.0 Safari/537.36"
66.249.79.229 - - [16/Jun/2025:10:08:10 -0400] "GET /robots.txt HTTP/1.1" 304 0 "-" "Mozilla/5.0 (compatible; Googlebot/2.1; +http://www.google.com/bot.html)"
66.249.79.229 - - [16/Jun/2025:10:08:10 -0400] "POST /get-message-notify HTTP/1.1" 200 24574 "https://remonster.online/item/fg/stulla/102635188.phtml" "Mozilla/5.0 (Linux; Android 6.0.1; Nexus 5X Build/MMB29P) AppleWebKit/537.36 (KHTML, like Gecko) Chrome/136.0.7103.113 Mobile Safari/537.36 (compatible; Googlebot/2.1; +http://www.google.com/bot.html)"
2a03:2880:f800:: - - [16/Jun/2025:10:08:09 -0400] "GET /shopdetail/238762418 HTTP/1.1" 301 0 "-" "meta-externalagent/1.1 (+https://developers.facebook.com/docs/sharing/webmasters/crawler)"
162.0.232.193 - - [16/Jun/2025:10:08:19 -0400] "POST /wp-cron.php?doing_wp_cron=1750082899.5513529777526855468750 HTTP/1.1" 200 0 "-" "WordPress/6.6.2; https://remonster.online"
2a03:2880:f800:10:: - - [16/Jun/2025:10:08:18 -0400] "GET /shopdetail/31313418 HTTP/1.1" 301 0 "-" "meta-externalagent/1.1 (+https://developers.facebook.com/docs/sharing/webmasters/crawler)"
2a03:2880:f800:b:: - - [16/Jun/2025:10:08:26 -0400] "GET /shopdetail/74626418 HTTP/1.1" 301 0 "-" "meta-externalagent/1.1 (+https://developers.facebook.com/docs/sharing/webmasters/crawler)"
2a03:2880:f800:8:: - - [16/Jun/2025:10:08:29 -0400] "GET / HTTP/1.1" 200 10858 "-" "meta-externalagent/1.1 (+https://developers.facebook.com/docs/sharing/webmasters/crawler)"
2a02:8109:a28d:7600:3053:d5d4:21ab:b5fd - - [16/Jun/2025:10:08:33 -0400] "GET /manga/re-monster-chapter-67/ HTTP/1.1" 200 17972 "-" "Mozilla/5.0 (Windows NT 10.0; Win64; x64) AppleWebKit/537.36 (KHTML, like Gecko) Chrome/137.0.0.0 Safari/537.36"
162.0.232.193 - - [16/Jun/2025:10:08:35 -0400] "POST /wp-cron.php?doing_wp_cron=1750082915.4585950374603271484375 HTTP/1.1" 200 0 "-" "WordPress/6.6.2; https://remonster.online"
2a02:8109:a28d:7600:3053:d5d4:21ab:b5fd - - [16/Jun/2025:10:08:33 -0400] "POST /wp-admin/admin-ajax.php HTTP/1.1" 200 69 "https://remonster.online/manga/re-monster-chapter-67/" "Mozilla/5.0 (Windows NT 10.0; Win64; x64) AppleWebKit/537.36 (KHTML, like Gecko) Chrome/137.0.0.0 Safari/537.36"
2a03:2880:f800:1d:: - - [16/Jun/2025:10:08:39 -0400] "GET /shopdetail/193005218 HTTP/1.1" 301 0 "-" "meta-externalagent/1.1 (+https://developers.facebook.com/docs/sharing/webmasters/crawler)"
2a03:2880:f800:9:: - - [16/Jun/2025:10:08:43 -0400] "GET /shopdetail/315749418 HTTP/1.1" 301 0 "-" "meta-externalagent/1.1 (+https://developers.facebook.com/docs/sharing/webmasters/crawler)"
2a03:2880:f800:1a:: - - [16/Jun/2025:10:09:02 -0400] "GET /shopdetail/116294818 HTTP/1.1" 301 0 "-" "meta-externalagent/1.1 (+https://developers.facebook.com/docs/sharing/webmasters/crawler)"
2a02:8109:a28d:7600:3053:d5d4:21ab:b5fd - - [16/Jun/2025:10:09:04 -0400] "GET /manga/re-monster-chapter-68/ HTTP/1.1" 200 17558 "-" "Mozilla/5.0 (Windows NT 10.0; Win64; x64) AppleWebKit/537.36 (KHTML, like Gecko) Chrome/137.0.0.0 Safari/537.36"
2a02:8109:a28d:7600:3053:d5d4:21ab:b5fd - - [16/Jun/2025:10:09:03 -0400] "GET /tag/haruyoshi-kobayakawa/ HTTP/1.1" 301 0 "-" "Mozilla/5.0 (Windows NT 10.0; Win64; x64) AppleWebKit/537.36 (KHTML, like Gecko) Chrome/137.0.0.0 Safari/537.36"
2a03:2880:f800:1:: - - [16/Jun/2025:10:09:09 -0400] "GET / HTTP/1.1" 200 10823 "-" "meta-externalagent/1.1 (+https://developers.facebook.com/docs/sharing/webmasters/crawler)"
66.249.79.231 - - [16/Jun/2025:10:09:16 -0400] "GET /item378190486.phtml HTTP/1.1" 200 24037 "-" "Mozilla/5.0 (Linux; Android 6.0.1; Nexus 5X Build/MMB29P) AppleWebKit/537.36 (KHTML, like Gecko) Chrome/136.0.7103.113 Mobile Safari/537.36 (compatible; Googlebot/2.1; +http://www.google.com/bot.html)"
66.249.79.230 - - [16/Jun/2025:10:09:17 -0400] "GET /product/ktc/boated224671254.phtml HTTP/1.1" 200 23563 "-" "Mozilla/5.0 (Linux; Android 6.0.1; Nexus 5X Build/MMB29P) AppleWebKit/537.36 (KHTML, like Gecko) Chrome/136.0.7103.113 Mobile Safari/537.36 (compatible; Googlebot/2.1; +http://www.google.com/bot.html)"
66.249.79.231 - - [16/Jun/2025:10:09:18 -0400] "GET /items132915636.phtml HTTP/1.1" 200 23720 "-" "Mozilla/5.0 (Linux; Android 6.0.1; Nexus 5X Build/MMB29P) AppleWebKit/537.36 (KHTML, like Gecko) Chrome/136.0.7103.113 Mobile Safari/537.36 (compatible; Googlebot/2.1; +http://www.google.com/bot.html)"
66.249.79.229 - - [16/Jun/2025:10:09:21 -0400] "POST /get-message-notify HTTP/1.1" 200 24574 "https://remonster.online/items132915636.phtml" "Mozilla/5.0 (Linux; Android 6.0.1; Nexus 5X Build/MMB29P) AppleWebKit/537.36 (KHTML, like Gecko) Chrome/136.0.7103.113 Mobile Safari/537.36 (compatible; Googlebot/2.1; +http://www.google.com/bot.html)"
2a02:810d:1302:b700:d80b:e182:66b:c73d - - [16/Jun/2025:10:09:27 -0400] "GET /manga/re-monster-chapter-14/ HTTP/1.1" 200 17336 "https://remonster.online/manga/re-monster-chapter-13/" "Mozilla/5.0 (Windows NT 10.0; Win64; x64) AppleWebKit/537.36 (KHTML, like Gecko) Chrome/137.0.0.0 Safari/537.36"
2a02:8109:a28d:7600:3053:d5d4:21ab:b5fd - - [16/Jun/2025:10:09:28 -0400] "GET /manga/re-monster-chapter-69/ HTTP/1.1" 200 17996 "-" "Mozilla/5.0 (Windows NT 10.0; Win64; x64) AppleWebKit/537.36 (KHTML, like Gecko) Chrome/137.0.0.0 Safari/537.36"
162.0.232.193 - - [16/Jun/2025:10:09:30 -0400] "POST /wp-cron.php?doing_wp_cron=1750082970.6575679779052734375000 HTTP/1.1" 200 0 "-" "WordPress/6.6.2; https://remonster.online"
2a03:2880:f800:2:: - - [16/Jun/2025:10:09:29 -0400] "GET /shopdetail/78659518 HTTP/1.1" 301 0 "-" "meta-externalagent/1.1 (+https://developers.facebook.com/docs/sharing/webmasters/crawler)"
162.0.232.193 - - [16/Jun/2025:10:09:41 -0400] "POST /wp-cron.php?doing_wp_cron=1750082981.0417969226837158203125 HTTP/1.1" 200 0 "-" "WordPress/6.6.2; https://remonster.online"
2a03:2880:f800:1d:: - - [16/Jun/2025:10:09:39 -0400] "GET /shopdetail/52805718 HTTP/1.1" 301 0 "-" "meta-externalagent/1.1 (+https://developers.facebook.com/docs/sharing/webmasters/crawler)"
2a03:2880:f800:: - - [16/Jun/2025:10:09:43 -0400] "GET / HTTP/1.1" 200 10823 "-" "meta-externalagent/1.1 (+https://developers.facebook.com/docs/sharing/webmasters/crawler)"
2001:448a:7024:2cd7:d714:8e81:f303:1cfb - - [16/Jun/2025:10:09:46 -0400] "GET /manga/re-monster-chapter-74/ HTTP/1.1" 200 18055 "-" "Mozilla/5.0 (Linux; Android 10; K) AppleWebKit/537.36 (KHTML, like Gecko) Chrome/137.0.0.0 Mobile Safari/537.36"
2a03:2880:f800:1d:: - - [16/Jun/2025:10:09:49 -0400] "GET /shopdetail/340365318 HTTP/1.1" 301 0 "-" "meta-externalagent/1.1 (+https://developers.facebook.com/docs/sharing/webmasters/crawler)"
2a02:8109:a28d:7600:3053:d5d4:21ab:b5fd - - [16/Jun/2025:10:09:53 -0400] "GET /manga/re-monster-chapter-70/ HTTP/1.1" 200 17709 "-" "Mozilla/5.0 (Windows NT 10.0; Win64; x64) AppleWebKit/537.36 (KHTML, like Gecko) Chrome/137.0.0.0 Safari/537.36"
2a03:2880:f800:1d:: - - [16/Jun/2025:10:09:53 -0400] "GET / HTTP/1.1" 200 10823 "-" "meta-externalagent/1.1 (+https://developers.facebook.com/docs/sharing/webmasters/crawler)"
2a03:2880:f800:10:: - - [16/Jun/2025:10:10:00 -0400] "GET /shopdetail/3597718 HTTP/1.1" 301 0 "-" "meta-externalagent/1.1 (+https://developers.facebook.com/docs/sharing/webmasters/crawler)"
2a03:2880:f800:16:: - - [16/Jun/2025:10:10:06 -0400] "GET / HTTP/1.1" 200 10823 "-" "meta-externalagent/1.1 (+https://developers.facebook.com/docs/sharing/webmasters/crawler)"
2001:448a:7024:2cd7:d714:8e81:f303:1cfb - - [16/Jun/2025:10:10:06 -0400] "POST /wp-admin/admin-ajax.php HTTP/1.1" 200 69 "https://remonster.online/manga/re-monster-chapter-74/" "Mozilla/5.0 (Linux; Android 10; K) AppleWebKit/537.36 (KHTML, like Gecko) Chrome/137.0.0.0 Mobile Safari/537.36"
162.0.232.193 - - [16/Jun/2025:10:10:25 -0400] "POST /wp-cron.php?doing_wp_cron=1750083025.3443861007690429687500 HTTP/1.1" 200 0 "-" "WordPress/6.6.2; https://remonster.online"
2a03:2880:f800:2:: - - [16/Jun/2025:10:10:24 -0400] "GET /shopdetail/381993118 HTTP/1.1" 301 0 "-" "meta-externalagent/1.1 (+https://developers.facebook.com/docs/sharing/webmasters/crawler)"
2a03:2880:f800:7:: - - [16/Jun/2025:10:10:24 -0400] "GET /shopdetail/55875718 HTTP/1.1" 301 0 "-" "meta-externalagent/1.1 (+https://developers.facebook.com/docs/sharing/webmasters/crawler)"
2a03:2880:f800:: - - [16/Jun/2025:10:10:25 -0400] "GET /shopdetail/253504318 HTTP/1.1" 301 0 "-" "meta-externalagent/1.1 (+https://developers.facebook.com/docs/sharing/webmasters/crawler)"
2a03:2880:f800:1c:: - - [16/Jun/2025:10:10:27 -0400] "GET / HTTP/1.1" 200 10823 "-" "meta-externalagent/1.1 (+https://developers.facebook.com/docs/sharing/webmasters/crawler)"
2a03:2880:f800:1:: - - [16/Jun/2025:10:10:28 -0400] "GET / HTTP/1.1" 200 10823 "-" "meta-externalagent/1.1 (+https://developers.facebook.com/docs/sharing/webmasters/crawler)"
162.0.232.193 - - [16/Jun/2025:10:10:34 -0400] "POST /wp-cron.php?doing_wp_cron=1750083033.7437989711761474609375 HTTP/1.1" 200 0 "-" "WordPress/6.6.2; https://remonster.online"
2a03:2880:f800:b:: - - [16/Jun/2025:10:10:32 -0400] "GET /shopdetail/288176818 HTTP/1.1" 301 0 "-" "meta-externalagent/1.1 (+https://developers.facebook.com/docs/sharing/webmasters/crawler)"
2a02:8109:a28d:7600:3053:d5d4:21ab:b5fd - - [16/Jun/2025:10:10:56 -0400] "GET /manga/re-monster-chapter-71/ HTTP/1.1" 200 18135 "-" "Mozilla/5.0 (Windows NT 10.0; Win64; x64) AppleWebKit/537.36 (KHTML, like Gecko) Chrome/137.0.0.0 Safari/537.36"
2a02:8109:a28d:7600:3053:d5d4:21ab:b5fd - - [16/Jun/2025:10:10:57 -0400] "POST /wp-admin/admin-ajax.php HTTP/1.1" 200 69 "https://remonster.online/manga/re-monster-chapter-71/" "Mozilla/5.0 (Windows NT 10.0; Win64; x64) AppleWebKit/537.36 (KHTML, like Gecko) Chrome/137.0.0.0 Safari/537.36"
121.200.4.254 - - [16/Jun/2025:10:11:11 -0400] "GET /manga/re-monster-chapter-47 HTTP/1.1" 301 0 "-" "Mozilla/5.0 (Windows NT 10.0; Win64; x64) AppleWebKit/537.36 (KHTML, like Gecko) Chrome/137.0.0.0 Safari/537.36"
121.200.4.254 - - [16/Jun/2025:10:11:14 -0400] "GET /manga/re-monster-chapter-47/ HTTP/1.1" 200 17419 "-" "Mozilla/5.0 (Windows NT 10.0; Win64; x64) AppleWebKit/537.36 (KHTML, like Gecko) Chrome/137.0.0.0 Safari/537.36"
121.200.4.254 - - [16/Jun/2025:10:11:15 -0400] "GET /wp-content/plugins/simple-social-buttons/assets/js/frontend-blocks.js?ver=5.3.1 HTTP/1.1" 200 0 "https://remonster.online/manga/re-monster-chapter-47/" "Mozilla/5.0 (Windows NT 10.0; Win64; x64) AppleWebKit/537.36 (KHTML, like Gecko) Chrome/137.0.0.0 Safari/537.36"
121.200.4.254 - - [16/Jun/2025:10:11:16 -0400] "GET /wp-content/plugins/simple-social-buttons/assets/js/front.js?ver=5.3.1 HTTP/1.1" 304 0 "https://remonster.online/manga/re-monster-chapter-47/" "Mozilla/5.0 (Windows NT 10.0; Win64; x64) AppleWebKit/537.36 (KHTML, like Gecko) Chrome/137.0.0.0 Safari/537.36"
121.200.4.254 - - [16/Jun/2025:10:11:16 -0400] "GET /wp-content/plugins/wp-automatic/js/main-front.js?ver=6.6.2 HTTP/1.1" 304 0 "https://remonster.online/manga/re-monster-chapter-47/" "Mozilla/5.0 (Windows NT 10.0; Win64; x64) AppleWebKit/537.36 (KHTML, like Gecko) Chrome/137.0.0.0 Safari/537.36"
66.249.79.229 - - [16/Jun/2025:10:11:19 -0400] "GET /shopping378176494.phtml HTTP/1.1" 200 25754 "-" "Mozilla/5.0 (Linux; Android 6.0.1; Nexus 5X Build/MMB29P) AppleWebKit/537.36 (KHTML, like Gecko) Chrome/136.0.7103.113 Mobile Safari/537.36 (compatible; Googlebot/2.1; +http://www.google.com/bot.html)"
66.249.79.231 - - [16/Jun/2025:10:11:20 -0400] "GET /shopdetail/92125318 HTTP/1.1" 200 23737 "-" "Mozilla/5.0 (Linux; Android 6.0.1; Nexus 5X Build/MMB29P) AppleWebKit/537.36 (KHTML, like Gecko) Chrome/136.0.7103.113 Mobile Safari/537.36 (compatible; Googlebot/2.1; +http://www.google.com/bot.html)"
66.249.79.230 - - [16/Jun/2025:10:11:22 -0400] "POST /get-message-notify HTTP/1.1" 200 24574 "https://remonster.online/shopdetail/92125318" "Mozilla/5.0 (Linux; Android 6.0.1; Nexus 5X Build/MMB29P) AppleWebKit/537.36 (KHTML, like Gecko) Chrome/136.0.7103.113 Mobile Safari/537.36 (compatible; Googlebot/2.1; +http://www.google.com/bot.html)"
2a02:8109:a28d:7600:3053:d5d4:21ab:b5fd - - [16/Jun/2025:10:11:23 -0400] "GET /manga/re-monster-chapter-72/ HTTP/1.1" 200 17581 "-" "Mozilla/5.0 (Windows NT 10.0; Win64; x64) AppleWebKit/537.36 (KHTML, like Gecko) Chrome/137.0.0.0 Safari/537.36"
66.249.79.229 - - [16/Jun/2025:10:11:23 -0400] "POST /get-message-notify HTTP/1.1" 200 24574 "https://remonster.online/shopping378176494.phtml" "Mozilla/5.0 (Linux; Android 6.0.1; Nexus 5X Build/MMB29P) AppleWebKit/537.36 (KHTML, like Gecko) Chrome/136.0.7103.113 Mobile Safari/537.36 (compatible; Googlebot/2.1; +http://www.google.com/bot.html)"
121.200.4.254 - - [16/Jun/2025:10:11:26 -0400] "GET /wp-includes/js/comment-reply.min.js?ver=6.6.2 HTTP/1.1" 304 0 "https://remonster.online/manga/re-monster-chapter-47/" "Mozilla/5.0 (Windows NT 10.0; Win64; x64) AppleWebKit/537.36 (KHTML, like Gecko) Chrome/137.0.0.0 Safari/537.36"
103.170.62.79 - - [16/Jun/2025:10:11:34 -0400] "GET /manga/re-monster-chapter-19/ HTTP/1.1" 200 18047 "-" "Mozilla/5.0 (Linux; Android 10; K) AppleWebKit/537.36 (KHTML, like Gecko) Chrome/137.0.0.0 Mobile Safari/537.36"
2a02:8109:a28d:7600:3053:d5d4:21ab:b5fd - - [16/Jun/2025:10:11:45 -0400] "GET /manga/re-monster-chapter-73/ HTTP/1.1" 200 17850 "-" "Mozilla/5.0 (Windows NT 10.0; Win64; x64) AppleWebKit/537.36 (KHTML, like Gecko) Chrome/137.0.0.0 Safari/537.36"
162.0.232.193 - - [16/Jun/2025:10:11:48 -0400] "POST /wp-cron.php?doing_wp_cron=1750083108.5427770614624023437500 HTTP/1.1" 200 0 "-" "WordPress/6.6.2; https://remonster.online"
2a02:8109:a28d:7600:3053:d5d4:21ab:b5fd - - [16/Jun/2025:10:11:46 -0400] "POST /wp-admin/admin-ajax.php HTTP/1.1" 200 69 "https://remonster.online/manga/re-monster-chapter-73/" "Mozilla/5.0 (Windows NT 10.0; Win64; x64) AppleWebKit/537.36 (KHTML, like Gecko) Chrome/137.0.0.0 Safari/537.36"
2a03:2880:f800:1a:: - - [16/Jun/2025:10:12:02 -0400] "GET /shopdetail/156239318 HTTP/1.1" 301 0 "-" "meta-externalagent/1.1 (+https://developers.facebook.com/docs/sharing/webmasters/crawler)"
2a03:2880:f800:9:: - - [16/Jun/2025:10:12:07 -0400] "GET / HTTP/1.1" 200 10858 "-" "meta-externalagent/1.1 (+https://developers.facebook.com/docs/sharing/webmasters/crawler)"
203.192.225.199 - - [16/Jun/2025:10:12:08 -0400] "GET /wp-content/uploads/2021/11/LN_v09_001.jpeg HTTP/1.1" 200 1105440 "https://remonster.online/" "Mozilla/5.0 (Linux; Android 10; K) AppleWebKit/537.36 (KHTML, like Gecko) Chrome/137.0.0.0 Mobile Safari/537.36"
2a02:8109:a28d:7600:3053:d5d4:21ab:b5fd - - [16/Jun/2025:10:12:24 -0400] "GET /manga/re-monster-chapter-74/ HTTP/1.1" 200 18049 "-" "Mozilla/5.0 (Windows NT 10.0; Win64; x64) AppleWebKit/537.36 (KHTML, like Gecko) Chrome/137.0.0.0 Safari/537.36"
162.0.232.193 - - [16/Jun/2025:10:12:26 -0400] "POST /wp-cron.php?doing_wp_cron=1750083146.3445720672607421875000 HTTP/1.1" 200 0 "-" "WordPress/6.6.2; https://remonster.online"
2a02:8109:a28d:7600:3053:d5d4:21ab:b5fd - - [16/Jun/2025:10:12:24 -0400] "POST /wp-admin/admin-ajax.php HTTP/1.1" 200 69 "https://remonster.online/manga/re-monster-chapter-74/" "Mozilla/5.0 (Windows NT 10.0; Win64; x64) AppleWebKit/537.36 (KHTML, like Gecko) Chrome/137.0.0.0 Safari/537.36"
138.68.86.32 - - [16/Jun/2025:10:12:36 -0400] "GET / HTTP/1.1" 200 10823 "-" "-"
138.68.86.32 - - [16/Jun/2025:10:12:37 -0400] "GET / HTTP/1.1" 200 10788 "-" "Mozilla/5.0 (Linux; Android 6.0; HTC One M9 Build/MRA129627) AppleWebKit/537.36 (KHTML, like Gecko) Chrome/52.0.2890.98 Mobile Safari/537.3"
138.68.86.32 - - [16/Jun/2025:10:12:39 -0400] "GET /@vite/env HTTP/1.1" 200 0 "-" "Go-http-client/1.1"
162.0.232.193 - - [16/Jun/2025:10:12:41 -0400] "POST /wp-cron.php?doing_wp_cron=1750083161.0433380603790283203125 HTTP/1.1" 200 0 "-" "WordPress/6.6.2; https://remonster.online"
138.68.86.32 - - [16/Jun/2025:10:12:41 -0400] "GET /actuator/env HTTP/1.1" 301 0 "-" "Go-http-client/1.1"
138.68.86.32 - - [16/Jun/2025:10:12:43 -0400] "GET /server HTTP/1.1" 301 0 "-" "Go-http-client/1.1"
138.68.86.32 - - [16/Jun/2025:10:12:46 -0400] "GET /.vscode/sftp.json HTTP/1.1" 301 0 "-" "Go-http-client/1.1"
138.68.86.32 - - [16/Jun/2025:10:12:48 -0400] "GET /about HTTP/1.1" 301 0 "-" "Go-http-client/1.1"
2a03:2880:f800:10:: - - [16/Jun/2025:10:12:50 -0400] "GET /shopdetail/183792118 HTTP/1.1" 301 0 "-" "meta-externalagent/1.1 (+https://developers.facebook.com/docs/sharing/webmasters/crawler)"
138.68.86.32 - - [16/Jun/2025:10:12:50 -0400] "GET /debug/default/view?panel=config HTTP/1.1" 301 0 "-" "Go-http-client/1.1"
138.68.86.32 - - [16/Jun/2025:10:12:51 -0400] "GET /v2/_catalog HTTP/1.1" 301 0 "-" "Go-http-client/1.1"
138.68.86.32 - - [16/Jun/2025:10:12:52 -0400] "GET /ecp/Current/exporttool/microsoft.exchange.ediscovery.exporttool.application HTTP/1.1" 301 0 "-" "Go-http-client/1.1"
138.68.86.32 - - [16/Jun/2025:10:12:54 -0400] "GET /login.action HTTP/1.1" 301 0 "-" "Go-http-client/1.1"
138.68.86.32 - - [16/Jun/2025:10:12:56 -0400] "GET /_all_dbs HTTP/1.1" 301 0 "-" "Mozilla/5.0 (l9scan/2.0.331313e2131323e27363e2237313; +https://leakix.net)"
138.68.86.32 - - [16/Jun/2025:10:12:58 -0400] "GET /.DS_Store HTTP/1.1" 301 0 "-" "Go-http-client/1.1"
138.68.86.32 - - [16/Jun/2025:10:13:00 -0400] "GET /.env HTTP/1.1" 301 0 "-" "Go-http-client/1.1"
138.68.86.32 - - [16/Jun/2025:10:13:02 -0400] "GET /.git/config HTTP/1.1" 403 1242 "-" "Go-http-client/1.1"
138.68.86.32 - - [16/Jun/2025:10:13:02 -0400] "GET /s/331313e2131323e27363e2237313/_/;/META-INF/maven/com.atlassian.jira/jira-webapp-dist/pom.properties HTTP/1.1" 301 0 "-" "Go-http-client/1.1"
138.68.86.32 - - [16/Jun/2025:10:13:04 -0400] "GET /config.json HTTP/1.1" 301 0 "-" "Go-http-client/1.1"
2a02:8109:a28d:7600:3053:d5d4:21ab:b5fd - - [16/Jun/2025:10:13:06 -0400] "GET /manga/remonster-chapter-75/ HTTP/1.1" 200 17367 "-" "Mozilla/5.0 (Windows NT 10.0; Win64; x64) AppleWebKit/537.36 (KHTML, like Gecko) Chrome/137.0.0.0 Safari/537.36"
2a02:8109:a28d:7600:3053:d5d4:21ab:b5fd - - [16/Jun/2025:10:13:07 -0400] "GET /privacy-policy/ HTTP/1.1" 200 13368 "-" "Mozilla/5.0 (Windows NT 10.0; Win64; x64) AppleWebKit/537.36 (KHTML, like Gecko) Chrome/137.0.0.0 Safari/537.36"
138.68.86.32 - - [16/Jun/2025:10:13:06 -0400] "GET /telescope/requests HTTP/1.1" 301 0 "-" "Go-http-client/1.1"
138.68.86.32 - - [16/Jun/2025:10:13:08 -0400] "GET /info.php HTTP/1.1" 301 0 "-" "Go-http-client/1.1"
138.68.86.32 - - [16/Jun/2025:10:13:09 -0400] "GET /?rest_route=/wp/v2/users/ HTTP/1.1" 200 0 "-" "Go-http-client/1.1"
162.0.232.193 - - [16/Jun/2025:10:13:30 -0400] "POST /wp-cron.php?doing_wp_cron=1750083210.1457989215850830078125 HTTP/1.1" 200 0 "-" "WordPress/6.6.2; https://remonster.online"
2a03:2880:f800:e:: - - [16/Jun/2025:10:13:28 -0400] "GET /shopdetail/74457518 HTTP/1.1" 301 0 "-" "meta-externalagent/1.1 (+https://developers.facebook.com/docs/sharing/webmasters/crawler)"
2a03:2880:f800:e:: - - [16/Jun/2025:10:13:33 -0400] "GET / HTTP/1.1" 200 10816 "-" "meta-externalagent/1.1 (+https://developers.facebook.com/docs/sharing/webmasters/crawler)"
2a00:fbc:eda7:50cd:e4da:75ff:fec6:b31e - - [16/Jun/2025:10:13:46 -0400] "GET /manga/re-monster-chapter-47/ HTTP/1.1" 304 0 "https://remonster.online/manga/re-monster-chapter-46/" "Mozilla/5.0 (Android 15; Mobile; rv:139.0) Gecko/139.0 Firefox/139.0"
66.249.79.231 - - [16/Jun/2025:10:13:51 -0400] "GET /?s={search_term_string} HTTP/1.1" 200 23849 "-" "Mozilla/5.0 (Linux; Android 6.0.1; Nexus 5X Build/MMB29P) AppleWebKit/537.36 (KHTML, like Gecko) Chrome/136.0.7103.113 Mobile Safari/537.36 (compatible; Googlebot/2.1; +http://www.google.com/bot.html)"
2a02:8109:a28d:7600:3053:d5d4:21ab:b5fd - - [16/Jun/2025:10:13:56 -0400] "GET /manga/remonster-chapter-76/ HTTP/1.1" 200 17798 "-" "Mozilla/5.0 (Windows NT 10.0; Win64; x64) AppleWebKit/537.36 (KHTML, like Gecko) Chrome/137.0.0.0 Safari/537.36"
162.0.232.193 - - [16/Jun/2025:10:13:58 -0400] "POST /wp-cron.php?doing_wp_cron=1750083238.2366690635681152343750 HTTP/1.1" 200 0 "-" "WordPress/6.6.2; https://remonster.online"
2a03:2880:f800:a:: - - [16/Jun/2025:10:13:56 -0400] "GET /shopdetail/307516818 HTTP/1.1" 301 0 "-" "meta-externalagent/1.1 (+https://developers.facebook.com/docs/sharing/webmasters/crawler)"
2a02:8109:a28d:7600:3053:d5d4:21ab:b5fd - - [16/Jun/2025:10:13:57 -0400] "POST /wp-admin/admin-ajax.php HTTP/1.1" 200 69 "https://remonster.online/manga/remonster-chapter-76/" "Mozilla/5.0 (Windows NT 10.0; Win64; x64) AppleWebKit/537.36 (KHTML, like Gecko) Chrome/137.0.0.0 Safari/537.36"
2a03:2880:f800:c:: - - [16/Jun/2025:10:14:00 -0400] "GET / HTTP/1.1" 200 10823 "-" "meta-externalagent/1.1 (+https://developers.facebook.com/docs/sharing/webmasters/crawler)"
2600:1010:a105:9dcc:5cb2:ea4e:afac:833e - - [16/Jun/2025:10:14:06 -0400] "GET /wp-content/uploads/2021/11/CeDzRGZ-768x682.png HTTP/1.1" 200 1056180 "https://remonster.online/manga/re-monster-chapter-1/" "Mozilla/5.0 (iPhone; CPU iPhone OS 18_5 like Mac OS X) AppleWebKit/605.1.15 (KHTML, like Gecko) Brave/1 Mobile/15E148 Safari/604.1"
66.249.79.229 - - [16/Jun/2025:10:14:20 -0400] "GET /entity378177200.phtml HTTP/1.1" 200 24094 "-" "Mozilla/5.0 (Linux; Android 6.0.1; Nexus 5X Build/MMB29P) AppleWebKit/537.36 (KHTML, like Gecko) Chrome/136.0.7103.113 Mobile Safari/537.36 (compatible; Googlebot/2.1; +http://www.google.com/bot.html)"
162.0.232.193 - - [16/Jun/2025:10:14:30 -0400] "POST /wp-cron.php?doing_wp_cron=1750083270.2368431091308593750000 HTTP/1.1" 200 0 "-" "WordPress/6.6.2; https://remonster.online"
2a03:2880:f800:1:: - - [16/Jun/2025:10:14:29 -0400] "GET /shopdetail/386799018 HTTP/1.1" 301 0 "-" "meta-externalagent/1.1 (+https://developers.facebook.com/docs/sharing/webmasters/crawler)"
2a03:2880:f800:e:: - - [16/Jun/2025:10:14:32 -0400] "GET / HTTP/1.1" 200 10823 "-" "meta-externalagent/1.1 (+https://developers.facebook.com/docs/sharing/webmasters/crawler)"
2a02:8109:a28d:7600:3053:d5d4:21ab:b5fd - - [16/Jun/2025:10:14:44 -0400] "GET /manga/remonster-chapter-77/ HTTP/1.1" 200 17430 "-" "Mozilla/5.0 (Windows NT 10.0; Win64; x64) AppleWebKit/537.36 (KHTML, like Gecko) Chrome/137.0.0.0 Safari/537.36"
162.0.232.193 - - [16/Jun/2025:10:14:47 -0400] "POST /wp-cron.php?doing_wp_cron=1750083286.9530670642852783203125 HTTP/1.1" 200 0 "-" "WordPress/6.6.2; https://remonster.online"
2a03:2880:f800:e:: - - [16/Jun/2025:10:14:45 -0400] "GET /shopdetail/110086518 HTTP/1.1" 301 0 "-" "meta-externalagent/1.1 (+https://developers.facebook.com/docs/sharing/webmasters/crawler)"
2a03:2880:f800:: - - [16/Jun/2025:10:14:47 -0400] "GET /shopdetail/321252018 HTTP/1.1" 301 0 "-" "meta-externalagent/1.1 (+https://developers.facebook.com/docs/sharing/webmasters/crawler)"
2a03:2880:f800:18:: - - [16/Jun/2025:10:14:51 -0400] "GET / HTTP/1.1" 200 10823 "-" "meta-externalagent/1.1 (+https://developers.facebook.com/docs/sharing/webmasters/crawler)"
2a03:2880:f800:9:: - - [16/Jun/2025:10:14:54 -0400] "GET /shopdetail/331046318 HTTP/1.1" 301 0 "-" "meta-externalagent/1.1 (+https://developers.facebook.com/docs/sharing/webmasters/crawler)"
103.137.12.197 - - [16/Jun/2025:10:14:59 -0400] "GET /wp-content/plugins/simple-social-buttons/assets/css/front.css?ver=5.3.1 HTTP/1.1" 200 10295 "-" "Mozilla/5.0 (Linux; Android 10; K) AppleWebKit/537.36 (KHTML, like Gecko) Chrome/137.0.0.0 Mobile Safari/537.36"
103.137.12.197 - - [16/Jun/2025:10:14:59 -0400] "GET /manga/remonster-chapter-78/ HTTP/1.1" 200 414 "https://www.google.com/" "Mozilla/5.0 (Linux; Android 10; K) AppleWebKit/537.36 (KHTML, like Gecko) Chrome/137.0.0.0 Mobile Safari/537.36"
103.137.12.197 - - [16/Jun/2025:10:15:06 -0400] "GET /manga/remonster-chapter-78/ HTTP/1.1" 200 414 "https://www.google.com/" "Mozilla/5.0 (Linux; Android 10; K) AppleWebKit/537.36 (KHTML, like Gecko) Chrome/137.0.0.0 Mobile Safari/537.36"
103.170.62.79 - - [16/Jun/2025:10:15:43 -0400] "GET /manga/re-monster-chapter-20/ HTTP/1.1" 200 16374 "-" "Mozilla/5.0 (Linux; Android 10; K) AppleWebKit/537.36 (KHTML, like Gecko) Chrome/137.0.0.0 Mobile Safari/537.36"
103.170.62.79 - - [16/Jun/2025:10:15:42 -0400] "GET /tag/remonster-manga/ HTTP/1.1" 301 0 "-" "Mozilla/5.0 (Linux; Android 10; K) AppleWebKit/537.36 (KHTML, like Gecko) Chrome/137.0.0.0 Mobile Safari/537.36"
162.0.232.193 - - [16/Jun/2025:10:15:46 -0400] "POST /wp-cron.php?doing_wp_cron=1750083346.4401590824127197265625 HTTP/1.1" 200 0 "-" "WordPress/6.6.2; https://remonster.online"
103.170.62.79 - - [16/Jun/2025:10:15:44 -0400] "POST /wp-admin/admin-ajax.php HTTP/1.1" 200 69 "https://remonster.online/manga/re-monster-chapter-20/" "Mozilla/5.0 (Linux; Android 10; K) AppleWebKit/537.36 (KHTML, like Gecko) Chrome/137.0.0.0 Mobile Safari/537.36"
2a02:8109:a28d:7600:3053:d5d4:21ab:b5fd - - [16/Jun/2025:10:15:54 -0400] "GET /manga/remonster-chapter-78/ HTTP/1.1" 200 16736 "-" "Mozilla/5.0 (Windows NT 10.0; Win64; x64) AppleWebKit/537.36 (KHTML, like Gecko) Chrome/137.0.0.0 Safari/537.36"
2a03:2880:f800:7:: - - [16/Jun/2025:10:16:07 -0400] "GET /shopdetail/57660518 HTTP/1.1" 301 0 "-" "meta-externalagent/1.1 (+https://developers.facebook.com/docs/sharing/webmasters/crawler)"
2a02:598:96:8a00::1200:124 - - [16/Jun/2025:10:16:09 -0400] "GET /sitemap-hot-2986995.xml HTTP/1.1" 200 10651 "-" "Mozilla/5.0 (compatible; SeznamBot/4.0; +https://o-seznam.cz/napoveda/vyhledavani/en/seznambot-crawler/)"
2a03:2880:f800:1c:: - - [16/Jun/2025:10:16:11 -0400] "GET / HTTP/1.1" 200 10823 "-" "meta-externalagent/1.1 (+https://developers.facebook.com/docs/sharing/webmasters/crawler)"
102.22.186.209 - - [16/Jun/2025:10:16:14 -0400] "POST /wp-admin/admin-ajax.php HTTP/1.1" 200 69 "https://remonster.online/manga/re-monster-chapter-66/" "Mozilla/5.0 (Linux; Android 10; K) AppleWebKit/537.36 (KHTML, like Gecko) Chrome/137.0.0.0 Mobile Safari/537.36"
66.249.79.229 - - [16/Jun/2025:10:16:21 -0400] "GET /entity/378185288.phtml HTTP/1.1" 200 23668 "-" "Mozilla/5.0 (Linux; Android 6.0.1; Nexus 5X Build/MMB29P) AppleWebKit/537.36 (KHTML, like Gecko) Chrome/136.0.7103.113 Mobile Safari/537.36 (compatible; Googlebot/2.1; +http://www.google.com/bot.html)"
66.249.79.229 - - [16/Jun/2025:10:16:25 -0400] "POST /get-message-notify HTTP/1.1" 200 24574 "https://remonster.online/entity/378185288.phtml" "Mozilla/5.0 (Linux; Android 6.0.1; Nexus 5X Build/MMB29P) AppleWebKit/537.36 (KHTML, like Gecko) Chrome/136.0.7103.113 Mobile Safari/537.36 (compatible; Googlebot/2.1; +http://www.google.com/bot.html)"
2a02:8109:a28d:7600:3053:d5d4:21ab:b5fd - - [16/Jun/2025:10:16:25 -0400] "GET /manga/remonster-chapter-79/ HTTP/1.1" 200 17824 "-" "Mozilla/5.0 (Windows NT 10.0; Win64; x64) AppleWebKit/537.36 (KHTML, like Gecko) Chrome/137.0.0.0 Safari/537.36"
162.0.232.193 - - [16/Jun/2025:10:16:26 -0400] "POST /wp-cron.php?doing_wp_cron=1750083385.7391779422760009765625 HTTP/1.1" 200 0 "-" "WordPress/6.6.2; https://remonster.online"
2a03:2880:f800:17:: - - [16/Jun/2025:10:16:24 -0400] "GET /shopdetail/354510118 HTTP/1.1" 301 0 "-" "meta-externalagent/1.1 (+https://developers.facebook.com/docs/sharing/webmasters/crawler)"
2a03:2880:f800:16:: - - [16/Jun/2025:10:16:28 -0400] "GET / HTTP/1.1" 200 10823 "-" "meta-externalagent/1.1 (+https://developers.facebook.com/docs/sharing/webmasters/crawler)"
162.0.232.193 - - [16/Jun/2025:10:16:34 -0400] "POST /wp-cron.php?doing_wp_cron=1750083394.3403539657592773437500 HTTP/1.1" 200 0 "-" "WordPress/6.6.2; https://remonster.online"
47.243.242.157 - - [16/Jun/2025:10:16:32 -0400] "HEAD /dmca HTTP/1.1" 301 0 "-" "Mozilla/5.0 (Windows NT 6.0; Win64; x64) AppleWebKit/537.36 (KHTML, like Gecko) Chrome/70.0.3931.7 Safari/537.36"
47.243.242.157 - - [16/Jun/2025:10:16:35 -0400] "HEAD /dmca/ HTTP/1.1" 200 0 "-" "Mozilla/5.0 (Windows NT 6.0; Win64; x64) AppleWebKit/537.36 (KHTML, like Gecko) Chrome/70.0.3931.7 Safari/537.36"
47.243.242.157 - - [16/Jun/2025:10:16:36 -0400] "GET /dmca HTTP/1.1" 301 0 "-" "Mozilla/5.0 (Windows NT 6.0; Win64; x64) AppleWebKit/537.36 (KHTML, like Gecko) Chrome/70.0.3931.7 Safari/537.36"
47.243.242.157 - - [16/Jun/2025:10:16:37 -0400] "GET /dmca/ HTTP/1.1" 200 10831 "-" "Mozilla/5.0 (Windows NT 6.0; Win64; x64) AppleWebKit/537.36 (KHTML, like Gecko) Chrome/70.0.3931.7 Safari/537.36"
2a03:2880:f800:14:: - - [16/Jun/2025:10:16:38 -0400] "GET /shopdetail/201884418 HTTP/1.1" 301 0 "-" "meta-externalagent/1.1 (+https://developers.facebook.com/docs/sharing/webmasters/crawler)"
2a03:2880:f800:13:: - - [16/Jun/2025:10:17:00 -0400] "GET /shopdetail/66562218 HTTP/1.1" 301 0 "-" "meta-externalagent/1.1 (+https://developers.facebook.com/docs/sharing/webmasters/crawler)"
2a02:8109:a28d:7600:3053:d5d4:21ab:b5fd - - [16/Jun/2025:10:17:09 -0400] "GET /manga/remonster-chapter-80/ HTTP/1.1" 200 14391 "-" "Mozilla/5.0 (Windows NT 10.0; Win64; x64) AppleWebKit/537.36 (KHTML, like Gecko) Chrome/137.0.0.0 Safari/537.36"
2a02:8109:a28d:7600:3053:d5d4:21ab:b5fd - - [16/Jun/2025:10:17:10 -0400] "POST /wp-admin/admin-ajax.php HTTP/1.1" 200 69 "https://remonster.online/manga/remonster-chapter-80/" "Mozilla/5.0 (Windows NT 10.0; Win64; x64) AppleWebKit/537.36 (KHTML, like Gecko) Chrome/137.0.0.0 Safari/537.36"
2a02:8109:a28d:7600:3053:d5d4:21ab:b5fd - - [16/Jun/2025:10:17:16 -0400] "GET /manga/remonster-chapter-80/ HTTP/1.1" 304 0 "https://remonster.online/manga/remonster-chapter-79/" "Mozilla/5.0 (Windows NT 10.0; Win64; x64) AppleWebKit/537.36 (KHTML, like Gecko) Chrome/137.0.0.0 Safari/537.36"
162.0.232.193 - - [16/Jun/2025:10:17:18 -0400] "POST /wp-cron.php?doing_wp_cron=1750083438.4545919895172119140625 HTTP/1.1" 200 0 "-" "WordPress/6.6.2; https://remonster.online"
2a02:8109:a28d:7600:3053:d5d4:21ab:b5fd - - [16/Jun/2025:10:17:18 -0400] "GET /manga/remonster-chapter-81/ HTTP/1.1" 200 14019 "-" "Mozilla/5.0 (Windows NT 10.0; Win64; x64) AppleWebKit/537.36 (KHTML, like Gecko) Chrome/137.0.0.0 Safari/537.36"
2a02:8109:a28d:7600:3053:d5d4:21ab:b5fd - - [16/Jun/2025:10:17:17 -0400] "POST /wp-admin/admin-ajax.php HTTP/1.1" 200 69 "https://remonster.online/manga/remonster-chapter-80/" "Mozilla/5.0 (Windows NT 10.0; Win64; x64) AppleWebKit/537.36 (KHTML, like Gecko) Chrome/137.0.0.0 Safari/537.36"
2a02:8109:a28d:7600:3053:d5d4:21ab:b5fd - - [16/Jun/2025:10:17:20 -0400] "GET /manga/remonster-chapter-82/ HTTP/1.1" 200 14478 "-" "Mozilla/5.0 (Windows NT 10.0; Win64; x64) AppleWebKit/537.36 (KHTML, like Gecko) Chrome/137.0.0.0 Safari/537.36"
2a02:8109:a28d:7600:3053:d5d4:21ab:b5fd - - [16/Jun/2025:10:17:21 -0400] "GET /manga/remonster-chapter-80/ HTTP/1.1" 304 0 "-" "Mozilla/5.0 (Windows NT 10.0; Win64; x64) AppleWebKit/537.36 (KHTML, like Gecko) Chrome/137.0.0.0 Safari/537.36"
2a02:8109:a28d:7600:3053:d5d4:21ab:b5fd - - [16/Jun/2025:10:17:21 -0400] "GET /manga/remonster-chapter-80/ HTTP/1.1" 304 0 "https://remonster.online/manga/remonster-chapter-81/" "Mozilla/5.0 (Windows NT 10.0; Win64; x64) AppleWebKit/537.36 (KHTML, like Gecko) Chrome/137.0.0.0 Safari/537.36"
66.249.79.229 - - [16/Jun/2025:10:17:22 -0400] "GET /shopdetail/135925418 HTTP/1.1" 200 23546 "-" "Mozilla/5.0 (Linux; Android 6.0.1; Nexus 5X Build/MMB29P) AppleWebKit/537.36 (KHTML, like Gecko) Chrome/136.0.7103.113 Mobile Safari/537.36 (compatible; Googlebot/2.1; +http://www.google.com/bot.html)"
2a02:8109:a28d:7600:3053:d5d4:21ab:b5fd - - [16/Jun/2025:10:17:22 -0400] "POST /wp-admin/admin-ajax.php HTTP/1.1" 200 69 "https://remonster.online/manga/remonster-chapter-80/" "Mozilla/5.0 (Windows NT 10.0; Win64; x64) AppleWebKit/537.36 (KHTML, like Gecko) Chrome/137.0.0.0 Safari/537.36"
2a03:2880:f800:1c:: - - [16/Jun/2025:10:17:24 -0400] "GET /shopdetail/236112518 HTTP/1.1" 301 0 "-" "meta-externalagent/1.1 (+https://developers.facebook.com/docs/sharing/webmasters/crawler)"
66.249.79.231 - - [16/Jun/2025:10:17:25 -0400] "POST /get-message-notify HTTP/1.1" 200 24574 "https://remonster.online/shopdetail/135925418" "Mozilla/5.0 (Linux; Android 6.0.1; Nexus 5X Build/MMB29P) AppleWebKit/537.36 (KHTML, like Gecko) Chrome/136.0.7103.113 Mobile Safari/537.36 (compatible; Googlebot/2.1; +http://www.google.com/bot.html)"
2a03:2880:f800:15:: - - [16/Jun/2025:10:17:27 -0400] "GET / HTTP/1.1" 200 10823 "-" "meta-externalagent/1.1 (+https://developers.facebook.com/docs/sharing/webmasters/crawler)"
162.0.232.193 - - [16/Jun/2025:10:18:12 -0400] "POST /wp-cron.php?doing_wp_cron=1750083491.9768960475921630859375 HTTP/1.1" 200 0 "-" "WordPress/6.6.2; https://remonster.online"
2a03:2880:f800:9:: - - [16/Jun/2025:10:18:09 -0400] "GET /shopdetail/246427918 HTTP/1.1" 301 0 "-" "meta-externalagent/1.1 (+https://developers.facebook.com/docs/sharing/webmasters/crawler)"
2a03:2880:f800:b:: - - [16/Jun/2025:10:18:15 -0400] "GET /shopdetail/378940218 HTTP/1.1" 301 0 "-" "meta-externalagent/1.1 (+https://developers.facebook.com/docs/sharing/webmasters/crawler)"
66.249.79.231 - - [16/Jun/2025:10:18:23 -0400] "GET /manga/re-monster-chapter-27/ HTTP/1.1" 200 24674 "-" "Mozilla/5.0 (Linux; Android 6.0.1; Nexus 5X Build/MMB29P) AppleWebKit/537.36 (KHTML, like Gecko) Chrome/136.0.7103.113 Mobile Safari/537.36 (compatible; Googlebot/2.1; +http://www.google.com/bot.html)"
66.249.79.230 - - [16/Jun/2025:10:18:24 -0400] "GET /product/broiling378187088.phtml HTTP/1.1" 200 23635 "-" "Mozilla/5.0 (Linux; Android 6.0.1; Nexus 5X Build/MMB29P) AppleWebKit/537.36 (KHTML, like Gecko) Chrome/136.0.7103.113 Mobile Safari/537.36 (compatible; Googlebot/2.1; +http://www.google.com/bot.html)"
162.0.232.193 - - [16/Jun/2025:10:18:26 -0400] "POST /wp-cron.php?doing_wp_cron=1750083505.8409008979797363281250 HTTP/1.1" 200 0 "-" "WordPress/6.6.2; https://remonster.online"
2a03:2880:f800:4:: - - [16/Jun/2025:10:18:24 -0400] "GET /shopdetail/94203518 HTTP/1.1" 301 0 "-" "meta-externalagent/1.1 (+https://developers.facebook.com/docs/sharing/webmasters/crawler)"
2a03:2880:f800:1d:: - - [16/Jun/2025:10:18:27 -0400] "GET /shopdetail/367104618 HTTP/1.1" 301 0 "-" "meta-externalagent/1.1 (+https://developers.facebook.com/docs/sharing/webmasters/crawler)"
2a03:2880:f800:14:: - - [16/Jun/2025:10:18:28 -0400] "GET / HTTP/1.1" 200 10823 "-" "meta-externalagent/1.1 (+https://developers.facebook.com/docs/sharing/webmasters/crawler)"
2a03:2880:f800:3:: - - [16/Jun/2025:10:18:29 -0400] "GET / HTTP/1.1" 200 10823 "-" "meta-externalagent/1.1 (+https://developers.facebook.com/docs/sharing/webmasters/crawler)"
162.0.232.193 - - [16/Jun/2025:10:18:32 -0400] "POST /wp-cron.php?doing_wp_cron=1750083512.0464301109313964843750 HTTP/1.1" 200 0 "-" "WordPress/6.6.2; https://remonster.online"
2a03:2880:f800:e:: - - [16/Jun/2025:10:18:30 -0400] "GET /shopdetail/370051018 HTTP/1.1" 301 0 "-" "meta-externalagent/1.1 (+https://developers.facebook.com/docs/sharing/webmasters/crawler)"
2a03:2880:f800:14:: - - [16/Jun/2025:10:18:41 -0400] "GET /shopdetail/151214218 HTTP/1.1" 301 0 "-" "meta-externalagent/1.1 (+https://developers.facebook.com/docs/sharing/webmasters/crawler)"
2a03:2880:f800:14:: - - [16/Jun/2025:10:18:43 -0400] "GET /shopdetail/143832418 HTTP/1.1" 301 0 "-" "meta-externalagent/1.1 (+https://developers.facebook.com/docs/sharing/webmasters/crawler)"
45.227.253.15 - - [16/Jun/2025:10:19:51 -0400] "GET /index.php/jk HTTP/1.1" 200 47 "-" "Mozilla/5.0 (iPad; U; CPU OS 4_3_4 like Mac OS X; ja) AppleWebKit/533.17.9 (KHTML, like Gecko) Version/5.0.2 Mobile/8J2 Safari/6533.18.5"
162.0.232.193 - - [16/Jun/2025:10:20:03 -0400] "POST /wp-cron.php?doing_wp_cron=1750083603.5664660930633544921875 HTTP/1.1" 200 0 "-" "WordPress/6.6.2; https://remonster.online"
2a03:2880:f800:1c:: - - [16/Jun/2025:10:20:02 -0400] "GET /shopdetail/1453618 HTTP/1.1" 301 0 "-" "meta-externalagent/1.1 (+https://developers.facebook.com/docs/sharing/webmasters/crawler)"
2a03:2880:f800:e:: - - [16/Jun/2025:10:20:07 -0400] "GET / HTTP/1.1" 200 10823 "-" "meta-externalagent/1.1 (+https://developers.facebook.com/docs/sharing/webmasters/crawler)"
66.249.79.236 - - [16/Jun/2025:10:20:25 -0400] "GET /info/incessant378182464.phtml HTTP/1.1" 200 24168 "-" "Mozilla/5.0 (Linux; Android 6.0.1; Nexus 5X Build/MMB29P) AppleWebKit/537.36 (KHTML, like Gecko) Chrome/136.0.7103.113 Mobile Safari/537.36 (compatible; Googlebot/2.1; +http://www.google.com/bot.html)"
2003:d8:9f4c:f000:ac1c:5c62:2e22:25bf - - [16/Jun/2025:10:20:38 -0400] "GET /category/remonster/ HTTP/1.1" 304 0 "-" "Mozilla/5.0 (Linux; Android 10; K) AppleWebKit/537.36 (KHTML, like Gecko) Chrome/137.0.0.0 Mobile Safari/537.36"
162.0.232.193 - - [16/Jun/2025:10:20:40 -0400] "POST /wp-cron.php?doing_wp_cron=1750083640.1449251174926757812500 HTTP/1.1" 200 0 "-" "WordPress/6.6.2; https://remonster.online"
2a03:2880:f800:5:: - - [16/Jun/2025:10:20:38 -0400] "GET /shopdetail/427206518 HTTP/1.1" 301 0 "-" "meta-externalagent/1.1 (+https://developers.facebook.com/docs/sharing/webmasters/crawler)"
2a03:2880:f800:12:: - - [16/Jun/2025:10:20:42 -0400] "GET / HTTP/1.1" 200 10823 "-" "meta-externalagent/1.1 (+https://developers.facebook.com/docs/sharing/webmasters/crawler)"
116.15.200.208 - - [16/Jun/2025:10:20:56 -0400] "GET /manga/re-monster-chapter-64/ HTTP/1.1" 200 17705 "-" "Mozilla/5.0 (iPhone; CPU iPhone OS 18_5 like Mac OS X) AppleWebKit/605.1.15 (KHTML, like Gecko) Mobile/15E148"
2a03:2880:f800:6:: - - [16/Jun/2025:10:21:03 -0400] "GET /shopdetail/194680518 HTTP/1.1" 301 0 "-" "meta-externalagent/1.1 (+https://developers.facebook.com/docs/sharing/webmasters/crawler)"
2a03:2880:f800:17:: - - [16/Jun/2025:10:21:07 -0400] "GET / HTTP/1.1" 200 10823 "-" "meta-externalagent/1.1 (+https://developers.facebook.com/docs/sharing/webmasters/crawler)"
162.0.232.193 - - [16/Jun/2025:10:21:31 -0400] "POST /wp-cron.php?doing_wp_cron=1750083691.5529010295867919921875 HTTP/1.1" 200 0 "-" "WordPress/6.6.2; https://remonster.online"
2a03:2880:f800:11:: - - [16/Jun/2025:10:21:30 -0400] "GET /shopdetail/330410418 HTTP/1.1" 301 0 "-" "meta-externalagent/1.1 (+https://developers.facebook.com/docs/sharing/webmasters/crawler)"
2a03:2880:f800:14:: - - [16/Jun/2025:10:21:33 -0400] "GET / HTTP/1.1" 200 10823 "-" "meta-externalagent/1.1 (+https://developers.facebook.com/docs/sharing/webmasters/crawler)"
87.77.72.95 - - [16/Jun/2025:10:21:49 -0400] "GET /manga/re-monster-chapter-48/ HTTP/1.1" 200 17416 "https://remonster.online/manga/re-monster-chapter-47/" "Mozilla/5.0 (Android 15; Mobile; rv:139.0) Gecko/139.0 Firefox/139.0"
66.249.79.237 - - [16/Jun/2025:10:22:26 -0400] "GET /goods/inseparate378172646.phtml HTTP/1.1" 200 23561 "-" "Mozilla/5.0 (Linux; Android 6.0.1; Nexus 5X Build/MMB29P) AppleWebKit/537.36 (KHTML, like Gecko) Chrome/136.0.7103.113 Mobile Safari/537.36 (compatible; Googlebot/2.1; +http://www.google.com/bot.html)"
2600:1702:a40:830:c090:a49e:4b1a:3023 - - [16/Jun/2025:10:22:48 -0400] "GET /manga/re-monster-chapter-61/ HTTP/1.1" 200 17394 "https://remonster.online/manga/re-monster-chapter-60/" "Mozilla/5.0 (iPhone; CPU iPhone OS 18_4_1 like Mac OS X) AppleWebKit/605.1.15 (KHTML, like Gecko) Version/18.4 Mobile/15E148 Safari/604.1"
162.0.232.193 - - [16/Jun/2025:10:23:34 -0400] "POST /wp-cron.php?doing_wp_cron=1750083814.4405620098114013671875 HTTP/1.1" 200 0 "-" "WordPress/6.6.2; https://remonster.online"
2a03:2880:f800:10:: - - [16/Jun/2025:10:23:33 -0400] "GET /shopdetail/23843918 HTTP/1.1" 301 0 "-" "meta-externalagent/1.1 (+https://developers.facebook.com/docs/sharing/webmasters/crawler)"
2a03:2880:f800:f:: - - [16/Jun/2025:10:23:39 -0400] "GET /shopdetail/201391018 HTTP/1.1" 301 0 "-" "meta-externalagent/1.1 (+https://developers.facebook.com/docs/sharing/webmasters/crawler)"
2a03:2880:f800:a:: - - [16/Jun/2025:10:23:42 -0400] "GET / HTTP/1.1" 200 10878 "-" "meta-externalagent/1.1 (+https://developers.facebook.com/docs/sharing/webmasters/crawler)"
2a03:2880:f800:f:: - - [16/Jun/2025:10:23:42 -0400] "GET /shopdetail/237107118 HTTP/1.1" 301 0 "-" "meta-externalagent/1.1 (+https://developers.facebook.com/docs/sharing/webmasters/crawler)"
2a03:2880:f800:c:: - - [16/Jun/2025:10:24:06 -0400] "GET /shopdetail/437437018 HTTP/1.1" 301 0 "-" "meta-externalagent/1.1 (+https://developers.facebook.com/docs/sharing/webmasters/crawler)"
