66.249.79.237 - - [16/Jun/2025:09:43:30 -0400] "GET /shopdetail/frangible/44375896.phtml HTTP/1.1" 200 24245 "-" "Mozilla/5.0 (Linux; Android 6.0.1; Nexus 5X Build/MMB29P) AppleWebKit/537.36 (KHTML, like Gecko) Chrome/136.0.7103.113 Mobile Safari/537.36 (compatible; Googlebot/2.1; +http://www.google.com/bot.html)"
66.249.79.236 - - [16/Jun/2025:09:43:33 -0400] "POST /get-message-notify HTTP/1.1" 200 24574 "https://remonster.online/shopdetail/frangible/44375896.phtml" "Mozilla/5.0 (Linux; Android 6.0.1; Nexus 5X Build/MMB29P) AppleWebKit/537.36 (KHTML, like Gecko) Chrome/136.0.7103.113 Mobile Safari/537.36 (compatible; Googlebot/2.1; +http://www.google.com/bot.html)"
2600:1702:a40:830:c090:a49e:4b1a:3023 - - [16/Jun/2025:09:43:54 -0400] "GET /manga/re-monster-chapter-59/ HTTP/1.1" 200 17413 "https://remonster.online/manga/re-monster-chapter-58/" "Mozilla/5.0 (iPhone; CPU iPhone OS 18_4_1 like Mac OS X) AppleWebKit/605.1.15 (KHTML, like Gecko) Version/18.4 Mobile/15E148 Safari/604.1"
162.0.232.193 - - [16/Jun/2025:09:44:00 -0400] "POST /wp-cron.php?doing_wp_cron=1750081440.5467898845672607421875 HTTP/1.1" 200 0 "-" "WordPress/6.6.2; https://remonster.online"
2001:8003:f417:1f00:4679:5bfa:b00e:f69e - - [16/Jun/2025:09:43:58 -0400] "POST /wp-admin/admin-ajax.php HTTP/1.1" 200 69 "https://remonster.online/manga/re-monster-chapter-27/" "Mozilla/5.0 (Linux; Android 10; K) AppleWebKit/537.36 (KHTML, like Gecko) Chrome/137.0.0.0 Mobile Safari/537.36"
2a09:bac2:a5c0:2769::3ed:6b - - [16/Jun/2025:09:44:16 -0400] "GET /manga/re-monster-chapter-55/ HTTP/1.1" 200 17450 "-" "Mozilla/5.0 (iPhone; CPU iPhone OS 18_5 like Mac OS X) AppleWebKit/605.1.15 (KHTML, like Gecko) Mobile/15E148"
2a02:8109:a28d:7600:3053:d5d4:21ab:b5fd - - [16/Jun/2025:09:44:23 -0400] "GET /manga/re-monster-chapter-37/ HTTP/1.1" 200 17376 "-" "Mozilla/5.0 (Windows NT 10.0; Win64; x64) AppleWebKit/537.36 (KHTML, like Gecko) Chrome/137.0.0.0 Safari/537.36"
66.249.79.236 - - [16/Jun/2025:09:44:41 -0400] "GET /goods/foundling/44401184.phtml HTTP/1.1" 200 24360 "-" "Mozilla/5.0 (Linux; Android 6.0.1; Nexus 5X Build/MMB29P) AppleWebKit/537.36 (KHTML, like Gecko) Chrome/136.0.7103.113 Mobile Safari/537.36 (compatible; Googlebot/2.1; +http://www.google.com/bot.html)"
2a02:8109:a28d:7600:3053:d5d4:21ab:b5fd - - [16/Jun/2025:09:44:54 -0400] "GET /manga/re-monster-chapter-38/ HTTP/1.1" 200 17671 "-" "Mozilla/5.0 (Windows NT 10.0; Win64; x64) AppleWebKit/537.36 (KHTML, like Gecko) Chrome/137.0.0.0 Safari/537.36"
162.0.232.193 - - [16/Jun/2025:09:44:55 -0400] "POST /wp-cron.php?doing_wp_cron=1750081495.5419239997863769531250 HTTP/1.1" 200 0 "-" "WordPress/6.6.2; https://remonster.online"
2a03:2880:f800:14:: - - [16/Jun/2025:09:44:52 -0400] "GET /shopdetail/62910618 HTTP/1.1" 301 0 "-" "meta-externalagent/1.1 (+https://developers.facebook.com/docs/sharing/webmasters/crawler)"
2a02:8109:a28d:7600:3053:d5d4:21ab:b5fd - - [16/Jun/2025:09:44:55 -0400] "GET /dmca/ HTTP/1.1" 200 10831 "-" "Mozilla/5.0 (Windows NT 10.0; Win64; x64) AppleWebKit/537.36 (KHTML, like Gecko) Chrome/137.0.0.0 Safari/537.36"
2a02:8109:a28d:7600:3053:d5d4:21ab:b5fd - - [16/Jun/2025:09:45:18 -0400] "GET /manga/re-monster-chapter-39/ HTTP/1.1" 200 15999 "-" "Mozilla/5.0 (Windows NT 10.0; Win64; x64) AppleWebKit/537.36 (KHTML, like Gecko) Chrome/137.0.0.0 Safari/537.36"
162.0.232.193 - - [16/Jun/2025:09:45:21 -0400] "POST /wp-cron.php?doing_wp_cron=1750081521.5411601066589355468750 HTTP/1.1" 200 0 "-" "WordPress/6.6.2; https://remonster.online"
2a02:8109:a28d:7600:3053:d5d4:21ab:b5fd - - [16/Jun/2025:09:45:18 -0400] "POST /wp-admin/admin-ajax.php HTTP/1.1" 200 69 "https://remonster.online/manga/re-monster-chapter-39/" "Mozilla/5.0 (Windows NT 10.0; Win64; x64) AppleWebKit/537.36 (KHTML, like Gecko) Chrome/137.0.0.0 Safari/537.36"
2a02:8109:a28d:7600:3053:d5d4:21ab:b5fd - - [16/Jun/2025:09:45:31 -0400] "GET /manga/re-monster-chapter-40/ HTTP/1.1" 200 16592 "-" "Mozilla/5.0 (Windows NT 10.0; Win64; x64) AppleWebKit/537.36 (KHTML, like Gecko) Chrome/137.0.0.0 Safari/537.36"
66.249.79.238 - - [16/Jun/2025:09:45:53 -0400] "GET /shopping/bfs/cepheus44352664.phtml HTTP/1.1" 200 24488 "-" "Mozilla/5.0 (Linux; Android 6.0.1; Nexus 5X Build/MMB29P) AppleWebKit/537.36 (KHTML, like Gecko) Chrome/136.0.7103.113 Mobile Safari/537.36 (compatible; Googlebot/2.1; +http://www.google.com/bot.html)"
2a02:8109:a28d:7600:3053:d5d4:21ab:b5fd - - [16/Jun/2025:09:46:18 -0400] "GET /manga/re-monster-chapter-41/ HTTP/1.1" 200 17697 "-" "Mozilla/5.0 (Windows NT 10.0; Win64; x64) AppleWebKit/537.36 (KHTML, like Gecko) Chrome/137.0.0.0 Safari/537.36"
162.0.232.193 - - [16/Jun/2025:09:46:23 -0400] "POST /wp-cron.php?doing_wp_cron=1750081582.8559899330139160156250 HTTP/1.1" 200 0 "-" "WordPress/6.6.2; https://remonster.online"
2a03:2880:f800:2:: - - [16/Jun/2025:09:46:20 -0400] "GET /shopdetail/302380218 HTTP/1.1" 301 0 "-" "meta-externalagent/1.1 (+https://developers.facebook.com/docs/sharing/webmasters/crawler)"
2a03:2880:f800:7:: - - [16/Jun/2025:09:46:25 -0400] "GET / HTTP/1.1" 200 10823 "-" "meta-externalagent/1.1 (+https://developers.facebook.com/docs/sharing/webmasters/crawler)"
162.0.232.193 - - [16/Jun/2025:09:46:45 -0400] "POST /wp-cron.php?doing_wp_cron=1750081605.4482929706573486328125 HTTP/1.1" 200 0 "-" "WordPress/6.6.2; https://remonster.online"
2a03:2880:f800:1:: - - [16/Jun/2025:09:46:43 -0400] "GET /shopdetail/333856618 HTTP/1.1" 301 0 "-" "meta-externalagent/1.1 (+https://developers.facebook.com/docs/sharing/webmasters/crawler)"
103.170.62.79 - - [16/Jun/2025:09:46:48 -0400] "GET /manga/re-monster-chapter-13/ HTTP/1.1" 200 17403 "-" "Mozilla/5.0 (Linux; Android 10; K) AppleWebKit/537.36 (KHTML, like Gecko) Chrome/137.0.0.0 Mobile Safari/537.36"
2a03:2880:f800:1:: - - [16/Jun/2025:09:46:48 -0400] "GET / HTTP/1.1" 200 10823 "-" "meta-externalagent/1.1 (+https://developers.facebook.com/docs/sharing/webmasters/crawler)"
2a02:8109:a28d:7600:3053:d5d4:21ab:b5fd - - [16/Jun/2025:09:47:01 -0400] "GET /manga/re-monster-chapter-42/ HTTP/1.1" 200 18060 "-" "Mozilla/5.0 (Windows NT 10.0; Win64; x64) AppleWebKit/537.36 (KHTML, like Gecko) Chrome/137.0.0.0 Safari/537.36"
2a02:8109:a28d:7600:3053:d5d4:21ab:b5fd - - [16/Jun/2025:09:47:01 -0400] "POST /wp-admin/admin-ajax.php HTTP/1.1" 200 69 "https://remonster.online/manga/re-monster-chapter-42/" "Mozilla/5.0 (Windows NT 10.0; Win64; x64) AppleWebKit/537.36 (KHTML, like Gecko) Chrome/137.0.0.0 Safari/537.36"
2a03:2880:f800:c:: - - [16/Jun/2025:09:47:04 -0400] "GET /shopdetail/249635718 HTTP/1.1" 301 0 "-" "meta-externalagent/1.1 (+https://developers.facebook.com/docs/sharing/webmasters/crawler)"
3.208.154.201 - - [16/Jun/2025:09:47:07 -0400] "GET /ads.txt HTTP/1.1" 301 0 "-" "Mozilla/5.0 (Macintosh; Intel Mac OS X 10_12_6) AppleWebKit/537.36 (KHTML, like Gecko) Chrome/63.0.3239.84 Safari/537.36"
3.208.154.201 - - [16/Jun/2025:09:47:09 -0400] "GET / HTTP/1.1" 200 10873 "-" "Mozilla/5.0 (Macintosh; Intel Mac OS X 10_12_6) AppleWebKit/537.36 (KHTML, like Gecko) Chrome/63.0.3239.84 Safari/537.36"
2a03:2880:f800:9:: - - [16/Jun/2025:09:47:10 -0400] "GET / HTTP/1.1" 200 10823 "-" "meta-externalagent/1.1 (+https://developers.facebook.com/docs/sharing/webmasters/crawler)"
3.208.154.201 - - [16/Jun/2025:09:47:10 -0400] "GET /ads.txt HTTP/1.1" 301 0 "-" "Mozilla/5.0 (Macintosh; Intel Mac OS X 10_12_6) AppleWebKit/537.36 (KHTML, like Gecko) Chrome/63.0.3239.84 Safari/537.36"
3.208.154.201 - - [16/Jun/2025:09:47:12 -0400] "GET / HTTP/1.1" 200 10858 "-" "Mozilla/5.0 (Macintosh; Intel Mac OS X 10_12_6) AppleWebKit/537.36 (KHTML, like Gecko) Chrome/63.0.3239.84 Safari/537.36"
162.0.232.193 - - [16/Jun/2025:09:47:28 -0400] "POST /wp-cron.php?doing_wp_cron=1750081647.9408750534057617187500 HTTP/1.1" 200 0 "-" "WordPress/6.6.2; https://remonster.online"
2a03:2880:f800:12:: - - [16/Jun/2025:09:47:26 -0400] "GET /shopdetail/353391018 HTTP/1.1" 301 0 "-" "meta-externalagent/1.1 (+https://developers.facebook.com/docs/sharing/webmasters/crawler)"
162.0.232.193 - - [16/Jun/2025:09:47:47 -0400] "POST /wp-cron.php?doing_wp_cron=1750081667.1396141052246093750000 HTTP/1.1" 200 0 "-" "WordPress/6.6.2; https://remonster.online"
2a03:2880:f800:7:: - - [16/Jun/2025:09:47:44 -0400] "GET /shopdetail/311437618 HTTP/1.1" 301 0 "-" "meta-externalagent/1.1 (+https://developers.facebook.com/docs/sharing/webmasters/crawler)"
66.249.79.238 - - [16/Jun/2025:09:47:55 -0400] "GET /product/k/redemptory44396498.phtml HTTP/1.1" 200 23631 "-" "Mozilla/5.0 (Linux; Android 6.0.1; Nexus 5X Build/MMB29P) AppleWebKit/537.36 (KHTML, like Gecko) Chrome/136.0.7103.113 Mobile Safari/537.36 (compatible; Googlebot/2.1; +http://www.google.com/bot.html)"
2a03:2880:f800:17:: - - [16/Jun/2025:09:48:05 -0400] "GET /shopdetail/324737418 HTTP/1.1" 301 0 "-" "meta-externalagent/1.1 (+https://developers.facebook.com/docs/sharing/webmasters/crawler)"
2a03:2880:f800:1b:: - - [16/Jun/2025:09:48:06 -0400] "GET /shopdetail/238536618 HTTP/1.1" 301 0 "-" "meta-externalagent/1.1 (+https://developers.facebook.com/docs/sharing/webmasters/crawler)"
2a03:2880:f800:: - - [16/Jun/2025:09:48:06 -0400] "GET /shopdetail/342538218 HTTP/1.1" 301 0 "-" "meta-externalagent/1.1 (+https://developers.facebook.com/docs/sharing/webmasters/crawler)"
2a02:8109:a28d:7600:3053:d5d4:21ab:b5fd - - [16/Jun/2025:09:48:09 -0400] "GET /manga/re-monster-chapter-43/ HTTP/1.1" 200 17911 "-" "Mozilla/5.0 (Windows NT 10.0; Win64; x64) AppleWebKit/537.36 (KHTML, like Gecko) Chrome/137.0.0.0 Safari/537.36"
2a03:2880:f800:9:: - - [16/Jun/2025:09:48:09 -0400] "GET / HTTP/1.1" 200 10823 "-" "meta-externalagent/1.1 (+https://developers.facebook.com/docs/sharing/webmasters/crawler)"
2a02:8109:a28d:7600:3053:d5d4:21ab:b5fd - - [16/Jun/2025:09:48:09 -0400] "POST /wp-admin/admin-ajax.php HTTP/1.1" 200 69 "https://remonster.online/manga/re-monster-chapter-43/" "Mozilla/5.0 (Windows NT 10.0; Win64; x64) AppleWebKit/537.36 (KHTML, like Gecko) Chrome/137.0.0.0 Safari/537.36"
2a03:2880:f800:16:: - - [16/Jun/2025:09:48:10 -0400] "GET /shopdetail/254251618 HTTP/1.1" 301 0 "-" "meta-externalagent/1.1 (+https://developers.facebook.com/docs/sharing/webmasters/crawler)"
2a03:2880:f800:9:: - - [16/Jun/2025:09:48:16 -0400] "GET / HTTP/1.1" 200 10858 "-" "meta-externalagent/1.1 (+https://developers.facebook.com/docs/sharing/webmasters/crawler)"
162.0.232.193 - - [16/Jun/2025:09:48:21 -0400] "POST /wp-cron.php?doing_wp_cron=1750081701.5000970363616943359375 HTTP/1.1" 200 0 "-" "WordPress/6.6.2; https://remonster.online"
110.166.71.39 - - [16/Jun/2025:09:48:21 -0400] "GET / HTTP/1.1" 301 0 "http://www.remonster.online" "Mozilla/5.0 (iPhone; CPU iPhone OS 13_2_3 like Mac OS X) AppleWebKit/605.1.15 (KHTML, like Gecko) Version/13.0.3 Mobile/15E148 Safari/604.1"
110.166.71.39 - - [16/Jun/2025:09:48:24 -0400] "GET / HTTP/1.1" 200 10788 "https://www.remonster.online/" "Mozilla/5.0 (iPhone; CPU iPhone OS 13_2_3 like Mac OS X) AppleWebKit/605.1.15 (KHTML, like Gecko) Version/13.0.3 Mobile/15E148 Safari/604.1"
2a03:2880:f800:4:: - - [16/Jun/2025:09:48:29 -0400] "GET /shopdetail/107180418 HTTP/1.1" 301 0 "-" "meta-externalagent/1.1 (+https://developers.facebook.com/docs/sharing/webmasters/crawler)"
162.0.232.193 - - [16/Jun/2025:09:48:43 -0400] "POST /wp-cron.php?doing_wp_cron=1750081723.4482259750366210937500 HTTP/1.1" 200 0 "-" "WordPress/6.6.2; https://remonster.online"
2a03:2880:f800:18:: - - [16/Jun/2025:09:48:42 -0400] "GET /shopdetail/9684218 HTTP/1.1" 301 0 "-" "meta-externalagent/1.1 (+https://developers.facebook.com/docs/sharing/webmasters/crawler)"
2a02:8109:a28d:7600:3053:d5d4:21ab:b5fd - - [16/Jun/2025:09:48:43 -0400] "GET /manga/re-monster-chapter-44/ HTTP/1.1" 200 17647 "-" "Mozilla/5.0 (Windows NT 10.0; Win64; x64) AppleWebKit/537.36 (KHTML, like Gecko) Chrome/137.0.0.0 Safari/537.36"
2a03:2880:f800:1d:: - - [16/Jun/2025:09:48:45 -0400] "GET / HTTP/1.1" 200 10823 "-" "meta-externalagent/1.1 (+https://developers.facebook.com/docs/sharing/webmasters/crawler)"
66.249.79.236 - - [16/Jun/2025:09:48:49 -0400] "GET /product/bg/bunglesome44408500.phtml HTTP/1.1" 200 24634 "-" "Mozilla/5.0 (Linux; Android 6.0.1; Nexus 5X Build/MMB29P) AppleWebKit/537.36 (KHTML, like Gecko) Chrome/136.0.7103.113 Mobile Safari/537.36 (compatible; Googlebot/2.1; +http://www.google.com/bot.html)"
2a03:2880:f800:d:: - - [16/Jun/2025:09:49:06 -0400] "GET /shopdetail/324740418 HTTP/1.1" 301 0 "-" "meta-externalagent/1.1 (+https://developers.facebook.com/docs/sharing/webmasters/crawler)"
2a03:2880:f800:d:: - - [16/Jun/2025:09:49:09 -0400] "GET /shopdetail/355441618 HTTP/1.1" 301 0 "-" "meta-externalagent/1.1 (+https://developers.facebook.com/docs/sharing/webmasters/crawler)"
2a03:2880:f800:2:: - - [16/Jun/2025:09:49:10 -0400] "GET /shopdetail/291367118 HTTP/1.1" 301 0 "-" "meta-externalagent/1.1 (+https://developers.facebook.com/docs/sharing/webmasters/crawler)"
2a03:2880:f800:b:: - - [16/Jun/2025:09:49:14 -0400] "GET / HTTP/1.1" 200 10823 "-" "meta-externalagent/1.1 (+https://developers.facebook.com/docs/sharing/webmasters/crawler)"
2a03:2880:f800:2:: - - [16/Jun/2025:09:49:14 -0400] "GET / HTTP/1.1" 200 10823 "-" "meta-externalagent/1.1 (+https://developers.facebook.com/docs/sharing/webmasters/crawler)"
66.249.79.238 - - [16/Jun/2025:09:49:41 -0400] "GET /goods/m/antitussive44378402.phtml HTTP/1.1" 200 23666 "-" "Mozilla/5.0 (Linux; Android 6.0.1; Nexus 5X Build/MMB29P) AppleWebKit/537.36 (KHTML, like Gecko) Chrome/136.0.7103.113 Mobile Safari/537.36 (compatible; Googlebot/2.1; +http://www.google.com/bot.html)"
2a02:8109:a28d:7600:3053:d5d4:21ab:b5fd - - [16/Jun/2025:09:49:44 -0400] "GET /manga/re-monster-chapter-45/ HTTP/1.1" 200 17358 "-" "Mozilla/5.0 (Windows NT 10.0; Win64; x64) AppleWebKit/537.36 (KHTML, like Gecko) Chrome/137.0.0.0 Safari/537.36"
162.0.232.193 - - [16/Jun/2025:09:50:11 -0400] "POST /wp-cron.php?doing_wp_cron=1750081810.8364920616149902343750 HTTP/1.1" 200 0 "-" "WordPress/6.6.2; https://remonster.online"
2a03:2880:f800:9:: - - [16/Jun/2025:09:50:08 -0400] "GET /shopdetail/314741318 HTTP/1.1" 301 0 "-" "meta-externalagent/1.1 (+https://developers.facebook.com/docs/sharing/webmasters/crawler)"
2a03:2880:f800:3:: - - [16/Jun/2025:09:50:11 -0400] "GET /shopdetail/364272718 HTTP/1.1" 301 0 "-" "meta-externalagent/1.1 (+https://developers.facebook.com/docs/sharing/webmasters/crawler)"
2a03:2880:f800:1b:: - - [16/Jun/2025:09:50:13 -0400] "GET / HTTP/1.1" 200 10823 "-" "meta-externalagent/1.1 (+https://developers.facebook.com/docs/sharing/webmasters/crawler)"
2a03:2880:f800:3:: - - [16/Jun/2025:09:50:13 -0400] "GET / HTTP/1.1" 200 10858 "-" "meta-externalagent/1.1 (+https://developers.facebook.com/docs/sharing/webmasters/crawler)"
162.0.232.193 - - [16/Jun/2025:09:50:22 -0400] "POST /wp-cron.php?doing_wp_cron=1750081821.9571340084075927734375 HTTP/1.1" 200 0 "-" "WordPress/6.6.2; https://remonster.online"
2a03:2880:f800:b:: - - [16/Jun/2025:09:50:20 -0400] "GET /shopdetail/395742018 HTTP/1.1" 301 0 "-" "meta-externalagent/1.1 (+https://developers.facebook.com/docs/sharing/webmasters/crawler)"
2a03:2880:f800:d:: - - [16/Jun/2025:09:50:24 -0400] "GET / HTTP/1.1" 200 10858 "-" "meta-externalagent/1.1 (+https://developers.facebook.com/docs/sharing/webmasters/crawler)"
103.170.62.79 - - [16/Jun/2025:09:50:24 -0400] "GET /manga/re-monster-chapter-14/ HTTP/1.1" 200 17338 "-" "Mozilla/5.0 (Linux; Android 10; K) AppleWebKit/537.36 (KHTML, like Gecko) Chrome/137.0.0.0 Mobile Safari/537.36"
2a02:8109:a28d:7600:3053:d5d4:21ab:b5fd - - [16/Jun/2025:09:50:28 -0400] "GET /manga/re-monster-chapter-46/ HTTP/1.1" 200 17390 "-" "Mozilla/5.0 (Windows NT 10.0; Win64; x64) AppleWebKit/537.36 (KHTML, like Gecko) Chrome/137.0.0.0 Safari/537.36"
162.0.232.193 - - [16/Jun/2025:09:50:35 -0400] "POST /wp-cron.php?doing_wp_cron=1750081835.5849089622497558593750 HTTP/1.1" 200 0 "-" "WordPress/6.6.2; https://remonster.online"
2a09:bac3:6e1e:266e::3d4:5f - - [16/Jun/2025:09:50:33 -0400] "POST /wp-admin/admin-ajax.php HTTP/1.1" 200 69 "https://remonster.online/manga/re-monster-chapter-36/" "Mozilla/5.0 (iPhone; CPU iPhone OS 18_5 like Mac OS X) AppleWebKit/605.1.15 (KHTML, like Gecko) Version/18.5 Mobile/15E148 Safari/604.1"
66.249.79.238 - - [16/Jun/2025:09:51:06 -0400] "POST /get-message-notify HTTP/1.1" 200 24574 "https://remonster.online/info/doucker78124590.phtml" "Mozilla/5.0 (Linux; Android 6.0.1; Nexus 5X Build/MMB29P) AppleWebKit/537.36 (KHTML, like Gecko) Chrome/136.0.7103.113 Mobile Safari/537.36 (compatible; Googlebot/2.1; +http://www.google.com/bot.html)"
66.249.79.237 - - [16/Jun/2025:09:51:25 -0400] "GET /shopdetail/apotactite/44390532.phtml HTTP/1.1" 200 24388 "-" "Mozilla/5.0 (Linux; Android 6.0.1; Nexus 5X Build/MMB29P) AppleWebKit/537.36 (KHTML, like Gecko) Chrome/136.0.7103.113 Mobile Safari/537.36 (compatible; Googlebot/2.1; +http://www.google.com/bot.html)"
2a02:8428:8098:6d01:bcac:3483:18b9:d113 - - [16/Jun/2025:09:51:35 -0400] "GET /manga/re-monster-chapter-65/ HTTP/1.1" 200 17439 "-" "Mozilla/5.0 (Windows NT 10.0; Win64; x64; rv:139.0) Gecko/20100101 Firefox/139.0"
2a02:8428:8098:6d01:bcac:3483:18b9:d113 - - [16/Jun/2025:09:51:41 -0400] "GET /wp-content/plugins/links-auto-replacer/public/js/lar-public.js?ver=2.0.0 HTTP/1.1" 304 0 "https://remonster.online/manga/re-monster-chapter-65/" "Mozilla/5.0 (Windows NT 10.0; Win64; x64; rv:139.0) Gecko/20100101 Firefox/139.0"
2a02:8109:a28d:7600:3053:d5d4:21ab:b5fd - - [16/Jun/2025:09:51:42 -0400] "GET /manga/re-monster-chapter-47/ HTTP/1.1" 200 17419 "-" "Mozilla/5.0 (Windows NT 10.0; Win64; x64) AppleWebKit/537.36 (KHTML, like Gecko) Chrome/137.0.0.0 Safari/537.36"
162.0.232.193 - - [16/Jun/2025:09:51:50 -0400] "POST /wp-cron.php?doing_wp_cron=1750081910.2419080734252929687500 HTTP/1.1" 200 0 "-" "WordPress/6.6.2; https://remonster.online"
2a03:2880:f800:7:: - - [16/Jun/2025:09:51:49 -0400] "GET /shopdetail/121227518 HTTP/1.1" 301 0 "-" "meta-externalagent/1.1 (+https://developers.facebook.com/docs/sharing/webmasters/crawler)"
2a03:2880:f800:c:: - - [16/Jun/2025:09:51:52 -0400] "GET / HTTP/1.1" 200 10823 "-" "meta-externalagent/1.1 (+https://developers.facebook.com/docs/sharing/webmasters/crawler)"
2003:d8:9f4c:f000:ac1c:5c62:2e22:25bf - - [16/Jun/2025:09:52:00 -0400] "GET /manga/re-monster-chapter-58/ HTTP/1.1" 200 17385 "-" "Mozilla/5.0 (Linux; Android 10; K) AppleWebKit/537.36 (KHTML, like Gecko) Chrome/137.0.0.0 Mobile Safari/537.36"
2a03:2880:f800:1:: - - [16/Jun/2025:09:52:11 -0400] "GET /shopdetail/89031518 HTTP/1.1" 301 0 "-" "meta-externalagent/1.1 (+https://developers.facebook.com/docs/sharing/webmasters/crawler)"
184.22.39.60 - - [16/Jun/2025:09:52:13 -0400] "GET /manga/re-monster-chapter-50/ HTTP/1.1" 200 17782 "https://remonster.online/" "Mozilla/5.0 (Macintosh; Intel Mac OS X 10_15_7) AppleWebKit/605.1.15 (KHTML, like Gecko) Version/18.5 Safari/605.1.15"
162.0.232.193 - - [16/Jun/2025:09:52:17 -0400] "POST /wp-cron.php?doing_wp_cron=1750081937.1365749835968017578125 HTTP/1.1" 200 0 "-" "WordPress/6.6.2; https://remonster.online"
184.22.39.60 - - [16/Jun/2025:09:52:15 -0400] "POST /wp-admin/admin-ajax.php HTTP/1.1" 200 69 "https://remonster.online/manga/re-monster-chapter-50/" "Mozilla/5.0 (Macintosh; Intel Mac OS X 10_15_7) AppleWebKit/605.1.15 (KHTML, like Gecko) Version/18.5 Safari/605.1.15"
66.249.79.236 - - [16/Jun/2025:09:52:18 -0400] "GET /item/s/pseudonaviculae41463342.phtml HTTP/1.1" 200 24770 "-" "Mozilla/5.0 (Linux; Android 6.0.1; Nexus 5X Build/MMB29P) AppleWebKit/537.36 (KHTML, like Gecko) Chrome/136.0.7103.113 Mobile Safari/537.36 (compatible; Googlebot/2.1; +http://www.google.com/bot.html)"
2a02:8109:a28d:7600:3053:d5d4:21ab:b5fd - - [16/Jun/2025:09:52:41 -0400] "GET /manga/re-monster-chapter-48/ HTTP/1.1" 200 17382 "-" "Mozilla/5.0 (Windows NT 10.0; Win64; x64) AppleWebKit/537.36 (KHTML, like Gecko) Chrome/137.0.0.0 Safari/537.36"
66.249.79.236 - - [16/Jun/2025:09:52:56 -0400] "GET /wp-content/uploads/2021/11/8168f-bSGoS-717x1024.jpeg HTTP/1.1" 200 200846 "-" "Mozilla/5.0 (Linux; Android 6.0.1; Nexus 5X Build/MMB29P) AppleWebKit/537.36 (KHTML, like Gecko) Chrome/136.0.7103.113 Mobile Safari/537.36 (compatible; Googlebot/2.1; +http://www.google.com/bot.html)"
162.0.232.193 - - [16/Jun/2025:09:53:02 -0400] "POST /wp-cron.php?doing_wp_cron=1750081982.3646719455718994140625 HTTP/1.1" 200 0 "-" "WordPress/6.6.2; https://remonster.online"
2a03:2880:f800:e:: - - [16/Jun/2025:09:53:01 -0400] "GET /shopdetail/221162318 HTTP/1.1" 301 0 "-" "meta-externalagent/1.1 (+https://developers.facebook.com/docs/sharing/webmasters/crawler)"
2a03:2880:f800:6:: - - [16/Jun/2025:09:53:02 -0400] "GET /shopdetail/50827318 HTTP/1.1" 301 0 "-" "meta-externalagent/1.1 (+https://developers.facebook.com/docs/sharing/webmasters/crawler)"
2a03:2880:f800:e:: - - [16/Jun/2025:09:53:08 -0400] "GET /shopdetail/409486518 HTTP/1.1" 301 0 "-" "meta-externalagent/1.1 (+https://developers.facebook.com/docs/sharing/webmasters/crawler)"
66.249.79.238 - - [16/Jun/2025:09:53:10 -0400] "GET /items/monologist/41445502.phtml HTTP/1.1" 200 24164 "-" "Mozilla/5.0 (Linux; Android 6.0.1; Nexus 5X Build/MMB29P) AppleWebKit/537.36 (KHTML, like Gecko) Chrome/136.0.7103.113 Mobile Safari/537.36 (compatible; Googlebot/2.1; +http://www.google.com/bot.html)"
162.0.232.193 - - [16/Jun/2025:09:53:31 -0400] "POST /wp-cron.php?doing_wp_cron=1750082010.8435239791870117187500 HTTP/1.1" 200 0 "-" "WordPress/6.6.2; https://remonster.online"
54.225.0.213 - - [16/Jun/2025:09:53:29 -0400] "POST /wp-login.php HTTP/1.1" 200 1875 "-" "Mozilla/5.0"
2a03:2880:f800:12:: - - [16/Jun/2025:09:53:31 -0400] "GET /shopdetail/402279118 HTTP/1.1" 301 0 "-" "meta-externalagent/1.1 (+https://developers.facebook.com/docs/sharing/webmasters/crawler)"
2a03:2880:f800:19:: - - [16/Jun/2025:09:53:38 -0400] "GET /shopdetail/144549818 HTTP/1.1" 301 0 "-" "meta-externalagent/1.1 (+https://developers.facebook.com/docs/sharing/webmasters/crawler)"
2a03:2880:f800:1d:: - - [16/Jun/2025:09:53:41 -0400] "GET / HTTP/1.1" 200 10823 "-" "meta-externalagent/1.1 (+https://developers.facebook.com/docs/sharing/webmasters/crawler)"
103.170.62.79 - - [16/Jun/2025:09:54:18 -0400] "GET /manga/re-monster-chapter-15/ HTTP/1.1" 200 17793 "-" "Mozilla/5.0 (Linux; Android 10; K) AppleWebKit/537.36 (KHTML, like Gecko) Chrome/137.0.0.0 Mobile Safari/537.36"
103.170.62.79 - - [16/Jun/2025:09:54:18 -0400] "GET /tag/haruyoshi-kobayakawa/ HTTP/1.1" 301 0 "-" "Mozilla/5.0 (Linux; Android 10; K) AppleWebKit/537.36 (KHTML, like Gecko) Chrome/137.0.0.0 Mobile Safari/537.36"
162.0.232.193 - - [16/Jun/2025:09:54:22 -0400] "POST /wp-cron.php?doing_wp_cron=1750082061.9406909942626953125000 HTTP/1.1" 200 0 "-" "WordPress/6.6.2; https://remonster.online"
103.170.62.79 - - [16/Jun/2025:09:54:20 -0400] "POST /wp-admin/admin-ajax.php HTTP/1.1" 200 69 "https://remonster.online/manga/re-monster-chapter-15/" "Mozilla/5.0 (Linux; Android 10; K) AppleWebKit/537.36 (KHTML, like Gecko) Chrome/137.0.0.0 Mobile Safari/537.36"
103.170.62.79 - - [16/Jun/2025:09:54:25 -0400] "GET / HTTP/1.1" 200 10831 "-" "Mozilla/5.0 (Linux; Android 10; K) AppleWebKit/537.36 (KHTML, like Gecko) Chrome/137.0.0.0 Mobile Safari/537.36"
2a02:8109:a28d:7600:3053:d5d4:21ab:b5fd - - [16/Jun/2025:09:54:30 -0400] "GET /manga/re-monster-chapter-49/ HTTP/1.1" 200 17818 "-" "Mozilla/5.0 (Windows NT 10.0; Win64; x64) AppleWebKit/537.36 (KHTML, like Gecko) Chrome/137.0.0.0 Safari/537.36"
162.0.232.193 - - [16/Jun/2025:09:54:32 -0400] "POST /wp-cron.php?doing_wp_cron=1750082072.6478660106658935546875 HTTP/1.1" 200 0 "-" "WordPress/6.6.2; https://remonster.online"
2a02:8109:a28d:7600:3053:d5d4:21ab:b5fd - - [16/Jun/2025:09:54:31 -0400] "POST /wp-admin/admin-ajax.php HTTP/1.1" 200 69 "https://remonster.online/manga/re-monster-chapter-49/" "Mozilla/5.0 (Windows NT 10.0; Win64; x64) AppleWebKit/537.36 (KHTML, like Gecko) Chrome/137.0.0.0 Safari/537.36"
172.236.228.244 - - [16/Jun/2025:09:54:49 -0400] "GET /wso112233.php HTTP/1.1" 301 0 "-" "Mozlila/5.0 (Linux; Android 7.0; SM-G892A Bulid/NRD90M; wv) AppleWebKit/537.36 (KHTML, like Gecko) Version/4.0 Chrome/60.0.3112.107 Moblie Safari/537.36"
172.236.228.244 - - [16/Jun/2025:09:54:50 -0400] "GET / HTTP/1.1" 200 10788 "-" "Mozlila/5.0 (Linux; Android 7.0; SM-G892A Bulid/NRD90M; wv) AppleWebKit/537.36 (KHTML, like Gecko) Version/4.0 Chrome/60.0.3112.107 Moblie Safari/537.36"
172.236.228.244 - - [16/Jun/2025:09:54:51 -0400] "GET /wp-includes/wp-class.php HTTP/1.1" 301 0 "-" "Mozlila/5.0 (Linux; Android 7.0; SM-G892A Bulid/NRD90M; wv) AppleWebKit/537.36 (KHTML, like Gecko) Version/4.0 Chrome/60.0.3112.107 Moblie Safari/537.36"
172.236.228.244 - - [16/Jun/2025:09:54:52 -0400] "GET / HTTP/1.1" 200 10788 "-" "Mozlila/5.0 (Linux; Android 7.0; SM-G892A Bulid/NRD90M; wv) AppleWebKit/537.36 (KHTML, like Gecko) Version/4.0 Chrome/60.0.3112.107 Moblie Safari/537.36"
66.249.79.236 - - [16/Jun/2025:09:54:54 -0400] "GET /shopdetail/makegame/41406800.phtml HTTP/1.1" 200 27672 "-" "Mozilla/5.0 (Linux; Android 6.0.1; Nexus 5X Build/MMB29P) AppleWebKit/537.36 (KHTML, like Gecko) Chrome/136.0.7103.113 Mobile Safari/537.36 (compatible; Googlebot/2.1; +http://www.google.com/bot.html)"
172.236.228.244 - - [16/Jun/2025:09:54:55 -0400] "GET /wp-content/shell20211028.php HTTP/1.1" 200 0 "-" "Mozlila/5.0 (Linux; Android 7.0; SM-G892A Bulid/NRD90M; wv) AppleWebKit/537.36 (KHTML, like Gecko) Version/4.0 Chrome/60.0.3112.107 Moblie Safari/537.36"
2a03:2880:f800:5:: - - [16/Jun/2025:09:54:55 -0400] "GET /shopdetail/427101218 HTTP/1.1" 301 0 "-" "meta-externalagent/1.1 (+https://developers.facebook.com/docs/sharing/webmasters/crawler)"
172.236.228.244 - - [16/Jun/2025:09:54:56 -0400] "GET /xleet-shell.php HTTP/1.1" 301 0 "-" "Mozlila/5.0 (Linux; Android 7.0; SM-G892A Bulid/NRD90M; wv) AppleWebKit/537.36 (KHTML, like Gecko) Version/4.0 Chrome/60.0.3112.107 Moblie Safari/537.36"
172.236.228.244 - - [16/Jun/2025:09:54:57 -0400] "GET / HTTP/1.1" 200 10788 "-" "Mozlila/5.0 (Linux; Android 7.0; SM-G892A Bulid/NRD90M; wv) AppleWebKit/537.36 (KHTML, like Gecko) Version/4.0 Chrome/60.0.3112.107 Moblie Safari/537.36"
66.249.79.236 - - [16/Jun/2025:09:54:58 -0400] "POST /get-message-notify HTTP/1.1" 200 24574 "https://remonster.online/shopdetail/makegame/41406800.phtml" "Mozilla/5.0 (Linux; Android 6.0.1; Nexus 5X Build/MMB29P) AppleWebKit/537.36 (KHTML, like Gecko) Chrome/136.0.7103.113 Mobile Safari/537.36 (compatible; Googlebot/2.1; +http://www.google.com/bot.html)"
172.236.228.244 - - [16/Jun/2025:09:55:00 -0400] "GET /wp-content/themes/seotheme/db.php?u HTTP/1.1" 200 0 "-" "Mozlila/5.0 (Linux; Android 7.0; SM-G892A Bulid/NRD90M; wv) AppleWebKit/537.36 (KHTML, like Gecko) Version/4.0 Chrome/60.0.3112.107 Moblie Safari/537.36"
172.236.228.244 - - [16/Jun/2025:09:55:00 -0400] "GET /wp-content/plugins/ccx/index.php HTTP/1.1" 200 0 "-" "Mozlila/5.0 (Linux; Android 7.0; SM-G892A Bulid/NRD90M; wv) AppleWebKit/537.36 (KHTML, like Gecko) Version/4.0 Chrome/60.0.3112.107 Moblie Safari/537.36"
2a03:2880:f800:d:: - - [16/Jun/2025:09:55:02 -0400] "GET /shopdetail/49029718 HTTP/1.1" 301 0 "-" "meta-externalagent/1.1 (+https://developers.facebook.com/docs/sharing/webmasters/crawler)"
2a03:2880:f800:1:: - - [16/Jun/2025:09:55:04 -0400] "GET /shopdetail/37997618 HTTP/1.1" 301 0 "-" "meta-externalagent/1.1 (+https://developers.facebook.com/docs/sharing/webmasters/crawler)"
2a03:2880:f800:9:: - - [16/Jun/2025:09:55:07 -0400] "GET /shopdetail/349886818 HTTP/1.1" 301 0 "-" "meta-externalagent/1.1 (+https://developers.facebook.com/docs/sharing/webmasters/crawler)"
2a03:2880:f800:e:: - - [16/Jun/2025:09:55:09 -0400] "GET /shopdetail/238074218 HTTP/1.1" 301 0 "-" "meta-externalagent/1.1 (+https://developers.facebook.com/docs/sharing/webmasters/crawler)"
2a03:2880:f800:2:: - - [16/Jun/2025:09:55:14 -0400] "GET /shopdetail/254718318 HTTP/1.1" 301 0 "-" "meta-externalagent/1.1 (+https://developers.facebook.com/docs/sharing/webmasters/crawler)"
2a03:2880:f800:5:: - - [16/Jun/2025:09:55:17 -0400] "GET / HTTP/1.1" 200 10858 "-" "meta-externalagent/1.1 (+https://developers.facebook.com/docs/sharing/webmasters/crawler)"
2a02:8109:a28d:7600:3053:d5d4:21ab:b5fd - - [16/Jun/2025:09:55:17 -0400] "GET /manga/re-monster-chapter-50/ HTTP/1.1" 200 17782 "-" "Mozilla/5.0 (Windows NT 10.0; Win64; x64) AppleWebKit/537.36 (KHTML, like Gecko) Chrome/137.0.0.0 Safari/537.36"
162.0.232.193 - - [16/Jun/2025:09:55:19 -0400] "POST /wp-cron.php?doing_wp_cron=1750082119.5423550605773925781250 HTTP/1.1" 200 0 "-" "WordPress/6.6.2; https://remonster.online"
2a02:8109:a28d:7600:3053:d5d4:21ab:b5fd - - [16/Jun/2025:09:55:18 -0400] "POST /wp-admin/admin-ajax.php HTTP/1.1" 200 69 "https://remonster.online/manga/re-monster-chapter-50/" "Mozilla/5.0 (Windows NT 10.0; Win64; x64) AppleWebKit/537.36 (KHTML, like Gecko) Chrome/137.0.0.0 Safari/537.36"
66.249.79.237 - - [16/Jun/2025:09:55:47 -0400] "GET /detail/p/plenum/2053342968.phtml HTTP/1.1" 200 23984 "-" "Mozilla/5.0 (Linux; Android 6.0.1; Nexus 5X Build/MMB29P) AppleWebKit/537.36 (KHTML, like Gecko) Chrome/136.0.7103.113 Mobile Safari/537.36 (compatible; Googlebot/2.1; +http://www.google.com/bot.html)"
66.249.79.236 - - [16/Jun/2025:09:55:48 -0400] "GET /shopbrand/qs/strokal41351666.phtml HTTP/1.1" 200 25833 "-" "Mozilla/5.0 (Linux; Android 6.0.1; Nexus 5X Build/MMB29P) AppleWebKit/537.36 (KHTML, like Gecko) Chrome/136.0.7103.113 Mobile Safari/537.36 (compatible; Googlebot/2.1; +http://www.google.com/bot.html)"
66.249.79.237 - - [16/Jun/2025:09:55:48 -0400] "GET /shopdetail/51264818 HTTP/1.1" 200 23673 "-" "Mozilla/5.0 (Linux; Android 6.0.1; Nexus 5X Build/MMB29P) AppleWebKit/537.36 (KHTML, like Gecko) Chrome/136.0.7103.113 Mobile Safari/537.36 (compatible; Googlebot/2.1; +http://www.google.com/bot.html)"
66.249.79.238 - - [16/Jun/2025:09:55:49 -0400] "GET /shopbrand/favoredness/41382218.phtml HTTP/1.1" 200 23825 "-" "Mozilla/5.0 (Linux; Android 6.0.1; Nexus 5X Build/MMB29P) AppleWebKit/537.36 (KHTML, like Gecko) Chrome/136.0.7103.113 Mobile Safari/537.36 (compatible; Googlebot/2.1; +http://www.google.com/bot.html)"
66.249.79.237 - - [16/Jun/2025:09:55:51 -0400] "POST /get-message-notify HTTP/1.1" 200 24574 "https://remonster.online/shopdetail/51264818" "Mozilla/5.0 (Linux; Android 6.0.1; Nexus 5X Build/MMB29P) AppleWebKit/537.36 (KHTML, like Gecko) Chrome/136.0.7103.113 Mobile Safari/537.36 (compatible; Googlebot/2.1; +http://www.google.com/bot.html)"
66.249.79.237 - - [16/Jun/2025:09:55:52 -0400] "POST /get-message-notify HTTP/1.1" 200 24574 "https://remonster.online/shopbrand/qs/strokal41351666.phtml" "Mozilla/5.0 (Linux; Android 6.0.1; Nexus 5X Build/MMB29P) AppleWebKit/537.36 (KHTML, like Gecko) Chrome/136.0.7103.113 Mobile Safari/537.36 (compatible; Googlebot/2.1; +http://www.google.com/bot.html)"
162.0.232.193 - - [16/Jun/2025:09:56:04 -0400] "POST /wp-cron.php?doing_wp_cron=1750082164.3366611003875732421875 HTTP/1.1" 200 0 "-" "WordPress/6.6.2; https://remonster.online"
2a03:2880:f800:12:: - - [16/Jun/2025:09:56:03 -0400] "GET /shopdetail/356974818 HTTP/1.1" 301 0 "-" "meta-externalagent/1.1 (+https://developers.facebook.com/docs/sharing/webmasters/crawler)"
114.119.143.101 - - [16/Jun/2025:09:56:10 -0400] "GET /remonster-chapter-62/ HTTP/1.1" 200 13087 "https://remonster.online/remonster-chapter-63/" "Mozilla/5.0 (Linux; Android 7.0;) AppleWebKit/537.36 (KHTML, like Gecko) Mobile Safari/537.36 (compatible; PetalBot;+https://webmaster.petalsearch.com/site/petalbot)"
162.0.232.193 - - [16/Jun/2025:09:56:22 -0400] "POST /wp-cron.php?doing_wp_cron=1750082181.9584059715270996093750 HTTP/1.1" 200 0 "-" "WordPress/6.6.2; https://remonster.online"
2a03:2880:f800:1a:: - - [16/Jun/2025:09:56:20 -0400] "GET /shopdetail/96540918 HTTP/1.1" 301 0 "-" "meta-externalagent/1.1 (+https://developers.facebook.com/docs/sharing/webmasters/crawler)"
2a03:2880:f800:e:: - - [16/Jun/2025:09:56:24 -0400] "GET /shopdetail/425852218 HTTP/1.1" 301 0 "-" "meta-externalagent/1.1 (+https://developers.facebook.com/docs/sharing/webmasters/crawler)"
66.249.79.237 - - [16/Jun/2025:09:56:29 -0400] "POST /get-message-notify HTTP/1.1" 200 24574 "https://remonster.online/items/81317558.phtml" "Mozilla/5.0 (Linux; Android 6.0.1; Nexus 5X Build/MMB29P) AppleWebKit/537.36 (KHTML, like Gecko) Chrome/136.0.7103.113 Mobile Safari/537.36 (compatible; Googlebot/2.1; +http://www.google.com/bot.html)"
2a02:8109:a28d:7600:3053:d5d4:21ab:b5fd - - [16/Jun/2025:09:56:35 -0400] "GET /manga/re-monster-chapter-51/ HTTP/1.1" 200 17555 "-" "Mozilla/5.0 (Windows NT 10.0; Win64; x64) AppleWebKit/537.36 (KHTML, like Gecko) Chrome/137.0.0.0 Safari/537.36"
162.0.232.193 - - [16/Jun/2025:09:56:36 -0400] "POST /wp-cron.php?doing_wp_cron=1750082196.3501520156860351562500 HTTP/1.1" 200 0 "-" "WordPress/6.6.2; https://remonster.online"
2a03:2880:f800:14:: - - [16/Jun/2025:09:56:35 -0400] "GET /shopdetail/11575818 HTTP/1.1" 301 0 "-" "meta-externalagent/1.1 (+https://developers.facebook.com/docs/sharing/webmasters/crawler)"
66.249.79.236 - - [16/Jun/2025:09:56:42 -0400] "GET /shopdetail/loriculus/41451984.phtml HTTP/1.1" 200 26641 "-" "Mozilla/5.0 (Linux; Android 6.0.1; Nexus 5X Build/MMB29P) AppleWebKit/537.36 (KHTML, like Gecko) Chrome/136.0.7103.113 Mobile Safari/537.36 (compatible; Googlebot/2.1; +http://www.google.com/bot.html)"
2a03:2880:f800:8:: - - [16/Jun/2025:09:56:43 -0400] "GET /shopdetail/393983318 HTTP/1.1" 301 0 "-" "meta-externalagent/1.1 (+https://developers.facebook.com/docs/sharing/webmasters/crawler)"
2a03:2880:f800:1a:: - - [16/Jun/2025:09:56:43 -0400] "GET /shopdetail/138217618 HTTP/1.1" 301 0 "-" "meta-externalagent/1.1 (+https://developers.facebook.com/docs/sharing/webmasters/crawler)"
2a03:2880:f800:8:: - - [16/Jun/2025:09:56:46 -0400] "GET /shopdetail/135233018 HTTP/1.1" 301 0 "-" "meta-externalagent/1.1 (+https://developers.facebook.com/docs/sharing/webmasters/crawler)"
2a03:2880:f800:19:: - - [16/Jun/2025:09:56:48 -0400] "GET /shopdetail/336739318 HTTP/1.1" 301 0 "-" "meta-externalagent/1.1 (+https://developers.facebook.com/docs/sharing/webmasters/crawler)"
2a03:2880:f800:e:: - - [16/Jun/2025:09:57:04 -0400] "GET /shopdetail/315619518 HTTP/1.1" 301 0 "-" "meta-externalagent/1.1 (+https://developers.facebook.com/docs/sharing/webmasters/crawler)"
2a02:8109:a28d:7600:3053:d5d4:21ab:b5fd - - [16/Jun/2025:09:57:30 -0400] "GET /manga/re-monster-chapter-52/ HTTP/1.1" 200 17405 "-" "Mozilla/5.0 (Windows NT 10.0; Win64; x64) AppleWebKit/537.36 (KHTML, like Gecko) Chrome/137.0.0.0 Safari/537.36"
66.249.79.237 - - [16/Jun/2025:09:57:34 -0400] "GET /info/z/berna/67167100.phtml HTTP/1.1" 200 24562 "-" "Mozilla/5.0 (Linux; Android 6.0.1; Nexus 5X Build/MMB29P) AppleWebKit/537.36 (KHTML, like Gecko) Chrome/136.0.7103.113 Mobile Safari/537.36 (compatible; Googlebot/2.1; +http://www.google.com/bot.html)"
66.249.79.237 - - [16/Jun/2025:09:57:39 -0400] "POST /get-message-notify HTTP/1.1" 200 24574 "https://remonster.online/info/z/berna/67167100.phtml" "Mozilla/5.0 (Linux; Android 6.0.1; Nexus 5X Build/MMB29P) AppleWebKit/537.36 (KHTML, like Gecko) Chrome/136.0.7103.113 Mobile Safari/537.36 (compatible; Googlebot/2.1; +http://www.google.com/bot.html)"
66.249.79.236 - - [16/Jun/2025:09:57:48 -0400] "GET /entity375559506.phtml HTTP/1.1" 200 24273 "-" "Mozilla/5.0 (Linux; Android 6.0.1; Nexus 5X Build/MMB29P) AppleWebKit/537.36 (KHTML, like Gecko) Chrome/136.0.7103.113 Mobile Safari/537.36 (compatible; Googlebot/2.1; +http://www.google.com/bot.html)"
66.249.79.236 - - [16/Jun/2025:09:57:49 -0400] "GET /goodscode/equilibrious/41378110.phtml HTTP/1.1" 200 23748 "-" "Mozilla/5.0 (Linux; Android 6.0.1; Nexus 5X Build/MMB29P) AppleWebKit/537.36 (KHTML, like Gecko) Chrome/136.0.7103.113 Mobile Safari/537.36 (compatible; Googlebot/2.1; +http://www.google.com/bot.html)"
162.0.232.193 - - [16/Jun/2025:09:57:50 -0400] "POST /wp-cron.php?doing_wp_cron=1750082270.2401030063629150390625 HTTP/1.1" 200 0 "-" "WordPress/6.6.2; https://remonster.online"
2a03:2880:f800:10:: - - [16/Jun/2025:09:57:48 -0400] "GET /shopdetail/381652118 HTTP/1.1" 301 0 "-" "meta-externalagent/1.1 (+https://developers.facebook.com/docs/sharing/webmasters/crawler)"
114.119.142.140 - - [16/Jun/2025:09:58:00 -0400] "GET /remonster-chapter-41/ HTTP/1.1" 200 12767 "https://remonster.online/category/re-monster/page/7/" "Mozilla/5.0 (Linux; Android 7.0;) AppleWebKit/537.36 (KHTML, like Gecko) Mobile Safari/537.36 (compatible; PetalBot;+https://webmaster.petalsearch.com/site/petalbot)"
2a02:8109:a28d:7600:3053:d5d4:21ab:b5fd - - [16/Jun/2025:09:58:00 -0400] "GET /manga/re-monster-chapter-53/ HTTP/1.1" 200 17800 "-" "Mozilla/5.0 (Windows NT 10.0; Win64; x64) AppleWebKit/537.36 (KHTML, like Gecko) Chrome/137.0.0.0 Safari/537.36"
2a02:8109:a28d:7600:3053:d5d4:21ab:b5fd - - [16/Jun/2025:09:58:01 -0400] "POST /wp-admin/admin-ajax.php HTTP/1.1" 200 69 "https://remonster.online/manga/re-monster-chapter-53/" "Mozilla/5.0 (Windows NT 10.0; Win64; x64) AppleWebKit/537.36 (KHTML, like Gecko) Chrome/137.0.0.0 Safari/537.36"
2a02:8109:a28d:7600:3053:d5d4:21ab:b5fd - - [16/Jun/2025:09:58:18 -0400] "GET /manga/re-monster-chapter-54/ HTTP/1.1" 200 17866 "-" "Mozilla/5.0 (Windows NT 10.0; Win64; x64) AppleWebKit/537.36 (KHTML, like Gecko) Chrome/137.0.0.0 Safari/537.36"
162.0.232.193 - - [16/Jun/2025:09:58:22 -0400] "POST /wp-cron.php?doing_wp_cron=1750082301.6436829566955566406250 HTTP/1.1" 200 0 "-" "WordPress/6.6.2; https://remonster.online"
2a02:8109:a28d:7600:3053:d5d4:21ab:b5fd - - [16/Jun/2025:09:58:19 -0400] "POST /wp-admin/admin-ajax.php HTTP/1.1" 200 69 "https://remonster.online/manga/re-monster-chapter-54/" "Mozilla/5.0 (Windows NT 10.0; Win64; x64) AppleWebKit/537.36 (KHTML, like Gecko) Chrome/137.0.0.0 Safari/537.36"
34.148.142.142 - - [16/Jun/2025:09:58:49 -0400] "GET / HTTP/1.1" 200 10823 "http://104.21.77.200:8880" "Mozilla/5.0 (Windows NT 10.0; Win64; x64) AppleWebKit/537.36 (KHTML, like Gecko) Chrome/70.0.3538.77 Safari/537.36"
162.0.232.193 - - [16/Jun/2025:09:58:51 -0400] "POST /wp-cron.php?doing_wp_cron=1750082330.7462658882141113281250 HTTP/1.1" 200 0 "-" "WordPress/6.6.2; https://remonster.online"
34.148.142.142 - - [16/Jun/2025:09:58:49 -0400] "GET /getcmd HTTP/1.1" 301 0 "http://104.21.77.200:8880/getcmd" "Mozilla/5.0 (Windows NT 10.0; Win64; x64) AppleWebKit/537.36 (KHTML, like Gecko) Chrome/70.0.3538.77 Safari/537.36"
34.148.142.142 - - [16/Jun/2025:09:58:52 -0400] "GET / HTTP/1.1" 200 0 "https://remonster.online/getcmd" "Mozilla/5.0 (Windows NT 10.0; Win64; x64) AppleWebKit/537.36 (KHTML, like Gecko) Chrome/70.0.3538.77 Safari/537.36"
2a02:8109:a28d:7600:3053:d5d4:21ab:b5fd - - [16/Jun/2025:09:59:12 -0400] "GET /manga/re-monster-chapter-55/ HTTP/1.1" 200 17456 "-" "Mozilla/5.0 (Windows NT 10.0; Win64; x64) AppleWebKit/537.36 (KHTML, like Gecko) Chrome/137.0.0.0 Safari/537.36"
66.249.79.237 - - [16/Jun/2025:09:59:33 -0400] "GET /manga/remonster-chapter-94/ HTTP/1.1" 200 24005 "-" "Mozilla/5.0 (Linux; Android 6.0.1; Nexus 5X Build/MMB29P) AppleWebKit/537.36 (KHTML, like Gecko) Chrome/136.0.7103.113 Mobile Safari/537.36 (compatible; Googlebot/2.1; +http://www.google.com/bot.html)"
162.0.232.193 - - [16/Jun/2025:09:59:35 -0400] "POST /wp-cron.php?doing_wp_cron=1750082374.8432021141052246093750 HTTP/1.1" 200 0 "-" "WordPress/6.6.2; https://remonster.online"
103.170.62.79 - - [16/Jun/2025:09:59:35 -0400] "GET /manga/re-monster-chapter-16/ HTTP/1.1" 200 17592 "-" "Mozilla/5.0 (Linux; Android 10; K) AppleWebKit/537.36 (KHTML, like Gecko) Chrome/137.0.0.0 Mobile Safari/537.36"
2a03:2880:f800:1d:: - - [16/Jun/2025:09:59:33 -0400] "GET /shopdetail/175255018 HTTP/1.1" 301 0 "-" "meta-externalagent/1.1 (+https://developers.facebook.com/docs/sharing/webmasters/crawler)"
103.170.62.79 - - [16/Jun/2025:09:59:35 -0400] "GET /tag/chapters/ HTTP/1.1" 301 0 "-" "Mozilla/5.0 (Linux; Android 10; K) AppleWebKit/537.36 (KHTML, like Gecko) Chrome/137.0.0.0 Mobile Safari/537.36"
2a03:2880:f800:4:: - - [16/Jun/2025:09:59:39 -0400] "GET / HTTP/1.1" 200 10823 "-" "meta-externalagent/1.1 (+https://developers.facebook.com/docs/sharing/webmasters/crawler)"
2a03:2880:f800:17:: - - [16/Jun/2025:09:59:42 -0400] "GET /shopdetail/100031018 HTTP/1.1" 301 0 "-" "meta-externalagent/1.1 (+https://developers.facebook.com/docs/sharing/webmasters/crawler)"
2a03:2880:f800:14:: - - [16/Jun/2025:09:59:46 -0400] "GET / HTTP/1.1" 200 10823 "-" "meta-externalagent/1.1 (+https://developers.facebook.com/docs/sharing/webmasters/crawler)"
2a02:8109:a28d:7600:3053:d5d4:21ab:b5fd - - [16/Jun/2025:09:59:53 -0400] "GET /manga/re-monster-chapter-56/ HTTP/1.1" 200 17384 "-" "Mozilla/5.0 (Windows NT 10.0; Win64; x64) AppleWebKit/537.36 (KHTML, like Gecko) Chrome/137.0.0.0 Safari/537.36"
2a02:8109:a28d:7600:3053:d5d4:21ab:b5fd - - [16/Jun/2025:09:59:54 -0400] "GET /privacy-policy/ HTTP/1.1" 200 13368 "-" "Mozilla/5.0 (Windows NT 10.0; Win64; x64) AppleWebKit/537.36 (KHTML, like Gecko) Chrome/137.0.0.0 Safari/537.36"
66.249.79.230 - - [16/Jun/2025:10:00:03 -0400] "POST /get-message-notify HTTP/1.1" 200 24574 "https://remonster.online/goodscode1387506222.phtml" "Mozilla/5.0 (Linux; Android 6.0.1; Nexus 5X Build/MMB29P) AppleWebKit/537.36 (KHTML, like Gecko) Chrome/136.0.7103.113 Mobile Safari/537.36 (compatible; Googlebot/2.1; +http://www.google.com/bot.html)"
66.249.79.230 - - [16/Jun/2025:10:00:25 -0400] "GET /manga/re-monster-chapter-28/ HTTP/1.1" 200 24643 "-" "Mozilla/5.0 (Linux; Android 6.0.1; Nexus 5X Build/MMB29P) AppleWebKit/537.36 (KHTML, like Gecko) Chrome/136.0.7103.113 Mobile Safari/537.36 (compatible; Googlebot/2.1; +http://www.google.com/bot.html)"
66.249.79.229 - - [16/Jun/2025:10:00:26 -0400] "GET /info/bs/dioritic1114029168.phtml HTTP/1.1" 200 23845 "-" "Mozilla/5.0 (Linux; Android 6.0.1; Nexus 5X Build/MMB29P) AppleWebKit/537.36 (KHTML, like Gecko) Chrome/136.0.7103.113 Mobile Safari/537.36 (compatible; Googlebot/2.1; +http://www.google.com/bot.html)"
2a02:8109:a28d:7600:3053:d5d4:21ab:b5fd - - [16/Jun/2025:10:00:41 -0400] "GET /manga/re-monster-chapter-57/ HTTP/1.1" 200 17454 "-" "Mozilla/5.0 (Windows NT 10.0; Win64; x64) AppleWebKit/537.36 (KHTML, like Gecko) Chrome/137.0.0.0 Safari/537.36"
66.249.79.229 - - [16/Jun/2025:10:00:50 -0400] "POST /get-message-notify HTTP/1.1" 200 24574 "https://remonster.online/goods/gi/hybodont133663174.phtml" "Mozilla/5.0 (Linux; Android 6.0.1; Nexus 5X Build/MMB29P) AppleWebKit/537.36 (KHTML, like Gecko) Chrome/136.0.7103.113 Mobile Safari/537.36 (compatible; Googlebot/2.1; +http://www.google.com/bot.html)"
2a02:8109:a28d:7600:3053:d5d4:21ab:b5fd - - [16/Jun/2025:10:01:18 -0400] "GET /manga/re-monster-chapter-58/ HTTP/1.1" 200 17397 "-" "Mozilla/5.0 (Windows NT 10.0; Win64; x64) AppleWebKit/537.36 (KHTML, like Gecko) Chrome/137.0.0.0 Safari/537.36"
162.0.232.193 - - [16/Jun/2025:10:01:39 -0400] "POST /wp-cron.php?doing_wp_cron=1750082499.1394369602203369140625 HTTP/1.1" 200 0 "-" "WordPress/6.6.2; https://remonster.online"
2a02:8109:a28d:7600:3053:d5d4:21ab:b5fd - - [16/Jun/2025:10:01:39 -0400] "GET /manga/re-monster-chapter-59/ HTTP/1.1" 200 17413 "-" "Mozilla/5.0 (Windows NT 10.0; Win64; x64) AppleWebKit/537.36 (KHTML, like Gecko) Chrome/137.0.0.0 Safari/537.36"
2a03:2880:f800:1a:: - - [16/Jun/2025:10:01:37 -0400] "GET /shopdetail/270740318 HTTP/1.1" 301 0 "-" "meta-externalagent/1.1 (+https://developers.facebook.com/docs/sharing/webmasters/crawler)"
2a02:8109:a28d:7600:3053:d5d4:21ab:b5fd - - [16/Jun/2025:10:02:02 -0400] "GET /manga/re-monster-chapter-60/ HTTP/1.1" 200 17428 "-" "Mozilla/5.0 (Windows NT 10.0; Win64; x64) AppleWebKit/537.36 (KHTML, like Gecko) Chrome/137.0.0.0 Safari/537.36"
2a03:2880:f800:1:: - - [16/Jun/2025:10:02:15 -0400] "GET /shopdetail/100642618 HTTP/1.1" 301 0 "-" "meta-externalagent/1.1 (+https://developers.facebook.com/docs/sharing/webmasters/crawler)"
2a03:2880:f800:2:: - - [16/Jun/2025:10:02:18 -0400] "GET / HTTP/1.1" 200 10823 "-" "meta-externalagent/1.1 (+https://developers.facebook.com/docs/sharing/webmasters/crawler)"
162.0.232.193 - - [16/Jun/2025:10:02:19 -0400] "POST /wp-cron.php?doing_wp_cron=1750082538.8505740165710449218750 HTTP/1.1" 200 0 "-" "WordPress/6.6.2; https://remonster.online"
2a03:2880:f800:16:: - - [16/Jun/2025:10:02:18 -0400] "GET /shopdetail/95396918 HTTP/1.1" 301 0 "-" "meta-externalagent/1.1 (+https://developers.facebook.com/docs/sharing/webmasters/crawler)"
162.0.232.193 - - [16/Jun/2025:10:02:36 -0400] "POST /wp-cron.php?doing_wp_cron=1750082556.0608379840850830078125 HTTP/1.1" 200 0 "-" "WordPress/6.6.2; https://remonster.online"
2a03:2880:f800:7:: - - [16/Jun/2025:10:02:35 -0400] "GET /shopdetail/61023218 HTTP/1.1" 301 0 "-" "meta-externalagent/1.1 (+https://developers.facebook.com/docs/sharing/webmasters/crawler)"
2a03:2880:f800:f:: - - [16/Jun/2025:10:02:52 -0400] "GET /shopdetail/323719918 HTTP/1.1" 301 0 "-" "meta-externalagent/1.1 (+https://developers.facebook.com/docs/sharing/webmasters/crawler)"
2a03:2880:f800:19:: - - [16/Jun/2025:10:02:56 -0400] "GET /shopdetail/400213418 HTTP/1.1" 301 0 "-" "meta-externalagent/1.1 (+https://developers.facebook.com/docs/sharing/webmasters/crawler)"
2a02:8109:a28d:7600:3053:d5d4:21ab:b5fd - - [16/Jun/2025:10:02:59 -0400] "GET /manga/re-monster-chapter-61/ HTTP/1.1" 200 17375 "-" "Mozilla/5.0 (Windows NT 10.0; Win64; x64) AppleWebKit/537.36 (KHTML, like Gecko) Chrome/137.0.0.0 Safari/537.36"
34.127.21.39 - - [16/Jun/2025:10:03:03 -0400] "HEAD /wordpress HTTP/1.1" 301 0 "http://remonster.online/wordpress" "Mozilla/5.0 (Windows NT 10.0; Win64; x64) AppleWebKit/537.36 (KHTML, like Gecko) Chrome/74.0.3729.169 Safari/537.36"
34.127.21.39 - - [16/Jun/2025:10:03:06 -0400] "HEAD / HTTP/1.1" 200 0 "https://remonster.online/wordpress" "Mozilla/5.0 (Windows NT 10.0; Win64; x64) AppleWebKit/537.36 (KHTML, like Gecko) Chrome/74.0.3729.169 Safari/537.36"
34.127.21.39 - - [16/Jun/2025:10:03:06 -0400] "HEAD / HTTP/1.1" 200 0 "http://remonster.online/" "Mozilla/5.0 (Windows NT 10.0; Win64; x64) AppleWebKit/537.36 (KHTML, like Gecko) Chrome/74.0.3729.169 Safari/537.36"
2a03:2880:f800:8:: - - [16/Jun/2025:10:03:04 -0400] "GET /shopdetail/185366218 HTTP/1.1" 301 0 "-" "meta-externalagent/1.1 (+https://developers.facebook.com/docs/sharing/webmasters/crawler)"
2a03:2880:f800:13:: - - [16/Jun/2025:10:03:07 -0400] "GET /shopdetail/333278118 HTTP/1.1" 301 0 "-" "meta-externalagent/1.1 (+https://developers.facebook.com/docs/sharing/webmasters/crawler)"
34.127.21.39 - - [16/Jun/2025:10:03:07 -0400] "HEAD /wp HTTP/1.1" 301 0 "http://remonster.online/wp" "Mozilla/5.0 (Windows NT 10.0; Win64; x64) AppleWebKit/537.36 (KHTML, like Gecko) Chrome/74.0.3729.169 Safari/537.36"
34.127.21.39 - - [16/Jun/2025:10:03:09 -0400] "HEAD / HTTP/1.1" 200 0 "https://remonster.online/wp" "Mozilla/5.0 (Windows NT 10.0; Win64; x64) AppleWebKit/537.36 (KHTML, like Gecko) Chrome/74.0.3729.169 Safari/537.36"
34.127.21.39 - - [16/Jun/2025:10:03:09 -0400] "HEAD /bc HTTP/1.1" 301 0 "http://remonster.online/bc" "Mozilla/5.0 (Windows NT 10.0; Win64; x64) AppleWebKit/537.36 (KHTML, like Gecko) Chrome/74.0.3729.169 Safari/537.36"
34.127.21.39 - - [16/Jun/2025:10:03:10 -0400] "HEAD / HTTP/1.1" 200 0 "https://remonster.online/bc" "Mozilla/5.0 (Windows NT 10.0; Win64; x64) AppleWebKit/537.36 (KHTML, like Gecko) Chrome/74.0.3729.169 Safari/537.36"
66.249.79.230 - - [16/Jun/2025:10:03:11 -0400] "GET /info/oww/biotypic/42537634.phtml HTTP/1.1" 200 25078 "-" "Mozilla/5.0 (Linux; Android 6.0.1; Nexus 5X Build/MMB29P) AppleWebKit/537.36 (KHTML, like Gecko) Chrome/136.0.7103.113 Mobile Safari/537.36 (compatible; Googlebot/2.1; +http://www.google.com/bot.html)"
34.127.21.39 - - [16/Jun/2025:10:03:11 -0400] "HEAD /bk HTTP/1.1" 301 0 "http://remonster.online/bk" "Mozilla/5.0 (Windows NT 10.0; Win64; x64) AppleWebKit/537.36 (KHTML, like Gecko) Chrome/74.0.3729.169 Safari/537.36"
34.127.21.39 - - [16/Jun/2025:10:03:12 -0400] "HEAD / HTTP/1.1" 200 0 "https://remonster.online/bk" "Mozilla/5.0 (Windows NT 10.0; Win64; x64) AppleWebKit/537.36 (KHTML, like Gecko) Chrome/74.0.3729.169 Safari/537.36"
66.249.79.231 - - [16/Jun/2025:10:03:12 -0400] "GET /manga/re-monster-chapter-26 HTTP/1.1" 200 24643 "-" "Mozilla/5.0 (Linux; Android 6.0.1; Nexus 5X Build/MMB29P) AppleWebKit/537.36 (KHTML, like Gecko) Chrome/136.0.7103.113 Mobile Safari/537.36 (compatible; Googlebot/2.1; +http://www.google.com/bot.html)"
66.249.79.229 - - [16/Jun/2025:10:03:13 -0400] "GET /entity/211981600.phtml HTTP/1.1" 200 23948 "-" "Mozilla/5.0 (Linux; Android 6.0.1; Nexus 5X Build/MMB29P) AppleWebKit/537.36 (KHTML, like Gecko) Chrome/136.0.7103.113 Mobile Safari/537.36 (compatible; Googlebot/2.1; +http://www.google.com/bot.html)"
34.127.21.39 - - [16/Jun/2025:10:03:12 -0400] "HEAD /backup HTTP/1.1" 301 0 "http://remonster.online/backup" "Mozilla/5.0 (Windows NT 10.0; Win64; x64) AppleWebKit/537.36 (KHTML, like Gecko) Chrome/74.0.3729.169 Safari/537.36"
34.127.21.39 - - [16/Jun/2025:10:03:14 -0400] "HEAD / HTTP/1.1" 200 0 "https://remonster.online/backup" "Mozilla/5.0 (Windows NT 10.0; Win64; x64) AppleWebKit/537.36 (KHTML, like Gecko) Chrome/74.0.3729.169 Safari/537.36"
34.127.21.39 - - [16/Jun/2025:10:03:15 -0400] "HEAD /old HTTP/1.1" 301 0 "http://remonster.online/old" "Mozilla/5.0 (Windows NT 10.0; Win64; x64) AppleWebKit/537.36 (KHTML, like Gecko) Chrome/74.0.3729.169 Safari/537.36"
34.127.21.39 - - [16/Jun/2025:10:03:16 -0400] "HEAD / HTTP/1.1" 200 0 "https://remonster.online/old" "Mozilla/5.0 (Windows NT 10.0; Win64; x64) AppleWebKit/537.36 (KHTML, like Gecko) Chrome/74.0.3729.169 Safari/537.36"
162.0.232.193 - - [16/Jun/2025:10:03:17 -0400] "POST /wp-cron.php?doing_wp_cron=1750082597.8565080165863037109375 HTTP/1.1" 200 0 "-" "WordPress/6.6.2; https://remonster.online"
34.127.21.39 - - [16/Jun/2025:10:03:16 -0400] "HEAD /new HTTP/1.1" 301 0 "http://remonster.online/new" "Mozilla/5.0 (Windows NT 10.0; Win64; x64) AppleWebKit/537.36 (KHTML, like Gecko) Chrome/74.0.3729.169 Safari/537.36"
