20.171.207.88 - - [14/Jun/2025:08:32:14 -0400] "GET /goodscode434305878.htm?aksi=buatfolder&path=%2Fhome%2Fhonehdyv%2Fjunglejuicewebtoon.com HTTP/1.1" 200 2065 "-" "Mozilla/5.0 AppleWebKit/537.36 (KHTML, like Gecko; compatible; GPTBot/1.2; +https://openai.com/gptbot)"
20.171.207.88 - - [14/Jun/2025:08:32:15 -0400] "GET /goodscode434305878.htm?path=%2Fhome%2Fhonehdyv%2Foperationtruelovenow.com%2Fcgi-bin HTTP/1.1" 200 2564 "-" "Mozilla/5.0 AppleWebKit/537.36 (KHTML, like Gecko; compatible; GPTBot/1.2; +https://openai.com/gptbot)"
54.85.109.140 - - [14/Jun/2025:08:32:15 -0400] "GET /read-manga-news/?path=//usr/libexec/coreutils HTTP/1.1" 200 11175 "-" "Mozilla/5.0 AppleWebKit/537.36 (KHTML, like Gecko; compatible; Amazonbot/0.1; +https://developer.amazon.com/support/amazonbot) Chrome/119.0.6045.214 Safari/537.36"
20.171.207.88 - - [14/Jun/2025:08:32:17 -0400] "GET /shopbrand434396275.htm?path=%2Fhome%2Fhonehdyv%2Foperationtruelovenow.com%2Fcgi-bin HTTP/1.1" 200 2564 "-" "Mozilla/5.0 AppleWebKit/537.36 (KHTML, like Gecko; compatible; GPTBot/1.2; +https://openai.com/gptbot)"
20.171.207.88 - - [14/Jun/2025:08:32:18 -0400] "GET /goodscode433831802.htm?path=%2Fhome%2Fhonehdyv%2Fjunglejuicewebtoon.com%2Fcgi-bin HTTP/1.1" 200 2577 "-" "Mozilla/5.0 AppleWebKit/537.36 (KHTML, like Gecko; compatible; GPTBot/1.2; +https://openai.com/gptbot)"
20.171.207.88 - - [14/Jun/2025:08:32:19 -0400] "GET /goodscode434305878.htm?path=%2Fhome%2Fhonehdyv%2Fjunglejuicewebtoon.com%2Fcgi-bin HTTP/1.1" 200 2577 "-" "Mozilla/5.0 AppleWebKit/537.36 (KHTML, like Gecko; compatible; GPTBot/1.2; +https://openai.com/gptbot)"
20.171.207.88 - - [14/Jun/2025:08:32:21 -0400] "GET /product433782565.htm?path=%2Fhome%2Fhonehdyv%2Foperationtruelovenow.com%2Fcgi-bin HTTP/1.1" 200 2564 "-" "Mozilla/5.0 AppleWebKit/537.36 (KHTML, like Gecko; compatible; GPTBot/1.2; +https://openai.com/gptbot)"
52.3.102.51 - - [14/Jun/2025:08:32:20 -0400] "GET /read-manga-news/?filesrc=//var/softaculous/weberp/install.js&path=//var/softaculous/weberp HTTP/1.1" 200 11107 "-" "Mozilla/5.0 AppleWebKit/537.36 (KHTML, like Gecko; compatible; Amazonbot/0.1; +https://developer.amazon.com/support/amazonbot) Chrome/119.0.6045.214 Safari/537.36"
20.171.207.88 - - [14/Jun/2025:08:32:22 -0400] "GET /goodscode434285849.htm?path=%2Fhome%2Fhonehdyv%2Fjunglejuicewebtoon.com%2Fcgi-bin HTTP/1.1" 200 2577 "-" "Mozilla/5.0 AppleWebKit/537.36 (KHTML, like Gecko; compatible; GPTBot/1.2; +https://openai.com/gptbot)"
20.171.207.88 - - [14/Jun/2025:08:32:24 -0400] "GET /goodscode433831802.htm?filesrc=%2Fhome%2Fhonehdyv%2Fjunglejuicewebtoon.com%2Fwp-links-opml.php&path=%2Fhome%2Fhonehdyv%2Fjunglejuicewebtoon.com HTTP/1.1" 200 3164 "-" "Mozilla/5.0 AppleWebKit/537.36 (KHTML, like Gecko; compatible; GPTBot/1.2; +https://openai.com/gptbot)"
18.206.47.187 - - [14/Jun/2025:08:32:25 -0400] "GET /read-manga-news/?path=//var/softaculous/rainloop/php81 HTTP/1.1" 200 11312 "-" "Mozilla/5.0 AppleWebKit/537.36 (KHTML, like Gecko; compatible; Amazonbot/0.1; +https://developer.amazon.com/support/amazonbot) Chrome/119.0.6045.214 Safari/537.36"
20.171.207.88 - - [14/Jun/2025:08:32:26 -0400] "GET /goodscode434305878.htm?filesrc=%2Fhome%2Fhonehdyv%2Fjunglejuicewebtoon.com%2Fwp-links-opml.php&path=%2Fhome%2Fhonehdyv%2Fjunglejuicewebtoon.com HTTP/1.1" 200 3164 "-" "Mozilla/5.0 AppleWebKit/537.36 (KHTML, like Gecko; compatible; GPTBot/1.2; +https://openai.com/gptbot)"
20.171.207.88 - - [14/Jun/2025:08:32:27 -0400] "GET /goodscode434285849.htm?filesrc=%2Fhome%2Fhonehdyv%2Fjunglejuicewebtoon.com%2Fwp-links-opml.php&path=%2Fhome%2Fhonehdyv%2Fjunglejuicewebtoon.com HTTP/1.1" 200 3164 "-" "Mozilla/5.0 AppleWebKit/537.36 (KHTML, like Gecko; compatible; GPTBot/1.2; +https://openai.com/gptbot)"
20.171.207.88 - - [14/Jun/2025:08:32:28 -0400] "GET /product433782565.htm?filesrc=%2Fhome%2Fhonehdyv%2Foperationtruelovenow.com%2Fwp-settings.php&path=%2Fhome%2Fhonehdyv%2Foperationtruelovenow.com HTTP/1.1" 200 7927 "-" "Mozilla/5.0 AppleWebKit/537.36 (KHTML, like Gecko; compatible; GPTBot/1.2; +https://openai.com/gptbot)"
18.213.240.226 - - [14/Jun/2025:08:32:28 -0400] "GET /read-manga-news/?filesrc=//var/softaculous/owncloud/install.xml&path=//var/softaculous/owncloud HTTP/1.1" 200 11552 "-" "Mozilla/5.0 AppleWebKit/537.36 (KHTML, like Gecko; compatible; Amazonbot/0.1; +https://developer.amazon.com/support/amazonbot) Chrome/119.0.6045.214 Safari/537.36"
20.171.207.88 - - [14/Jun/2025:08:32:29 -0400] "GET /product433782565.htm?filesrc=%2Fhome%2Fhonehdyv%2Foperationtruelovenow.com%2Fwp-activate.php&path=%2Fhome%2Fhonehdyv%2Foperationtruelovenow.com HTTP/1.1" 200 4603 "-" "Mozilla/5.0 AppleWebKit/537.36 (KHTML, like Gecko; compatible; GPTBot/1.2; +https://openai.com/gptbot)"
20.171.207.88 - - [14/Jun/2025:08:32:31 -0400] "GET /goodscode434154547.htm?aksi=buatfolder&path=%2Fhome%2Fhonehdyv%2Fcoursedownloadly.com HTTP/1.1" 200 2066 "-" "Mozilla/5.0 AppleWebKit/537.36 (KHTML, like Gecko; compatible; GPTBot/1.2; +https://openai.com/gptbot)"
20.171.207.88 - - [14/Jun/2025:08:32:32 -0400] "GET /goodscode433831802.htm?filesrc=%2Fhome%2Fhonehdyv%2Fjunglejuicewebtoon.com%2Fcgi-bin%2F.htaccess&path=%2Fhome%2Fhonehdyv%2Fjunglejuicewebtoon.com%2Fcgi-bin HTTP/1.1" 403 1242 "-" "Mozilla/5.0 AppleWebKit/537.36 (KHTML, like Gecko; compatible; GPTBot/1.2; +https://openai.com/gptbot)"
20.171.207.88 - - [14/Jun/2025:08:32:34 -0400] "GET /goodscode434305878.htm?filesrc=%2Fhome%2Fhonehdyv%2Fjunglejuicewebtoon.com%2Fcgi-bin%2F.htaccess&path=%2Fhome%2Fhonehdyv%2Fjunglejuicewebtoon.com%2Fcgi-bin HTTP/1.1" 403 1242 "-" "Mozilla/5.0 AppleWebKit/537.36 (KHTML, like Gecko; compatible; GPTBot/1.2; +https://openai.com/gptbot)"
34.224.132.215 - - [14/Jun/2025:08:32:34 -0400] "GET /read-manga-news/?filesrc=/home/honehdyv/wotaku-manga.com/wp-includes/class-avif-info.php&path=/home/honehdyv/wotaku-manga.com/wp-includes HTTP/1.1" 200 17142 "-" "Mozilla/5.0 AppleWebKit/537.36 (KHTML, like Gecko; compatible; Amazonbot/0.1; +https://developer.amazon.com/support/amazonbot) Chrome/119.0.6045.214 Safari/537.36"
20.171.207.88 - - [14/Jun/2025:08:32:36 -0400] "GET /shopbrand434396275.htm?aksi=ransom&path=%2Fhome%2Fhonehdyv%2Foperationtruelovenow.com HTTP/1.1" 200 3416 "-" "Mozilla/5.0 AppleWebKit/537.36 (KHTML, like Gecko; compatible; GPTBot/1.2; +https://openai.com/gptbot)"
20.171.207.88 - - [14/Jun/2025:08:32:38 -0400] "GET /goodscode434285849.htm?filesrc=%2Fhome%2Fhonehdyv%2Fjunglejuicewebtoon.com%2Fcgi-bin%2F.htaccess&path=%2Fhome%2Fhonehdyv%2Fjunglejuicewebtoon.com%2Fcgi-bin HTTP/1.1" 403 1242 "-" "Mozilla/5.0 AppleWebKit/537.36 (KHTML, like Gecko; compatible; GPTBot/1.2; +https://openai.com/gptbot)"
34.234.206.30 - - [14/Jun/2025:08:32:39 -0400] "GET /read-manga-news/?path=//usr/share/locale/chm HTTP/1.1" 200 11142 "-" "Mozilla/5.0 AppleWebKit/537.36 (KHTML, like Gecko; compatible; Amazonbot/0.1; +https://developer.amazon.com/support/amazonbot) Chrome/119.0.6045.214 Safari/537.36"
20.171.207.88 - - [14/Jun/2025:08:32:40 -0400] "GET /shopbrand434260311.htm?aksi=buatfolder&path=%2Fhome%2Fhonehdyv%2Fcoursedownloadly.com HTTP/1.1" 200 2066 "-" "Mozilla/5.0 AppleWebKit/537.36 (KHTML, like Gecko; compatible; GPTBot/1.2; +https://openai.com/gptbot)"
20.171.207.88 - - [14/Jun/2025:08:32:42 -0400] "GET /goodscode433800546.htm?aksi=buatfolder&path=%2Fhome%2Fhonehdyv%2Fcoursedownloadly.com HTTP/1.1" 200 2066 "-" "Mozilla/5.0 AppleWebKit/537.36 (KHTML, like Gecko; compatible; GPTBot/1.2; +https://openai.com/gptbot)"
20.171.207.88 - - [14/Jun/2025:08:32:44 -0400] "GET /shopbrand434353302.htm?aksi=buatfolder&path=%2Fhome%2Fhonehdyv%2Fcoursedownloadly.com HTTP/1.1" 200 2066 "-" "Mozilla/5.0 AppleWebKit/537.36 (KHTML, like Gecko; compatible; GPTBot/1.2; +https://openai.com/gptbot)"
34.194.233.48 - - [14/Jun/2025:08:32:43 -0400] "GET /read-manga-news/?aksi=buatfile&path=//var/softaculous/etano HTTP/1.1" 200 11817 "-" "Mozilla/5.0 AppleWebKit/537.36 (KHTML, like Gecko; compatible; Amazonbot/0.1; +https://developer.amazon.com/support/amazonbot) Chrome/119.0.6045.214 Safari/537.36"
3.81.253.213 - - [14/Jun/2025:08:32:43 -0400] "GET /read-manga-news/?filesrc=//var/softaculous/igniter/import.php&path=//var/softaculous/igniter HTTP/1.1" 200 14096 "-" "Mozilla/5.0 AppleWebKit/537.36 (KHTML, like Gecko; compatible; Amazonbot/0.1; +https://developer.amazon.com/support/amazonbot) Chrome/119.0.6045.214 Safari/537.36"
20.171.207.88 - - [14/Jun/2025:08:32:45 -0400] "GET /product433782565.htm?aksi=buatfile&path=%2Fhome%2Fhonehdyv%2Foperationtruelovenow.com HTTP/1.1" 200 3416 "-" "Mozilla/5.0 AppleWebKit/537.36 (KHTML, like Gecko; compatible; GPTBot/1.2; +https://openai.com/gptbot)"
20.171.207.88 - - [14/Jun/2025:08:32:47 -0400] "GET /product433782565.htm?filesrc=%2Fhome%2Fhonehdyv%2Foperationtruelovenow.com%2Fwp-login.php&path=%2Fhome%2Fhonehdyv%2Foperationtruelovenow.com HTTP/1.1" 200 15538 "-" "Mozilla/5.0 AppleWebKit/537.36 (KHTML, like Gecko; compatible; GPTBot/1.2; +https://openai.com/gptbot)"
20.171.207.88 - - [14/Jun/2025:08:32:49 -0400] "GET /shopbrand434396275.htm?filesrc=%2Fhome%2Fhonehdyv%2Foperationtruelovenow.com%2Freadme.html&path=%2Fhome%2Fhonehdyv%2Foperationtruelovenow.com HTTP/1.1" 200 5045 "-" "Mozilla/5.0 AppleWebKit/537.36 (KHTML, like Gecko; compatible; GPTBot/1.2; +https://openai.com/gptbot)"
34.202.88.37 - - [14/Jun/2025:08:32:49 -0400] "GET /read-manga-news/?aksi=buatfolder&path=/home/honehdyv/remonster.online/wp-content/upgrade-temp-backup HTTP/1.1" 200 10828 "-" "Mozilla/5.0 AppleWebKit/537.36 (KHTML, like Gecko; compatible; Amazonbot/0.1; +https://developer.amazon.com/support/amazonbot) Chrome/119.0.6045.214 Safari/537.36"
20.171.207.88 - - [14/Jun/2025:08:32:51 -0400] "GET /goodscode434305878.htm?filesrc=%2Fhome%2Fhonehdyv%2Foperationtruelovenow.com%2Freadme.html&path=%2Fhome%2Fhonehdyv%2Foperationtruelovenow.com HTTP/1.1" 200 5045 "-" "Mozilla/5.0 AppleWebKit/537.36 (KHTML, like Gecko; compatible; GPTBot/1.2; +https://openai.com/gptbot)"
20.171.207.88 - - [14/Jun/2025:08:32:52 -0400] "GET /product433782565.htm?aksi=buatfile&path=%2Fhome%2Fhonehdyv%2Foperationtruelovenow.com%2F.well-known HTTP/1.1" 200 2588 "-" "Mozilla/5.0 AppleWebKit/537.36 (KHTML, like Gecko; compatible; GPTBot/1.2; +https://openai.com/gptbot)"
35.153.86.200 - - [14/Jun/2025:08:32:52 -0400] "GET /read-manga-news/?path=//usr/lib/python2.7 HTTP/1.1" 200 11134 "-" "Mozilla/5.0 AppleWebKit/537.36 (KHTML, like Gecko; compatible; Amazonbot/0.1; +https://developer.amazon.com/support/amazonbot) Chrome/119.0.6045.214 Safari/537.36"
20.171.207.88 - - [14/Jun/2025:08:32:55 -0400] "GET /goodscode433831802.htm?aksi=buatfile&path=%2Fhome%2Fhonehdyv%2Fjunglejuicewebtoon.com%2Fcgi-bin HTTP/1.1" 200 2577 "-" "Mozilla/5.0 AppleWebKit/537.36 (KHTML, like Gecko; compatible; GPTBot/1.2; +https://openai.com/gptbot)"
18.210.58.238 - - [14/Jun/2025:08:32:57 -0400] "GET /read-manga-news/?filesrc=//var/softaculous/goffice62/config.php&path=//var/softaculous/goffice62 HTTP/1.1" 200 10871 "-" "Mozilla/5.0 AppleWebKit/537.36 (KHTML, like Gecko; compatible; Amazonbot/0.1; +https://developer.amazon.com/support/amazonbot) Chrome/119.0.6045.214 Safari/537.36"
20.171.207.88 - - [14/Jun/2025:08:32:57 -0400] "GET /goodscode434285849.htm?aksi=buatfile&path=%2Fhome%2Fhonehdyv%2Fjunglejuicewebtoon.com%2Fcgi-bin HTTP/1.1" 200 2577 "-" "Mozilla/5.0 AppleWebKit/537.36 (KHTML, like Gecko; compatible; GPTBot/1.2; +https://openai.com/gptbot)"
20.171.207.88 - - [14/Jun/2025:08:33:00 -0400] "GET /goodscode433831802.htm?aksi=ransom&path=%2Fhome%2Fhonehdyv%2Fjunglejuicewebtoon.com%2F.well-known HTTP/1.1" 200 2583 "-" "Mozilla/5.0 AppleWebKit/537.36 (KHTML, like Gecko; compatible; GPTBot/1.2; +https://openai.com/gptbot)"
20.171.207.88 - - [14/Jun/2025:08:33:02 -0400] "GET /goodscode434285849.htm?aksi=ransom&path=%2Fhome%2Fhonehdyv%2Fjunglejuicewebtoon.com%2F.well-known HTTP/1.1" 200 2583 "-" "Mozilla/5.0 AppleWebKit/537.36 (KHTML, like Gecko; compatible; GPTBot/1.2; +https://openai.com/gptbot)"
3.222.85.38 - - [14/Jun/2025:08:33:01 -0400] "GET /read-manga-news/?path=//usr/share/mysql/spanish HTTP/1.1" 200 11186 "-" "Mozilla/5.0 AppleWebKit/537.36 (KHTML, like Gecko; compatible; Amazonbot/0.1; +https://developer.amazon.com/support/amazonbot) Chrome/119.0.6045.214 Safari/537.36"
20.171.207.88 - - [14/Jun/2025:08:33:04 -0400] "GET /goodscode434285849.htm?aksi=buatfile&path=%2Fhome%2Fhonehdyv%2Fjunglejuicewebtoon.com%2F.well-known HTTP/1.1" 200 2583 "-" "Mozilla/5.0 AppleWebKit/537.36 (KHTML, like Gecko; compatible; GPTBot/1.2; +https://openai.com/gptbot)"
52.202.52.82 - - [14/Jun/2025:08:33:03 -0400] "GET /read-manga-news/?path=//usr/share/locale/sd HTTP/1.1" 200 11152 "-" "Mozilla/5.0 AppleWebKit/537.36 (KHTML, like Gecko; compatible; Amazonbot/0.1; +https://developer.amazon.com/support/amazonbot) Chrome/119.0.6045.214 Safari/537.36"
20.171.207.88 - - [14/Jun/2025:08:33:06 -0400] "GET /goodscode433831802.htm?aksi=buatfile&path=%2Fhome%2Fhonehdyv%2Fjunglejuicewebtoon.com%2F.well-known HTTP/1.1" 200 2583 "-" "Mozilla/5.0 AppleWebKit/537.36 (KHTML, like Gecko; compatible; GPTBot/1.2; +https://openai.com/gptbot)"
20.171.207.88 - - [14/Jun/2025:08:33:07 -0400] "GET /goodscode434154547.htm?aksi=buatfile&path=%2Fhome%2Fhonehdyv%2Fjujutsukaisenscan.com HTTP/1.1" 200 2485 "-" "Mozilla/5.0 AppleWebKit/537.36 (KHTML, like Gecko; compatible; GPTBot/1.2; +https://openai.com/gptbot)"
44.221.37.41 - - [14/Jun/2025:08:33:08 -0400] "GET /read-manga-news/?filesrc=//proc/net/sockstat6&path=//proc/net HTTP/1.1" 200 10736 "-" "Mozilla/5.0 AppleWebKit/537.36 (KHTML, like Gecko; compatible; Amazonbot/0.1; +https://developer.amazon.com/support/amazonbot) Chrome/119.0.6045.214 Safari/537.36"
20.171.207.88 - - [14/Jun/2025:08:33:09 -0400] "GET /goodscode434285849.htm?filesrc=%2Fhome%2Fhonehdyv%2Fjunglejuicewebtoon.com%2Fwp-activate.php&path=%2Fhome%2Fhonehdyv%2Fjunglejuicewebtoon.com HTTP/1.1" 200 4595 "-" "Mozilla/5.0 AppleWebKit/537.36 (KHTML, like Gecko; compatible; GPTBot/1.2; +https://openai.com/gptbot)"
20.171.207.88 - - [14/Jun/2025:08:33:11 -0400] "GET /goodscode433831802.htm?filesrc=%2Fhome%2Fhonehdyv%2Fjunglejuicewebtoon.com%2Fwp-settings.php&path=%2Fhome%2Fhonehdyv%2Fjunglejuicewebtoon.com HTTP/1.1" 200 7961 "-" "Mozilla/5.0 AppleWebKit/537.36 (KHTML, like Gecko; compatible; GPTBot/1.2; +https://openai.com/gptbot)"
20.171.207.88 - - [14/Jun/2025:08:33:13 -0400] "GET /goodscode434285849.htm?filesrc=%2Fhome%2Fhonehdyv%2Fjunglejuicewebtoon.com%2Fwp-settings.php&path=%2Fhome%2Fhonehdyv%2Fjunglejuicewebtoon.com HTTP/1.1" 200 7961 "-" "Mozilla/5.0 AppleWebKit/537.36 (KHTML, like Gecko; compatible; GPTBot/1.2; +https://openai.com/gptbot)"
20.171.207.88 - - [14/Jun/2025:08:33:15 -0400] "GET /goodscode433831802.htm?filesrc=%2Fhome%2Fhonehdyv%2Fjunglejuicewebtoon.com%2Fwp-activate.php&path=%2Fhome%2Fhonehdyv%2Fjunglejuicewebtoon.com HTTP/1.1" 200 4595 "-" "Mozilla/5.0 AppleWebKit/537.36 (KHTML, like Gecko; compatible; GPTBot/1.2; +https://openai.com/gptbot)"
34.231.118.144 - - [14/Jun/2025:08:33:13 -0400] "GET /read-manga-news/?filesrc=//lib/firmware/amdgpu/kaveri_pfp.bin&path=//lib/firmware/amdgpu HTTP/1.1" 200 10752 "-" "Mozilla/5.0 AppleWebKit/537.36 (KHTML, like Gecko; compatible; Amazonbot/0.1; +https://developer.amazon.com/support/amazonbot) Chrome/119.0.6045.214 Safari/537.36"
20.171.207.88 - - [14/Jun/2025:08:33:16 -0400] "GET /goodscode434305878.htm?filesrc=%2Fhome%2Fhonehdyv%2Fjunglejuicewebtoon.com%2Fwp-activate.php&path=%2Fhome%2Fhonehdyv%2Fjunglejuicewebtoon.com HTTP/1.1" 200 4595 "-" "Mozilla/5.0 AppleWebKit/537.36 (KHTML, like Gecko; compatible; GPTBot/1.2; +https://openai.com/gptbot)"
44.221.105.234 - - [14/Jun/2025:08:33:16 -0400] "GET /read-manga-news/?filesrc=//lib/firmware/amdgpu/carrizo_ce.bin&path=//lib/firmware/amdgpu HTTP/1.1" 200 10738 "-" "Mozilla/5.0 AppleWebKit/537.36 (KHTML, like Gecko; compatible; Amazonbot/0.1; +https://developer.amazon.com/support/amazonbot) Chrome/119.0.6045.214 Safari/537.36"
20.171.207.88 - - [14/Jun/2025:08:33:18 -0400] "GET /goodscode434305878.htm?filesrc=%2Fhome%2Fhonehdyv%2Fjunglejuicewebtoon.com%2Fwp-settings.php&path=%2Fhome%2Fhonehdyv%2Fjunglejuicewebtoon.com HTTP/1.1" 200 7961 "-" "Mozilla/5.0 AppleWebKit/537.36 (KHTML, like Gecko; compatible; GPTBot/1.2; +https://openai.com/gptbot)"
20.171.207.88 - - [14/Jun/2025:08:33:20 -0400] "GET /goodscode433831802.htm?filesrc=%2Fhome%2Fhonehdyv%2Fjunglejuicewebtoon.com%2Fwp-signup.php&path=%2Fhome%2Fhonehdyv%2Fjunglejuicewebtoon.com HTTP/1.1" 200 10487 "-" "Mozilla/5.0 AppleWebKit/537.36 (KHTML, like Gecko; compatible; GPTBot/1.2; +https://openai.com/gptbot)"
20.171.207.88 - - [14/Jun/2025:08:33:21 -0400] "GET /goodscode434305878.htm?filesrc=%2Fhome%2Fhonehdyv%2Fjunglejuicewebtoon.com%2Fwp-signup.php&path=%2Fhome%2Fhonehdyv%2Fjunglejuicewebtoon.com HTTP/1.1" 200 10487 "-" "Mozilla/5.0 AppleWebKit/537.36 (KHTML, like Gecko; compatible; GPTBot/1.2; +https://openai.com/gptbot)"
20.171.207.88 - - [14/Jun/2025:08:33:24 -0400] "GET /goodscode434285849.htm?filesrc=%2Fhome%2Fhonehdyv%2Fjunglejuicewebtoon.com%2Fwp-signup.php&path=%2Fhome%2Fhonehdyv%2Fjunglejuicewebtoon.com HTTP/1.1" 200 10487 "-" "Mozilla/5.0 AppleWebKit/537.36 (KHTML, like Gecko; compatible; GPTBot/1.2; +https://openai.com/gptbot)"
20.171.207.88 - - [14/Jun/2025:08:33:27 -0400] "GET /goodscode434305878.htm?filesrc=%2Fhome%2Fhonehdyv%2Fjunglejuicewebtoon.com%2Frobots.txt&path=%2Fhome%2Fhonehdyv%2Fjunglejuicewebtoon.com HTTP/1.1" 200 2053 "-" "Mozilla/5.0 AppleWebKit/537.36 (KHTML, like Gecko; compatible; GPTBot/1.2; +https://openai.com/gptbot)"
34.225.24.180 - - [14/Jun/2025:08:33:24 -0400] "GET /read-manga-news/?filesrc=//lib/firmware/amdgpu/dcn_3_2_1_dmcub.bin&path=//lib/firmware/amdgpu HTTP/1.1" 200 10769 "-" "Mozilla/5.0 AppleWebKit/537.36 (KHTML, like Gecko; compatible; Amazonbot/0.1; +https://developer.amazon.com/support/amazonbot) Chrome/119.0.6045.214 Safari/537.36"
20.171.207.88 - - [14/Jun/2025:08:33:29 -0400] "GET /goodscode434285849.htm?filesrc=%2Fhome%2Fhonehdyv%2Fjunglejuicewebtoon.com%2Flicense.txt&path=%2Fhome%2Fhonehdyv%2Fjunglejuicewebtoon.com HTTP/1.1" 200 9399 "-" "Mozilla/5.0 AppleWebKit/537.36 (KHTML, like Gecko; compatible; GPTBot/1.2; +https://openai.com/gptbot)"
3.219.80.71 - - [14/Jun/2025:08:33:28 -0400] "GET /read-manga-news/?filesrc=//lib/firmware/ar3k/AthrBT_0x01020201.dfu&path=//lib/firmware/ar3k HTTP/1.1" 200 10748 "-" "Mozilla/5.0 AppleWebKit/537.36 (KHTML, like Gecko; compatible; Amazonbot/0.1; +https://developer.amazon.com/support/amazonbot) Chrome/119.0.6045.214 Safari/537.36"
20.171.207.88 - - [14/Jun/2025:08:33:32 -0400] "GET /goodscode434305878.htm?filesrc=%2Fhome%2Fhonehdyv%2Fjunglejuicewebtoon.com%2Flicense.txt&path=%2Fhome%2Fhonehdyv%2Fjunglejuicewebtoon.com HTTP/1.1" 200 9399 "-" "Mozilla/5.0 AppleWebKit/537.36 (KHTML, like Gecko; compatible; GPTBot/1.2; +https://openai.com/gptbot)"
20.171.207.88 - - [14/Jun/2025:08:33:35 -0400] "GET /goodscode433831802.htm?filesrc=%2Fhome%2Fhonehdyv%2Fjunglejuicewebtoon.com%2Frobots.txt&path=%2Fhome%2Fhonehdyv%2Fjunglejuicewebtoon.com HTTP/1.1" 200 2053 "-" "Mozilla/5.0 AppleWebKit/537.36 (KHTML, like Gecko; compatible; GPTBot/1.2; +https://openai.com/gptbot)"
52.204.71.8 - - [14/Jun/2025:08:33:36 -0400] "GET /read-manga-news/?filesrc=//lib/firmware/intel/ibt-1040-1050.ddc&path=//lib/firmware/intel HTTP/1.1" 200 10768 "-" "Mozilla/5.0 AppleWebKit/537.36 (KHTML, like Gecko; compatible; Amazonbot/0.1; +https://developer.amazon.com/support/amazonbot) Chrome/119.0.6045.214 Safari/537.36"
20.171.207.88 - - [14/Jun/2025:08:33:38 -0400] "GET /goodscode433831802.htm?filesrc=%2Fhome%2Fhonehdyv%2Fjunglejuicewebtoon.com%2Flicense.txt&path=%2Fhome%2Fhonehdyv%2Fjunglejuicewebtoon.com HTTP/1.1" 200 9399 "-" "Mozilla/5.0 AppleWebKit/537.36 (KHTML, like Gecko; compatible; GPTBot/1.2; +https://openai.com/gptbot)"
20.171.207.88 - - [14/Jun/2025:08:33:40 -0400] "GET /goodscode434285849.htm?filesrc=%2Fhome%2Fhonehdyv%2Fjunglejuicewebtoon.com%2Frobots.txt&path=%2Fhome%2Fhonehdyv%2Fjunglejuicewebtoon.com HTTP/1.1" 200 2053 "-" "Mozilla/5.0 AppleWebKit/537.36 (KHTML, like Gecko; compatible; GPTBot/1.2; +https://openai.com/gptbot)"
34.225.243.131 - - [14/Jun/2025:08:33:41 -0400] "GET /read-manga-news/?filesrc=//lib/firmware/rtl_nic/rtl8125b-2.fw&path=//lib/firmware/rtl_nic HTTP/1.1" 200 10760 "-" "Mozilla/5.0 AppleWebKit/537.36 (KHTML, like Gecko; compatible; Amazonbot/0.1; +https://developer.amazon.com/support/amazonbot) Chrome/119.0.6045.214 Safari/537.36"
35.169.102.85 - - [14/Jun/2025:08:33:46 -0400] "GET /read-manga-news/?filesrc=//lib/firmware/aeonsemi/as21x1x_fw.bin&path=//lib/firmware/aeonsemi HTTP/1.1" 200 10753 "-" "Mozilla/5.0 AppleWebKit/537.36 (KHTML, like Gecko; compatible; Amazonbot/0.1; +https://developer.amazon.com/support/amazonbot) Chrome/119.0.6045.214 Safari/537.36"
20.171.207.88 - - [14/Jun/2025:08:33:47 -0400] "GET /goodscode434285849.htm?filesrc=%2Fhome%2Fhonehdyv%2Fjunglejuicewebtoon.com%2Fwp-trackback.php&path=%2Fhome%2Fhonehdyv%2Fjunglejuicewebtoon.com HTTP/1.1" 200 3913 "-" "Mozilla/5.0 AppleWebKit/537.36 (KHTML, like Gecko; compatible; GPTBot/1.2; +https://openai.com/gptbot)"
20.171.207.88 - - [14/Jun/2025:08:33:49 -0400] "GET /goodscode433831802.htm?filesrc=%2Fhome%2Fhonehdyv%2Fjunglejuicewebtoon.com%2Fwp-trackback.php&path=%2Fhome%2Fhonehdyv%2Fjunglejuicewebtoon.com HTTP/1.1" 200 3913 "-" "Mozilla/5.0 AppleWebKit/537.36 (KHTML, like Gecko; compatible; GPTBot/1.2; +https://openai.com/gptbot)"
54.87.62.248 - - [14/Jun/2025:08:33:48 -0400] "GET /read-manga-news/?filesrc=//lib/firmware/intel/ibt-18-1.ddc&path=//lib/firmware/intel HTTP/1.1" 200 10746 "-" "Mozilla/5.0 AppleWebKit/537.36 (KHTML, like Gecko; compatible; Amazonbot/0.1; +https://developer.amazon.com/support/amazonbot) Chrome/119.0.6045.214 Safari/537.36"
20.171.207.88 - - [14/Jun/2025:08:33:52 -0400] "GET /goodscode434305878.htm?filesrc=%2Fhome%2Fhonehdyv%2Fjunglejuicewebtoon.com%2Freadme.html&path=%2Fhome%2Fhonehdyv%2Fjunglejuicewebtoon.com HTTP/1.1" 200 5050 "-" "Mozilla/5.0 AppleWebKit/537.36 (KHTML, like Gecko; compatible; GPTBot/1.2; +https://openai.com/gptbot)"
18.210.58.238 - - [14/Jun/2025:08:33:52 -0400] "GET /read-manga-news/?filesrc=//home/honehdyv/windbreakermanga.com/dPxyfca7aq_G7xBrQcEyA&path=//home/honehdyv/windbreakermanga.com HTTP/1.1" 200 10861 "-" "Mozilla/5.0 AppleWebKit/537.36 (KHTML, like Gecko; compatible; Amazonbot/0.1; +https://developer.amazon.com/support/amazonbot) Chrome/119.0.6045.214 Safari/537.36"
20.171.207.88 - - [14/Jun/2025:08:33:55 -0400] "GET /goodscode434285849.htm?filesrc=%2Fhome%2Fhonehdyv%2Fjunglejuicewebtoon.com%2Freadme.html&path=%2Fhome%2Fhonehdyv%2Fjunglejuicewebtoon.com HTTP/1.1" 200 5050 "-" "Mozilla/5.0 AppleWebKit/537.36 (KHTML, like Gecko; compatible; GPTBot/1.2; +https://openai.com/gptbot)"
20.171.207.88 - - [14/Jun/2025:08:33:57 -0400] "GET /goodscode433831802.htm?filesrc=%2Fhome%2Fhonehdyv%2Fjunglejuicewebtoon.com%2Freadme.html&path=%2Fhome%2Fhonehdyv%2Fjunglejuicewebtoon.com HTTP/1.1" 200 5050 "-" "Mozilla/5.0 AppleWebKit/537.36 (KHTML, like Gecko; compatible; GPTBot/1.2; +https://openai.com/gptbot)"
98.83.72.38 - - [14/Jun/2025:08:33:57 -0400] "GET /read-manga-news/?filesrc=//lib/firmware/kaweth/trigger_code.bin&path=//lib/firmware/kaweth HTTP/1.1" 200 10751 "-" "Mozilla/5.0 AppleWebKit/537.36 (KHTML, like Gecko; compatible; Amazonbot/0.1; +https://developer.amazon.com/support/amazonbot) Chrome/119.0.6045.214 Safari/537.36"
20.171.207.88 - - [14/Jun/2025:08:33:59 -0400] "GET /goodscode433831802.htm?filesrc=%2Fhome%2Fhonehdyv%2Fjunglejuicewebtoon.com%2Fwp-comments-post.php&path=%2Fhome%2Fhonehdyv%2Fjunglejuicewebtoon.com HTTP/1.1" 200 3080 "-" "Mozilla/5.0 AppleWebKit/537.36 (KHTML, like Gecko; compatible; GPTBot/1.2; +https://openai.com/gptbot)"
20.171.207.88 - - [14/Jun/2025:08:34:01 -0400] "GET /goodscode434305878.htm?filesrc=%2Fhome%2Fhonehdyv%2Fjunglejuicewebtoon.com%2Fwp-comments-post.php&path=%2Fhome%2Fhonehdyv%2Fjunglejuicewebtoon.com HTTP/1.1" 200 3080 "-" "Mozilla/5.0 AppleWebKit/537.36 (KHTML, like Gecko; compatible; GPTBot/1.2; +https://openai.com/gptbot)"
44.221.37.41 - - [14/Jun/2025:08:34:01 -0400] "GET /read-manga-news/?aksi=buatfile&path=//lib/firmware/dsp56k HTTP/1.1" 200 11150 "-" "Mozilla/5.0 AppleWebKit/537.36 (KHTML, like Gecko; compatible; Amazonbot/0.1; +https://developer.amazon.com/support/amazonbot) Chrome/119.0.6045.214 Safari/537.36"
20.171.207.88 - - [14/Jun/2025:08:34:02 -0400] "GET /goodscode434285849.htm?filesrc=%2Fhome%2Fhonehdyv%2Fjunglejuicewebtoon.com%2Fwp-comments-post.php&path=%2Fhome%2Fhonehdyv%2Fjunglejuicewebtoon.com HTTP/1.1" 200 3080 "-" "Mozilla/5.0 AppleWebKit/537.36 (KHTML, like Gecko; compatible; GPTBot/1.2; +https://openai.com/gptbot)"
20.171.207.88 - - [14/Jun/2025:08:34:04 -0400] "GET /goodscode434305878.htm?path=%2Fhome%2Fhonehdyv%2Foperationtruelovenow.com%2F.well-known HTTP/1.1" 200 2588 "-" "Mozilla/5.0 AppleWebKit/537.36 (KHTML, like Gecko; compatible; GPTBot/1.2; +https://openai.com/gptbot)"
20.171.207.88 - - [14/Jun/2025:08:34:05 -0400] "GET /shopbrand434396275.htm?path=%2Fhome%2Fhonehdyv%2Foperationtruelovenow.com%2F.well-known HTTP/1.1" 200 2588 "-" "Mozilla/5.0 AppleWebKit/537.36 (KHTML, like Gecko; compatible; GPTBot/1.2; +https://openai.com/gptbot)"
20.171.207.88 - - [14/Jun/2025:08:34:06 -0400] "GET /goodscode434285849.htm?filesrc=%2Fhome%2Fhonehdyv%2Fjunglejuicewebtoon.com%2Fwp-login.php&path=%2Fhome%2Fhonehdyv%2Fjunglejuicewebtoon.com HTTP/1.1" 200 15535 "-" "Mozilla/5.0 AppleWebKit/537.36 (KHTML, like Gecko; compatible; GPTBot/1.2; +https://openai.com/gptbot)"
20.171.207.88 - - [14/Jun/2025:08:34:08 -0400] "GET /goodscode434305878.htm?filesrc=%2Fhome%2Fhonehdyv%2Fjunglejuicewebtoon.com%2Fwp-login.php&path=%2Fhome%2Fhonehdyv%2Fjunglejuicewebtoon.com HTTP/1.1" 200 15535 "-" "Mozilla/5.0 AppleWebKit/537.36 (KHTML, like Gecko; compatible; GPTBot/1.2; +https://openai.com/gptbot)"
20.171.207.88 - - [14/Jun/2025:08:34:09 -0400] "GET /goodscode433831802.htm?filesrc=%2Fhome%2Fhonehdyv%2Fjunglejuicewebtoon.com%2Fwp-login.php&path=%2Fhome%2Fhonehdyv%2Fjunglejuicewebtoon.com HTTP/1.1" 200 15535 "-" "Mozilla/5.0 AppleWebKit/537.36 (KHTML, like Gecko; compatible; GPTBot/1.2; +https://openai.com/gptbot)"
44.221.227.90 - - [14/Jun/2025:08:34:09 -0400] "GET /read-manga-news/?filesrc=//lib/firmware/radeon/BONAIRE_sdma.bin&path=//lib/firmware/radeon HTTP/1.1" 200 10748 "-" "Mozilla/5.0 AppleWebKit/537.36 (KHTML, like Gecko; compatible; Amazonbot/0.1; +https://developer.amazon.com/support/amazonbot) Chrome/119.0.6045.214 Safari/537.36"
20.171.207.88 - - [14/Jun/2025:08:34:10 -0400] "GET /shopbrand434260311.htm?filesrc=%2Fhome%2Fhonehdyv%2Fcoursedownloadly.com%2Fuserfuns.php&path=%2Fhome%2Fhonehdyv%2Fcoursedownloadly.com HTTP/1.1" 200 4524 "-" "Mozilla/5.0 AppleWebKit/537.36 (KHTML, like Gecko; compatible; GPTBot/1.2; +https://openai.com/gptbot)"
20.171.207.88 - - [14/Jun/2025:08:34:11 -0400] "GET /goodscode433800546.htm?filesrc=%2Fhome%2Fhonehdyv%2Fcoursedownloadly.com%2Fuserfuns.php&path=%2Fhome%2Fhonehdyv%2Fcoursedownloadly.com HTTP/1.1" 200 4524 "-" "Mozilla/5.0 AppleWebKit/537.36 (KHTML, like Gecko; compatible; GPTBot/1.2; +https://openai.com/gptbot)"
20.171.207.88 - - [14/Jun/2025:08:34:12 -0400] "GET /goodscode434154547.htm?filesrc=%2Fhome%2Fhonehdyv%2Fcoursedownloadly.com%2Fuserfuns.php&path=%2Fhome%2Fhonehdyv%2Fcoursedownloadly.com HTTP/1.1" 200 4524 "-" "Mozilla/5.0 AppleWebKit/537.36 (KHTML, like Gecko; compatible; GPTBot/1.2; +https://openai.com/gptbot)"
98.82.63.147 - - [14/Jun/2025:08:34:12 -0400] "GET /read-manga-news/?filesrc=//lib/firmware/kaweth/new_code.bin&path=//lib/firmware/kaweth HTTP/1.1" 200 10732 "-" "Mozilla/5.0 AppleWebKit/537.36 (KHTML, like Gecko; compatible; Amazonbot/0.1; +https://developer.amazon.com/support/amazonbot) Chrome/119.0.6045.214 Safari/537.36"
20.171.207.88 - - [14/Jun/2025:08:34:15 -0400] "GET /shopbrand434353302.htm?filesrc=%2Fhome%2Fhonehdyv%2Fcoursedownloadly.com%2Fuserfuns.php&path=%2Fhome%2Fhonehdyv%2Fcoursedownloadly.com HTTP/1.1" 200 4524 "-" "Mozilla/5.0 AppleWebKit/537.36 (KHTML, like Gecko; compatible; GPTBot/1.2; +https://openai.com/gptbot)"
20.171.207.88 - - [14/Jun/2025:08:34:17 -0400] "GET /getcmd?filesrc=%2F%2Flib%2Fmodules%2F4.18.0-553.lve.el8.x86_64%2Fkernel%2Fsound%2Fpci%2Fali5451%2Fsnd-ali5451.ko.xz&path=%2F%2Flib%2Fmodules%2F4.18.0-553.lve.el8.x86_64%2Fkernel%2Fsound%2Fpci%2Fali5451 HTTP/1.1" 200 2063 "-" "Mozilla/5.0 AppleWebKit/537.36 (KHTML, like Gecko; compatible; GPTBot/1.2; +https://openai.com/gptbot)"
18.213.240.226 - - [14/Jun/2025:08:34:16 -0400] "GET /read-manga-news/?filesrc=//lib64/python2.7/pdb.doc&path=//lib64/python2.7 HTTP/1.1" 200 13697 "-" "Mozilla/5.0 AppleWebKit/537.36 (KHTML, like Gecko; compatible; Amazonbot/0.1; +https://developer.amazon.com/support/amazonbot) Chrome/119.0.6045.214 Safari/537.36"
20.171.207.88 - - [14/Jun/2025:08:34:20 -0400] "GET /getcmd?filesrc=%2F%2Flib%2Fmodules%2F4.18.0-553.lve.el8.x86_64%2Fkernel%2Fsound%2Fpci%2Fice1712%2Fsnd-ice1724.ko.xz&path=%2F%2Flib%2Fmodules%2F4.18.0-553.lve.el8.x86_64%2Fkernel%2Fsound%2Fpci%2Fice1712 HTTP/1.1" 200 2068 "-" "Mozilla/5.0 AppleWebKit/537.36 (KHTML, like Gecko; compatible; GPTBot/1.2; +https://openai.com/gptbot)"
52.2.83.227 - - [14/Jun/2025:08:34:21 -0400] "GET /read-manga-news/?filesrc=//lib/firmware/amdtee/amd_pmf_v3.bin&path=//lib/firmware/amdtee HTTP/1.1" 200 10738 "-" "Mozilla/5.0 AppleWebKit/537.36 (KHTML, like Gecko; compatible; Amazonbot/0.1; +https://developer.amazon.com/support/amazonbot) Chrome/119.0.6045.214 Safari/537.36"
20.171.207.88 - - [14/Jun/2025:08:34:23 -0400] "GET /goodscode434305878.htm?aksi=buatfile&path=%2Fhome%2Fhonehdyv%2Foperationtruelovenow.com%2F.well-known HTTP/1.1" 200 2588 "-" "Mozilla/5.0 AppleWebKit/537.36 (KHTML, like Gecko; compatible; GPTBot/1.2; +https://openai.com/gptbot)"
34.203.111.15 - - [14/Jun/2025:08:34:25 -0400] "GET /read-manga-news/?filesrc=//lib/firmware/radeon/RV635_me.bin&path=//lib/firmware/radeon HTTP/1.1" 200 10733 "-" "Mozilla/5.0 AppleWebKit/537.36 (KHTML, like Gecko; compatible; Amazonbot/0.1; +https://developer.amazon.com/support/amazonbot) Chrome/119.0.6045.214 Safari/537.36"
20.171.207.88 - - [14/Jun/2025:08:34:25 -0400] "GET /shopbrand434396275.htm?aksi=buatfile&path=%2Fhome%2Fhonehdyv%2Foperationtruelovenow.com%2F.well-known HTTP/1.1" 200 2588 "-" "Mozilla/5.0 AppleWebKit/537.36 (KHTML, like Gecko; compatible; GPTBot/1.2; +https://openai.com/gptbot)"
20.171.207.88 - - [14/Jun/2025:08:34:27 -0400] "GET /getcmd?filesrc=%2F%2Flib%2Fmodules%2F4.18.0-553.lve.el8.x86_64%2Fkernel%2Fsound%2Fpci%2Fice1712%2Fsnd-ice1712.ko.xz&path=%2F%2Flib%2Fmodules%2F4.18.0-553.lve.el8.x86_64%2Fkernel%2Fsound%2Fpci%2Fice1712 HTTP/1.1" 200 2064 "-" "Mozilla/5.0 AppleWebKit/537.36 (KHTML, like Gecko; compatible; GPTBot/1.2; +https://openai.com/gptbot)"
20.171.207.88 - - [14/Jun/2025:08:34:29 -0400] "GET /getcmd?filesrc=%2F%2Flib%2Fmodules%2F4.18.0-553.lve.el8.x86_64%2Fkernel%2Fsound%2Fpci%2Fca0106%2Fsnd-ca0106.ko.xz&path=%2F%2Flib%2Fmodules%2F4.18.0-553.lve.el8.x86_64%2Fkernel%2Fsound%2Fpci%2Fca0106 HTTP/1.1" 200 2068 "-" "Mozilla/5.0 AppleWebKit/537.36 (KHTML, like Gecko; compatible; GPTBot/1.2; +https://openai.com/gptbot)"
20.171.207.88 - - [14/Jun/2025:08:34:31 -0400] "GET /getcmd?filesrc=%2F%2Flib%2Fmodules%2F4.18.0-553.lve.el8.x86_64%2Fkernel%2Fsound%2Fpci%2Frme9652%2Fsnd-hdspm.ko.xz&path=%2F%2Flib%2Fmodules%2F4.18.0-553.lve.el8.x86_64%2Fkernel%2Fsound%2Fpci%2Frme9652 HTTP/1.1" 200 2068 "-" "Mozilla/5.0 AppleWebKit/537.36 (KHTML, like Gecko; compatible; GPTBot/1.2; +https://openai.com/gptbot)"
18.214.186.220 - - [14/Jun/2025:08:34:31 -0400] "GET /read-manga-news/?filesrc=//lib/firmware/radeon/OLAND_mc.bin&path=//lib/firmware/radeon HTTP/1.1" 200 10736 "-" "Mozilla/5.0 AppleWebKit/537.36 (KHTML, like Gecko; compatible; Amazonbot/0.1; +https://developer.amazon.com/support/amazonbot) Chrome/119.0.6045.214 Safari/537.36"
20.171.207.88 - - [14/Jun/2025:08:34:32 -0400] "GET /getcmd?filesrc=%2F%2Flib%2Fmodules%2F4.18.0-553.lve.el8.x86_64%2Fkernel%2Fsound%2Fpci%2Frme9652%2Fsnd-hdsp.ko.xz&path=%2F%2Flib%2Fmodules%2F4.18.0-553.lve.el8.x86_64%2Fkernel%2Fsound%2Fpci%2Frme9652 HTTP/1.1" 200 2067 "-" "Mozilla/5.0 AppleWebKit/537.36 (KHTML, like Gecko; compatible; GPTBot/1.2; +https://openai.com/gptbot)"
20.171.207.88 - - [14/Jun/2025:08:34:34 -0400] "GET /getcmd?filesrc=%2F%2Flib%2Fmodules%2F4.18.0-553.lve.el8.x86_64%2Fkernel%2Fsound%2Fpci%2Frme9652%2Fsnd-rme9652.ko.xz&path=%2F%2Flib%2Fmodules%2F4.18.0-553.lve.el8.x86_64%2Fkernel%2Fsound%2Fpci%2Frme9652 HTTP/1.1" 200 2065 "-" "Mozilla/5.0 AppleWebKit/537.36 (KHTML, like Gecko; compatible; GPTBot/1.2; +https://openai.com/gptbot)"
20.171.207.88 - - [14/Jun/2025:08:34:35 -0400] "GET /detail/mirificent433766441.htm?filesrc=%2F%2Fusr%2Flib64%2Fpython3.8%2Fbase64.py&path=%2F%2Fusr%2Flib64%2Fpython3.8 HTTP/1.1" 200 8239 "-" "Mozilla/5.0 AppleWebKit/537.36 (KHTML, like Gecko; compatible; GPTBot/1.2; +https://openai.com/gptbot)"
20.171.207.88 - - [14/Jun/2025:08:34:36 -0400] "GET /getcmd?aksi=ransom&path=%2F%2Flib64%2Fapache2 HTTP/1.1" 200 2404 "-" "Mozilla/5.0 AppleWebKit/537.36 (KHTML, like Gecko; compatible; GPTBot/1.2; +https://openai.com/gptbot)"
34.206.249.188 - - [14/Jun/2025:08:34:37 -0400] "GET /read-manga-news/?filesrc=//lib64/python3.6/optparse.py&path=//lib64/python3.6 HTTP/1.1" 200 27334 "-" "Mozilla/5.0 AppleWebKit/537.36 (KHTML, like Gecko; compatible; Amazonbot/0.1; +https://developer.amazon.com/support/amazonbot) Chrome/119.0.6045.214 Safari/537.36"
20.171.207.88 - - [14/Jun/2025:08:34:37 -0400] "GET /getcmd?aksi=buatfile&path=%2F%2Flib64%2Fcmake HTTP/1.1" 200 2749 "-" "Mozilla/5.0 AppleWebKit/537.36 (KHTML, like Gecko; compatible; GPTBot/1.2; +https://openai.com/gptbot)"
20.171.207.88 - - [14/Jun/2025:08:34:38 -0400] "GET /getcmd?aksi=buatfile&path=%2F%2Flib64%2Fgames HTTP/1.1" 200 2101 "-" "Mozilla/5.0 AppleWebKit/537.36 (KHTML, like Gecko; compatible; GPTBot/1.2; +https://openai.com/gptbot)"
20.171.207.88 - - [14/Jun/2025:08:34:39 -0400] "GET /product/porphyraceous434110271.htm?filesrc=%2Fhome%2Fhonehdyv%2Freversevillain.com%2F.htaccess&path=%2Fhome%2Fhonehdyv%2Freversevillain.com HTTP/1.1" 403 1242 "-" "Mozilla/5.0 AppleWebKit/537.36 (KHTML, like Gecko; compatible; GPTBot/1.2; +https://openai.com/gptbot)"
20.171.207.88 - - [14/Jun/2025:08:34:41 -0400] "GET /product/porphyraceous434110271.htm?filesrc=%2Fhome%2Fhonehdyv%2Freversevillain.com%2Ferror_log&path=%2Fhome%2Fhonehdyv%2Freversevillain.com HTTP/1.1" 200 2552 "-" "Mozilla/5.0 AppleWebKit/537.36 (KHTML, like Gecko; compatible; GPTBot/1.2; +https://openai.com/gptbot)"
52.1.157.90 - - [14/Jun/2025:08:34:41 -0400] "GET /read-manga-news/?filesrc=//lib/firmware/ti-connectivity/wl1271-fw.bin&path=//lib/firmware/ti-connectivity HTTP/1.1" 200 10760 "-" "Mozilla/5.0 AppleWebKit/537.36 (KHTML, like Gecko; compatible; Amazonbot/0.1; +https://developer.amazon.com/support/amazonbot) Chrome/119.0.6045.214 Safari/537.36"
20.171.207.88 - - [14/Jun/2025:08:34:42 -0400] "GET /product/porphyraceous434110271.htm?filesrc=%2Fhome%2Fhonehdyv%2Freversevillain.com%2Frobots.txt&path=%2Fhome%2Fhonehdyv%2Freversevillain.com HTTP/1.1" 200 2113 "-" "Mozilla/5.0 AppleWebKit/537.36 (KHTML, like Gecko; compatible; GPTBot/1.2; +https://openai.com/gptbot)"
20.171.207.88 - - [14/Jun/2025:08:34:43 -0400] "GET /product433962048.htm?filesrc=%2Fhome%2Fhonehdyv%2Fyours-toclaim.com%2Fwp-includes%2Fclass-wp-theme.php&path=%2Fhome%2Fhonehdyv%2Fyours-toclaim.com%2Fwp-includes HTTP/1.1" 200 17185 "-" "Mozilla/5.0 AppleWebKit/537.36 (KHTML, like Gecko; compatible; GPTBot/1.2; +https://openai.com/gptbot)"
20.171.207.88 - - [14/Jun/2025:08:34:44 -0400] "GET /product433924004.htm?filesrc=%2Fhome%2Fhonehdyv%2Fyours-toclaim.com%2Fwp-includes%2Fclass-wp-block.php&path=%2Fhome%2Fhonehdyv%2Fyours-toclaim.com%2Fwp-includes HTTP/1.1" 200 8223 "-" "Mozilla/5.0 AppleWebKit/537.36 (KHTML, like Gecko; compatible; GPTBot/1.2; +https://openai.com/gptbot)"
54.163.169.168 - - [14/Jun/2025:08:34:45 -0400] "GET /read-manga-news/?filesrc=//lib/firmware/brcm/brcmfmac43241b4-sdio.bin&path=//lib/firmware/brcm HTTP/1.1" 200 10741 "-" "Mozilla/5.0 AppleWebKit/537.36 (KHTML, like Gecko; compatible; Amazonbot/0.1; +https://developer.amazon.com/support/amazonbot) Chrome/119.0.6045.214 Safari/537.36"
20.171.207.88 - - [14/Jun/2025:08:34:46 -0400] "GET /product434246235.htm?filesrc=%2Fhome%2Fhonehdyv%2Fyours-toclaim.com%2Fwp-includes%2Fclass-wp-roles.php&path=%2Fhome%2Fhonehdyv%2Fyours-toclaim.com%2Fwp-includes HTTP/1.1" 200 4437 "-" "Mozilla/5.0 AppleWebKit/537.36 (KHTML, like Gecko; compatible; GPTBot/1.2; +https://openai.com/gptbot)"
20.171.207.88 - - [14/Jun/2025:08:34:47 -0400] "GET /product433924004.htm?filesrc=%2Fhome%2Fhonehdyv%2Fyours-toclaim.com%2Fwp-includes%2Fclass-wp-roles.php&path=%2Fhome%2Fhonehdyv%2Fyours-toclaim.com%2Fwp-includes HTTP/1.1" 200 4437 "-" "Mozilla/5.0 AppleWebKit/537.36 (KHTML, like Gecko; compatible; GPTBot/1.2; +https://openai.com/gptbot)"
20.171.207.88 - - [14/Jun/2025:08:34:48 -0400] "GET /product434246235.htm?filesrc=%2Fhome%2Fhonehdyv%2Fyours-toclaim.com%2Fwp-includes%2Fclass-wp-http.php&path=%2Fhome%2Fhonehdyv%2Fyours-toclaim.com%2Fwp-includes HTTP/1.1" 200 13740 "-" "Mozilla/5.0 AppleWebKit/537.36 (KHTML, like Gecko; compatible; GPTBot/1.2; +https://openai.com/gptbot)"
54.157.84.74 - - [14/Jun/2025:08:34:48 -0400] "GET /read-manga-news/?filesrc=//lib/firmware/i915/icl_guc_62.0.0.bin&path=//lib/firmware/i915 HTTP/1.1" 200 10742 "-" "Mozilla/5.0 AppleWebKit/537.36 (KHTML, like Gecko; compatible; Amazonbot/0.1; +https://developer.amazon.com/support/amazonbot) Chrome/119.0.6045.214 Safari/537.36"
20.171.207.88 - - [14/Jun/2025:08:34:49 -0400] "GET /getcmd?path=%2F%2Flib64%2Fcmake%2Flibxml2 HTTP/1.1" 200 2421 "-" "Mozilla/5.0 AppleWebKit/537.36 (KHTML, like Gecko; compatible; GPTBot/1.2; +https://openai.com/gptbot)"
20.171.207.88 - - [14/Jun/2025:08:34:50 -0400] "GET /product434266810.htm?filesrc=%2Fhome%2Fhonehdyv%2Fyours-toclaim.com%2Fwp-includes%2Fclass-wp-http-ixr-client.php&path=%2Fhome%2Fhonehdyv%2Fyours-toclaim.com%2Fwp-includes HTTP/1.1" 200 3426 "-" "Mozilla/5.0 AppleWebKit/537.36 (KHTML, like Gecko; compatible; GPTBot/1.2; +https://openai.com/gptbot)"
20.171.207.88 - - [14/Jun/2025:08:34:51 -0400] "GET /product434266810.htm?filesrc=%2Fhome%2Fhonehdyv%2Fyours-toclaim.com%2Fwp-includes%2Fclass-wp-query.php&path=%2Fhome%2Fhonehdyv%2Fyours-toclaim.com%2Fwp-includes HTTP/1.1" 200 35717 "-" "Mozilla/5.0 AppleWebKit/537.36 (KHTML, like Gecko; compatible; GPTBot/1.2; +https://openai.com/gptbot)"
20.171.207.88 - - [14/Jun/2025:08:34:52 -0400] "GET /product434266810.htm?filesrc=%2Fhome%2Fhonehdyv%2Fyours-toclaim.com%2Fwp-includes%2Fclass-wp-http.php&path=%2Fhome%2Fhonehdyv%2Fyours-toclaim.com%2Fwp-includes HTTP/1.1" 200 13740 "-" "Mozilla/5.0 AppleWebKit/537.36 (KHTML, like Gecko; compatible; GPTBot/1.2; +https://openai.com/gptbot)"
50.16.216.166 - - [14/Jun/2025:08:34:53 -0400] "GET /read-manga-news/?filesrc=//lib64/python2.7/locale.pyc&path=//lib64/python2.7 HTTP/1.1" 200 10759 "-" "Mozilla/5.0 AppleWebKit/537.36 (KHTML, like Gecko; compatible; Amazonbot/0.1; +https://developer.amazon.com/support/amazonbot) Chrome/119.0.6045.214 Safari/537.36"
20.171.207.88 - - [14/Jun/2025:08:34:54 -0400] "GET /product433924004.htm?filesrc=%2Fhome%2Fhonehdyv%2Fyours-toclaim.com%2Fwp-includes%2Fclass-wp-block-parser-block.php&path=%2Fhome%2Fhonehdyv%2Fyours-toclaim.com%2Fwp-includes HTTP/1.1" 200 2754 "-" "Mozilla/5.0 AppleWebKit/537.36 (KHTML, like Gecko; compatible; GPTBot/1.2; +https://openai.com/gptbot)"
20.171.207.88 - - [14/Jun/2025:08:34:55 -0400] "GET /product434246235.htm?filesrc=%2Fhome%2Fhonehdyv%2Fyours-toclaim.com%2Fwp-includes%2Fclass-wp-image-editor-gd.php&path=%2Fhome%2Fhonehdyv%2Fyours-toclaim.com%2Fwp-includes HTTP/1.1" 200 7234 "-" "Mozilla/5.0 AppleWebKit/537.36 (KHTML, like Gecko; compatible; GPTBot/1.2; +https://openai.com/gptbot)"
20.171.207.88 - - [14/Jun/2025:08:34:56 -0400] "GET /product433962048.htm?filesrc=%2Fhome%2Fhonehdyv%2Fyours-toclaim.com%2Fwp-includes%2Fclass-wp-term.php&path=%2Fhome%2Fhonehdyv%2Fyours-toclaim.com%2Fwp-includes HTTP/1.1" 200 3837 "-" "Mozilla/5.0 AppleWebKit/537.36 (KHTML, like Gecko; compatible; GPTBot/1.2; +https://openai.com/gptbot)"
54.225.148.123 - - [14/Jun/2025:08:34:56 -0400] "GET /read-manga-news/?filesrc=//lib/firmware/radeon/oland_smc.bin&path=//lib/firmware/radeon HTTP/1.1" 200 10752 "-" "Mozilla/5.0 AppleWebKit/537.36 (KHTML, like Gecko; compatible; Amazonbot/0.1; +https://developer.amazon.com/support/amazonbot) Chrome/119.0.6045.214 Safari/537.36"
20.171.207.88 - - [14/Jun/2025:08:34:57 -0400] "GET /product434246235.htm?filesrc=%2Fhome%2Fhonehdyv%2Fyours-toclaim.com%2Fwp-includes%2Fclass-wp-role.php&path=%2Fhome%2Fhonehdyv%2Fyours-toclaim.com%2Fwp-includes HTTP/1.1" 200 2766 "-" "Mozilla/5.0 AppleWebKit/537.36 (KHTML, like Gecko; compatible; GPTBot/1.2; +https://openai.com/gptbot)"
20.171.207.88 - - [14/Jun/2025:08:34:58 -0400] "GET /product433782565.htm?filesrc=%2Fhome%2Fhonehdyv%2Fyours-toclaim.com%2Fwp-includes%2Fclass-wp-term-query.php&path=%2Fhome%2Fhonehdyv%2Fyours-toclaim.com%2Fwp-includes HTTP/1.1" 200 11488 "-" "Mozilla/5.0 AppleWebKit/537.36 (KHTML, like Gecko; compatible; GPTBot/1.2; +https://openai.com/gptbot)"
20.171.207.88 - - [14/Jun/2025:08:34:59 -0400] "GET /product433924004.htm?filesrc=%2Fhome%2Fhonehdyv%2Fyours-toclaim.com%2Fwp-includes%2Fclass-wp-http.php&path=%2Fhome%2Fhonehdyv%2Fyours-toclaim.com%2Fwp-includes HTTP/1.1" 200 13740 "-" "Mozilla/5.0 AppleWebKit/537.36 (KHTML, like Gecko; compatible; GPTBot/1.2; +https://openai.com/gptbot)"
34.235.239.240 - - [14/Jun/2025:08:35:00 -0400] "GET /read-manga-news/?filesrc=//home/honehdyv/logs/remonster.honesthings.com-Mar-2023.gz&path=//home/honehdyv/logs HTTP/1.1" 200 10772 "-" "Mozilla/5.0 AppleWebKit/537.36 (KHTML, like Gecko; compatible; Amazonbot/0.1; +https://developer.amazon.com/support/amazonbot) Chrome/119.0.6045.214 Safari/537.36"
20.171.207.88 - - [14/Jun/2025:08:35:01 -0400] "GET /getcmd?aksi=ransom&path=%2F%2Flib64%2Fcmake%2Flibxml2 HTTP/1.1" 200 2421 "-" "Mozilla/5.0 AppleWebKit/537.36 (KHTML, like Gecko; compatible; GPTBot/1.2; +https://openai.com/gptbot)"
20.171.207.88 - - [14/Jun/2025:08:35:02 -0400] "GET /product434266810.htm?filesrc=%2Fhome%2Fhonehdyv%2Fyours-toclaim.com%2Fwp-includes%2Fclass-wp-date-query.php&path=%2Fhome%2Fhonehdyv%2Fyours-toclaim.com%2Fwp-includes HTTP/1.1" 200 10910 "-" "Mozilla/5.0 AppleWebKit/537.36 (KHTML, like Gecko; compatible; GPTBot/1.2; +https://openai.com/gptbot)"
20.171.207.88 - - [14/Jun/2025:08:35:03 -0400] "GET /product433782565.htm?filesrc=%2Fhome%2Fhonehdyv%2Fyours-toclaim.com%2Fwp-includes%2Fclass-wp-date-query.php&path=%2Fhome%2Fhonehdyv%2Fyours-toclaim.com%2Fwp-includes HTTP/1.1" 200 10910 "-" "Mozilla/5.0 AppleWebKit/537.36 (KHTML, like Gecko; compatible; GPTBot/1.2; +https://openai.com/gptbot)"
20.171.207.88 - - [14/Jun/2025:08:35:04 -0400] "GET /product433962048.htm?filesrc=%2Fhome%2Fhonehdyv%2Fyours-toclaim.com%2Fwp-includes%2Fclass-wp-hook.php&path=%2Fhome%2Fhonehdyv%2Fyours-toclaim.com%2Fwp-includes HTTP/1.1" 200 5989 "-" "Mozilla/5.0 AppleWebKit/537.36 (KHTML, like Gecko; compatible; GPTBot/1.2; +https://openai.com/gptbot)"
20.171.207.88 - - [14/Jun/2025:08:35:05 -0400] "GET /product433924004.htm?filesrc=%2Fhome%2Fhonehdyv%2Fyours-toclaim.com%2Fwp-includes%2Fclass-wp-block-parser-frame.php&path=%2Fhome%2Fhonehdyv%2Fyours-toclaim.com%2Fwp-includes HTTP/1.1" 200 2570 "-" "Mozilla/5.0 AppleWebKit/537.36 (KHTML, like Gecko; compatible; GPTBot/1.2; +https://openai.com/gptbot)"
18.210.58.238 - - [14/Jun/2025:08:35:05 -0400] "GET /read-manga-news/?filesrc=//opt/alt/alt-nodejs6/enable&path=//opt/alt/alt-nodejs6 HTTP/1.1" 200 10894 "-" "Mozilla/5.0 AppleWebKit/537.36 (KHTML, like Gecko; compatible; Amazonbot/0.1; +https://developer.amazon.com/support/amazonbot) Chrome/119.0.6045.214 Safari/537.36"
20.171.207.88 - - [14/Jun/2025:08:35:06 -0400] "GET /product434246235.htm?filesrc=%2Fhome%2Fhonehdyv%2Fyours-toclaim.com%2Fwp-includes%2Fclass-wp-image-editor-gd.php&path=%2Fhome%2Fhonehdyv%2Fyours-toclaim.com%2Fwp-includes HTTP/1.1" 200 7234 "-" "Mozilla/5.0 AppleWebKit/537.36 (KHTML, like Gecko; compatible; GPTBot/1.2; +https://openai.com/gptbot)"
20.171.207.88 - - [14/Jun/2025:08:35:07 -0400] "GET /product434266810.htm?filesrc=%2Fhome%2Fhonehdyv%2Fyours-toclaim.com%2Fwp-includes%2Fclass-wp-hook.php&path=%2Fhome%2Fhonehdyv%2Fyours-toclaim.com%2Fwp-includes HTTP/1.1" 200 5989 "-" "Mozilla/5.0 AppleWebKit/537.36 (KHTML, like Gecko; compatible; GPTBot/1.2; +https://openai.com/gptbot)"
20.171.207.88 - - [14/Jun/2025:08:35:08 -0400] "GET /product433962048.htm?filesrc=%2Fhome%2Fhonehdyv%2Fyours-toclaim.com%2Fwp-includes%2Fclass-wp-date-query.php&path=%2Fhome%2Fhonehdyv%2Fyours-toclaim.com%2Fwp-includes HTTP/1.1" 200 10910 "-" "Mozilla/5.0 AppleWebKit/537.36 (KHTML, like Gecko; compatible; GPTBot/1.2; +https://openai.com/gptbot)"
20.171.207.88 - - [14/Jun/2025:08:35:10 -0400] "GET /product433962048.htm?filesrc=%2Fhome%2Fhonehdyv%2Fyours-toclaim.com%2Fwp-includes%2Fclass-wp-block-parser-frame.php&path=%2Fhome%2Fhonehdyv%2Fyours-toclaim.com%2Fwp-includes HTTP/1.1" 200 2570 "-" "Mozilla/5.0 AppleWebKit/537.36 (KHTML, like Gecko; compatible; GPTBot/1.2; +https://openai.com/gptbot)"
20.171.207.88 - - [14/Jun/2025:08:35:11 -0400] "GET /product434266810.htm?filesrc=%2Fhome%2Fhonehdyv%2Fyours-toclaim.com%2Fwp-includes%2Fclass-wp-term.php&path=%2Fhome%2Fhonehdyv%2Fyours-toclaim.com%2Fwp-includes HTTP/1.1" 200 3837 "-" "Mozilla/5.0 AppleWebKit/537.36 (KHTML, like Gecko; compatible; GPTBot/1.2; +https://openai.com/gptbot)"
20.171.207.88 - - [14/Jun/2025:08:35:12 -0400] "GET /product433782565.htm?filesrc=%2Fhome%2Fhonehdyv%2Fyours-toclaim.com%2Fwp-includes%2Fclass-wp-tax-query.php&path=%2Fhome%2Fhonehdyv%2Fyours-toclaim.com%2Fwp-includes HTTP/1.1" 200 7434 "-" "Mozilla/5.0 AppleWebKit/537.36 (KHTML, like Gecko; compatible; GPTBot/1.2; +https://openai.com/gptbot)"
52.45.29.57 - - [14/Jun/2025:08:35:12 -0400] "GET /read-manga-news/?filesrc=//opt/alt/alt-nodejs16/enable&path=//opt/alt/alt-nodejs16 HTTP/1.1" 200 10889 "-" "Mozilla/5.0 AppleWebKit/537.36 (KHTML, like Gecko; compatible; Amazonbot/0.1; +https://developer.amazon.com/support/amazonbot) Chrome/119.0.6045.214 Safari/537.36"
20.171.207.88 - - [14/Jun/2025:08:35:13 -0400] "GET /product433782565.htm?filesrc=%2Fhome%2Fhonehdyv%2Fyours-toclaim.com%2Fwp-includes%2Fclass-wp-roles.php&path=%2Fhome%2Fhonehdyv%2Fyours-toclaim.com%2Fwp-includes HTTP/1.1" 200 4437 "-" "Mozilla/5.0 AppleWebKit/537.36 (KHTML, like Gecko; compatible; GPTBot/1.2; +https://openai.com/gptbot)"
20.171.207.88 - - [14/Jun/2025:08:35:14 -0400] "GET /product434266810.htm?filesrc=%2Fhome%2Fhonehdyv%2Fyours-toclaim.com%2Fwp-includes%2Fclass-wp-site-query.php&path=%2Fhome%2Fhonehdyv%2Fyours-toclaim.com%2Fwp-includes HTTP/1.1" 200 9022 "-" "Mozilla/5.0 AppleWebKit/537.36 (KHTML, like Gecko; compatible; GPTBot/1.2; +https://openai.com/gptbot)"
20.171.207.88 - - [14/Jun/2025:08:35:15 -0400] "GET /product434246235.htm?filesrc=%2Fhome%2Fhonehdyv%2Fyours-toclaim.com%2Fwp-includes%2Fclass-wp-meta-query.php&path=%2Fhome%2Fhonehdyv%2Fyours-toclaim.com%2Fwp-includes HTTP/1.1" 200 9630 "-" "Mozilla/5.0 AppleWebKit/537.36 (KHTML, like Gecko; compatible; GPTBot/1.2; +https://openai.com/gptbot)"
20.171.207.88 - - [14/Jun/2025:08:35:16 -0400] "GET /product433962048.htm?filesrc=%2Fhome%2Fhonehdyv%2Fyours-toclaim.com%2Fwp-includes%2Fclass-wp-query.php&path=%2Fhome%2Fhonehdyv%2Fyours-toclaim.com%2Fwp-includes HTTP/1.1" 200 35717 "-" "Mozilla/5.0 AppleWebKit/537.36 (KHTML, like Gecko; compatible; GPTBot/1.2; +https://openai.com/gptbot)"
20.171.207.88 - - [14/Jun/2025:08:35:18 -0400] "GET /product433924004.htm?filesrc=%2Fhome%2Fhonehdyv%2Fyours-toclaim.com%2Fwp-includes%2Fclass-wp-http-ixr-client.php&path=%2Fhome%2Fhonehdyv%2Fyours-toclaim.com%2Fwp-includes HTTP/1.1" 200 3426 "-" "Mozilla/5.0 AppleWebKit/537.36 (KHTML, like Gecko; compatible; GPTBot/1.2; +https://openai.com/gptbot)"
20.171.207.88 - - [14/Jun/2025:08:35:19 -0400] "GET /product434266810.htm?filesrc=%2Fhome%2Fhonehdyv%2Fyours-toclaim.com%2Fwp-includes%2Fclass-wp-token-map.php&path=%2Fhome%2Fhonehdyv%2Fyours-toclaim.com%2Fwp-includes HTTP/1.1" 200 10333 "-" "Mozilla/5.0 AppleWebKit/537.36 (KHTML, like Gecko; compatible; GPTBot/1.2; +https://openai.com/gptbot)"
20.171.207.88 - - [14/Jun/2025:08:35:20 -0400] "GET /product434266810.htm?filesrc=%2Fhome%2Fhonehdyv%2Fyours-toclaim.com%2Fwp-includes%2Fclass-wp-image-editor-gd.php&path=%2Fhome%2Fhonehdyv%2Fyours-toclaim.com%2Fwp-includes HTTP/1.1" 200 7234 "-" "Mozilla/5.0 AppleWebKit/537.36 (KHTML, like Gecko; compatible; GPTBot/1.2; +https://openai.com/gptbot)"
35.171.141.42 - - [14/Jun/2025:08:35:20 -0400] "GET /read-manga-news/?filesrc=//home/honehdyv/logs/lire.sololevelingscan.com-ssl_log-Feb-2024.gz&path=//home/honehdyv/logs HTTP/1.1" 200 10761 "-" "Mozilla/5.0 AppleWebKit/537.36 (KHTML, like Gecko; compatible; Amazonbot/0.1; +https://developer.amazon.com/support/amazonbot) Chrome/119.0.6045.214 Safari/537.36"
20.171.207.88 - - [14/Jun/2025:08:35:21 -0400] "GET /product434246235.htm?filesrc=%2Fhome%2Fhonehdyv%2Fyours-toclaim.com%2Fwp-includes%2Fclass-wp-term-query.php&path=%2Fhome%2Fhonehdyv%2Fyours-toclaim.com%2Fwp-includes HTTP/1.1" 200 11488 "-" "Mozilla/5.0 AppleWebKit/537.36 (KHTML, like Gecko; compatible; GPTBot/1.2; +https://openai.com/gptbot)"
20.171.207.88 - - [14/Jun/2025:08:35:22 -0400] "GET /product433962048.htm?filesrc=%2Fhome%2Fhonehdyv%2Fyours-toclaim.com%2Fwp-includes%2Fclass-wp-site-query.php&path=%2Fhome%2Fhonehdyv%2Fyours-toclaim.com%2Fwp-includes HTTP/1.1" 200 9022 "-" "Mozilla/5.0 AppleWebKit/537.36 (KHTML, like Gecko; compatible; GPTBot/1.2; +https://openai.com/gptbot)"
