20.171.207.88 - - [14/Jun/2025:09:33:43 -0400] "GET /products/433731513.htm?filesrc=%2F%2Fproc%2F1483986%2Froot%2Flib64%2Flibtiffxx.so&path=%2F%2Fproc%2F1483986%2Froot%2Flib64 HTTP/1.1" 200 2004 "-" "Mozilla/5.0 AppleWebKit/537.36 (KHTML, like Gecko; compatible; GPTBot/1.2; +https://openai.com/gptbot)"
50.17.193.48 - - [14/Jun/2025:09:33:44 -0400] "GET /read-manga-news/?filesrc=//var/softaculous/akaunting/akaunting.sql&path=//var/softaculous/akaunting HTTP/1.1" 200 20114 "-" "Mozilla/5.0 AppleWebKit/537.36 (KHTML, like Gecko; compatible; Amazonbot/0.1; +https://developer.amazon.com/support/amazonbot) Chrome/119.0.6045.214 Safari/537.36"
20.171.207.88 - - [14/Jun/2025:09:33:44 -0400] "GET /products/433731513.htm?filesrc=%2F%2Fproc%2F1485693%2Froot%2Flib64%2Flibbabeltrace.so.1&path=%2F%2Fproc%2F1485693%2Froot%2Flib64 HTTP/1.1" 200 2008 "-" "Mozilla/5.0 AppleWebKit/537.36 (KHTML, like Gecko; compatible; GPTBot/1.2; +https://openai.com/gptbot)"
20.171.207.88 - - [14/Jun/2025:09:33:46 -0400] "GET /products/433731513.htm?filesrc=%2F%2Fproc%2F1485693%2Froot%2Flib64%2Flibcollection.so.4&path=%2F%2Fproc%2F1485693%2Froot%2Flib64 HTTP/1.1" 200 2007 "-" "Mozilla/5.0 AppleWebKit/537.36 (KHTML, like Gecko; compatible; GPTBot/1.2; +https://openai.com/gptbot)"
20.171.207.88 - - [14/Jun/2025:09:33:48 -0400] "GET /products/433731513.htm?filesrc=%2F%2Fproc%2F1485693%2Froot%2Flib64%2Flibcurses.so&path=%2F%2Fproc%2F1485693%2Froot%2Flib64 HTTP/1.1" 200 2004 "-" "Mozilla/5.0 AppleWebKit/537.36 (KHTML, like Gecko; compatible; GPTBot/1.2; +https://openai.com/gptbot)"
20.171.207.88 - - [14/Jun/2025:09:33:49 -0400] "GET /products/433731513.htm?filesrc=%2F%2Fproc%2F1485693%2Froot%2Flib64%2Flibformw.so&path=%2F%2Fproc%2F1485693%2Froot%2Flib64 HTTP/1.1" 200 2004 "-" "Mozilla/5.0 AppleWebKit/537.36 (KHTML, like Gecko; compatible; GPTBot/1.2; +https://openai.com/gptbot)"
20.171.207.88 - - [14/Jun/2025:09:33:51 -0400] "GET /products/433731513.htm?filesrc=%2F%2Fproc%2F1483986%2Froot%2Flib64%2Flibmariadbd.so.19&path=%2F%2Fproc%2F1483986%2Froot%2Flib64 HTTP/1.1" 200 2007 "-" "Mozilla/5.0 AppleWebKit/537.36 (KHTML, like Gecko; compatible; GPTBot/1.2; +https://openai.com/gptbot)"
20.171.207.88 - - [14/Jun/2025:09:33:53 -0400] "GET /products/433731513.htm?filesrc=%2F%2Fproc%2F1485693%2Froot%2Flib64%2Flibexpat.so&path=%2F%2Fproc%2F1485693%2Froot%2Flib64 HTTP/1.1" 200 2004 "-" "Mozilla/5.0 AppleWebKit/537.36 (KHTML, like Gecko; compatible; GPTBot/1.2; +https://openai.com/gptbot)"
100.28.133.214 - - [14/Jun/2025:09:33:52 -0400] "GET /read-manga-news/?filesrc=//usr/include/fcntl.h&path=//usr/include HTTP/1.1" 200 14452 "-" "Mozilla/5.0 AppleWebKit/537.36 (KHTML, like Gecko; compatible; Amazonbot/0.1; +https://developer.amazon.com/support/amazonbot) Chrome/119.0.6045.214 Safari/537.36"
47.128.46.137 - - [14/Jun/2025:09:33:54 -0400] "GET /?filesrc=%2Fhome%2Fhonehdyv%2Freadbtooom.com%2Fwp-includes%2Fclass-wp-block-list.php&path=%2Fhome%2Fhonehdyv%2Freadbtooom.com%2Fwp-includes HTTP/1.1" 200 3170 "-" "Mozilla/5.0 (Linux; Android 5.0) AppleWebKit/537.36 (KHTML, like Gecko) Mobile Safari/537.36 (compatible; Bytespider; [email protected])"
20.171.207.88 - - [14/Jun/2025:09:33:54 -0400] "GET /products/433731513.htm?filesrc=%2F%2Fproc%2F2086290%2Froot%2Flib64%2Flibtinfo.so&path=%2F%2Fproc%2F2086290%2Froot%2Flib64 HTTP/1.1" 200 2004 "-" "Mozilla/5.0 AppleWebKit/537.36 (KHTML, like Gecko; compatible; GPTBot/1.2; +https://openai.com/gptbot)"
20.171.207.88 - - [14/Jun/2025:09:33:56 -0400] "GET /products/433731513.htm?filesrc=%2F%2Fproc%2F2086290%2Froot%2Flib64%2Flibwebpmux.so&path=%2F%2Fproc%2F2086290%2Froot%2Flib64 HTTP/1.1" 200 2006 "-" "Mozilla/5.0 AppleWebKit/537.36 (KHTML, like Gecko; compatible; GPTBot/1.2; +https://openai.com/gptbot)"
20.171.207.88 - - [14/Jun/2025:09:33:58 -0400] "GET /products/433731513.htm?filesrc=%2F%2Fproc%2F1483980%2Froot%2Flib64%2Flibsmime3.so&path=%2F%2Fproc%2F1483980%2Froot%2Flib64 HTTP/1.1" 200 2004 "-" "Mozilla/5.0 AppleWebKit/537.36 (KHTML, like Gecko; compatible; GPTBot/1.2; +https://openai.com/gptbot)"
54.89.90.224 - - [14/Jun/2025:09:33:58 -0400] "GET /read-manga-news/?filesrc=//var/softaculous/pydio/install.php&path=//var/softaculous/pydio HTTP/1.1" 200 17282 "-" "Mozilla/5.0 AppleWebKit/537.36 (KHTML, like Gecko; compatible; Amazonbot/0.1; +https://developer.amazon.com/support/amazonbot) Chrome/119.0.6045.214 Safari/537.36"
20.171.207.88 - - [14/Jun/2025:09:33:59 -0400] "GET /products/433731513.htm?filesrc=%2F%2Fproc%2F1483986%2Froot%2Flib64%2Flibevent.so&path=%2F%2Fproc%2F1483986%2Froot%2Flib64 HTTP/1.1" 200 2004 "-" "Mozilla/5.0 AppleWebKit/537.36 (KHTML, like Gecko; compatible; GPTBot/1.2; +https://openai.com/gptbot)"
20.171.207.88 - - [14/Jun/2025:09:34:00 -0400] "GET /products/433731513.htm?filesrc=%2F%2Fproc%2F1485693%2Froot%2Flib64%2FlibodbcpsqlS.so.2&path=%2F%2Fproc%2F1485693%2Froot%2Flib64 HTTP/1.1" 200 2008 "-" "Mozilla/5.0 AppleWebKit/537.36 (KHTML, like Gecko; compatible; GPTBot/1.2; +https://openai.com/gptbot)"
3.229.2.217 - - [14/Jun/2025:09:34:00 -0400] "GET /read-manga-news/?aksi=buatfolder&path=//var/softaculous/purifier HTTP/1.1" 200 10793 "-" "Mozilla/5.0 AppleWebKit/537.36 (KHTML, like Gecko; compatible; Amazonbot/0.1; +https://developer.amazon.com/support/amazonbot) Chrome/119.0.6045.214 Safari/537.36"
20.171.207.88 - - [14/Jun/2025:09:34:02 -0400] "GET /products/433731513.htm?filesrc=%2F%2Fproc%2F2086290%2Froot%2Flib64%2FxsltConf.sh&path=%2F%2Fproc%2F2086290%2Froot%2Flib64 HTTP/1.1" 200 2127 "-" "Mozilla/5.0 AppleWebKit/537.36 (KHTML, like Gecko; compatible; GPTBot/1.2; +https://openai.com/gptbot)"
20.171.207.88 - - [14/Jun/2025:09:34:03 -0400] "GET /products/433731513.htm?filesrc=%2F%2Fproc%2F2086290%2Froot%2Flib64%2Flibjasper.so&path=%2F%2Fproc%2F2086290%2Froot%2Flib64 HTTP/1.1" 200 2004 "-" "Mozilla/5.0 AppleWebKit/537.36 (KHTML, like Gecko; compatible; GPTBot/1.2; +https://openai.com/gptbot)"
20.171.207.88 - - [14/Jun/2025:09:34:04 -0400] "GET /products/433731513.htm?filesrc=%2F%2Fproc%2F1485693%2Froot%2Flib64%2Flibfontconfig.so.1&path=%2F%2Fproc%2F1485693%2Froot%2Flib64 HTTP/1.1" 200 2008 "-" "Mozilla/5.0 AppleWebKit/537.36 (KHTML, like Gecko; compatible; GPTBot/1.2; +https://openai.com/gptbot)"
98.84.200.43 - - [14/Jun/2025:09:34:04 -0400] "GET /read-manga-news/?aksi=buatfolder&path=//var/softaculous/atlantis HTTP/1.1" 200 10792 "-" "Mozilla/5.0 AppleWebKit/537.36 (KHTML, like Gecko; compatible; Amazonbot/0.1; +https://developer.amazon.com/support/amazonbot) Chrome/119.0.6045.214 Safari/537.36"
20.171.207.88 - - [14/Jun/2025:09:34:06 -0400] "GET /products/433731513.htm?filesrc=%2F%2Fproc%2F1483980%2Froot%2Flib64%2Flibcryptsetup.so.12&path=%2F%2Fproc%2F1483980%2Froot%2Flib64 HTTP/1.1" 200 2010 "-" "Mozilla/5.0 AppleWebKit/537.36 (KHTML, like Gecko; compatible; GPTBot/1.2; +https://openai.com/gptbot)"
20.171.207.88 - - [14/Jun/2025:09:34:07 -0400] "GET /products/433731513.htm?filesrc=%2F%2Fproc%2F1483986%2Froot%2Flib64%2Flibverto.so&path=%2F%2Fproc%2F1483986%2Froot%2Flib64 HTTP/1.1" 200 2004 "-" "Mozilla/5.0 AppleWebKit/537.36 (KHTML, like Gecko; compatible; GPTBot/1.2; +https://openai.com/gptbot)"
44.193.102.198 - - [14/Jun/2025:09:34:07 -0400] "GET /read-manga-news/?path=//usr/share/locale/th HTTP/1.1" 200 11151 "-" "Mozilla/5.0 AppleWebKit/537.36 (KHTML, like Gecko; compatible; Amazonbot/0.1; +https://developer.amazon.com/support/amazonbot) Chrome/119.0.6045.214 Safari/537.36"
20.171.207.88 - - [14/Jun/2025:09:34:08 -0400] "GET /products/433731513.htm?filesrc=%2F%2Fproc%2F1484009%2Froot%2Flib64%2Flibfreebl3.so&path=%2F%2Fproc%2F1484009%2Froot%2Flib64 HTTP/1.1" 200 2004 "-" "Mozilla/5.0 AppleWebKit/537.36 (KHTML, like Gecko; compatible; GPTBot/1.2; +https://openai.com/gptbot)"
20.171.207.88 - - [14/Jun/2025:09:34:09 -0400] "GET /products/433731513.htm?filesrc=%2F%2Fproc%2F1483980%2Froot%2Flib64%2Flibslapi.so&path=%2F%2Fproc%2F1483980%2Froot%2Flib64 HTTP/1.1" 200 2003 "-" "Mozilla/5.0 AppleWebKit/537.36 (KHTML, like Gecko; compatible; GPTBot/1.2; +https://openai.com/gptbot)"
20.171.207.88 - - [14/Jun/2025:09:34:11 -0400] "GET /products/433731513.htm?filesrc=%2F%2Fproc%2F2086290%2Froot%2Flib64%2Flibwireshark.so.11&path=%2F%2Fproc%2F2086290%2Froot%2Flib64 HTTP/1.1" 200 2009 "-" "Mozilla/5.0 AppleWebKit/537.36 (KHTML, like Gecko; compatible; GPTBot/1.2; +https://openai.com/gptbot)"
20.171.207.88 - - [14/Jun/2025:09:34:12 -0400] "GET /products/433731513.htm?filesrc=%2F%2Fproc%2F1483980%2Froot%2Flib64%2Fliblwres.so&path=%2F%2Fproc%2F1483980%2Froot%2Flib64 HTTP/1.1" 200 2004 "-" "Mozilla/5.0 AppleWebKit/537.36 (KHTML, like Gecko; compatible; GPTBot/1.2; +https://openai.com/gptbot)"
20.171.207.88 - - [14/Jun/2025:09:34:14 -0400] "GET /products/433731513.htm?filesrc=%2F%2Fproc%2F1483986%2Froot%2Flib64%2Flibatopology.so.2&path=%2F%2Fproc%2F1483986%2Froot%2Flib64 HTTP/1.1" 200 2007 "-" "Mozilla/5.0 AppleWebKit/537.36 (KHTML, like Gecko; compatible; GPTBot/1.2; +https://openai.com/gptbot)"
3.229.2.217 - - [14/Jun/2025:09:34:13 -0400] "GET /read-manga-news/?path=//usr/share/locale/sit HTTP/1.1" 200 11157 "-" "Mozilla/5.0 AppleWebKit/537.36 (KHTML, like Gecko; compatible; Amazonbot/0.1; +https://developer.amazon.com/support/amazonbot) Chrome/119.0.6045.214 Safari/537.36"
20.171.207.88 - - [14/Jun/2025:09:34:15 -0400] "GET /products/433731513.htm?filesrc=%2F%2Fproc%2F1484009%2Froot%2Flib64%2Flibsepol.so&path=%2F%2Fproc%2F1484009%2Froot%2Flib64 HTTP/1.1" 200 2004 "-" "Mozilla/5.0 AppleWebKit/537.36 (KHTML, like Gecko; compatible; GPTBot/1.2; +https://openai.com/gptbot)"
44.218.170.184 - - [14/Jun/2025:09:34:16 -0400] "GET /read-manga-news/?path=//usr/share/locale/sat@olchiki HTTP/1.1" 200 11165 "-" "Mozilla/5.0 AppleWebKit/537.36 (KHTML, like Gecko; compatible; Amazonbot/0.1; +https://developer.amazon.com/support/amazonbot) Chrome/119.0.6045.214 Safari/537.36"
20.171.207.88 - - [14/Jun/2025:09:34:17 -0400] "GET /products/433731513.htm?filesrc=%2F%2Fproc%2F1484009%2Froot%2Flib64%2Flibext2fs.so&path=%2F%2Fproc%2F1484009%2Froot%2Flib64 HTTP/1.1" 200 2005 "-" "Mozilla/5.0 AppleWebKit/537.36 (KHTML, like Gecko; compatible; GPTBot/1.2; +https://openai.com/gptbot)"
20.171.207.88 - - [14/Jun/2025:09:34:18 -0400] "GET /products/433731513.htm?filesrc=%2F%2Fproc%2F1484009%2Froot%2Flib64%2Flibmariadbd.so.19&path=%2F%2Fproc%2F1484009%2Froot%2Flib64 HTTP/1.1" 200 2008 "-" "Mozilla/5.0 AppleWebKit/537.36 (KHTML, like Gecko; compatible; GPTBot/1.2; +https://openai.com/gptbot)"
20.171.207.88 - - [14/Jun/2025:09:34:20 -0400] "GET /products/433731513.htm?filesrc=%2F%2Fproc%2F1484009%2Froot%2Flib64%2Flibresolv.so&path=%2F%2Fproc%2F1484009%2Froot%2Flib64 HTTP/1.1" 200 2004 "-" "Mozilla/5.0 AppleWebKit/537.36 (KHTML, like Gecko; compatible; GPTBot/1.2; +https://openai.com/gptbot)"
18.207.79.144 - - [14/Jun/2025:09:34:21 -0400] "GET /read-manga-news/?aksi=ransom&path=//usr/share/locale HTTP/1.1" 200 21250 "-" "Mozilla/5.0 AppleWebKit/537.36 (KHTML, like Gecko; compatible; Amazonbot/0.1; +https://developer.amazon.com/support/amazonbot) Chrome/119.0.6045.214 Safari/537.36"
20.171.207.88 - - [14/Jun/2025:09:34:21 -0400] "GET /products/433731513.htm?filesrc=%2F%2Fproc%2F1485693%2Froot%2Flib64%2Flibevent.so&path=%2F%2Fproc%2F1485693%2Froot%2Flib64 HTTP/1.1" 200 2004 "-" "Mozilla/5.0 AppleWebKit/537.36 (KHTML, like Gecko; compatible; GPTBot/1.2; +https://openai.com/gptbot)"
20.171.207.88 - - [14/Jun/2025:09:34:24 -0400] "GET /products/433731513.htm?filesrc=%2F%2Fproc%2F1485693%2Froot%2Flib64%2Flibmariadb.so&path=%2F%2Fproc%2F1485693%2Froot%2Flib64 HTTP/1.1" 200 2004 "-" "Mozilla/5.0 AppleWebKit/537.36 (KHTML, like Gecko; compatible; GPTBot/1.2; +https://openai.com/gptbot)"
3.223.134.5 - - [14/Jun/2025:09:34:25 -0400] "GET /read-manga-news/?path=//usr/share/locale/bas HTTP/1.1" 200 11166 "-" "Mozilla/5.0 AppleWebKit/537.36 (KHTML, like Gecko; compatible; Amazonbot/0.1; +https://developer.amazon.com/support/amazonbot) Chrome/119.0.6045.214 Safari/537.36"
20.171.207.88 - - [14/Jun/2025:09:34:27 -0400] "GET /products/433731513.htm?filesrc=%2F%2Fproc%2F2086290%2Froot%2Flib64%2Fliblscapi.so&path=%2F%2Fproc%2F2086290%2Froot%2Flib64 HTTP/1.1" 200 2004 "-" "Mozilla/5.0 AppleWebKit/537.36 (KHTML, like Gecko; compatible; GPTBot/1.2; +https://openai.com/gptbot)"
34.231.156.59 - - [14/Jun/2025:09:34:27 -0400] "GET /read-manga-news/?path=/home/honehdyv/remonster.online/wp-includes/js HTTP/1.1" 200 14539 "-" "Mozilla/5.0 AppleWebKit/537.36 (KHTML, like Gecko; compatible; Amazonbot/0.1; +https://developer.amazon.com/support/amazonbot) Chrome/119.0.6045.214 Safari/537.36"
20.171.207.88 - - [14/Jun/2025:09:34:30 -0400] "GET /products/433731513.htm?filesrc=%2F%2Fproc%2F1485693%2Froot%2Flib64%2Flibpython3.so&path=%2F%2Fproc%2F1485693%2Froot%2Flib64 HTTP/1.1" 200 2005 "-" "Mozilla/5.0 AppleWebKit/537.36 (KHTML, like Gecko; compatible; GPTBot/1.2; +https://openai.com/gptbot)"
20.171.207.88 - - [14/Jun/2025:09:34:32 -0400] "GET /products/433731513.htm?filesrc=%2F%2Fproc%2F1483980%2Froot%2Flib64%2Flibjasper.so&path=%2F%2Fproc%2F1483980%2Froot%2Flib64 HTTP/1.1" 200 2004 "-" "Mozilla/5.0 AppleWebKit/537.36 (KHTML, like Gecko; compatible; GPTBot/1.2; +https://openai.com/gptbot)"
54.235.191.179 - - [14/Jun/2025:09:34:33 -0400] "GET /read-manga-news/?aksi=ransom&path=//proc/609324 HTTP/1.1" 200 10849 "-" "Mozilla/5.0 AppleWebKit/537.36 (KHTML, like Gecko; compatible; Amazonbot/0.1; +https://developer.amazon.com/support/amazonbot) Chrome/119.0.6045.214 Safari/537.36"
20.171.207.88 - - [14/Jun/2025:09:34:34 -0400] "GET /products/433731513.htm?filesrc=%2F%2Fproc%2F2086290%2Froot%2Flib64%2Fliblwres.so&path=%2F%2Fproc%2F2086290%2Froot%2Flib64 HTTP/1.1" 200 2004 "-" "Mozilla/5.0 AppleWebKit/537.36 (KHTML, like Gecko; compatible; GPTBot/1.2; +https://openai.com/gptbot)"
20.171.207.88 - - [14/Jun/2025:09:34:36 -0400] "GET /products/433731513.htm?filesrc=%2F%2Fproc%2F1484009%2Froot%2Flib64%2Flibcryptsetup.so.12&path=%2F%2Fproc%2F1484009%2Froot%2Flib64 HTTP/1.1" 200 2010 "-" "Mozilla/5.0 AppleWebKit/537.36 (KHTML, like Gecko; compatible; GPTBot/1.2; +https://openai.com/gptbot)"
52.1.157.90 - - [14/Jun/2025:09:34:37 -0400] "GET /read-manga-news/?path=//usr/share/locale/dz HTTP/1.1" 200 11153 "-" "Mozilla/5.0 AppleWebKit/537.36 (KHTML, like Gecko; compatible; Amazonbot/0.1; +https://developer.amazon.com/support/amazonbot) Chrome/119.0.6045.214 Safari/537.36"
20.171.207.88 - - [14/Jun/2025:09:34:38 -0400] "GET /products/433731513.htm?filesrc=%2F%2Fproc%2F1485693%2Froot%2Flib64%2Flibcursesw.so&path=%2F%2Fproc%2F1485693%2Froot%2Flib64 HTTP/1.1" 200 2004 "-" "Mozilla/5.0 AppleWebKit/537.36 (KHTML, like Gecko; compatible; GPTBot/1.2; +https://openai.com/gptbot)"
20.171.207.88 - - [14/Jun/2025:09:34:39 -0400] "GET /products/433731513.htm?filesrc=%2F%2Fproc%2F1483986%2Froot%2Flib64%2Flibpthread.so&path=%2F%2Fproc%2F1483986%2Froot%2Flib64 HTTP/1.1" 200 2005 "-" "Mozilla/5.0 AppleWebKit/537.36 (KHTML, like Gecko; compatible; GPTBot/1.2; +https://openai.com/gptbot)"
20.171.207.88 - - [14/Jun/2025:09:34:41 -0400] "GET /products/433731513.htm?filesrc=%2F%2Fproc%2F1485693%2Froot%2Flib64%2Flibcrypto.so&path=%2F%2Fproc%2F1485693%2Froot%2Flib64 HTTP/1.1" 200 2004 "-" "Mozilla/5.0 AppleWebKit/537.36 (KHTML, like Gecko; compatible; GPTBot/1.2; +https://openai.com/gptbot)"
34.205.170.13 - - [14/Jun/2025:09:34:40 -0400] "GET /read-manga-news/?filesrc=//usr/bin/cpp&path=//usr/bin HTTP/1.1" 200 10719 "-" "Mozilla/5.0 AppleWebKit/537.36 (KHTML, like Gecko; compatible; Amazonbot/0.1; +https://developer.amazon.com/support/amazonbot) Chrome/119.0.6045.214 Safari/537.36"
20.171.207.88 - - [14/Jun/2025:09:34:42 -0400] "GET /products/433731513.htm?filesrc=%2F%2Fproc%2F1484009%2Froot%2Flib64%2Flibisccfg.so&path=%2F%2Fproc%2F1484009%2Froot%2Flib64 HTTP/1.1" 200 2005 "-" "Mozilla/5.0 AppleWebKit/537.36 (KHTML, like Gecko; compatible; GPTBot/1.2; +https://openai.com/gptbot)"
66.249.79.132 - - [14/Jun/2025:09:34:42 -0400] "GET /product/edit/m41348575164 HTTP/1.1" 200 39124 "-" "Mozilla/5.0 (Linux; Android 6.0.1; Nexus 5X Build/MMB29P) AppleWebKit/537.36 (KHTML, like Gecko) Chrome/136.0.7103.113 Mobile Safari/537.36 (compatible; Googlebot/2.1; +http://www.google.com/bot.html)"
20.171.207.88 - - [14/Jun/2025:09:34:43 -0400] "GET /products/433731513.htm?filesrc=%2F%2Fproc%2F2086290%2Froot%2Flib64%2Flibpcrecpp.so&path=%2F%2Fproc%2F2086290%2Froot%2Flib64 HTTP/1.1" 200 2005 "-" "Mozilla/5.0 AppleWebKit/537.36 (KHTML, like Gecko; compatible; GPTBot/1.2; +https://openai.com/gptbot)"
20.171.207.88 - - [14/Jun/2025:09:34:44 -0400] "GET /products/433731513.htm?filesrc=%2F%2Fproc%2F1483986%2Froot%2Flib64%2FxsltConf.sh&path=%2F%2Fproc%2F1483986%2Froot%2Flib64 HTTP/1.1" 200 2004 "-" "Mozilla/5.0 AppleWebKit/537.36 (KHTML, like Gecko; compatible; GPTBot/1.2; +https://openai.com/gptbot)"
20.171.207.88 - - [14/Jun/2025:09:34:46 -0400] "GET /products/433731513.htm?filesrc=%2F%2Fproc%2F1484009%2Froot%2Flib64%2Flibatopology.so.2&path=%2F%2Fproc%2F1484009%2Froot%2Flib64 HTTP/1.1" 200 2008 "-" "Mozilla/5.0 AppleWebKit/537.36 (KHTML, like Gecko; compatible; GPTBot/1.2; +https://openai.com/gptbot)"
20.171.207.88 - - [14/Jun/2025:09:34:47 -0400] "GET /products/433731513.htm?filesrc=%2F%2Fproc%2F1485693%2Froot%2Flib64%2Flibisccfg.so&path=%2F%2Fproc%2F1485693%2Froot%2Flib64 HTTP/1.1" 200 2004 "-" "Mozilla/5.0 AppleWebKit/537.36 (KHTML, like Gecko; compatible; GPTBot/1.2; +https://openai.com/gptbot)"
20.171.207.88 - - [14/Jun/2025:09:34:48 -0400] "GET /products/433731513.htm?filesrc=%2F%2Fproc%2F1485693%2Froot%2Flib64%2Flibext2fs.so&path=%2F%2Fproc%2F1485693%2Froot%2Flib64 HTTP/1.1" 200 2004 "-" "Mozilla/5.0 AppleWebKit/537.36 (KHTML, like Gecko; compatible; GPTBot/1.2; +https://openai.com/gptbot)"
20.171.207.88 - - [14/Jun/2025:09:34:49 -0400] "GET /products/433731513.htm?filesrc=%2F%2Fproc%2F1485693%2Froot%2Flib64%2Flibslapi.so&path=%2F%2Fproc%2F1485693%2Froot%2Flib64 HTTP/1.1" 200 2003 "-" "Mozilla/5.0 AppleWebKit/537.36 (KHTML, like Gecko; compatible; GPTBot/1.2; +https://openai.com/gptbot)"
44.208.223.68 - - [14/Jun/2025:09:34:50 -0400] "GET /read-manga-news/?filesrc=//var/softaculous/lepton/fileindex.php&path=//var/softaculous/lepton HTTP/1.1" 200 10814 "-" "Mozilla/5.0 AppleWebKit/537.36 (KHTML, like Gecko; compatible; Amazonbot/0.1; +https://developer.amazon.com/support/amazonbot) Chrome/119.0.6045.214 Safari/537.36"
20.171.207.88 - - [14/Jun/2025:09:34:51 -0400] "GET /products/433731513.htm?filesrc=%2F%2Fproc%2F1483986%2Froot%2Flib64%2Flibmariadbd.a&path=%2F%2Fproc%2F1483986%2Froot%2Flib64 HTTP/1.1" 200 2004 "-" "Mozilla/5.0 AppleWebKit/537.36 (KHTML, like Gecko; compatible; GPTBot/1.2; +https://openai.com/gptbot)"
20.171.207.88 - - [14/Jun/2025:09:34:52 -0400] "GET /products/433731513.htm?filesrc=%2F%2Fproc%2F1485693%2Froot%2Flib64%2Flibjasper.so&path=%2F%2Fproc%2F1485693%2Froot%2Flib64 HTTP/1.1" 200 2004 "-" "Mozilla/5.0 AppleWebKit/537.36 (KHTML, like Gecko; compatible; GPTBot/1.2; +https://openai.com/gptbot)"
20.171.207.88 - - [14/Jun/2025:09:34:53 -0400] "GET /products/433731513.htm?filesrc=%2F%2Fproc%2F1485693%2Froot%2Flib64%2Flibauparse.so&path=%2F%2Fproc%2F1485693%2Froot%2Flib64 HTTP/1.1" 200 2004 "-" "Mozilla/5.0 AppleWebKit/537.36 (KHTML, like Gecko; compatible; GPTBot/1.2; +https://openai.com/gptbot)"
44.223.232.55 - - [14/Jun/2025:09:34:53 -0400] "GET /read-manga-news/?filesrc=//var/softaculous/front/fileindex.php&path=//var/softaculous/front HTTP/1.1" 200 10932 "-" "Mozilla/5.0 AppleWebKit/537.36 (KHTML, like Gecko; compatible; Amazonbot/0.1; +https://developer.amazon.com/support/amazonbot) Chrome/119.0.6045.214 Safari/537.36"
20.171.207.88 - - [14/Jun/2025:09:34:54 -0400] "GET /products/433731513.htm?filesrc=%2F%2Fproc%2F2086290%2Froot%2Flib64%2Flibpcreposix.so.0&path=%2F%2Fproc%2F2086290%2Froot%2Flib64 HTTP/1.1" 200 2009 "-" "Mozilla/5.0 AppleWebKit/537.36 (KHTML, like Gecko; compatible; GPTBot/1.2; +https://openai.com/gptbot)"
20.171.207.88 - - [14/Jun/2025:09:34:57 -0400] "GET /products/433731513.htm?filesrc=%2F%2Fproc%2F1484009%2Froot%2Flib64%2Flibtermcap.so&path=%2F%2Fproc%2F1484009%2Froot%2Flib64 HTTP/1.1" 200 2005 "-" "Mozilla/5.0 AppleWebKit/537.36 (KHTML, like Gecko; compatible; GPTBot/1.2; +https://openai.com/gptbot)"
18.206.47.187 - - [14/Jun/2025:09:34:56 -0400] "GET /read-manga-news/?filesrc=//var/softaculous/bbpress/install.js&path=//var/softaculous/bbpress HTTP/1.1" 200 11330 "-" "Mozilla/5.0 AppleWebKit/537.36 (KHTML, like Gecko; compatible; Amazonbot/0.1; +https://developer.amazon.com/support/amazonbot) Chrome/119.0.6045.214 Safari/537.36"
20.171.207.88 - - [14/Jun/2025:09:34:59 -0400] "GET /products/433731513.htm?filesrc=%2F%2Fproc%2F1484009%2Froot%2Flib64%2Flibvorbisfile.so.3&path=%2F%2Fproc%2F1484009%2Froot%2Flib64 HTTP/1.1" 200 2008 "-" "Mozilla/5.0 AppleWebKit/537.36 (KHTML, like Gecko; compatible; GPTBot/1.2; +https://openai.com/gptbot)"
20.171.207.88 - - [14/Jun/2025:09:35:01 -0400] "GET /products/433731513.htm?filesrc=%2F%2Fproc%2F1485693%2Froot%2Flib64%2Flibbsock.so&path=%2F%2Fproc%2F1485693%2Froot%2Flib64 HTTP/1.1" 200 2004 "-" "Mozilla/5.0 AppleWebKit/537.36 (KHTML, like Gecko; compatible; GPTBot/1.2; +https://openai.com/gptbot)"
3.226.34.98 - - [14/Jun/2025:09:35:01 -0400] "GET /read-manga-news/?filesrc=//var/softaculous/atlantis/install.php&path=//var/softaculous/atlantis HTTP/1.1" 200 14819 "-" "Mozilla/5.0 AppleWebKit/537.36 (KHTML, like Gecko; compatible; Amazonbot/0.1; +https://developer.amazon.com/support/amazonbot) Chrome/119.0.6045.214 Safari/537.36"
20.171.207.88 - - [14/Jun/2025:09:35:03 -0400] "GET /products/433731513.htm?filesrc=%2F%2Fproc%2F2086290%2Froot%2Flib64%2Flibkrb5support.so.0&path=%2F%2Fproc%2F2086290%2Froot%2Flib64 HTTP/1.1" 200 2009 "-" "Mozilla/5.0 AppleWebKit/537.36 (KHTML, like Gecko; compatible; GPTBot/1.2; +https://openai.com/gptbot)"
66.249.79.131 - - [14/Jun/2025:09:35:05 -0400] "GET /products/xsr/rippled/232436923.htm HTTP/1.1" 200 38354 "-" "Mozilla/5.0 (Linux; Android 6.0.1; Nexus 5X Build/MMB29P) AppleWebKit/537.36 (KHTML, like Gecko) Chrome/136.0.7103.113 Mobile Safari/537.36 (compatible; Googlebot/2.1; +http://www.google.com/bot.html)"
44.218.6.93 - - [14/Jun/2025:09:35:04 -0400] "GET /read-manga-news/?filesrc=//var/softaculous/kimai/notes.txt&path=//var/softaculous/kimai HTTP/1.1" 200 11380 "-" "Mozilla/5.0 AppleWebKit/537.36 (KHTML, like Gecko; compatible; Amazonbot/0.1; +https://developer.amazon.com/support/amazonbot) Chrome/119.0.6045.214 Safari/537.36"
20.171.207.88 - - [14/Jun/2025:09:35:05 -0400] "GET /products/433731513.htm?filesrc=%2F%2Fproc%2F1483986%2Froot%2Flib64%2Flibbabeltrace.so.1&path=%2F%2Fproc%2F1483986%2Froot%2Flib64 HTTP/1.1" 200 2008 "-" "Mozilla/5.0 AppleWebKit/537.36 (KHTML, like Gecko; compatible; GPTBot/1.2; +https://openai.com/gptbot)"
66.249.79.132 - - [14/Jun/2025:09:35:08 -0400] "GET /item/f/collagen/95131013.htm HTTP/1.1" 200 38432 "-" "Mozilla/5.0 (Linux; Android 6.0.1; Nexus 5X Build/MMB29P) AppleWebKit/537.36 (KHTML, like Gecko) Chrome/136.0.7103.113 Mobile Safari/537.36 (compatible; Googlebot/2.1; +http://www.google.com/bot.html)"
20.171.207.88 - - [14/Jun/2025:09:35:08 -0400] "GET /products/433731513.htm?filesrc=%2F%2Fproc%2F1484009%2Froot%2Flib64%2Flibpcreposix.so.0&path=%2F%2Fproc%2F1484009%2Froot%2Flib64 HTTP/1.1" 200 2009 "-" "Mozilla/5.0 AppleWebKit/537.36 (KHTML, like Gecko; compatible; GPTBot/1.2; +https://openai.com/gptbot)"
54.84.147.79 - - [14/Jun/2025:09:35:08 -0400] "GET /read-manga-news/?aksi=buatfile&path=//var/softaculous/moodle27 HTTP/1.1" 200 11989 "-" "Mozilla/5.0 AppleWebKit/537.36 (KHTML, like Gecko; compatible; Amazonbot/0.1; +https://developer.amazon.com/support/amazonbot) Chrome/119.0.6045.214 Safari/537.36"
20.171.207.88 - - [14/Jun/2025:09:35:10 -0400] "GET /products/433731513.htm?filesrc=%2F%2Fproc%2F2086290%2Froot%2Flib64%2Flibauthselect.so.3&path=%2F%2Fproc%2F2086290%2Froot%2Flib64 HTTP/1.1" 200 2008 "-" "Mozilla/5.0 AppleWebKit/537.36 (KHTML, like Gecko; compatible; GPTBot/1.2; +https://openai.com/gptbot)"
66.249.79.131 - - [14/Jun/2025:09:35:11 -0400] "GET /shopdetail/gey/demonstrability/96467538.htm HTTP/1.1" 200 38218 "-" "Mozilla/5.0 (Linux; Android 6.0.1; Nexus 5X Build/MMB29P) AppleWebKit/537.36 (KHTML, like Gecko) Chrome/136.0.7103.113 Mobile Safari/537.36 (compatible; Googlebot/2.1; +http://www.google.com/bot.html)"
20.171.207.88 - - [14/Jun/2025:09:35:12 -0400] "GET /products/433731513.htm?filesrc=%2F%2Fproc%2F2086290%2Froot%2Flib64%2Flibatopology.so.2&path=%2F%2Fproc%2F2086290%2Froot%2Flib64 HTTP/1.1" 200 2008 "-" "Mozilla/5.0 AppleWebKit/537.36 (KHTML, like Gecko; compatible; GPTBot/1.2; +https://openai.com/gptbot)"
66.249.79.131 - - [14/Jun/2025:09:35:12 -0400] "GET /item/cohune/36944108.htm HTTP/1.1" 200 39101 "-" "Mozilla/5.0 (Linux; Android 6.0.1; Nexus 5X Build/MMB29P) AppleWebKit/537.36 (KHTML, like Gecko) Chrome/136.0.7103.113 Mobile Safari/537.36 (compatible; Googlebot/2.1; +http://www.google.com/bot.html)"
98.83.8.142 - - [14/Jun/2025:09:35:13 -0400] "GET /read-manga-news/?path=//var/softaculous/leafpub/php81 HTTP/1.1" 200 11273 "-" "Mozilla/5.0 AppleWebKit/537.36 (KHTML, like Gecko; compatible; Amazonbot/0.1; +https://developer.amazon.com/support/amazonbot) Chrome/119.0.6045.214 Safari/537.36"
20.171.207.88 - - [14/Jun/2025:09:35:13 -0400] "GET /products/433731513.htm?filesrc=%2F%2Fproc%2F2086290%2Froot%2Flib64%2Flibcrypt.so&path=%2F%2Fproc%2F2086290%2Froot%2Flib64 HTTP/1.1" 200 2004 "-" "Mozilla/5.0 AppleWebKit/537.36 (KHTML, like Gecko; compatible; GPTBot/1.2; +https://openai.com/gptbot)"
20.171.207.88 - - [14/Jun/2025:09:35:15 -0400] "GET /products/433731513.htm?filesrc=%2F%2Fproc%2F1484009%2Froot%2Flib64%2Flibauparse.so&path=%2F%2Fproc%2F1484009%2Froot%2Flib64 HTTP/1.1" 200 2005 "-" "Mozilla/5.0 AppleWebKit/537.36 (KHTML, like Gecko; compatible; GPTBot/1.2; +https://openai.com/gptbot)"
66.249.79.130 - - [14/Jun/2025:09:35:15 -0400] "GET /shopdetail/preside/4066957.htm HTTP/1.1" 200 38044 "-" "Mozilla/5.0 (Linux; Android 6.0.1; Nexus 5X Build/MMB29P) AppleWebKit/537.36 (KHTML, like Gecko) Chrome/136.0.7103.113 Mobile Safari/537.36 (compatible; Googlebot/2.1; +http://www.google.com/bot.html)"
66.249.79.130 - - [14/Jun/2025:09:35:17 -0400] "GET /goods/indignly/4035155.htm HTTP/1.1" 200 38005 "-" "Mozilla/5.0 (Linux; Android 6.0.1; Nexus 5X Build/MMB29P) AppleWebKit/537.36 (KHTML, like Gecko) Chrome/136.0.7103.113 Mobile Safari/537.36 (compatible; Googlebot/2.1; +http://www.google.com/bot.html)"
20.171.207.88 - - [14/Jun/2025:09:35:16 -0400] "GET /products/433731513.htm?filesrc=%2F%2Fproc%2F2086290%2Froot%2Flib64%2Flibmysqld.so&path=%2F%2Fproc%2F2086290%2Froot%2Flib64 HTTP/1.1" 200 2005 "-" "Mozilla/5.0 AppleWebKit/537.36 (KHTML, like Gecko; compatible; GPTBot/1.2; +https://openai.com/gptbot)"
18.206.47.187 - - [14/Jun/2025:09:35:17 -0400] "GET /read-manga-news/?aksi=buatfolder&path=//var/softaculous/unmark HTTP/1.1" 200 10790 "-" "Mozilla/5.0 AppleWebKit/537.36 (KHTML, like Gecko; compatible; Amazonbot/0.1; +https://developer.amazon.com/support/amazonbot) Chrome/119.0.6045.214 Safari/537.36"
20.171.207.88 - - [14/Jun/2025:09:35:18 -0400] "GET /products/433731513.htm?filesrc=%2F%2Fproc%2F1485693%2Froot%2Flib64%2Flibgraphite2.so.3&path=%2F%2Fproc%2F1485693%2Froot%2Flib64 HTTP/1.1" 200 2006 "-" "Mozilla/5.0 AppleWebKit/537.36 (KHTML, like Gecko; compatible; GPTBot/1.2; +https://openai.com/gptbot)"
66.249.79.130 - - [14/Jun/2025:09:35:19 -0400] "GET /entity/ww/duodecuple4021390.htm HTTP/1.1" 200 37858 "-" "Mozilla/5.0 (Linux; Android 6.0.1; Nexus 5X Build/MMB29P) AppleWebKit/537.36 (KHTML, like Gecko) Chrome/136.0.7103.113 Mobile Safari/537.36 (compatible; Googlebot/2.1; +http://www.google.com/bot.html)"
20.171.207.88 - - [14/Jun/2025:09:35:20 -0400] "GET /products/433731513.htm?filesrc=%2F%2Fproc%2F2086290%2Froot%2Flib64%2Flibvorbisenc.so.2&path=%2F%2Fproc%2F2086290%2Froot%2Flib64 HTTP/1.1" 200 2008 "-" "Mozilla/5.0 AppleWebKit/537.36 (KHTML, like Gecko; compatible; GPTBot/1.2; +https://openai.com/gptbot)"
3.216.86.144 - - [14/Jun/2025:09:35:20 -0400] "GET /read-manga-news/?path=//lib64/gtk-2.0/2.10.0 HTTP/1.1" 200 11270 "-" "Mozilla/5.0 AppleWebKit/537.36 (KHTML, like Gecko; compatible; Amazonbot/0.1; +https://developer.amazon.com/support/amazonbot) Chrome/119.0.6045.214 Safari/537.36"
20.171.207.88 - - [14/Jun/2025:09:35:22 -0400] "GET /products/433731513.htm?filesrc=%2F%2Fproc%2F2086290%2Froot%2Flib64%2Flibkrb5support.so.0&path=%2F%2Fproc%2F2086290%2Froot%2Flib64 HTTP/1.1" 200 2009 "-" "Mozilla/5.0 AppleWebKit/537.36 (KHTML, like Gecko; compatible; GPTBot/1.2; +https://openai.com/gptbot)"
66.249.79.130 - - [14/Jun/2025:09:35:22 -0400] "GET /item/c/stonesmitch/2514218.htm HTTP/1.1" 200 38121 "-" "Mozilla/5.0 (Linux; Android 6.0.1; Nexus 5X Build/MMB29P) AppleWebKit/537.36 (KHTML, like Gecko) Chrome/136.0.7103.113 Mobile Safari/537.36 (compatible; Googlebot/2.1; +http://www.google.com/bot.html)"
20.171.207.88 - - [14/Jun/2025:09:35:24 -0400] "GET /products/433731513.htm?filesrc=%2F%2Fproc%2F1483980%2Froot%2Flib64%2Flibpcre2-posix.so&path=%2F%2Fproc%2F1483980%2Froot%2Flib64 HTTP/1.1" 200 2007 "-" "Mozilla/5.0 AppleWebKit/537.36 (KHTML, like Gecko; compatible; GPTBot/1.2; +https://openai.com/gptbot)"
66.249.79.131 - - [14/Jun/2025:09:35:24 -0400] "GET /goods/bl/stolen/2495179.htm HTTP/1.1" 200 38200 "-" "Mozilla/5.0 (Linux; Android 6.0.1; Nexus 5X Build/MMB29P) AppleWebKit/537.36 (KHTML, like Gecko) Chrome/136.0.7103.113 Mobile Safari/537.36 (compatible; Googlebot/2.1; +http://www.google.com/bot.html)"
54.162.69.192 - - [14/Jun/2025:09:35:24 -0400] "GET /read-manga-news/?aksi=ransom&path=/home/honehdyv/www/cgi-bin HTTP/1.1" 200 10860 "-" "Mozilla/5.0 AppleWebKit/537.36 (KHTML, like Gecko; compatible; Amazonbot/0.1; +https://developer.amazon.com/support/amazonbot) Chrome/119.0.6045.214 Safari/537.36"
20.171.207.88 - - [14/Jun/2025:09:35:25 -0400] "GET /products/433731513.htm?filesrc=%2F%2Fproc%2F1483986%2Froot%2Flib64%2Flibncurses.so&path=%2F%2Fproc%2F1483986%2Froot%2Flib64 HTTP/1.1" 200 2004 "-" "Mozilla/5.0 AppleWebKit/537.36 (KHTML, like Gecko; compatible; GPTBot/1.2; +https://openai.com/gptbot)"
20.171.207.88 - - [14/Jun/2025:09:35:27 -0400] "GET /products/433731513.htm?filesrc=%2F%2Fproc%2F1483980%2Froot%2Flib64%2Flibpython3.so&path=%2F%2Fproc%2F1483980%2Froot%2Flib64 HTTP/1.1" 200 2005 "-" "Mozilla/5.0 AppleWebKit/537.36 (KHTML, like Gecko; compatible; GPTBot/1.2; +https://openai.com/gptbot)"
20.171.207.88 - - [14/Jun/2025:09:35:28 -0400] "GET /products/433731513.htm?filesrc=%2F%2Fproc%2F1483980%2Froot%2Flib64%2Flibgcrypt.so&path=%2F%2Fproc%2F1483980%2Froot%2Flib64 HTTP/1.1" 200 2004 "-" "Mozilla/5.0 AppleWebKit/537.36 (KHTML, like Gecko; compatible; GPTBot/1.2; +https://openai.com/gptbot)"
34.206.249.188 - - [14/Jun/2025:09:35:28 -0400] "GET /read-manga-news/?path=//usr/share/locale/tem HTTP/1.1" 200 11143 "-" "Mozilla/5.0 AppleWebKit/537.36 (KHTML, like Gecko; compatible; Amazonbot/0.1; +https://developer.amazon.com/support/amazonbot) Chrome/119.0.6045.214 Safari/537.36"
66.249.79.131 - - [14/Jun/2025:09:35:28 -0400] "GET /item/inking/417070375.htm HTTP/1.1" 200 38580 "-" "Mozilla/5.0 (Linux; Android 6.0.1; Nexus 5X Build/MMB29P) AppleWebKit/537.36 (KHTML, like Gecko) Chrome/136.0.7103.113 Mobile Safari/537.36 (compatible; Googlebot/2.1; +http://www.google.com/bot.html)"
20.171.207.88 - - [14/Jun/2025:09:35:29 -0400] "GET /products/433731513.htm?filesrc=%2F%2Fproc%2F2086290%2Froot%2Flib64%2Flibtheoradec.so.1&path=%2F%2Fproc%2F2086290%2Froot%2Flib64 HTTP/1.1" 200 2008 "-" "Mozilla/5.0 AppleWebKit/537.36 (KHTML, like Gecko; compatible; GPTBot/1.2; +https://openai.com/gptbot)"
20.171.207.88 - - [14/Jun/2025:09:35:30 -0400] "GET /products/433731513.htm?filesrc=%2F%2Fproc%2F1485693%2Froot%2Flib64%2Flibsmartcols.so.1&path=%2F%2Fproc%2F1485693%2Froot%2Flib64 HTTP/1.1" 200 2007 "-" "Mozilla/5.0 AppleWebKit/537.36 (KHTML, like Gecko; compatible; GPTBot/1.2; +https://openai.com/gptbot)"
20.171.207.88 - - [14/Jun/2025:09:35:31 -0400] "GET /products/433731513.htm?filesrc=%2F%2Fproc%2F1483980%2Froot%2Flib64%2Flibbrotlidec.so.1&path=%2F%2Fproc%2F1483980%2Froot%2Flib64 HTTP/1.1" 200 2007 "-" "Mozilla/5.0 AppleWebKit/537.36 (KHTML, like Gecko; compatible; GPTBot/1.2; +https://openai.com/gptbot)"
66.249.79.130 - - [14/Jun/2025:09:35:31 -0400] "GET /goods/obbligato/367535973.htm HTTP/1.1" 200 38805 "-" "Mozilla/5.0 (Linux; Android 6.0.1; Nexus 5X Build/MMB29P) AppleWebKit/537.36 (KHTML, like Gecko) Chrome/136.0.7103.113 Mobile Safari/537.36 (compatible; Googlebot/2.1; +http://www.google.com/bot.html)"
54.225.148.123 - - [14/Jun/2025:09:35:32 -0400] "GET /read-manga-news/?filesrc=//var/softaculous/projeqtor/install.php&path=//var/softaculous/projeqtor HTTP/1.1" 200 14956 "-" "Mozilla/5.0 AppleWebKit/537.36 (KHTML, like Gecko; compatible; Amazonbot/0.1; +https://developer.amazon.com/support/amazonbot) Chrome/119.0.6045.214 Safari/537.36"
20.171.207.88 - - [14/Jun/2025:09:35:32 -0400] "GET /products/433731513.htm?filesrc=%2F%2Fproc%2F2086290%2Froot%2Flib64%2Flibsmartcols.so.1&path=%2F%2Fproc%2F2086290%2Froot%2Flib64 HTTP/1.1" 200 2007 "-" "Mozilla/5.0 AppleWebKit/537.36 (KHTML, like Gecko; compatible; GPTBot/1.2; +https://openai.com/gptbot)"
20.171.207.88 - - [14/Jun/2025:09:35:34 -0400] "GET /products/433731513.htm?filesrc=%2F%2Fproc%2F2086290%2Froot%2Flib64%2Flibmariadbd.a&path=%2F%2Fproc%2F2086290%2Froot%2Flib64 HTTP/1.1" 200 2005 "-" "Mozilla/5.0 AppleWebKit/537.36 (KHTML, like Gecko; compatible; GPTBot/1.2; +https://openai.com/gptbot)"
66.249.79.130 - - [14/Jun/2025:09:35:34 -0400] "GET /item/recurrency/384018706.htm HTTP/1.1" 200 38210 "-" "Mozilla/5.0 (Linux; Android 6.0.1; Nexus 5X Build/MMB29P) AppleWebKit/537.36 (KHTML, like Gecko) Chrome/136.0.7103.113 Mobile Safari/537.36 (compatible; Googlebot/2.1; +http://www.google.com/bot.html)"
20.171.207.88 - - [14/Jun/2025:09:35:35 -0400] "GET /products/433731513.htm?filesrc=%2F%2Fproc%2F1483980%2Froot%2Flib64%2Flibpciaccess.so.0&path=%2F%2Fproc%2F1483980%2Froot%2Flib64 HTTP/1.1" 200 2007 "-" "Mozilla/5.0 AppleWebKit/537.36 (KHTML, like Gecko; compatible; GPTBot/1.2; +https://openai.com/gptbot)"
20.171.207.88 - - [14/Jun/2025:09:35:36 -0400] "GET /products/433731513.htm?filesrc=%2F%2Fproc%2F2086290%2Froot%2Flib64%2Flibverto.so&path=%2F%2Fproc%2F2086290%2Froot%2Flib64 HTTP/1.1" 200 2004 "-" "Mozilla/5.0 AppleWebKit/537.36 (KHTML, like Gecko; compatible; GPTBot/1.2; +https://openai.com/gptbot)"
50.16.216.166 - - [14/Jun/2025:09:35:36 -0400] "GET /read-manga-news/?aksi=ransom&path=//var/softaculous/bagisto HTTP/1.1" 200 12010 "-" "Mozilla/5.0 AppleWebKit/537.36 (KHTML, like Gecko; compatible; Amazonbot/0.1; +https://developer.amazon.com/support/amazonbot) Chrome/119.0.6045.214 Safari/537.36"
66.249.79.131 - - [14/Jun/2025:09:35:36 -0400] "GET /detail/j/centrolineal232073777.htm HTTP/1.1" 200 39379 "-" "Mozilla/5.0 (Linux; Android 6.0.1; Nexus 5X Build/MMB29P) AppleWebKit/537.36 (KHTML, like Gecko) Chrome/136.0.7103.113 Mobile Safari/537.36 (compatible; Googlebot/2.1; +http://www.google.com/bot.html)"
20.171.207.88 - - [14/Jun/2025:09:35:37 -0400] "GET /products/433731513.htm?filesrc=%2F%2Fproc%2F1483986%2Froot%2Flib64%2Flibpciaccess.so.0&path=%2F%2Fproc%2F1483986%2Froot%2Flib64 HTTP/1.1" 200 2007 "-" "Mozilla/5.0 AppleWebKit/537.36 (KHTML, like Gecko; compatible; GPTBot/1.2; +https://openai.com/gptbot)"
20.171.207.88 - - [14/Jun/2025:09:35:38 -0400] "GET /products/433731513.htm?filesrc=%2F%2Fproc%2F1483986%2Froot%2Flib64%2Flibfreebl3.so&path=%2F%2Fproc%2F1483986%2Froot%2Flib64 HTTP/1.1" 200 2004 "-" "Mozilla/5.0 AppleWebKit/537.36 (KHTML, like Gecko; compatible; GPTBot/1.2; +https://openai.com/gptbot)"
66.249.79.130 - - [14/Jun/2025:09:35:39 -0400] "GET /zhHant/product/surugaya/48724274?campaign_uid=f64d716db5e979ed2f947dbaf4296895b951ae7f HTTP/1.1" 200 39588 "-" "Mozilla/5.0 (Linux; Android 6.0.1; Nexus 5X Build/MMB29P) AppleWebKit/537.36 (KHTML, like Gecko) Chrome/136.0.7103.113 Mobile Safari/537.36 (compatible; Googlebot/2.1; +http://www.google.com/bot.html)"
20.171.207.88 - - [14/Jun/2025:09:35:40 -0400] "GET /products/433731513.htm?filesrc=%2F%2Fproc%2F1483986%2Froot%2Flib64%2Flibcryptsetup.so.12&path=%2F%2Fproc%2F1483986%2Froot%2Flib64 HTTP/1.1" 200 2009 "-" "Mozilla/5.0 AppleWebKit/537.36 (KHTML, like Gecko; compatible; GPTBot/1.2; +https://openai.com/gptbot)"
20.171.207.88 - - [14/Jun/2025:09:35:41 -0400] "GET /products/433731513.htm?filesrc=%2F%2Fproc%2F1484009%2Froot%2Flib64%2Flibmcheck.a&path=%2F%2Fproc%2F1484009%2Froot%2Flib64 HTTP/1.1" 200 2004 "-" "Mozilla/5.0 AppleWebKit/537.36 (KHTML, like Gecko; compatible; GPTBot/1.2; +https://openai.com/gptbot)"
52.205.222.214 - - [14/Jun/2025:09:35:42 -0400] "GET /read-manga-news/?aksi=buatfile&path=//var/softaculous/seed HTTP/1.1" 200 11870 "-" "Mozilla/5.0 AppleWebKit/537.36 (KHTML, like Gecko; compatible; Amazonbot/0.1; +https://developer.amazon.com/support/amazonbot) Chrome/119.0.6045.214 Safari/537.36"
20.171.207.88 - - [14/Jun/2025:09:35:42 -0400] "GET /products/433731513.htm?filesrc=%2F%2Fproc%2F1484009%2Froot%2Flib64%2Flibmariadb.so&path=%2F%2Fproc%2F1484009%2Froot%2Flib64 HTTP/1.1" 200 2005 "-" "Mozilla/5.0 AppleWebKit/537.36 (KHTML, like Gecko; compatible; GPTBot/1.2; +https://openai.com/gptbot)"
66.249.79.130 - - [14/Jun/2025:09:35:43 -0400] "GET /index.php/feature/campaign/index.html HTTP/1.1" 200 3635 "-" "Mozilla/5.0 (Linux; Android 6.0.1; Nexus 5X Build/MMB29P) AppleWebKit/537.36 (KHTML, like Gecko) Chrome/136.0.7103.113 Mobile Safari/537.36 (compatible; Googlebot/2.1; +http://www.google.com/bot.html)"
20.171.207.88 - - [14/Jun/2025:09:35:43 -0400] "GET /products/433731513.htm?filesrc=%2F%2Fproc%2F2086290%2Froot%2Flib64%2Flibcrypto.so&path=%2F%2Fproc%2F2086290%2Froot%2Flib64 HTTP/1.1" 200 2005 "-" "Mozilla/5.0 AppleWebKit/537.36 (KHTML, like Gecko; compatible; GPTBot/1.2; +https://openai.com/gptbot)"
20.171.207.88 - - [14/Jun/2025:09:35:45 -0400] "GET /products/433731513.htm?filesrc=%2F%2Fproc%2F2086290%2Froot%2Flib64%2FlibodbcmyS.so&path=%2F%2Fproc%2F2086290%2Froot%2Flib64 HTTP/1.1" 200 2006 "-" "Mozilla/5.0 AppleWebKit/537.36 (KHTML, like Gecko; compatible; GPTBot/1.2; +https://openai.com/gptbot)"
52.204.71.8 - - [14/Jun/2025:09:35:44 -0400] "GET /read-manga-news/?filesrc=//var/softaculous/zenario/zenario.sql&path=//var/softaculous/zenario HTTP/1.1" 200 10736 "-" "Mozilla/5.0 AppleWebKit/537.36 (KHTML, like Gecko; compatible; Amazonbot/0.1; +https://developer.amazon.com/support/amazonbot) Chrome/119.0.6045.214 Safari/537.36"
20.171.207.88 - - [14/Jun/2025:09:35:47 -0400] "GET /products/433731513.htm?filesrc=%2F%2Fproc%2F1484009%2Froot%2Flib64%2Flibpcrecpp.so&path=%2F%2Fproc%2F1484009%2Froot%2Flib64 HTTP/1.1" 200 2005 "-" "Mozilla/5.0 AppleWebKit/537.36 (KHTML, like Gecko; compatible; GPTBot/1.2; +https://openai.com/gptbot)"
20.171.207.88 - - [14/Jun/2025:09:35:48 -0400] "GET /products/433731513.htm?filesrc=%2F%2Fproc%2F1485693%2Froot%2Flib64%2Flibgcrypt.so&path=%2F%2Fproc%2F1485693%2Froot%2Flib64 HTTP/1.1" 200 2004 "-" "Mozilla/5.0 AppleWebKit/537.36 (KHTML, like Gecko; compatible; GPTBot/1.2; +https://openai.com/gptbot)"
20.171.207.88 - - [14/Jun/2025:09:35:50 -0400] "GET /products/433731513.htm?filesrc=%2F%2Fproc%2F1484009%2Froot%2Flib64%2Flibmariadbd.a&path=%2F%2Fproc%2F1484009%2Froot%2Flib64 HTTP/1.1" 200 2005 "-" "Mozilla/5.0 AppleWebKit/537.36 (KHTML, like Gecko; compatible; GPTBot/1.2; +https://openai.com/gptbot)"
54.225.98.148 - - [14/Jun/2025:09:35:49 -0400] "GET /read-manga-news/?filesrc=//proc/self/ns/uts&path=//proc/self/ns HTTP/1.1" 200 10747 "-" "Mozilla/5.0 AppleWebKit/537.36 (KHTML, like Gecko; compatible; Amazonbot/0.1; +https://developer.amazon.com/support/amazonbot) Chrome/119.0.6045.214 Safari/537.36"
20.171.207.88 - - [14/Jun/2025:09:35:51 -0400] "GET /products/433731513.htm?filesrc=%2F%2Fproc%2F1485693%2Froot%2Flib64%2Flibauthselect.so.3&path=%2F%2Fproc%2F1485693%2Froot%2Flib64 HTTP/1.1" 200 2007 "-" "Mozilla/5.0 AppleWebKit/537.36 (KHTML, like Gecko; compatible; GPTBot/1.2; +https://openai.com/gptbot)"
66.249.79.130 - - [14/Jun/2025:09:35:52 -0400] "GET /product/a/cirlus127281400.htm HTTP/1.1" 200 38446 "-" "Mozilla/5.0 (Linux; Android 6.0.1; Nexus 5X Build/MMB29P) AppleWebKit/537.36 (KHTML, like Gecko) Chrome/136.0.7103.113 Mobile Safari/537.36 (compatible; Googlebot/2.1; +http://www.google.com/bot.html)"
44.221.37.41 - - [14/Jun/2025:09:35:51 -0400] "GET /read-manga-news/?aksi=buatfolder&path=/home/honehdyv/readbtooom.com/cgi-bin/cgi-bin/cgi-bin HTTP/1.1" 200 10824 "-" "Mozilla/5.0 AppleWebKit/537.36 (KHTML, like Gecko; compatible; Amazonbot/0.1; +https://developer.amazon.com/support/amazonbot) Chrome/119.0.6045.214 Safari/537.36"
20.171.207.88 - - [14/Jun/2025:09:35:53 -0400] "GET /products/433731513.htm?filesrc=%2F%2Fproc%2F2086290%2Froot%2Flib64%2Flibxkbcommon.so.0&path=%2F%2Fproc%2F2086290%2Froot%2Flib64 HTTP/1.1" 200 2009 "-" "Mozilla/5.0 AppleWebKit/537.36 (KHTML, like Gecko; compatible; GPTBot/1.2; +https://openai.com/gptbot)"
66.249.79.130 - - [14/Jun/2025:09:35:55 -0400] "GET /product/ods/affixture127272020.htm HTTP/1.1" 200 38669 "-" "Mozilla/5.0 (Linux; Android 6.0.1; Nexus 5X Build/MMB29P) AppleWebKit/537.36 (KHTML, like Gecko) Chrome/136.0.7103.113 Mobile Safari/537.36 (compatible; Googlebot/2.1; +http://www.google.com/bot.html)"
20.171.207.88 - - [14/Jun/2025:09:35:54 -0400] "GET /products/433731513.htm?filesrc=%2F%2Fproc%2F2086290%2Froot%2Flib64%2Flibtheoraenc.so.1&path=%2F%2Fproc%2F2086290%2Froot%2Flib64 HTTP/1.1" 200 2008 "-" "Mozilla/5.0 AppleWebKit/537.36 (KHTML, like Gecko; compatible; GPTBot/1.2; +https://openai.com/gptbot)"
20.171.207.88 - - [14/Jun/2025:09:35:56 -0400] "GET /products/433731513.htm?filesrc=%2F%2Fproc%2F2086290%2Froot%2Flib64%2Flibmariadbd.so.19&path=%2F%2Fproc%2F2086290%2Froot%2Flib64 HTTP/1.1" 200 2008 "-" "Mozilla/5.0 AppleWebKit/537.36 (KHTML, like Gecko; compatible; GPTBot/1.2; +https://openai.com/gptbot)"
66.249.79.130 - - [14/Jun/2025:09:35:58 -0400] "GET /info/macedonian/127275136.htm HTTP/1.1" 200 38609 "-" "Mozilla/5.0 (Linux; Android 6.0.1; Nexus 5X Build/MMB29P) AppleWebKit/537.36 (KHTML, like Gecko) Chrome/136.0.7103.113 Mobile Safari/537.36 (compatible; Googlebot/2.1; +http://www.google.com/bot.html)"
20.171.207.88 - - [14/Jun/2025:09:35:57 -0400] "GET /products/433731513.htm?filesrc=%2F%2Fproc%2F1485693%2Froot%2Flib64%2Flibbrotlidec.so.1&path=%2F%2Fproc%2F1485693%2Froot%2Flib64 HTTP/1.1" 200 2007 "-" "Mozilla/5.0 AppleWebKit/537.36 (KHTML, like Gecko; compatible; GPTBot/1.2; +https://openai.com/gptbot)"
34.206.193.60 - - [14/Jun/2025:09:35:56 -0400] "GET /read-manga-news/?aksi=ransom&path=//var/softaculous/ossn HTTP/1.1" 200 12054 "-" "Mozilla/5.0 AppleWebKit/537.36 (KHTML, like Gecko; compatible; Amazonbot/0.1; +https://developer.amazon.com/support/amazonbot) Chrome/119.0.6045.214 Safari/537.36"
66.249.79.131 - - [14/Jun/2025:09:35:59 -0400] "GET /goods/readmit/127271474.htm HTTP/1.1" 200 38951 "-" "Mozilla/5.0 (Linux; Android 6.0.1; Nexus 5X Build/MMB29P) AppleWebKit/537.36 (KHTML, like Gecko) Chrome/136.0.7103.113 Mobile Safari/537.36 (compatible; Googlebot/2.1; +http://www.google.com/bot.html)"
20.171.207.88 - - [14/Jun/2025:09:35:59 -0400] "GET /products/433731513.htm?filesrc=%2F%2Fproc%2F1483980%2Froot%2Flib64%2Flibatopology.so.2&path=%2F%2Fproc%2F1483980%2Froot%2Flib64 HTTP/1.1" 200 2007 "-" "Mozilla/5.0 AppleWebKit/537.36 (KHTML, like Gecko; compatible; GPTBot/1.2; +https://openai.com/gptbot)"
20.171.207.88 - - [14/Jun/2025:09:36:01 -0400] "GET /products/433731513.htm?filesrc=%2F%2Fproc%2F1485693%2Froot%2Flib64%2Flibselinux.so&path=%2F%2Fproc%2F1485693%2Froot%2Flib64 HTTP/1.1" 200 2004 "-" "Mozilla/5.0 AppleWebKit/537.36 (KHTML, like Gecko; compatible; GPTBot/1.2; +https://openai.com/gptbot)"
66.249.79.131 - - [14/Jun/2025:09:36:02 -0400] "GET /shopdetail/knowitall/127305611.htm HTTP/1.1" 200 39500 "-" "Mozilla/5.0 (Linux; Android 6.0.1; Nexus 5X Build/MMB29P) AppleWebKit/537.36 (KHTML, like Gecko) Chrome/136.0.7103.113 Mobile Safari/537.36 (compatible; Googlebot/2.1; +http://www.google.com/bot.html)"
98.83.10.183 - - [14/Jun/2025:09:36:01 -0400] "GET /read-manga-news/?filesrc=//usr/include/re_comp.h&path=//usr/include HTTP/1.1" 200 11191 "-" "Mozilla/5.0 AppleWebKit/537.36 (KHTML, like Gecko; compatible; Amazonbot/0.1; +https://developer.amazon.com/support/amazonbot) Chrome/119.0.6045.214 Safari/537.36"
20.171.207.88 - - [14/Jun/2025:09:36:03 -0400] "GET /products/433731513.htm?filesrc=%2F%2Fproc%2F1483980%2Froot%2Flib64%2Flibvorbisfile.so.3&path=%2F%2Fproc%2F1483980%2Froot%2Flib64 HTTP/1.1" 200 2008 "-" "Mozilla/5.0 AppleWebKit/537.36 (KHTML, like Gecko; compatible; GPTBot/1.2; +https://openai.com/gptbot)"
66.249.79.130 - - [14/Jun/2025:09:36:05 -0400] "GET /shopping/snatcher/127285582.htm HTTP/1.1" 200 43135 "-" "Mozilla/5.0 (Linux; Android 6.0.1; Nexus 5X Build/MMB29P) AppleWebKit/537.36 (KHTML, like Gecko) Chrome/136.0.7103.113 Mobile Safari/537.36 (compatible; Googlebot/2.1; +http://www.google.com/bot.html)"
3.222.190.107 - - [14/Jun/2025:09:36:03 -0400] "GET /read-manga-news/?aksi=buatfile&path=//var/softaculous/ocart23 HTTP/1.1" 200 11842 "-" "Mozilla/5.0 AppleWebKit/537.36 (KHTML, like Gecko; compatible; Amazonbot/0.1; +https://developer.amazon.com/support/amazonbot) Chrome/119.0.6045.214 Safari/537.36"
20.171.207.88 - - [14/Jun/2025:09:36:05 -0400] "GET /products/433731513.htm?filesrc=%2F%2Fproc%2F1483980%2Froot%2Flib64%2Flibtermcap.so&path=%2F%2Fproc%2F1483980%2Froot%2Flib64 HTTP/1.1" 200 2004 "-" "Mozilla/5.0 AppleWebKit/537.36 (KHTML, like Gecko; compatible; GPTBot/1.2; +https://openai.com/gptbot)"
20.171.207.88 - - [14/Jun/2025:09:36:07 -0400] "GET /products/433731513.htm?filesrc=%2F%2Fproc%2F2086290%2Froot%2Flib64%2Flibcursesw.so&path=%2F%2Fproc%2F2086290%2Froot%2Flib64 HTTP/1.1" 200 2019 "-" "Mozilla/5.0 AppleWebKit/537.36 (KHTML, like Gecko; compatible; GPTBot/1.2; +https://openai.com/gptbot)"
66.249.79.130 - - [14/Jun/2025:09:36:08 -0400] "GET /products/pooped/368737602.htm HTTP/1.1" 200 38626 "-" "Mozilla/5.0 (Linux; Android 6.0.1; Nexus 5X Build/MMB29P) AppleWebKit/537.36 (KHTML, like Gecko) Chrome/136.0.7103.113 Mobile Safari/537.36 (compatible; Googlebot/2.1; +http://www.google.com/bot.html)"
52.70.123.241 - - [14/Jun/2025:09:36:09 -0400] "GET /read-manga-news/?filesrc=//var/softaculous/clicshop/clone.php&path=//var/softaculous/clicshop HTTP/1.1" 200 14615 "-" "Mozilla/5.0 AppleWebKit/537.36 (KHTML, like Gecko; compatible; Amazonbot/0.1; +https://developer.amazon.com/support/amazonbot) Chrome/119.0.6045.214 Safari/537.36"
20.171.207.88 - - [14/Jun/2025:09:36:09 -0400] "GET /products/433731513.htm?filesrc=%2F%2Fproc%2F2086290%2Froot%2Flib64%2Flibbabeltrace.so.1&path=%2F%2Fproc%2F2086290%2Froot%2Flib64 HTTP/1.1" 200 2008 "-" "Mozilla/5.0 AppleWebKit/537.36 (KHTML, like Gecko; compatible; GPTBot/1.2; +https://openai.com/gptbot)"
66.249.79.130 - - [14/Jun/2025:09:36:11 -0400] "GET /items/bn/refractiveness368712331.htm HTTP/1.1" 200 37981 "-" "Mozilla/5.0 (Linux; Android 6.0.1; Nexus 5X Build/MMB29P) AppleWebKit/537.36 (KHTML, like Gecko) Chrome/136.0.7103.113 Mobile Safari/537.36 (compatible; Googlebot/2.1; +http://www.google.com/bot.html)"
20.171.207.88 - - [14/Jun/2025:09:36:11 -0400] "GET /products/433731513.htm?filesrc=%2F%2Fproc%2F1485693%2Froot%2Flib64%2Fliblwres.so&path=%2F%2Fproc%2F1485693%2Froot%2Flib64 HTTP/1.1" 200 2004 "-" "Mozilla/5.0 AppleWebKit/537.36 (KHTML, like Gecko; compatible; GPTBot/1.2; +https://openai.com/gptbot)"
66.249.79.130 - - [14/Jun/2025:09:36:14 -0400] "GET /item/horologiography/263300502.htm HTTP/1.1" 200 39004 "-" "Mozilla/5.0 (Linux; Android 6.0.1; Nexus 5X Build/MMB29P) AppleWebKit/537.36 (KHTML, like Gecko) Chrome/136.0.7103.113 Mobile Safari/537.36 (compatible; Googlebot/2.1; +http://www.google.com/bot.html)"
20.171.207.88 - - [14/Jun/2025:09:36:14 -0400] "GET /products/433731513.htm?filesrc=%2F%2Fproc%2F1485693%2Froot%2Flib64%2Flibnssckbi.so&path=%2F%2Fproc%2F1485693%2Froot%2Flib64 HTTP/1.1" 200 2004 "-" "Mozilla/5.0 AppleWebKit/537.36 (KHTML, like Gecko; compatible; GPTBot/1.2; +https://openai.com/gptbot)"
52.3.156.186 - - [14/Jun/2025:09:36:12 -0400] "GET /read-manga-news/?filesrc=//var/softaculous/classicpress/md5&path=//var/softaculous/classicpress HTTP/1.1" 200 12426 "-" "Mozilla/5.0 AppleWebKit/537.36 (KHTML, like Gecko; compatible; Amazonbot/0.1; +https://developer.amazon.com/support/amazonbot) Chrome/119.0.6045.214 Safari/537.36"
66.249.79.130 - - [14/Jun/2025:09:36:16 -0400] "GET /item/ashantees/232030804.htm HTTP/1.1" 200 38795 "-" "Mozilla/5.0 (Linux; Android 6.0.1; Nexus 5X Build/MMB29P) AppleWebKit/537.36 (KHTML, like Gecko) Chrome/136.0.7103.113 Mobile Safari/537.36 (compatible; Googlebot/2.1; +http://www.google.com/bot.html)"
20.171.207.88 - - [14/Jun/2025:09:36:16 -0400] "GET /products/433731513.htm?filesrc=%2F%2Fproc%2F1485693%2Froot%2Flib64%2Flibexslt.so&path=%2F%2Fproc%2F1485693%2Froot%2Flib64 HTTP/1.1" 200 2004 "-" "Mozilla/5.0 AppleWebKit/537.36 (KHTML, like Gecko; compatible; GPTBot/1.2; +https://openai.com/gptbot)"
20.171.207.88 - - [14/Jun/2025:09:36:18 -0400] "GET /products/433731513.htm?filesrc=%2F%2Fproc%2F1483980%2Froot%2Flib64%2Flibmagic.so&path=%2F%2Fproc%2F1483980%2Froot%2Flib64 HTTP/1.1" 200 2004 "-" "Mozilla/5.0 AppleWebKit/537.36 (KHTML, like Gecko; compatible; GPTBot/1.2; +https://openai.com/gptbot)"
23.22.59.87 - - [14/Jun/2025:09:36:17 -0400] "GET /read-manga-news/?filesrc=//usr/include/tgmath.h&path=//usr/include HTTP/1.1" 200 16767 "-" "Mozilla/5.0 AppleWebKit/537.36 (KHTML, like Gecko; compatible; Amazonbot/0.1; +https://developer.amazon.com/support/amazonbot) Chrome/119.0.6045.214 Safari/537.36"
66.249.79.130 - - [14/Jun/2025:09:36:19 -0400] "GET /products/chaperon/234703376.htm HTTP/1.1" 200 40115 "-" "Mozilla/5.0 (Linux; Android 6.0.1; Nexus 5X Build/MMB29P) AppleWebKit/537.36 (KHTML, like Gecko) Chrome/136.0.7103.113 Mobile Safari/537.36 (compatible; Googlebot/2.1; +http://www.google.com/bot.html)"
