3.226.106.93 - - [14/Jun/2025:08:18:40 -0400] "GET /read-manga-news/?filesrc=//lib/kbd/consolefonts/LatGrkCyr-12x22.psfu.gz&path=//lib/kbd/consolefonts HTTP/1.1" 200 10763 "-" "Mozilla/5.0 AppleWebKit/537.36 (KHTML, like Gecko; compatible; Amazonbot/0.1; +https://developer.amazon.com/support/amazonbot) Chrome/119.0.6045.214 Safari/537.36"
20.171.207.88 - - [14/Jun/2025:08:18:41 -0400] "GET /product433782565.htm?filesrc=%2Fhome%2Fhonehdyv%2Fjunglejuicewebtoon.com%2Fwp-includes%2Fclass-wp-exception.php&path=%2Fhome%2Fhonehdyv%2Fjunglejuicewebtoon.com%2Fwp-includes HTTP/1.1" 200 2141 "-" "Mozilla/5.0 AppleWebKit/537.36 (KHTML, like Gecko; compatible; GPTBot/1.2; +https://openai.com/gptbot)"
20.171.207.88 - - [14/Jun/2025:08:18:43 -0400] "GET /product433782565.htm?filesrc=%2Fhome%2Fhonehdyv%2Fjunglejuicewebtoon.com%2Fwp-includes%2Fclass-wp-block-editor-context.php&path=%2Fhome%2Fhonehdyv%2Fjunglejuicewebtoon.com%2Fwp-includes HTTP/1.1" 200 2554 "-" "Mozilla/5.0 AppleWebKit/537.36 (KHTML, like Gecko; compatible; GPTBot/1.2; +https://openai.com/gptbot)"
20.171.207.88 - - [14/Jun/2025:08:18:44 -0400] "GET /product433782565.htm?filesrc=%2Fhome%2Fhonehdyv%2Fjunglejuicewebtoon.com%2Fwp-includes%2Fclass-wp-image-editor-gd.php&path=%2Fhome%2Fhonehdyv%2Fjunglejuicewebtoon.com%2Fwp-includes HTTP/1.1" 200 7117 "-" "Mozilla/5.0 AppleWebKit/537.36 (KHTML, like Gecko; compatible; GPTBot/1.2; +https://openai.com/gptbot)"
20.171.207.88 - - [14/Jun/2025:08:18:47 -0400] "GET /product434177481.htm?filesrc=%2Fhome%2Fhonehdyv%2Foperationtruelovenow.com%2Fwp-activate.php&path=%2Fhome%2Fhonehdyv%2Foperationtruelovenow.com HTTP/1.1" 200 4603 "-" "Mozilla/5.0 AppleWebKit/537.36 (KHTML, like Gecko; compatible; GPTBot/1.2; +https://openai.com/gptbot)"
20.171.207.88 - - [14/Jun/2025:08:18:49 -0400] "GET /product434177481.htm?filesrc=%2Fhome%2Fhonehdyv%2Foperationtruelovenow.com%2Fwp-settings.php&path=%2Fhome%2Fhonehdyv%2Foperationtruelovenow.com HTTP/1.1" 200 7927 "-" "Mozilla/5.0 AppleWebKit/537.36 (KHTML, like Gecko; compatible; GPTBot/1.2; +https://openai.com/gptbot)"
54.147.238.89 - - [14/Jun/2025:08:18:48 -0400] "GET /read-manga-news/?filesrc=//lib/grub/i386-pc/parttool.lst&path=//lib/grub/i386-pc HTTP/1.1" 200 10739 "-" "Mozilla/5.0 AppleWebKit/537.36 (KHTML, like Gecko; compatible; Amazonbot/0.1; +https://developer.amazon.com/support/amazonbot) Chrome/119.0.6045.214 Safari/537.36"
20.171.207.88 - - [14/Jun/2025:08:18:52 -0400] "GET /goodscode434073530.htm?aksi=buatfolder&path=%2Fhome%2Fhonehdyv%2Fsololevelingscan.com HTTP/1.1" 200 2067 "-" "Mozilla/5.0 AppleWebKit/537.36 (KHTML, like Gecko; compatible; GPTBot/1.2; +https://openai.com/gptbot)"
18.215.112.101 - - [14/Jun/2025:08:18:51 -0400] "GET /read-manga-news/?filesrc=//home/honehdyv/logs/funniesthost.honesthings.com-ssl_log-Nov-2022.gz&path=//home/honehdyv/logs HTTP/1.1" 200 10767 "-" "Mozilla/5.0 AppleWebKit/537.36 (KHTML, like Gecko; compatible; Amazonbot/0.1; +https://developer.amazon.com/support/amazonbot) Chrome/119.0.6045.214 Safari/537.36"
20.171.207.88 - - [14/Jun/2025:08:18:54 -0400] "GET /product434177481.htm?aksi=buatfile&path=%2Fhome%2Fhonehdyv%2Foperationtruelovenow.com HTTP/1.1" 200 3417 "-" "Mozilla/5.0 AppleWebKit/537.36 (KHTML, like Gecko; compatible; GPTBot/1.2; +https://openai.com/gptbot)"
20.171.207.88 - - [14/Jun/2025:08:18:55 -0400] "GET /product433782565.htm?filesrc=%2Fhome%2Fhonehdyv%2Fjunglejuicewebtoon.com%2Fwp-includes%2Fclass-wp-error.php&path=%2Fhome%2Fhonehdyv%2Fjunglejuicewebtoon.com%2Fwp-includes HTTP/1.1" 200 3945 "-" "Mozilla/5.0 AppleWebKit/537.36 (KHTML, like Gecko; compatible; GPTBot/1.2; +https://openai.com/gptbot)"
3.90.73.206 - - [14/Jun/2025:08:18:56 -0400] "GET /read-manga-news/?filesrc=//lib/systemd/system/sys-kernel-config.mount&path=//lib/systemd/system HTTP/1.1" 200 11105 "-" "Mozilla/5.0 AppleWebKit/537.36 (KHTML, like Gecko; compatible; Amazonbot/0.1; +https://developer.amazon.com/support/amazonbot) Chrome/119.0.6045.214 Safari/537.36"
20.171.207.88 - - [14/Jun/2025:08:18:57 -0400] "GET /product433782565.htm?path=%2Fhome%2Fhonehdyv%2Fjunglejuicewebtoon.com%2Fwp-includes%2Fimages HTTP/1.1" 200 3484 "-" "Mozilla/5.0 AppleWebKit/537.36 (KHTML, like Gecko; compatible; GPTBot/1.2; +https://openai.com/gptbot)"
20.171.207.88 - - [14/Jun/2025:08:18:59 -0400] "GET /product433782565.htm?path=%2Fhome%2Fhonehdyv%2Fjunglejuicewebtoon.com%2Fwp-includes%2Fassets HTTP/1.1" 200 2762 "-" "Mozilla/5.0 AppleWebKit/537.36 (KHTML, like Gecko; compatible; GPTBot/1.2; +https://openai.com/gptbot)"
23.21.119.232 - - [14/Jun/2025:08:19:00 -0400] "GET /read-manga-news/?filesrc=//lib64/python2.7/UserString.pyo&path=//lib64/python2.7 HTTP/1.1" 200 10733 "-" "Mozilla/5.0 AppleWebKit/537.36 (KHTML, like Gecko; compatible; Amazonbot/0.1; +https://developer.amazon.com/support/amazonbot) Chrome/119.0.6045.214 Safari/537.36"
20.171.207.88 - - [14/Jun/2025:08:19:01 -0400] "GET /product433782565.htm?path=%2Fhome%2Fhonehdyv%2Fjunglejuicewebtoon.com%2Fwp-includes%2Finteractivity-api HTTP/1.1" 200 2634 "-" "Mozilla/5.0 AppleWebKit/537.36 (KHTML, like Gecko; compatible; GPTBot/1.2; +https://openai.com/gptbot)"
20.171.207.88 - - [14/Jun/2025:08:19:03 -0400] "GET /product434177481.htm?aksi=buatfile&path=%2Fhome%2Fhonehdyv%2Foperationtruelovenow.com%2Fcgi-bin HTTP/1.1" 200 2564 "-" "Mozilla/5.0 AppleWebKit/537.36 (KHTML, like Gecko; compatible; GPTBot/1.2; +https://openai.com/gptbot)"
20.171.207.88 - - [14/Jun/2025:08:19:05 -0400] "GET /product434177481.htm?filesrc=%2Fhome%2Fhonehdyv%2Foperationtruelovenow.com%2Fwp-login.php&path=%2Fhome%2Fhonehdyv%2Foperationtruelovenow.com HTTP/1.1" 200 15538 "-" "Mozilla/5.0 AppleWebKit/537.36 (KHTML, like Gecko; compatible; GPTBot/1.2; +https://openai.com/gptbot)"
35.169.240.53 - - [14/Jun/2025:08:19:04 -0400] "GET /read-manga-news/?filesrc=//home/honehdyv/logs/lire2.myheroscan.com-Mar-2024.gz&path=//home/honehdyv/logs HTTP/1.1" 200 10773 "-" "Mozilla/5.0 AppleWebKit/537.36 (KHTML, like Gecko; compatible; Amazonbot/0.1; +https://developer.amazon.com/support/amazonbot) Chrome/119.0.6045.214 Safari/537.36"
20.171.207.88 - - [14/Jun/2025:08:19:07 -0400] "GET /product433782565.htm?filesrc=%2Fhome%2Fhonehdyv%2Fjunglejuicewebtoon.com%2Fwp-signup.php&path=%2Fhome%2Fhonehdyv%2Fjunglejuicewebtoon.com HTTP/1.1" 200 10487 "-" "Mozilla/5.0 AppleWebKit/537.36 (KHTML, like Gecko; compatible; GPTBot/1.2; +https://openai.com/gptbot)"
52.7.33.248 - - [14/Jun/2025:08:19:07 -0400] "GET /read-manga-news/?filesrc=//lib64/pkgconfig/com_err.pc&path=//lib64/pkgconfig HTTP/1.1" 200 10865 "-" "Mozilla/5.0 AppleWebKit/537.36 (KHTML, like Gecko; compatible; Amazonbot/0.1; +https://developer.amazon.com/support/amazonbot) Chrome/119.0.6045.214 Safari/537.36"
20.171.207.88 - - [14/Jun/2025:08:19:10 -0400] "GET /goodscode433763837.htm?aksi=buatfile&path=%2Fhome%2Fhonehdyv%2Fjujutsukaisenscan.com HTTP/1.1" 200 2485 "-" "Mozilla/5.0 AppleWebKit/537.36 (KHTML, like Gecko; compatible; GPTBot/1.2; +https://openai.com/gptbot)"
20.171.207.88 - - [14/Jun/2025:08:19:12 -0400] "GET /product433782565.htm?filesrc=%2Fhome%2Fhonehdyv%2Fjunglejuicewebtoon.com%2Fwp-includes%2Fclass-walker-page.php&path=%2Fhome%2Fhonehdyv%2Fjunglejuicewebtoon.com%2Fwp-includes HTTP/1.1" 200 4149 "-" "Mozilla/5.0 AppleWebKit/537.36 (KHTML, like Gecko; compatible; GPTBot/1.2; +https://openai.com/gptbot)"
98.84.70.201 - - [14/Jun/2025:08:19:13 -0400] "GET /read-manga-news/?filesrc=//lib64/cmake/Qt5Gui/Qt5Gui_QXcbGlxIntegrationPlugin.cmake&path=//lib64/cmake/Qt5Gui HTTP/1.1" 200 11005 "-" "Mozilla/5.0 AppleWebKit/537.36 (KHTML, like Gecko; compatible; Amazonbot/0.1; +https://developer.amazon.com/support/amazonbot) Chrome/119.0.6045.214 Safari/537.36"
20.171.207.88 - - [14/Jun/2025:08:19:14 -0400] "GET /goodscode434140228.htm?aksi=buatfolder&path=%2Fhome%2Fhonehdyv%2Foperationtruelovenow.com%2Fcgi-bin HTTP/1.1" 200 2074 "-" "Mozilla/5.0 AppleWebKit/537.36 (KHTML, like Gecko; compatible; GPTBot/1.2; +https://openai.com/gptbot)"
20.171.207.88 - - [14/Jun/2025:08:19:16 -0400] "GET /goodscode433757573.htm?aksi=buatfolder&path=%2Fhome%2Fhonehdyv%2Foperationtruelovenow.com%2Fcgi-bin HTTP/1.1" 200 2074 "-" "Mozilla/5.0 AppleWebKit/537.36 (KHTML, like Gecko; compatible; GPTBot/1.2; +https://openai.com/gptbot)"
54.243.63.52 - - [14/Jun/2025:08:19:16 -0400] "GET /read-manga-news/?path=//usr/lib/firmware HTTP/1.1" 200 21885 "-" "Mozilla/5.0 AppleWebKit/537.36 (KHTML, like Gecko; compatible; Amazonbot/0.1; +https://developer.amazon.com/support/amazonbot) Chrome/119.0.6045.214 Safari/537.36"
20.171.207.88 - - [14/Jun/2025:08:19:18 -0400] "GET /goodscode434140228.htm?aksi=buatfile&path=%2Fhome%2Fhonehdyv%2Foperationtruelovenow.com%2Fcgi-bin HTTP/1.1" 200 2564 "-" "Mozilla/5.0 AppleWebKit/537.36 (KHTML, like Gecko; compatible; GPTBot/1.2; +https://openai.com/gptbot)"
184.73.47.24 - - [14/Jun/2025:08:19:19 -0400] "GET /read-manga-news/?filesrc=//lib/systemd/system/bluetooth.target&path=//lib/systemd/system HTTP/1.1" 200 10950 "-" "Mozilla/5.0 AppleWebKit/537.36 (KHTML, like Gecko; compatible; Amazonbot/0.1; +https://developer.amazon.com/support/amazonbot) Chrome/119.0.6045.214 Safari/537.36"
20.171.207.88 - - [14/Jun/2025:08:19:19 -0400] "GET /goodscode433757573.htm?aksi=buatfile&path=%2Fhome%2Fhonehdyv%2Foperationtruelovenow.com%2Fcgi-bin HTTP/1.1" 200 2564 "-" "Mozilla/5.0 AppleWebKit/537.36 (KHTML, like Gecko; compatible; GPTBot/1.2; +https://openai.com/gptbot)"
20.171.207.88 - - [14/Jun/2025:08:19:21 -0400] "GET /goodscode434073530.htm?path=%2Fhome%2Fhonehdyv%2Fsololevelingscan.com%2F522314 HTTP/1.1" 200 2511 "-" "Mozilla/5.0 AppleWebKit/537.36 (KHTML, like Gecko; compatible; GPTBot/1.2; +https://openai.com/gptbot)"
20.171.207.88 - - [14/Jun/2025:08:19:22 -0400] "GET /shopbrand434018061.htm?filesrc=%2Fhome%2Fhonehdyv%2Fjunglejuicewebtoon.com%2Fwp-activate.php&path=%2Fhome%2Fhonehdyv%2Fjunglejuicewebtoon.com HTTP/1.1" 200 4595 "-" "Mozilla/5.0 AppleWebKit/537.36 (KHTML, like Gecko; compatible; GPTBot/1.2; +https://openai.com/gptbot)"
20.171.207.88 - - [14/Jun/2025:08:19:23 -0400] "GET /shopbrand434018061.htm?filesrc=%2Fhome%2Fhonehdyv%2Fjunglejuicewebtoon.com%2Fwp-settings.php&path=%2Fhome%2Fhonehdyv%2Fjunglejuicewebtoon.com HTTP/1.1" 200 7961 "-" "Mozilla/5.0 AppleWebKit/537.36 (KHTML, like Gecko; compatible; GPTBot/1.2; +https://openai.com/gptbot)"
20.171.207.88 - - [14/Jun/2025:08:19:24 -0400] "GET /product434177481.htm?aksi=buatfile&path=%2Fhome%2Fhonehdyv%2Foperationtruelovenow.com%2F.well-known HTTP/1.1" 200 2588 "-" "Mozilla/5.0 AppleWebKit/537.36 (KHTML, like Gecko; compatible; GPTBot/1.2; +https://openai.com/gptbot)"
52.71.203.206 - - [14/Jun/2025:08:19:24 -0400] "GET /read-manga-news/?filesrc=//lib64/python2.7/_LWPCookieJar.py&path=//lib64/python2.7 HTTP/1.1" 200 12785 "-" "Mozilla/5.0 AppleWebKit/537.36 (KHTML, like Gecko; compatible; Amazonbot/0.1; +https://developer.amazon.com/support/amazonbot) Chrome/119.0.6045.214 Safari/537.36"
20.171.207.88 - - [14/Jun/2025:08:19:25 -0400] "GET /shopbrand434018061.htm?filesrc=%2Fhome%2Fhonehdyv%2Fjunglejuicewebtoon.com%2Fwp-signup.php&path=%2Fhome%2Fhonehdyv%2Fjunglejuicewebtoon.com HTTP/1.1" 200 10487 "-" "Mozilla/5.0 AppleWebKit/537.36 (KHTML, like Gecko; compatible; GPTBot/1.2; +https://openai.com/gptbot)"
20.171.207.88 - - [14/Jun/2025:08:19:27 -0400] "GET /shopbrand434018061.htm?filesrc=%2Fhome%2Fhonehdyv%2Fjunglejuicewebtoon.com%2Frobots.txt&path=%2Fhome%2Fhonehdyv%2Fjunglejuicewebtoon.com HTTP/1.1" 200 2053 "-" "Mozilla/5.0 AppleWebKit/537.36 (KHTML, like Gecko; compatible; GPTBot/1.2; +https://openai.com/gptbot)"
20.171.207.88 - - [14/Jun/2025:08:19:28 -0400] "GET /shopbrand434018061.htm?filesrc=%2Fhome%2Fhonehdyv%2Fjunglejuicewebtoon.com%2Flicense.txt&path=%2Fhome%2Fhonehdyv%2Fjunglejuicewebtoon.com HTTP/1.1" 200 9399 "-" "Mozilla/5.0 AppleWebKit/537.36 (KHTML, like Gecko; compatible; GPTBot/1.2; +https://openai.com/gptbot)"
20.171.207.88 - - [14/Jun/2025:08:19:29 -0400] "GET /product433782565.htm?filesrc=%2Fhome%2Fhonehdyv%2Fjunglejuicewebtoon.com%2Fwp-includes%2Fclass-wp-comment.php&path=%2Fhome%2Fhonehdyv%2Fjunglejuicewebtoon.com%2Fwp-includes HTTP/1.1" 200 4652 "-" "Mozilla/5.0 AppleWebKit/537.36 (KHTML, like Gecko; compatible; GPTBot/1.2; +https://openai.com/gptbot)"
20.171.207.88 - - [14/Jun/2025:08:19:30 -0400] "GET /shopbrand434018061.htm?filesrc=%2Fhome%2Fhonehdyv%2Fjunglejuicewebtoon.com%2Freadme.html&path=%2Fhome%2Fhonehdyv%2Fjunglejuicewebtoon.com HTTP/1.1" 200 5050 "-" "Mozilla/5.0 AppleWebKit/537.36 (KHTML, like Gecko; compatible; GPTBot/1.2; +https://openai.com/gptbot)"
20.171.207.88 - - [14/Jun/2025:08:19:31 -0400] "GET /product433782565.htm?path=%2Fhome%2Fhonehdyv%2Fjunglejuicewebtoon.com%2Fwp-includes%2Fimages%2Fmedia HTTP/1.1" 200 3011 "-" "Mozilla/5.0 AppleWebKit/537.36 (KHTML, like Gecko; compatible; GPTBot/1.2; +https://openai.com/gptbot)"
20.171.207.88 - - [14/Jun/2025:08:19:32 -0400] "GET /shopbrand434018061.htm?filesrc=%2Fhome%2Fhonehdyv%2Fjunglejuicewebtoon.com%2Fwp-comments-post.php&path=%2Fhome%2Fhonehdyv%2Fjunglejuicewebtoon.com HTTP/1.1" 200 3080 "-" "Mozilla/5.0 AppleWebKit/537.36 (KHTML, like Gecko; compatible; GPTBot/1.2; +https://openai.com/gptbot)"
20.171.207.88 - - [14/Jun/2025:08:19:34 -0400] "GET /product433782565.htm?path=%2Fhome%2Fhonehdyv%2Fjunglejuicewebtoon.com%2Fwp-includes%2Fcustomize HTTP/1.1" 200 3672 "-" "Mozilla/5.0 AppleWebKit/537.36 (KHTML, like Gecko; compatible; GPTBot/1.2; +https://openai.com/gptbot)"
20.171.207.88 - - [14/Jun/2025:08:19:35 -0400] "GET /product433782565.htm?filesrc=%2Fhome%2Fhonehdyv%2Fjunglejuicewebtoon.com%2Fwp-includes%2Fclass-wp-user-request.php&path=%2Fhome%2Fhonehdyv%2Fjunglejuicewebtoon.com%2Fwp-includes HTTP/1.1" 200 2609 "-" "Mozilla/5.0 AppleWebKit/537.36 (KHTML, like Gecko; compatible; GPTBot/1.2; +https://openai.com/gptbot)"
20.171.207.88 - - [14/Jun/2025:08:19:36 -0400] "GET /product433782565.htm?filesrc=%2Fhome%2Fhonehdyv%2Fjunglejuicewebtoon.com%2Fwp-includes%2Fclass-wp-user-query.php&path=%2Fhome%2Fhonehdyv%2Fjunglejuicewebtoon.com%2Fwp-includes HTTP/1.1" 200 12001 "-" "Mozilla/5.0 AppleWebKit/537.36 (KHTML, like Gecko; compatible; GPTBot/1.2; +https://openai.com/gptbot)"
20.171.207.88 - - [14/Jun/2025:08:19:37 -0400] "GET /goodscode433757573.htm?path=%2Fhome%2Fhonehdyv%2Foperationtruelovenow.com%2F.well-known HTTP/1.1" 200 2588 "-" "Mozilla/5.0 AppleWebKit/537.36 (KHTML, like Gecko; compatible; GPTBot/1.2; +https://openai.com/gptbot)"
18.215.49.176 - - [14/Jun/2025:08:19:37 -0400] "GET /read-manga-news/?filesrc=//lib/systemd/system/systemd-journal-catalog-update.service&path=//lib/systemd/system HTTP/1.1" 200 11100 "-" "Mozilla/5.0 AppleWebKit/537.36 (KHTML, like Gecko; compatible; Amazonbot/0.1; +https://developer.amazon.com/support/amazonbot) Chrome/119.0.6045.214 Safari/537.36"
20.171.207.88 - - [14/Jun/2025:08:19:38 -0400] "GET /goodscode434140228.htm?path=%2Fhome%2Fhonehdyv%2Foperationtruelovenow.com%2F.well-known HTTP/1.1" 200 2588 "-" "Mozilla/5.0 AppleWebKit/537.36 (KHTML, like Gecko; compatible; GPTBot/1.2; +https://openai.com/gptbot)"
20.171.207.88 - - [14/Jun/2025:08:19:39 -0400] "GET /product433782565.htm?path=%2Fhome%2Fhonehdyv%2Fjunglejuicewebtoon.com%2Fwp-includes%2Fhtml-api HTTP/1.1" 200 3029 "-" "Mozilla/5.0 AppleWebKit/537.36 (KHTML, like Gecko; compatible; GPTBot/1.2; +https://openai.com/gptbot)"
20.171.207.88 - - [14/Jun/2025:08:19:41 -0400] "GET /product433782565.htm?path=%2Fhome%2Fhonehdyv%2Fjunglejuicewebtoon.com%2Fwp-includes%2Frest-api HTTP/1.1" 200 2816 "-" "Mozilla/5.0 AppleWebKit/537.36 (KHTML, like Gecko; compatible; GPTBot/1.2; +https://openai.com/gptbot)"
20.171.207.88 - - [14/Jun/2025:08:19:42 -0400] "GET /shopbrand434018061.htm?filesrc=%2Fhome%2Fhonehdyv%2Fjunglejuicewebtoon.com%2Fwp-login.php&path=%2Fhome%2Fhonehdyv%2Fjunglejuicewebtoon.com HTTP/1.1" 200 15535 "-" "Mozilla/5.0 AppleWebKit/537.36 (KHTML, like Gecko; compatible; GPTBot/1.2; +https://openai.com/gptbot)"
20.171.207.88 - - [14/Jun/2025:08:19:43 -0400] "GET /goodscode434073530.htm?filesrc=%2Fhome%2Fhonehdyv%2Fsololevelingscan.com%2Fuserfuns.php&path=%2Fhome%2Fhonehdyv%2Fsololevelingscan.com HTTP/1.1" 200 4526 "-" "Mozilla/5.0 AppleWebKit/537.36 (KHTML, like Gecko; compatible; GPTBot/1.2; +https://openai.com/gptbot)"
44.205.74.196 - - [14/Jun/2025:08:19:44 -0400] "GET /read-manga-news/?filesrc=//lib64/python2.7/sre_parse.pyo&path=//lib64/python2.7 HTTP/1.1" 200 10746 "-" "Mozilla/5.0 AppleWebKit/537.36 (KHTML, like Gecko; compatible; Amazonbot/0.1; +https://developer.amazon.com/support/amazonbot) Chrome/119.0.6045.214 Safari/537.36"
20.171.207.88 - - [14/Jun/2025:08:19:44 -0400] "GET /product433782565.htm?path=%2Fhome%2Fhonehdyv%2Fjunglejuicewebtoon.com%2Fwp-includes%2Fstyle-engine HTTP/1.1" 200 2697 "-" "Mozilla/5.0 AppleWebKit/537.36 (KHTML, like Gecko; compatible; GPTBot/1.2; +https://openai.com/gptbot)"
20.171.207.88 - - [14/Jun/2025:08:19:46 -0400] "GET /product433782565.htm?path=%2Fhome%2Fhonehdyv%2Fjunglejuicewebtoon.com%2Fwp-includes%2Fsodium_compat HTTP/1.1" 200 2837 "-" "Mozilla/5.0 AppleWebKit/537.36 (KHTML, like Gecko; compatible; GPTBot/1.2; +https://openai.com/gptbot)"
20.171.207.88 - - [14/Jun/2025:08:19:48 -0400] "GET /product433782565.htm?path=%2Fhome%2Fhonehdyv%2Fjunglejuicewebtoon.com%2Fwp-includes%2Ftheme-compat HTTP/1.1" 200 2810 "-" "Mozilla/5.0 AppleWebKit/537.36 (KHTML, like Gecko; compatible; GPTBot/1.2; +https://openai.com/gptbot)"
52.3.156.186 - - [14/Jun/2025:08:19:48 -0400] "GET /read-manga-news/?filesrc=//var/softaculous/laravel8/laravel8.sql&path=//var/softaculous/laravel8 HTTP/1.1" 200 11655 "-" "Mozilla/5.0 AppleWebKit/537.36 (KHTML, like Gecko; compatible; Amazonbot/0.1; +https://developer.amazon.com/support/amazonbot) Chrome/119.0.6045.214 Safari/537.36"
20.171.207.88 - - [14/Jun/2025:08:19:50 -0400] "GET /product433782565.htm?filesrc=%2Fhome%2Fhonehdyv%2Fjunglejuicewebtoon.com%2Fwp-includes%2Fclass-avif-info.php&path=%2Fhome%2Fhonehdyv%2Fjunglejuicewebtoon.com%2Fwp-includes HTTP/1.1" 200 8348 "-" "Mozilla/5.0 AppleWebKit/537.36 (KHTML, like Gecko; compatible; GPTBot/1.2; +https://openai.com/gptbot)"
20.171.207.88 - - [14/Jun/2025:08:19:52 -0400] "GET /product433782565.htm?filesrc=%2Fhome%2Fhonehdyv%2Fjunglejuicewebtoon.com%2Fwp-includes%2Fclass-wp-post-type.php&path=%2Fhome%2Fhonehdyv%2Fjunglejuicewebtoon.com%2Fwp-includes HTTP/1.1" 200 8921 "-" "Mozilla/5.0 AppleWebKit/537.36 (KHTML, like Gecko; compatible; GPTBot/1.2; +https://openai.com/gptbot)"
20.171.207.88 - - [14/Jun/2025:08:19:53 -0400] "GET /goodscode434073530.htm?path=%2Fhome%2Fhonehdyv%2Fjujutsukaisenscan.com HTTP/1.1" 200 2485 "-" "Mozilla/5.0 AppleWebKit/537.36 (KHTML, like Gecko; compatible; GPTBot/1.2; +https://openai.com/gptbot)"
3.220.70.171 - - [14/Jun/2025:08:19:53 -0400] "GET /read-manga-news/?filesrc=//lib64/python2.7/traceback.pyo&path=//lib64/python2.7 HTTP/1.1" 200 10733 "-" "Mozilla/5.0 AppleWebKit/537.36 (KHTML, like Gecko; compatible; Amazonbot/0.1; +https://developer.amazon.com/support/amazonbot) Chrome/119.0.6045.214 Safari/537.36"
20.171.207.88 - - [14/Jun/2025:08:19:55 -0400] "GET /shopbrand434009982.htm?path=%2Fhome%2Fhonehdyv%2Fjujutsukaisenscan.com HTTP/1.1" 200 2485 "-" "Mozilla/5.0 AppleWebKit/537.36 (KHTML, like Gecko; compatible; GPTBot/1.2; +https://openai.com/gptbot)"
20.171.207.88 - - [14/Jun/2025:08:19:57 -0400] "GET /product433782565.htm?path=%2Fhome%2Fhonehdyv%2Fjunglejuicewebtoon.com%2Fwp-includes%2Frest-api%2Fendpoints HTTP/1.1" 200 3871 "-" "Mozilla/5.0 AppleWebKit/537.36 (KHTML, like Gecko; compatible; GPTBot/1.2; +https://openai.com/gptbot)"
20.171.207.88 - - [14/Jun/2025:08:19:59 -0400] "GET /product433782565.htm?filesrc=%2Fhome%2Fhonehdyv%2Fjunglejuicewebtoon.com%2Fwp-includes%2Frest-api%2Fclass-wp-rest-server.php&path=%2Fhome%2Fhonehdyv%2Fjunglejuicewebtoon.com%2Fwp-includes%2Frest-api HTTP/1.1" 200 17114 "-" "Mozilla/5.0 AppleWebKit/537.36 (KHTML, like Gecko; compatible; GPTBot/1.2; +https://openai.com/gptbot)"
20.171.207.88 - - [14/Jun/2025:08:20:00 -0400] "GET /product433782565.htm?path=%2Fhome%2Fhonehdyv%2Fjunglejuicewebtoon.com%2Fwp-includes%2Frest-api%2Fsearch HTTP/1.1" 200 2683 "-" "Mozilla/5.0 AppleWebKit/537.36 (KHTML, like Gecko; compatible; GPTBot/1.2; +https://openai.com/gptbot)"
184.73.35.182 - - [14/Jun/2025:08:20:00 -0400] "GET /read-manga-news/?filesrc=//var/softaculous/invoice/ipconfig.php&path=//var/softaculous/invoice HTTP/1.1" 200 11566 "-" "Mozilla/5.0 AppleWebKit/537.36 (KHTML, like Gecko; compatible; Amazonbot/0.1; +https://developer.amazon.com/support/amazonbot) Chrome/119.0.6045.214 Safari/537.36"
20.171.207.88 - - [14/Jun/2025:08:20:02 -0400] "GET /goodscode434100379.htm?path=%2Fhome%2Fhonehdyv%2Fsololevelingscan.com HTTP/1.1" 200 2630 "-" "Mozilla/5.0 AppleWebKit/537.36 (KHTML, like Gecko; compatible; GPTBot/1.2; +https://openai.com/gptbot)"
20.171.207.88 - - [14/Jun/2025:08:20:03 -0400] "GET /goodscode434305878.htm?path=%2Fhome%2Fhonehdyv%2Fcoursedownloadly.com HTTP/1.1" 200 2484 "-" "Mozilla/5.0 AppleWebKit/537.36 (KHTML, like Gecko; compatible; GPTBot/1.2; +https://openai.com/gptbot)"
20.171.207.88 - - [14/Jun/2025:08:20:05 -0400] "GET /product433782565.htm?path=%2Fhome%2Fhonehdyv%2Fjunglejuicewebtoon.com%2Fwp-includes%2Fsodium_compat%2Flib HTTP/1.1" 200 2834 "-" "Mozilla/5.0 AppleWebKit/537.36 (KHTML, like Gecko; compatible; GPTBot/1.2; +https://openai.com/gptbot)"
18.232.11.247 - - [14/Jun/2025:08:20:04 -0400] "GET /read-manga-news/?path=//opt/alt/tests/alt-php83-pecl-leveldb_0.3.0-1.el8 HTTP/1.1" 200 11162 "-" "Mozilla/5.0 AppleWebKit/537.36 (KHTML, like Gecko; compatible; Amazonbot/0.1; +https://developer.amazon.com/support/amazonbot) Chrome/119.0.6045.214 Safari/537.36"
20.171.207.88 - - [14/Jun/2025:08:20:06 -0400] "GET /product433782565.htm?path=%2Fhome%2Fhonehdyv%2Fjunglejuicewebtoon.com%2Fwp-includes%2Fsodium_compat%2Fsrc HTTP/1.1" 200 2872 "-" "Mozilla/5.0 AppleWebKit/537.36 (KHTML, like Gecko; compatible; GPTBot/1.2; +https://openai.com/gptbot)"
20.171.207.88 - - [14/Jun/2025:08:20:08 -0400] "GET /product433782565.htm?filesrc=%2Fhome%2Fhonehdyv%2Fjunglejuicewebtoon.com%2Fwp-includes%2Ftheme-compat%2Ffooter-embed.php&path=%2Fhome%2Fhonehdyv%2Fjunglejuicewebtoon.com%2Fwp-includes%2Ftheme-compat HTTP/1.1" 200 2257 "-" "Mozilla/5.0 AppleWebKit/537.36 (KHTML, like Gecko; compatible; GPTBot/1.2; +https://openai.com/gptbot)"
20.171.207.88 - - [14/Jun/2025:08:20:09 -0400] "GET /goodscode434073530.htm?aksi=buatfile&path=%2Fhome%2Fhonehdyv%2Fjujutsukaisenscan.com HTTP/1.1" 200 2485 "-" "Mozilla/5.0 AppleWebKit/537.36 (KHTML, like Gecko; compatible; GPTBot/1.2; +https://openai.com/gptbot)"
20.171.207.88 - - [14/Jun/2025:08:20:11 -0400] "GET /product433782565.htm?filesrc=%2Fhome%2Fhonehdyv%2Fjunglejuicewebtoon.com%2Fwp-includes%2Ftheme-compat%2Fheader-embed.php&path=%2Fhome%2Fhonehdyv%2Fjunglejuicewebtoon.com%2Fwp-includes%2Ftheme-compat HTTP/1.1" 200 2432 "-" "Mozilla/5.0 AppleWebKit/537.36 (KHTML, like Gecko; compatible; GPTBot/1.2; +https://openai.com/gptbot)"
20.171.207.88 - - [14/Jun/2025:08:20:13 -0400] "GET /product433782565.htm?filesrc=%2Fhome%2Fhonehdyv%2Fjunglejuicewebtoon.com%2Fwp-includes%2Frest-api%2Fendpoints%2Fclass-wp-rest-navigation-fallback-controller.php&path=%2Fhome%2Fhonehdyv%2Fjunglejuicewebtoon.com%2Fwp-includes%2Frest-api%2Fendpoints HTTP/1.1" 200 3774 "-" "Mozilla/5.0 AppleWebKit/537.36 (KHTML, like Gecko; compatible; GPTBot/1.2; +https://openai.com/gptbot)"
3.210.114.189 - - [14/Jun/2025:08:20:13 -0400] "GET /read-manga-news/?path=//opt/alt/tests/alt-php81-pecl-swoole_5.1.1-1.el8 HTTP/1.1" 200 10901 "-" "Mozilla/5.0 AppleWebKit/537.36 (KHTML, like Gecko; compatible; Amazonbot/0.1; +https://developer.amazon.com/support/amazonbot) Chrome/119.0.6045.214 Safari/537.36"
20.171.207.88 - - [14/Jun/2025:08:20:14 -0400] "GET /product433782565.htm?filesrc=%2Fhome%2Fhonehdyv%2Fjunglejuicewebtoon.com%2Fwp-includes%2Frest-api%2Fendpoints%2Fclass-wp-rest-menus-controller.php&path=%2Fhome%2Fhonehdyv%2Fjunglejuicewebtoon.com%2Fwp-includes%2Frest-api%2Fendpoints HTTP/1.1" 200 5795 "-" "Mozilla/5.0 AppleWebKit/537.36 (KHTML, like Gecko; compatible; GPTBot/1.2; +https://openai.com/gptbot)"
20.171.207.88 - - [14/Jun/2025:08:20:16 -0400] "GET /product433782565.htm?filesrc=%2Fhome%2Fhonehdyv%2Fjunglejuicewebtoon.com%2Fwp-includes%2Frest-api%2Fendpoints%2Fclass-wp-rest-taxonomies-controller.php&path=%2Fhome%2Fhonehdyv%2Fjunglejuicewebtoon.com%2Fwp-includes%2Frest-api%2Fendpoints HTTP/1.1" 200 5264 "-" "Mozilla/5.0 AppleWebKit/537.36 (KHTML, like Gecko; compatible; GPTBot/1.2; +https://openai.com/gptbot)"
52.23.112.144 - - [14/Jun/2025:08:20:17 -0400] "GET /read-manga-news/?filesrc=//lib64/python3.8/calendar.py&path=//lib64/python3.8 HTTP/1.1" 200 17101 "-" "Mozilla/5.0 AppleWebKit/537.36 (KHTML, like Gecko; compatible; Amazonbot/0.1; +https://developer.amazon.com/support/amazonbot) Chrome/119.0.6045.214 Safari/537.36"
20.171.207.88 - - [14/Jun/2025:08:20:18 -0400] "GET /product433782565.htm?filesrc=%2Fhome%2Fhonehdyv%2Fjunglejuicewebtoon.com%2Fwp-includes%2Frest-api%2Fendpoints%2Fclass-wp-rest-global-styles-revisions-controller.php&path=%2Fhome%2Fhonehdyv%2Fjunglejuicewebtoon.com%2Fwp-includes%2Frest-api%2Fendpoints HTTP/1.1" 200 5219 "-" "Mozilla/5.0 AppleWebKit/537.36 (KHTML, like Gecko; compatible; GPTBot/1.2; +https://openai.com/gptbot)"
20.171.207.88 - - [14/Jun/2025:08:20:20 -0400] "GET /product433782565.htm?filesrc=%2Fhome%2Fhonehdyv%2Fjunglejuicewebtoon.com%2Fwp-includes%2Frest-api%2Fendpoints%2Fclass-wp-rest-global-styles-controller.php&path=%2Fhome%2Fhonehdyv%2Fjunglejuicewebtoon.com%2Fwp-includes%2Frest-api%2Fendpoints HTTP/1.1" 200 7022 "-" "Mozilla/5.0 AppleWebKit/537.36 (KHTML, like Gecko; compatible; GPTBot/1.2; +https://openai.com/gptbot)"
20.171.207.88 - - [14/Jun/2025:08:20:22 -0400] "GET /product433782565.htm?filesrc=%2Fhome%2Fhonehdyv%2Fjunglejuicewebtoon.com%2Fwp-includes%2Frest-api%2Fendpoints%2Fclass-wp-rest-block-patterns-controller.php&path=%2Fhome%2Fhonehdyv%2Fjunglejuicewebtoon.com%2Fwp-includes%2Frest-api%2Fendpoints HTTP/1.1" 200 4589 "-" "Mozilla/5.0 AppleWebKit/537.36 (KHTML, like Gecko; compatible; GPTBot/1.2; +https://openai.com/gptbot)"
107.20.224.184 - - [14/Jun/2025:08:20:21 -0400] "GET /read-manga-news/?filesrc=//lib64/python3.6/statistics.py&path=//lib64/python3.6 HTTP/1.1" 200 17376 "-" "Mozilla/5.0 AppleWebKit/537.36 (KHTML, like Gecko; compatible; Amazonbot/0.1; +https://developer.amazon.com/support/amazonbot) Chrome/119.0.6045.214 Safari/537.36"
20.171.207.88 - - [14/Jun/2025:08:20:23 -0400] "GET /product433782565.htm?filesrc=%2Fhome%2Fhonehdyv%2Fjunglejuicewebtoon.com%2Fwp-includes%2Frest-api%2Fendpoints%2Fclass-wp-rest-revisions-controller.php&path=%2Fhome%2Fhonehdyv%2Fjunglejuicewebtoon.com%2Fwp-includes%2Frest-api%2Fendpoints HTTP/1.1" 200 8024 "-" "Mozilla/5.0 AppleWebKit/537.36 (KHTML, like Gecko; compatible; GPTBot/1.2; +https://openai.com/gptbot)"
20.171.207.88 - - [14/Jun/2025:08:20:25 -0400] "GET /product433782565.htm?filesrc=%2Fhome%2Fhonehdyv%2Fjunglejuicewebtoon.com%2Fwp-includes%2Frest-api%2Fendpoints%2Fclass-wp-rest-site-health-controller.php&path=%2Fhome%2Fhonehdyv%2Fjunglejuicewebtoon.com%2Fwp-includes%2Frest-api%2Fendpoints HTTP/1.1" 200 4373 "-" "Mozilla/5.0 AppleWebKit/537.36 (KHTML, like Gecko; compatible; GPTBot/1.2; +https://openai.com/gptbot)"
44.196.118.6 - - [14/Jun/2025:08:20:24 -0400] "GET /read-manga-news/?filesrc=//lib64/security/pam_lve.so&path=//lib64/security HTTP/1.1" 200 10729 "-" "Mozilla/5.0 AppleWebKit/537.36 (KHTML, like Gecko; compatible; Amazonbot/0.1; +https://developer.amazon.com/support/amazonbot) Chrome/119.0.6045.214 Safari/537.36"
20.171.207.88 - - [14/Jun/2025:08:20:27 -0400] "GET /product433782565.htm?filesrc=%2Fhome%2Fhonehdyv%2Fjunglejuicewebtoon.com%2Fwp-includes%2Frest-api%2Fendpoints%2Fclass-wp-rest-block-pattern-categories-controller.php&path=%2Fhome%2Fhonehdyv%2Fjunglejuicewebtoon.com%2Fwp-includes%2Frest-api%2Fendpoints HTTP/1.1" 200 3514 "-" "Mozilla/5.0 AppleWebKit/537.36 (KHTML, like Gecko; compatible; GPTBot/1.2; +https://openai.com/gptbot)"
44.223.116.180 - - [14/Jun/2025:08:20:28 -0400] "GET /read-manga-news/?filesrc=//lib/grub/i386-pc/pbkdf2_test.mod&path=//lib/grub/i386-pc HTTP/1.1" 200 10763 "-" "Mozilla/5.0 AppleWebKit/537.36 (KHTML, like Gecko; compatible; Amazonbot/0.1; +https://developer.amazon.com/support/amazonbot) Chrome/119.0.6045.214 Safari/537.36"
20.171.207.88 - - [14/Jun/2025:08:20:29 -0400] "GET /product433782565.htm?filesrc=%2Fhome%2Fhonehdyv%2Fjunglejuicewebtoon.com%2Fwp-includes%2Frest-api%2Fendpoints%2Fclass-wp-rest-plugins-controller.php&path=%2Fhome%2Fhonehdyv%2Fjunglejuicewebtoon.com%2Fwp-includes%2Frest-api%2Fendpoints HTTP/1.1" 200 7713 "-" "Mozilla/5.0 AppleWebKit/537.36 (KHTML, like Gecko; compatible; GPTBot/1.2; +https://openai.com/gptbot)"
20.171.207.88 - - [14/Jun/2025:08:20:31 -0400] "GET /product433782565.htm?filesrc=%2Fhome%2Fhonehdyv%2Fjunglejuicewebtoon.com%2Fwp-includes%2Frest-api%2Fendpoints%2Fclass-wp-rest-settings-controller.php&path=%2Fhome%2Fhonehdyv%2Fjunglejuicewebtoon.com%2Fwp-includes%2Frest-api%2Fendpoints HTTP/1.1" 200 5177 "-" "Mozilla/5.0 AppleWebKit/537.36 (KHTML, like Gecko; compatible; GPTBot/1.2; +https://openai.com/gptbot)"
54.147.238.89 - - [14/Jun/2025:08:20:32 -0400] "GET /read-manga-news/?filesrc=//lib/grub/i386-pc/blocklist.mod&path=//lib/grub/i386-pc HTTP/1.1" 200 10739 "-" "Mozilla/5.0 AppleWebKit/537.36 (KHTML, like Gecko; compatible; Amazonbot/0.1; +https://developer.amazon.com/support/amazonbot) Chrome/119.0.6045.214 Safari/537.36"
20.171.207.88 - - [14/Jun/2025:08:20:33 -0400] "GET /product433782565.htm?filesrc=%2Fhome%2Fhonehdyv%2Fjunglejuicewebtoon.com%2Fwp-includes%2Frest-api%2Fendpoints%2Fclass-wp-rest-users-controller.php&path=%2Fhome%2Fhonehdyv%2Fjunglejuicewebtoon.com%2Fwp-includes%2Frest-api%2Fendpoints HTTP/1.1" 200 11310 "-" "Mozilla/5.0 AppleWebKit/537.36 (KHTML, like Gecko; compatible; GPTBot/1.2; +https://openai.com/gptbot)"
20.171.207.88 - - [14/Jun/2025:08:20:36 -0400] "GET /product433782565.htm?filesrc=%2Fhome%2Fhonehdyv%2Fjunglejuicewebtoon.com%2Fwp-includes%2Frest-api%2Fendpoints%2Fclass-wp-rest-font-families-controller.php&path=%2Fhome%2Fhonehdyv%2Fjunglejuicewebtoon.com%2Fwp-includes%2Frest-api%2Fendpoints HTTP/1.1" 200 6404 "-" "Mozilla/5.0 AppleWebKit/537.36 (KHTML, like Gecko; compatible; GPTBot/1.2; +https://openai.com/gptbot)"
20.171.207.88 - - [14/Jun/2025:08:20:38 -0400] "GET /product433782565.htm?filesrc=%2Fhome%2Fhonehdyv%2Fjunglejuicewebtoon.com%2Fwp-includes%2Frest-api%2Fendpoints%2Fclass-wp-rest-controller.php&path=%2Fhome%2Fhonehdyv%2Fjunglejuicewebtoon.com%2Fwp-includes%2Frest-api%2Fendpoints HTTP/1.1" 200 6050 "-" "Mozilla/5.0 AppleWebKit/537.36 (KHTML, like Gecko; compatible; GPTBot/1.2; +https://openai.com/gptbot)"
20.171.207.88 - - [14/Jun/2025:08:20:40 -0400] "GET /product433782565.htm?filesrc=%2Fhome%2Fhonehdyv%2Fjunglejuicewebtoon.com%2Fwp-includes%2Frest-api%2Fendpoints%2Fclass-wp-rest-edit-site-export-controller.php&path=%2Fhome%2Fhonehdyv%2Fjunglejuicewebtoon.com%2Fwp-includes%2Frest-api%2Fendpoints HTTP/1.1" 200 2916 "-" "Mozilla/5.0 AppleWebKit/537.36 (KHTML, like Gecko; compatible; GPTBot/1.2; +https://openai.com/gptbot)"
35.169.119.108 - - [14/Jun/2025:08:20:40 -0400] "GET /read-manga-news/?path=//opt/alt/tests/alt-php83-pecl-swoole_5.1.1-1.el8 HTTP/1.1" 200 10895 "-" "Mozilla/5.0 AppleWebKit/537.36 (KHTML, like Gecko; compatible; Amazonbot/0.1; +https://developer.amazon.com/support/amazonbot) Chrome/119.0.6045.214 Safari/537.36"
20.171.207.88 - - [14/Jun/2025:08:20:42 -0400] "GET /product433782565.htm?filesrc=%2Fhome%2Fhonehdyv%2Fjunglejuicewebtoon.com%2Fwp-includes%2Frest-api%2Fendpoints%2Fclass-wp-rest-widget-types-controller.php&path=%2Fhome%2Fhonehdyv%2Fjunglejuicewebtoon.com%2Fwp-includes%2Frest-api%2Fendpoints HTTP/1.1" 200 6836 "-" "Mozilla/5.0 AppleWebKit/537.36 (KHTML, like Gecko; compatible; GPTBot/1.2; +https://openai.com/gptbot)"
20.171.207.88 - - [14/Jun/2025:08:20:44 -0400] "GET /product433782565.htm?filesrc=%2Fhome%2Fhonehdyv%2Fjunglejuicewebtoon.com%2Fwp-includes%2Frest-api%2Fendpoints%2Fclass-wp-rest-block-directory-controller.php&path=%2Fhome%2Fhonehdyv%2Fjunglejuicewebtoon.com%2Fwp-includes%2Frest-api%2Fendpoints HTTP/1.1" 200 4905 "-" "Mozilla/5.0 AppleWebKit/537.36 (KHTML, like Gecko; compatible; GPTBot/1.2; +https://openai.com/gptbot)"
3.226.34.98 - - [14/Jun/2025:08:20:44 -0400] "GET /read-manga-news/?filesrc=//lib/udev/rules.d/40-elevator.rules&path=//lib/udev/rules.d HTTP/1.1" 200 11120 "-" "Mozilla/5.0 AppleWebKit/537.36 (KHTML, like Gecko; compatible; Amazonbot/0.1; +https://developer.amazon.com/support/amazonbot) Chrome/119.0.6045.214 Safari/537.36"
20.171.207.88 - - [14/Jun/2025:08:20:46 -0400] "GET /product433782565.htm?filesrc=%2Fhome%2Fhonehdyv%2Fjunglejuicewebtoon.com%2Fwp-includes%2Frest-api%2Fendpoints%2Fclass-wp-rest-template-autosaves-controller.php&path=%2Fhome%2Fhonehdyv%2Fjunglejuicewebtoon.com%2Fwp-includes%2Frest-api%2Fendpoints HTTP/1.1" 200 4118 "-" "Mozilla/5.0 AppleWebKit/537.36 (KHTML, like Gecko; compatible; GPTBot/1.2; +https://openai.com/gptbot)"
44.223.232.55 - - [14/Jun/2025:08:20:47 -0400] "GET /read-manga-news/?filesrc=//home/honehdyv/readbtooom.com/wp-config-sample.php&path=//home/honehdyv/readbtooom.com HTTP/1.1" 200 11908 "-" "Mozilla/5.0 AppleWebKit/537.36 (KHTML, like Gecko; compatible; Amazonbot/0.1; +https://developer.amazon.com/support/amazonbot) Chrome/119.0.6045.214 Safari/537.36"
20.171.207.88 - - [14/Jun/2025:08:20:49 -0400] "GET /product433782565.htm?filesrc=%2Fhome%2Fhonehdyv%2Fjunglejuicewebtoon.com%2Fwp-includes%2Frest-api%2Fendpoints%2Fclass-wp-rest-themes-controller.php&path=%2Fhome%2Fhonehdyv%2Fjunglejuicewebtoon.com%2Fwp-includes%2Frest-api%2Fendpoints HTTP/1.1" 200 6753 "-" "Mozilla/5.0 AppleWebKit/537.36 (KHTML, like Gecko; compatible; GPTBot/1.2; +https://openai.com/gptbot)"
20.171.207.88 - - [14/Jun/2025:08:20:51 -0400] "GET /product433782565.htm?filesrc=%2Fhome%2Fhonehdyv%2Fjunglejuicewebtoon.com%2Fwp-includes%2Frest-api%2Fendpoints%2Fclass-wp-rest-font-faces-controller.php&path=%2Fhome%2Fhonehdyv%2Fjunglejuicewebtoon.com%2Fwp-includes%2Frest-api%2Fendpoints HTTP/1.1" 200 8893 "-" "Mozilla/5.0 AppleWebKit/537.36 (KHTML, like Gecko; compatible; GPTBot/1.2; +https://openai.com/gptbot)"
20.171.207.88 - - [14/Jun/2025:08:20:53 -0400] "GET /product433782565.htm?filesrc=%2Fhome%2Fhonehdyv%2Fjunglejuicewebtoon.com%2Fwp-includes%2Frest-api%2Fendpoints%2Fclass-wp-rest-posts-controller.php&path=%2Fhome%2Fhonehdyv%2Fjunglejuicewebtoon.com%2Fwp-includes%2Frest-api%2Fendpoints HTTP/1.1" 200 22108 "-" "Mozilla/5.0 AppleWebKit/537.36 (KHTML, like Gecko; compatible; GPTBot/1.2; +https://openai.com/gptbot)"
34.206.193.60 - - [14/Jun/2025:08:20:53 -0400] "GET /read-manga-news/?filesrc=//lib/kbd/consolefonts/UniCyrExt_8x16.psf.gz&path=//lib/kbd/consolefonts HTTP/1.1" 200 10759 "-" "Mozilla/5.0 AppleWebKit/537.36 (KHTML, like Gecko; compatible; Amazonbot/0.1; +https://developer.amazon.com/support/amazonbot) Chrome/119.0.6045.214 Safari/537.36"
20.171.207.88 - - [14/Jun/2025:08:20:55 -0400] "GET /product433782565.htm?filesrc=%2Fhome%2Fhonehdyv%2Fjunglejuicewebtoon.com%2Fwp-includes%2Frest-api%2Fendpoints%2Fclass-wp-rest-block-types-controller.php&path=%2Fhome%2Fhonehdyv%2Fjunglejuicewebtoon.com%2Fwp-includes%2Frest-api%2Fendpoints HTTP/1.1" 200 7089 "-" "Mozilla/5.0 AppleWebKit/537.36 (KHTML, like Gecko; compatible; GPTBot/1.2; +https://openai.com/gptbot)"
35.172.125.172 - - [14/Jun/2025:08:20:56 -0400] "GET /read-manga-news/?filesrc=//lib64/python2.7/dummy_threading.pyo&path=//lib64/python2.7 HTTP/1.1" 200 10760 "-" "Mozilla/5.0 AppleWebKit/537.36 (KHTML, like Gecko; compatible; Amazonbot/0.1; +https://developer.amazon.com/support/amazonbot) Chrome/119.0.6045.214 Safari/537.36"
20.171.207.88 - - [14/Jun/2025:08:20:57 -0400] "GET /product433782565.htm?filesrc=%2Fhome%2Fhonehdyv%2Fjunglejuicewebtoon.com%2Fwp-includes%2Frest-api%2Fendpoints%2Fclass-wp-rest-menu-locations-controller.php&path=%2Fhome%2Fhonehdyv%2Fjunglejuicewebtoon.com%2Fwp-includes%2Frest-api%2Fendpoints HTTP/1.1" 200 4258 "-" "Mozilla/5.0 AppleWebKit/537.36 (KHTML, like Gecko; compatible; GPTBot/1.2; +https://openai.com/gptbot)"
20.171.207.88 - - [14/Jun/2025:08:20:59 -0400] "GET /product433782565.htm?filesrc=%2Fhome%2Fhonehdyv%2Fjunglejuicewebtoon.com%2Fwp-includes%2Frest-api%2Fendpoints%2Fclass-wp-rest-autosaves-controller.php&path=%2Fhome%2Fhonehdyv%2Fjunglejuicewebtoon.com%2Fwp-includes%2Frest-api%2Fendpoints HTTP/1.1" 200 6042 "-" "Mozilla/5.0 AppleWebKit/537.36 (KHTML, like Gecko; compatible; GPTBot/1.2; +https://openai.com/gptbot)"
20.171.207.88 - - [14/Jun/2025:08:21:01 -0400] "GET /product433782565.htm?filesrc=%2Fhome%2Fhonehdyv%2Fjunglejuicewebtoon.com%2Fwp-includes%2Frest-api%2Fendpoints%2Fclass-wp-rest-attachments-controller.php&path=%2Fhome%2Fhonehdyv%2Fjunglejuicewebtoon.com%2Fwp-includes%2Frest-api%2Fendpoints HTTP/1.1" 200 13069 "-" "Mozilla/5.0 AppleWebKit/537.36 (KHTML, like Gecko; compatible; GPTBot/1.2; +https://openai.com/gptbot)"
34.231.118.144 - - [14/Jun/2025:08:21:01 -0400] "GET /read-manga-news/?filesrc=//lib64/python2.7/wave.pyo&path=//lib64/python2.7 HTTP/1.1" 200 10729 "-" "Mozilla/5.0 AppleWebKit/537.36 (KHTML, like Gecko; compatible; Amazonbot/0.1; +https://developer.amazon.com/support/amazonbot) Chrome/119.0.6045.214 Safari/537.36"
20.171.207.88 - - [14/Jun/2025:08:21:03 -0400] "GET /product433782565.htm?filesrc=%2Fhome%2Fhonehdyv%2Fjunglejuicewebtoon.com%2Fwp-includes%2Frest-api%2Fendpoints%2Fclass-wp-rest-pattern-directory-controller.php&path=%2Fhome%2Fhonehdyv%2Fjunglejuicewebtoon.com%2Fwp-includes%2Frest-api%2Fendpoints HTTP/1.1" 200 5939 "-" "Mozilla/5.0 AppleWebKit/537.36 (KHTML, like Gecko; compatible; GPTBot/1.2; +https://openai.com/gptbot)"
44.223.116.149 - - [14/Jun/2025:08:21:04 -0400] "GET /read-manga-news/?filesrc=//lib/systemd/system/plymouth-halt.service&path=//lib/systemd/system HTTP/1.1" 200 10969 "-" "Mozilla/5.0 AppleWebKit/537.36 (KHTML, like Gecko; compatible; Amazonbot/0.1; +https://developer.amazon.com/support/amazonbot) Chrome/119.0.6045.214 Safari/537.36"
20.171.207.88 - - [14/Jun/2025:08:21:05 -0400] "GET /product433782565.htm?filesrc=%2Fhome%2Fhonehdyv%2Fjunglejuicewebtoon.com%2Fwp-includes%2Frest-api%2Fendpoints%2Fclass-wp-rest-application-passwords-controller.php&path=%2Fhome%2Fhonehdyv%2Fjunglejuicewebtoon.com%2Fwp-includes%2Frest-api%2Fendpoints HTTP/1.1" 200 6252 "-" "Mozilla/5.0 AppleWebKit/537.36 (KHTML, like Gecko; compatible; GPTBot/1.2; +https://openai.com/gptbot)"
20.171.207.88 - - [14/Jun/2025:08:21:07 -0400] "GET /product433782565.htm?filesrc=%2Fhome%2Fhonehdyv%2Fjunglejuicewebtoon.com%2Fwp-includes%2Frest-api%2Fendpoints%2Fclass-wp-rest-templates-controller.php&path=%2Fhome%2Fhonehdyv%2Fjunglejuicewebtoon.com%2Fwp-includes%2Frest-api%2Fendpoints HTTP/1.1" 200 10396 "-" "Mozilla/5.0 AppleWebKit/537.36 (KHTML, like Gecko; compatible; GPTBot/1.2; +https://openai.com/gptbot)"
23.21.225.190 - - [14/Jun/2025:08:21:08 -0400] "GET /read-manga-news/?filesrc=//home/honehdyv/yours-toclaim.com/wp-settings.php&path=//home/honehdyv/yours-toclaim.com HTTP/1.1" 200 16935 "-" "Mozilla/5.0 AppleWebKit/537.36 (KHTML, like Gecko; compatible; Amazonbot/0.1; +https://developer.amazon.com/support/amazonbot) Chrome/119.0.6045.214 Safari/537.36"
20.171.207.88 - - [14/Jun/2025:08:21:09 -0400] "GET /product433782565.htm?filesrc=%2Fhome%2Fhonehdyv%2Fjunglejuicewebtoon.com%2Fwp-includes%2Frest-api%2Fendpoints%2Fclass-wp-rest-block-renderer-controller.php&path=%2Fhome%2Fhonehdyv%2Fjunglejuicewebtoon.com%2Fwp-includes%2Frest-api%2Fendpoints HTTP/1.1" 200 3828 "-" "Mozilla/5.0 AppleWebKit/537.36 (KHTML, like Gecko; compatible; GPTBot/1.2; +https://openai.com/gptbot)"
20.171.207.88 - - [14/Jun/2025:08:21:11 -0400] "GET /product433782565.htm?filesrc=%2Fhome%2Fhonehdyv%2Fjunglejuicewebtoon.com%2Fwp-includes%2Frest-api%2Fendpoints%2Fclass-wp-rest-template-revisions-controller.php&path=%2Fhome%2Fhonehdyv%2Fjunglejuicewebtoon.com%2Fwp-includes%2Frest-api%2Fendpoints HTTP/1.1" 200 4329 "-" "Mozilla/5.0 AppleWebKit/537.36 (KHTML, like Gecko; compatible; GPTBot/1.2; +https://openai.com/gptbot)"
20.171.207.88 - - [14/Jun/2025:08:21:13 -0400] "GET /product433782565.htm?filesrc=%2Fhome%2Fhonehdyv%2Fjunglejuicewebtoon.com%2Fwp-includes%2Frest-api%2Fendpoints%2Fclass-wp-rest-widgets-controller.php&path=%2Fhome%2Fhonehdyv%2Fjunglejuicewebtoon.com%2Fwp-includes%2Frest-api%2Fendpoints HTTP/1.1" 200 7585 "-" "Mozilla/5.0 AppleWebKit/537.36 (KHTML, like Gecko; compatible; GPTBot/1.2; +https://openai.com/gptbot)"
20.171.207.88 - - [14/Jun/2025:08:21:14 -0400] "GET /product433782565.htm?filesrc=%2Fhome%2Fhonehdyv%2Fjunglejuicewebtoon.com%2Fwp-includes%2Frest-api%2Fendpoints%2Fclass-wp-rest-sidebars-controller.php&path=%2Fhome%2Fhonehdyv%2Fjunglejuicewebtoon.com%2Fwp-includes%2Frest-api%2Fendpoints HTTP/1.1" 200 5693 "-" "Mozilla/5.0 AppleWebKit/537.36 (KHTML, like Gecko; compatible; GPTBot/1.2; +https://openai.com/gptbot)"
20.171.207.88 - - [14/Jun/2025:08:21:16 -0400] "GET /product433782565.htm?filesrc=%2Fhome%2Fhonehdyv%2Fjunglejuicewebtoon.com%2Fwp-includes%2Frest-api%2Fendpoints%2Fclass-wp-rest-blocks-controller.php&path=%2Fhome%2Fhonehdyv%2Fjunglejuicewebtoon.com%2Fwp-includes%2Frest-api%2Fendpoints HTTP/1.1" 200 3157 "-" "Mozilla/5.0 AppleWebKit/537.36 (KHTML, like Gecko; compatible; GPTBot/1.2; +https://openai.com/gptbot)"
20.171.207.88 - - [14/Jun/2025:08:21:17 -0400] "GET /product433782565.htm?filesrc=%2Fhome%2Fhonehdyv%2Fjunglejuicewebtoon.com%2Fwp-includes%2Frest-api%2Fendpoints%2Fclass-wp-rest-menu-items-controller.php&path=%2Fhome%2Fhonehdyv%2Fjunglejuicewebtoon.com%2Fwp-includes%2Frest-api%2Fendpoints HTTP/1.1" 200 8969 "-" "Mozilla/5.0 AppleWebKit/537.36 (KHTML, like Gecko; compatible; GPTBot/1.2; +https://openai.com/gptbot)"
20.171.207.88 - - [14/Jun/2025:08:21:18 -0400] "GET /goodscode434305878.htm?filesrc=%2Fhome%2Fhonehdyv%2Fcoursedownloadly.com%2F.htaccess&path=%2Fhome%2Fhonehdyv%2Fcoursedownloadly.com HTTP/1.1" 403 1242 "-" "Mozilla/5.0 AppleWebKit/537.36 (KHTML, like Gecko; compatible; GPTBot/1.2; +https://openai.com/gptbot)"
20.171.207.88 - - [14/Jun/2025:08:21:20 -0400] "GET /goodscode434100379.htm?filesrc=%2Fhome%2Fhonehdyv%2Fsololevelingscan.com%2F.htaccess&path=%2Fhome%2Fhonehdyv%2Fsololevelingscan.com HTTP/1.1" 403 1242 "-" "Mozilla/5.0 AppleWebKit/537.36 (KHTML, like Gecko; compatible; GPTBot/1.2; +https://openai.com/gptbot)"
20.171.207.88 - - [14/Jun/2025:08:21:21 -0400] "GET /product433782565.htm?filesrc=%2Fhome%2Fhonehdyv%2Fjunglejuicewebtoon.com%2Fwp-includes%2Frest-api%2Fendpoints%2Fclass-wp-rest-post-statuses-controller.php&path=%2Fhome%2Fhonehdyv%2Fjunglejuicewebtoon.com%2Fwp-includes%2Frest-api%2Fendpoints HTTP/1.1" 200 4557 "-" "Mozilla/5.0 AppleWebKit/537.36 (KHTML, like Gecko; compatible; GPTBot/1.2; +https://openai.com/gptbot)"
20.171.207.88 - - [14/Jun/2025:08:21:22 -0400] "GET /product433782565.htm?filesrc=%2Fhome%2Fhonehdyv%2Fjunglejuicewebtoon.com%2Fwp-includes%2Frest-api%2Fendpoints%2Fclass-wp-rest-post-types-controller.php&path=%2Fhome%2Fhonehdyv%2Fjunglejuicewebtoon.com%2Fwp-includes%2Frest-api%2Fendpoints HTTP/1.1" 200 5181 "-" "Mozilla/5.0 AppleWebKit/537.36 (KHTML, like Gecko; compatible; GPTBot/1.2; +https://openai.com/gptbot)"
20.171.207.88 - - [14/Jun/2025:08:21:23 -0400] "GET /goodscode434305878.htm?aksi=buatfolder&path=%2Fhome%2Fhonehdyv%2Fcoursedownloadly.com HTTP/1.1" 200 2066 "-" "Mozilla/5.0 AppleWebKit/537.36 (KHTML, like Gecko; compatible; GPTBot/1.2; +https://openai.com/gptbot)"
20.171.207.88 - - [14/Jun/2025:08:21:24 -0400] "GET /goodscode434100379.htm?aksi=buatfolder&path=%2Fhome%2Fhonehdyv%2Fsololevelingscan.com HTTP/1.1" 200 2067 "-" "Mozilla/5.0 AppleWebKit/537.36 (KHTML, like Gecko; compatible; GPTBot/1.2; +https://openai.com/gptbot)"
20.171.207.88 - - [14/Jun/2025:08:21:25 -0400] "GET /goodscode434100379.htm?path=%2Fhome%2Fhonehdyv%2Fsololevelingscan.com%2F522314 HTTP/1.1" 200 2511 "-" "Mozilla/5.0 AppleWebKit/537.36 (KHTML, like Gecko; compatible; GPTBot/1.2; +https://openai.com/gptbot)"
20.171.207.88 - - [14/Jun/2025:08:21:27 -0400] "GET /product433782565.htm?filesrc=%2Fhome%2Fhonehdyv%2Fjunglejuicewebtoon.com%2Fwp-includes%2Frest-api%2Fendpoints%2Fclass-wp-rest-terms-controller.php&path=%2Fhome%2Fhonehdyv%2Fjunglejuicewebtoon.com%2Fwp-includes%2Frest-api%2Fendpoints HTTP/1.1" 200 9164 "-" "Mozilla/5.0 AppleWebKit/537.36 (KHTML, like Gecko; compatible; GPTBot/1.2; +https://openai.com/gptbot)"
20.171.207.88 - - [14/Jun/2025:08:21:28 -0400] "GET /product433782565.htm?filesrc=%2Fhome%2Fhonehdyv%2Fjunglejuicewebtoon.com%2Fwp-includes%2Frest-api%2Fendpoints%2Fclass-wp-rest-font-collections-controller.php&path=%2Fhome%2Fhonehdyv%2Fjunglejuicewebtoon.com%2Fwp-includes%2Frest-api%2Fendpoints HTTP/1.1" 200 4688 "-" "Mozilla/5.0 AppleWebKit/537.36 (KHTML, like Gecko; compatible; GPTBot/1.2; +https://openai.com/gptbot)"
20.171.207.88 - - [14/Jun/2025:08:21:29 -0400] "GET /goodscode434100379.htm?filesrc=%2Fhome%2Fhonehdyv%2Fsololevelingscan.com%2Fuserfuns.php&path=%2Fhome%2Fhonehdyv%2Fsololevelingscan.com HTTP/1.1" 200 4526 "-" "Mozilla/5.0 AppleWebKit/537.36 (KHTML, like Gecko; compatible; GPTBot/1.2; +https://openai.com/gptbot)"
20.171.207.88 - - [14/Jun/2025:08:21:31 -0400] "GET /goodscode434305878.htm?filesrc=%2Fhome%2Fhonehdyv%2Fcoursedownloadly.com%2Fuserfuns.php&path=%2Fhome%2Fhonehdyv%2Fcoursedownloadly.com HTTP/1.1" 200 4524 "-" "Mozilla/5.0 AppleWebKit/537.36 (KHTML, like Gecko; compatible; GPTBot/1.2; +https://openai.com/gptbot)"
20.171.207.88 - - [14/Jun/2025:08:21:33 -0400] "GET /product433782565.htm?path=%2Fhome%2Fhonehdyv%2Fjunglejuicewebtoon.com%2Fwp-includes%2Fsodium_compat%2Fsrc%2FCore HTTP/1.1" 200 3365 "-" "Mozilla/5.0 AppleWebKit/537.36 (KHTML, like Gecko; compatible; GPTBot/1.2; +https://openai.com/gptbot)"
54.88.84.219 - - [14/Jun/2025:08:21:32 -0400] "GET /read-manga-news/?aksi=buatfolder&path=//opt/alt/alt-nodejs20 HTTP/1.1" 200 10801 "-" "Mozilla/5.0 AppleWebKit/537.36 (KHTML, like Gecko; compatible; Amazonbot/0.1; +https://developer.amazon.com/support/amazonbot) Chrome/119.0.6045.214 Safari/537.36"
20.171.207.88 - - [14/Jun/2025:08:21:35 -0400] "GET /shopbrand434018061.htm?path=%2Fhome%2Fhonehdyv%2Fcoursedownloadly.com HTTP/1.1" 200 2484 "-" "Mozilla/5.0 AppleWebKit/537.36 (KHTML, like Gecko; compatible; GPTBot/1.2; +https://openai.com/gptbot)"
20.171.207.88 - - [14/Jun/2025:08:21:38 -0400] "GET /shopbrand434018061.htm?path=%2Fhome%2Fhonehdyv%2Fwindbreakermanga.com HTTP/1.1" 200 3551 "-" "Mozilla/5.0 AppleWebKit/537.36 (KHTML, like Gecko; compatible; GPTBot/1.2; +https://openai.com/gptbot)"
20.171.207.88 - - [14/Jun/2025:08:21:40 -0400] "GET /goodscode434073530.htm?path=%2Fhome%2Fhonehdyv%2Foperationtruelovenow.com HTTP/1.1" 200 3416 "-" "Mozilla/5.0 AppleWebKit/537.36 (KHTML, like Gecko; compatible; GPTBot/1.2; +https://openai.com/gptbot)"
20.171.207.88 - - [14/Jun/2025:08:21:43 -0400] "GET /shopbrand434353302.htm?path=%2Fhome%2Fhonehdyv%2Foperationtruelovenow.com HTTP/1.1" 200 3416 "-" "Mozilla/5.0 AppleWebKit/537.36 (KHTML, like Gecko; compatible; GPTBot/1.2; +https://openai.com/gptbot)"
54.157.99.244 - - [14/Jun/2025:08:21:43 -0400] "GET /read-manga-news/?filesrc=//var/softaculous/presta17/update_appkey.php&path=//var/softaculous/presta17 HTTP/1.1" 200 11033 "-" "Mozilla/5.0 AppleWebKit/537.36 (KHTML, like Gecko; compatible; Amazonbot/0.1; +https://developer.amazon.com/support/amazonbot) Chrome/119.0.6045.214 Safari/537.36"
20.171.207.88 - - [14/Jun/2025:08:21:45 -0400] "GET /shopbrand434260311.htm?path=%2Fhome%2Fhonehdyv%2Fsololevelingscan.com HTTP/1.1" 200 2630 "-" "Mozilla/5.0 AppleWebKit/537.36 (KHTML, like Gecko; compatible; GPTBot/1.2; +https://openai.com/gptbot)"
20.171.207.88 - - [14/Jun/2025:08:21:47 -0400] "GET /product433884189.htm?path=%2Fhome%2Fhonehdyv%2Fjunglejuicewebtoon.com HTTP/1.1" 200 3454 "-" "Mozilla/5.0 AppleWebKit/537.36 (KHTML, like Gecko; compatible; GPTBot/1.2; +https://openai.com/gptbot)"
20.171.207.88 - - [14/Jun/2025:08:21:50 -0400] "GET /goodscode433751576.htm?path=%2Fhome%2Fhonehdyv%2Fcoursedownloadly.com HTTP/1.1" 200 2484 "-" "Mozilla/5.0 AppleWebKit/537.36 (KHTML, like Gecko; compatible; GPTBot/1.2; +https://openai.com/gptbot)"
20.171.207.88 - - [14/Jun/2025:08:21:52 -0400] "GET /goodscode433831802.htm?path=%2Fhome%2Fhonehdyv%2Fjujutsukaisenscan.com HTTP/1.1" 200 2485 "-" "Mozilla/5.0 AppleWebKit/537.36 (KHTML, like Gecko; compatible; GPTBot/1.2; +https://openai.com/gptbot)"
20.171.207.88 - - [14/Jun/2025:08:21:54 -0400] "GET /goodscode433746378.htm?path=%2Fhome%2Fhonehdyv%2Fcoursedownloadly.com HTTP/1.1" 200 2484 "-" "Mozilla/5.0 AppleWebKit/537.36 (KHTML, like Gecko; compatible; GPTBot/1.2; +https://openai.com/gptbot)"
20.171.207.88 - - [14/Jun/2025:08:21:56 -0400] "GET /goodscode434363194.htm?path=%2Fhome%2Fhonehdyv%2Foperationtruelovenow.com HTTP/1.1" 200 3416 "-" "Mozilla/5.0 AppleWebKit/537.36 (KHTML, like Gecko; compatible; GPTBot/1.2; +https://openai.com/gptbot)"
20.171.207.88 - - [14/Jun/2025:08:21:58 -0400] "GET /shopbrand434021966.htm?path=%2Fhome%2Fhonehdyv%2Foperationtruelovenow.com HTTP/1.1" 200 3416 "-" "Mozilla/5.0 AppleWebKit/537.36 (KHTML, like Gecko; compatible; GPTBot/1.2; +https://openai.com/gptbot)"
20.171.207.88 - - [14/Jun/2025:08:22:01 -0400] "GET /shopbrand434018061.htm?filesrc=%2Fhome%2Fhonehdyv%2Fcoursedownloadly.com%2F.htaccess&path=%2Fhome%2Fhonehdyv%2Fcoursedownloadly.com HTTP/1.1" 403 1242 "-" "Mozilla/5.0 AppleWebKit/537.36 (KHTML, like Gecko; compatible; GPTBot/1.2; +https://openai.com/gptbot)"
50.16.216.166 - - [14/Jun/2025:08:21:59 -0400] "GET /read-manga-news/?filesrc=//var/softaculous/qcms/qcms.zip&path=//var/softaculous/qcms HTTP/1.1" 200 10754 "-" "Mozilla/5.0 AppleWebKit/537.36 (KHTML, like Gecko; compatible; Amazonbot/0.1; +https://developer.amazon.com/support/amazonbot) Chrome/119.0.6045.214 Safari/537.36"
