20.171.207.88 - - [14/Jun/2025:10:13:14 -0400] "GET /products/433731513.htm?filesrc=%2F%2Fproc%2F1485693%2Froot%2Flib64%2Flibgvpr.so.2&path=%2F%2Fproc%2F1485693%2Froot%2Flib64 HTTP/1.1" 200 2004 "-" "Mozilla/5.0 AppleWebKit/537.36 (KHTML, like Gecko; compatible; GPTBot/1.2; +https://openai.com/gptbot)"
20.171.207.88 - - [14/Jun/2025:10:13:16 -0400] "GET /products/433731513.htm?filesrc=%2F%2Fproc%2F1484009%2Froot%2Flib64%2Flibpamc.so.0&path=%2F%2Fproc%2F1484009%2Froot%2Flib64 HTTP/1.1" 200 2005 "-" "Mozilla/5.0 AppleWebKit/537.36 (KHTML, like Gecko; compatible; GPTBot/1.2; +https://openai.com/gptbot)"
20.171.207.88 - - [14/Jun/2025:10:13:18 -0400] "GET /products/433731513.htm?filesrc=%2F%2Fproc%2F1483980%2Froot%2Flib64%2Flibthai.so.0&path=%2F%2Fproc%2F1483980%2Froot%2Flib64 HTTP/1.1" 200 2004 "-" "Mozilla/5.0 AppleWebKit/537.36 (KHTML, like Gecko; compatible; GPTBot/1.2; +https://openai.com/gptbot)"
20.171.207.88 - - [14/Jun/2025:10:13:19 -0400] "GET /products/433731513.htm?filesrc=%2F%2Fproc%2F1483986%2Froot%2Flib64%2Flibmcpp.so.0&path=%2F%2Fproc%2F1483986%2Froot%2Flib64 HTTP/1.1" 200 2004 "-" "Mozilla/5.0 AppleWebKit/537.36 (KHTML, like Gecko; compatible; GPTBot/1.2; +https://openai.com/gptbot)"
34.194.226.74 - - [14/Jun/2025:10:13:19 -0400] "GET /read-manga-news/?filesrc=/home/honehdyv/remonster.online/wp-includes/class-avif-info.php&path=/home/honehdyv/remonster.online/wp-includes HTTP/1.1" 200 17137 "-" "Mozilla/5.0 AppleWebKit/537.36 (KHTML, like Gecko; compatible; Amazonbot/0.1; +https://developer.amazon.com/support/amazonbot) Chrome/119.0.6045.214 Safari/537.36"
20.171.207.88 - - [14/Jun/2025:10:13:20 -0400] "GET /products/433731513.htm?filesrc=%2F%2Fproc%2F1483986%2Froot%2Flib64%2Flibtspi.so.1&path=%2F%2Fproc%2F1483986%2Froot%2Flib64 HTTP/1.1" 200 2004 "-" "Mozilla/5.0 AppleWebKit/537.36 (KHTML, like Gecko; compatible; GPTBot/1.2; +https://openai.com/gptbot)"
20.171.207.88 - - [14/Jun/2025:10:13:22 -0400] "GET /products/433731513.htm?filesrc=%2F%2Fproc%2F1485693%2Froot%2Flib64%2Flibidn.so.11&path=%2F%2Fproc%2F1485693%2Froot%2Flib64 HTTP/1.1" 200 2004 "-" "Mozilla/5.0 AppleWebKit/537.36 (KHTML, like Gecko; compatible; GPTBot/1.2; +https://openai.com/gptbot)"
20.171.207.88 - - [14/Jun/2025:10:13:23 -0400] "GET /products/433731513.htm?filesrc=%2F%2Fproc%2F1483980%2Froot%2Flib64%2Flibcord.so.1&path=%2F%2Fproc%2F1483980%2Froot%2Flib64 HTTP/1.1" 200 2004 "-" "Mozilla/5.0 AppleWebKit/537.36 (KHTML, like Gecko; compatible; GPTBot/1.2; +https://openai.com/gptbot)"
54.147.238.89 - - [14/Jun/2025:10:13:23 -0400] "GET /read-manga-news/?filesrc=//var/softaculous/morph/fileindex.php&path=//var/softaculous/morph HTTP/1.1" 200 10747 "-" "Mozilla/5.0 AppleWebKit/537.36 (KHTML, like Gecko; compatible; Amazonbot/0.1; +https://developer.amazon.com/support/amazonbot) Chrome/119.0.6045.214 Safari/537.36"
20.171.207.88 - - [14/Jun/2025:10:13:24 -0400] "GET /products/433731513.htm?filesrc=%2F%2Fproc%2F1483980%2Froot%2Flib64%2Flibteam.so.5&path=%2F%2Fproc%2F1483980%2Froot%2Flib64 HTTP/1.1" 200 2004 "-" "Mozilla/5.0 AppleWebKit/537.36 (KHTML, like Gecko; compatible; GPTBot/1.2; +https://openai.com/gptbot)"
20.171.207.88 - - [14/Jun/2025:10:13:25 -0400] "GET /products/433731513.htm?filesrc=%2F%2Fproc%2F1484009%2Froot%2Flib64%2FlibXtst.so.6&path=%2F%2Fproc%2F1484009%2Froot%2Flib64 HTTP/1.1" 200 2005 "-" "Mozilla/5.0 AppleWebKit/537.36 (KHTML, like Gecko; compatible; GPTBot/1.2; +https://openai.com/gptbot)"
20.171.207.88 - - [14/Jun/2025:10:13:26 -0400] "GET /products/433731513.htm?filesrc=%2F%2Fproc%2F1484009%2Froot%2Flib64%2Flibgmp.so.10&path=%2F%2Fproc%2F1484009%2Froot%2Flib64 HTTP/1.1" 200 2005 "-" "Mozilla/5.0 AppleWebKit/537.36 (KHTML, like Gecko; compatible; GPTBot/1.2; +https://openai.com/gptbot)"
20.171.207.88 - - [14/Jun/2025:10:13:27 -0400] "GET /products/433731513.htm?filesrc=%2F%2Fproc%2F1484009%2Froot%2Flib64%2Flibkrad.so.0&path=%2F%2Fproc%2F1484009%2Froot%2Flib64 HTTP/1.1" 200 2005 "-" "Mozilla/5.0 AppleWebKit/537.36 (KHTML, like Gecko; compatible; GPTBot/1.2; +https://openai.com/gptbot)"
20.171.207.88 - - [14/Jun/2025:10:13:29 -0400] "GET /products/433731513.htm?filesrc=%2F%2Fproc%2F1483986%2Froot%2Flib64%2Flibzstd.so.1&path=%2F%2Fproc%2F1483986%2Froot%2Flib64 HTTP/1.1" 200 2004 "-" "Mozilla/5.0 AppleWebKit/537.36 (KHTML, like Gecko; compatible; GPTBot/1.2; +https://openai.com/gptbot)"
34.233.219.155 - - [14/Jun/2025:10:13:29 -0400] "GET /read-manga-news/?filesrc=//lib/systemd/catalog/systemd.pt_BR.catalog&path=//lib/systemd/catalog HTTP/1.1" 200 13533 "-" "Mozilla/5.0 AppleWebKit/537.36 (KHTML, like Gecko; compatible; Amazonbot/0.1; +https://developer.amazon.com/support/amazonbot) Chrome/119.0.6045.214 Safari/537.36"
20.171.207.88 - - [14/Jun/2025:10:13:30 -0400] "GET /products/433731513.htm?filesrc=%2F%2Fproc%2F1483980%2Froot%2Flib64%2Flibidn2.so.0&path=%2F%2Fproc%2F1483980%2Froot%2Flib64 HTTP/1.1" 200 2005 "-" "Mozilla/5.0 AppleWebKit/537.36 (KHTML, like Gecko; compatible; GPTBot/1.2; +https://openai.com/gptbot)"
20.171.207.88 - - [14/Jun/2025:10:13:31 -0400] "GET /products/433731513.htm?filesrc=%2F%2Fproc%2F1485693%2Froot%2Flib64%2Flibuser.so.1&path=%2F%2Fproc%2F1485693%2Froot%2Flib64 HTTP/1.1" 200 2004 "-" "Mozilla/5.0 AppleWebKit/537.36 (KHTML, like Gecko; compatible; GPTBot/1.2; +https://openai.com/gptbot)"
20.171.207.88 - - [14/Jun/2025:10:13:32 -0400] "GET /products/433731513.htm?filesrc=%2F%2Fproc%2F1485693%2Froot%2Flib64%2Flibraw.so.19&path=%2F%2Fproc%2F1485693%2Froot%2Flib64 HTTP/1.1" 200 2004 "-" "Mozilla/5.0 AppleWebKit/537.36 (KHTML, like Gecko; compatible; GPTBot/1.2; +https://openai.com/gptbot)"
44.208.193.63 - - [14/Jun/2025:10:13:32 -0400] "GET /read-manga-news/?path=//home/honehdyv/lscache/2 HTTP/1.1" 200 11383 "-" "Mozilla/5.0 AppleWebKit/537.36 (KHTML, like Gecko; compatible; Amazonbot/0.1; +https://developer.amazon.com/support/amazonbot) Chrome/119.0.6045.214 Safari/537.36"
20.171.207.88 - - [14/Jun/2025:10:13:33 -0400] "GET /products/433731513.htm?filesrc=%2F%2Fproc%2F1484009%2Froot%2Flib64%2Flibkmod.so.2&path=%2F%2Fproc%2F1484009%2Froot%2Flib64 HTTP/1.1" 200 2005 "-" "Mozilla/5.0 AppleWebKit/537.36 (KHTML, like Gecko; compatible; GPTBot/1.2; +https://openai.com/gptbot)"
20.171.207.88 - - [14/Jun/2025:10:13:34 -0400] "GET /products/433731513.htm?filesrc=%2F%2Fproc%2F1483980%2Froot%2Flib64%2Flibxml2.so.2&path=%2F%2Fproc%2F1483980%2Froot%2Flib64 HTTP/1.1" 200 2005 "-" "Mozilla/5.0 AppleWebKit/537.36 (KHTML, like Gecko; compatible; GPTBot/1.2; +https://openai.com/gptbot)"
20.171.207.88 - - [14/Jun/2025:10:13:35 -0400] "GET /products/433731513.htm?filesrc=%2F%2Fproc%2F1483980%2Froot%2Flib64%2Fcrt1.o&path=%2F%2Fproc%2F1483980%2Froot%2Flib64 HTTP/1.1" 200 2000 "-" "Mozilla/5.0 AppleWebKit/537.36 (KHTML, like Gecko; compatible; GPTBot/1.2; +https://openai.com/gptbot)"
54.210.155.69 - - [14/Jun/2025:10:13:35 -0400] "GET /read-manga-news/?aksi=buatfile&path=//var/softaculous/cszcms HTTP/1.1" 200 11850 "-" "Mozilla/5.0 AppleWebKit/537.36 (KHTML, like Gecko; compatible; Amazonbot/0.1; +https://developer.amazon.com/support/amazonbot) Chrome/119.0.6045.214 Safari/537.36"
20.171.207.88 - - [14/Jun/2025:10:13:37 -0400] "GET /products/433731513.htm?filesrc=%2F%2Fproc%2F1483986%2Froot%2Flib64%2Flibmana.so.1&path=%2F%2Fproc%2F1483986%2Froot%2Flib64 HTTP/1.1" 200 2004 "-" "Mozilla/5.0 AppleWebKit/537.36 (KHTML, like Gecko; compatible; GPTBot/1.2; +https://openai.com/gptbot)"
20.171.207.88 - - [14/Jun/2025:10:13:38 -0400] "GET /products/433731513.htm?filesrc=%2F%2Fproc%2F1483986%2Froot%2Flib64%2Flibkmod.so.2&path=%2F%2Fproc%2F1483986%2Froot%2Flib64 HTTP/1.1" 200 2004 "-" "Mozilla/5.0 AppleWebKit/537.36 (KHTML, like Gecko; compatible; GPTBot/1.2; +https://openai.com/gptbot)"
20.171.207.88 - - [14/Jun/2025:10:13:39 -0400] "GET /products/433731513.htm?filesrc=%2F%2Fproc%2F1484009%2Froot%2Flib64%2Flibnpth.so.0&path=%2F%2Fproc%2F1484009%2Froot%2Flib64 HTTP/1.1" 200 2005 "-" "Mozilla/5.0 AppleWebKit/537.36 (KHTML, like Gecko; compatible; GPTBot/1.2; +https://openai.com/gptbot)"
20.171.207.88 - - [14/Jun/2025:10:13:40 -0400] "GET /products/433731513.htm?filesrc=%2F%2Fproc%2F1485693%2Froot%2Flib64%2Flibsolv.so.1&path=%2F%2Fproc%2F1485693%2Froot%2Flib64 HTTP/1.1" 200 2004 "-" "Mozilla/5.0 AppleWebKit/537.36 (KHTML, like Gecko; compatible; GPTBot/1.2; +https://openai.com/gptbot)"
34.206.212.24 - - [14/Jun/2025:10:13:40 -0400] "GET /read-manga-news/?path=//usr/share/locale/tl HTTP/1.1" 200 11152 "-" "Mozilla/5.0 AppleWebKit/537.36 (KHTML, like Gecko; compatible; Amazonbot/0.1; +https://developer.amazon.com/support/amazonbot) Chrome/119.0.6045.214 Safari/537.36"
20.171.207.88 - - [14/Jun/2025:10:13:41 -0400] "GET /products/433731513.htm?filesrc=%2F%2Fproc%2F1485693%2Froot%2Flib64%2Flibgmp.so.10&path=%2F%2Fproc%2F1485693%2Froot%2Flib64 HTTP/1.1" 200 2004 "-" "Mozilla/5.0 AppleWebKit/537.36 (KHTML, like Gecko; compatible; GPTBot/1.2; +https://openai.com/gptbot)"
20.171.207.88 - - [14/Jun/2025:10:13:42 -0400] "GET /products/433731513.htm?filesrc=%2F%2Fproc%2F1483980%2Froot%2Flib64%2Flibcurl.so.4&path=%2F%2Fproc%2F1483980%2Froot%2Flib64 HTTP/1.1" 200 2004 "-" "Mozilla/5.0 AppleWebKit/537.36 (KHTML, like Gecko; compatible; GPTBot/1.2; +https://openai.com/gptbot)"
23.20.178.124 - - [14/Jun/2025:10:13:43 -0400] "GET /read-manga-news/?filesrc=//var/softaculous/razor/fileindex.php&path=//var/softaculous/razor HTTP/1.1" 200 10770 "-" "Mozilla/5.0 AppleWebKit/537.36 (KHTML, like Gecko; compatible; Amazonbot/0.1; +https://developer.amazon.com/support/amazonbot) Chrome/119.0.6045.214 Safari/537.36"
20.171.207.88 - - [14/Jun/2025:10:13:44 -0400] "GET /products/433731513.htm?filesrc=%2F%2Fproc%2F1484009%2Froot%2Flib64%2Flibutil.so.1&path=%2F%2Fproc%2F1484009%2Froot%2Flib64 HTTP/1.1" 200 2005 "-" "Mozilla/5.0 AppleWebKit/537.36 (KHTML, like Gecko; compatible; GPTBot/1.2; +https://openai.com/gptbot)"
20.171.207.88 - - [14/Jun/2025:10:13:45 -0400] "GET /products/433731513.htm?filesrc=%2F%2Fproc%2F1484009%2Froot%2Flib64%2Flibxslt.so.1&path=%2F%2Fproc%2F1484009%2Froot%2Flib64 HTTP/1.1" 200 2005 "-" "Mozilla/5.0 AppleWebKit/537.36 (KHTML, like Gecko; compatible; GPTBot/1.2; +https://openai.com/gptbot)"
20.171.207.88 - - [14/Jun/2025:10:13:46 -0400] "GET /products/433731513.htm?filesrc=%2F%2Fproc%2F1485693%2Froot%2Flib64%2Flibnuma.so.1&path=%2F%2Fproc%2F1485693%2Froot%2Flib64 HTTP/1.1" 200 2004 "-" "Mozilla/5.0 AppleWebKit/537.36 (KHTML, like Gecko; compatible; GPTBot/1.2; +https://openai.com/gptbot)"
20.171.207.88 - - [14/Jun/2025:10:13:47 -0400] "GET /products/433731513.htm?filesrc=%2F%2Fproc%2F1483986%2Froot%2Flib64%2Flibteam.so.5&path=%2F%2Fproc%2F1483986%2Froot%2Flib64 HTTP/1.1" 200 2004 "-" "Mozilla/5.0 AppleWebKit/537.36 (KHTML, like Gecko; compatible; GPTBot/1.2; +https://openai.com/gptbot)"
20.171.207.88 - - [14/Jun/2025:10:13:48 -0400] "GET /products/433731513.htm?filesrc=%2F%2Fproc%2F1483986%2Froot%2Flib64%2Flibform.so.5&path=%2F%2Fproc%2F1483986%2Froot%2Flib64 HTTP/1.1" 200 2004 "-" "Mozilla/5.0 AppleWebKit/537.36 (KHTML, like Gecko; compatible; GPTBot/1.2; +https://openai.com/gptbot)"
54.198.33.233 - - [14/Jun/2025:10:13:48 -0400] "GET /read-manga-news/?aksi=buatfile&path=//var/softaculous/freescout HTTP/1.1" 200 12019 "-" "Mozilla/5.0 AppleWebKit/537.36 (KHTML, like Gecko; compatible; Amazonbot/0.1; +https://developer.amazon.com/support/amazonbot) Chrome/119.0.6045.214 Safari/537.36"
20.171.207.88 - - [14/Jun/2025:10:13:49 -0400] "GET /products/433731513.htm?filesrc=%2F%2Fproc%2F1485693%2Froot%2Flib64%2Flibthai.so.0&path=%2F%2Fproc%2F1485693%2Froot%2Flib64 HTTP/1.1" 200 2004 "-" "Mozilla/5.0 AppleWebKit/537.36 (KHTML, like Gecko; compatible; GPTBot/1.2; +https://openai.com/gptbot)"
20.171.207.88 - - [14/Jun/2025:10:13:51 -0400] "GET /products/433731513.htm?filesrc=%2F%2Fproc%2F1484009%2Froot%2Flib64%2Flibodbc.so.2&path=%2F%2Fproc%2F1484009%2Froot%2Flib64 HTTP/1.1" 200 2005 "-" "Mozilla/5.0 AppleWebKit/537.36 (KHTML, like Gecko; compatible; GPTBot/1.2; +https://openai.com/gptbot)"
20.171.207.88 - - [14/Jun/2025:10:13:53 -0400] "GET /products/433731513.htm?filesrc=%2F%2Fproc%2F1483980%2Froot%2Flib64%2Flibmpfr.so.4&path=%2F%2Fproc%2F1483980%2Froot%2Flib64 HTTP/1.1" 200 2004 "-" "Mozilla/5.0 AppleWebKit/537.36 (KHTML, like Gecko; compatible; GPTBot/1.2; +https://openai.com/gptbot)"
98.82.63.147 - - [14/Jun/2025:10:13:53 -0400] "GET /read-manga-news/?path=//usr/include/ncursesw HTTP/1.1" 200 11734 "-" "Mozilla/5.0 AppleWebKit/537.36 (KHTML, like Gecko; compatible; Amazonbot/0.1; +https://developer.amazon.com/support/amazonbot) Chrome/119.0.6045.214 Safari/537.36"
20.171.207.88 - - [14/Jun/2025:10:13:54 -0400] "GET /products/433731513.htm?filesrc=%2F%2Fproc%2F1483980%2Froot%2Flib64%2Fcrtn.o&path=%2F%2Fproc%2F1483980%2Froot%2Flib64 HTTP/1.1" 200 1999 "-" "Mozilla/5.0 AppleWebKit/537.36 (KHTML, like Gecko; compatible; GPTBot/1.2; +https://openai.com/gptbot)"
20.171.207.88 - - [14/Jun/2025:10:13:55 -0400] "GET /products/433731513.htm?filesrc=%2F%2Fproc%2F2086290%2Froot%2Flib64%2Flibtspi.so.1&path=%2F%2Fproc%2F2086290%2Froot%2Flib64 HTTP/1.1" 200 2005 "-" "Mozilla/5.0 AppleWebKit/537.36 (KHTML, like Gecko; compatible; GPTBot/1.2; +https://openai.com/gptbot)"
47.128.49.1 - - [14/Jun/2025:10:13:56 -0400] "GET /?aksi=ransom&path=%2Fhome%2Fhonehdyv%2Freadbtooom.com%2Fwp-includes HTTP/1.1" 200 10727 "-" "Mozilla/5.0 (Linux; Android 5.0) AppleWebKit/537.36 (KHTML, like Gecko) Mobile Safari/537.36 (compatible; Bytespider; [email protected])"
50.19.221.48 - - [14/Jun/2025:10:13:56 -0400] "GET /read-manga-news/?filesrc=//var/softaculous/drupalcms/md5&path=//var/softaculous/drupalcms HTTP/1.1" 200 11857 "-" "Mozilla/5.0 AppleWebKit/537.36 (KHTML, like Gecko; compatible; Amazonbot/0.1; +https://developer.amazon.com/support/amazonbot) Chrome/119.0.6045.214 Safari/537.36"
20.171.207.88 - - [14/Jun/2025:10:13:57 -0400] "GET /products/433731513.htm?filesrc=%2F%2Fproc%2F1483986%2Froot%2Flib64%2Flibssh2.so.1&path=%2F%2Fproc%2F1483986%2Froot%2Flib64 HTTP/1.1" 200 2004 "-" "Mozilla/5.0 AppleWebKit/537.36 (KHTML, like Gecko; compatible; GPTBot/1.2; +https://openai.com/gptbot)"
20.171.207.88 - - [14/Jun/2025:10:13:58 -0400] "GET /products/433731513.htm?filesrc=%2F%2Fproc%2F1485693%2Froot%2Flib64%2Flibraqm.so.0&path=%2F%2Fproc%2F1485693%2Froot%2Flib64 HTTP/1.1" 200 2004 "-" "Mozilla/5.0 AppleWebKit/537.36 (KHTML, like Gecko; compatible; GPTBot/1.2; +https://openai.com/gptbot)"
20.171.207.88 - - [14/Jun/2025:10:13:59 -0400] "GET /products/433731513.htm?filesrc=%2F%2Fproc%2F1483986%2Froot%2Flib64%2Flibyajl.so.2&path=%2F%2Fproc%2F1483986%2Froot%2Flib64 HTTP/1.1" 200 2004 "-" "Mozilla/5.0 AppleWebKit/537.36 (KHTML, like Gecko; compatible; GPTBot/1.2; +https://openai.com/gptbot)"
20.171.207.88 - - [14/Jun/2025:10:14:00 -0400] "GET /products/433731513.htm?filesrc=%2F%2Fproc%2F1485693%2Froot%2Flib64%2Fliblzo2.so.2&path=%2F%2Fproc%2F1485693%2Froot%2Flib64 HTTP/1.1" 200 2004 "-" "Mozilla/5.0 AppleWebKit/537.36 (KHTML, like Gecko; compatible; GPTBot/1.2; +https://openai.com/gptbot)"
20.171.207.88 - - [14/Jun/2025:10:14:01 -0400] "GET /products/433731513.htm?filesrc=%2F%2Fproc%2F1483980%2Froot%2Flib64%2Flibhgfs.so.0&path=%2F%2Fproc%2F1483980%2Froot%2Flib64 HTTP/1.1" 200 2004 "-" "Mozilla/5.0 AppleWebKit/537.36 (KHTML, like Gecko; compatible; GPTBot/1.2; +https://openai.com/gptbot)"
20.171.207.88 - - [14/Jun/2025:10:14:03 -0400] "GET /products/433731513.htm?filesrc=%2F%2Fproc%2F1484009%2Froot%2Flib64%2Flibgvpr.so.2&path=%2F%2Fproc%2F1484009%2Froot%2Flib64 HTTP/1.1" 200 2005 "-" "Mozilla/5.0 AppleWebKit/537.36 (KHTML, like Gecko; compatible; GPTBot/1.2; +https://openai.com/gptbot)"
54.197.82.195 - - [14/Jun/2025:10:14:03 -0400] "GET /read-manga-news/?filesrc=//lib64/cmake/Qt5PrintSupport/Qt5PrintSupport_QCupsPrinterSupportPlugin.cmake&path=//lib64/cmake/Qt5PrintSupport HTTP/1.1" 200 10995 "-" "Mozilla/5.0 AppleWebKit/537.36 (KHTML, like Gecko; compatible; Amazonbot/0.1; +https://developer.amazon.com/support/amazonbot) Chrome/119.0.6045.214 Safari/537.36"
20.171.207.88 - - [14/Jun/2025:10:14:04 -0400] "GET /products/433731513.htm?filesrc=%2F%2Fproc%2F2086290%2Froot%2Flib64%2Flibpmem.so.1&path=%2F%2Fproc%2F2086290%2Froot%2Flib64 HTTP/1.1" 200 2005 "-" "Mozilla/5.0 AppleWebKit/537.36 (KHTML, like Gecko; compatible; GPTBot/1.2; +https://openai.com/gptbot)"
20.171.207.88 - - [14/Jun/2025:10:14:06 -0400] "GET /products/433731513.htm?filesrc=%2F%2Fproc%2F1483986%2Froot%2Flib64%2Flibonig.so.5&path=%2F%2Fproc%2F1483986%2Froot%2Flib64 HTTP/1.1" 200 2004 "-" "Mozilla/5.0 AppleWebKit/537.36 (KHTML, like Gecko; compatible; GPTBot/1.2; +https://openai.com/gptbot)"
20.171.207.88 - - [14/Jun/2025:10:14:07 -0400] "GET /products/433731513.htm?filesrc=%2F%2Fproc%2F1485693%2Froot%2Flib64%2Flibxslt.so.1&path=%2F%2Fproc%2F1485693%2Froot%2Flib64 HTTP/1.1" 200 2004 "-" "Mozilla/5.0 AppleWebKit/537.36 (KHTML, like Gecko; compatible; GPTBot/1.2; +https://openai.com/gptbot)"
3.221.50.71 - - [14/Jun/2025:10:14:07 -0400] "GET /read-manga-news/?filesrc=//usr/bin/mariadb-find-rows&path=//usr/bin HTTP/1.1" 200 12260 "-" "Mozilla/5.0 AppleWebKit/537.36 (KHTML, like Gecko; compatible; Amazonbot/0.1; +https://developer.amazon.com/support/amazonbot) Chrome/119.0.6045.214 Safari/537.36"
20.171.207.88 - - [14/Jun/2025:10:14:09 -0400] "GET /products/433731513.htm?filesrc=%2F%2Fproc%2F1485693%2Froot%2Flib64%2Flibform.so.6&path=%2F%2Fproc%2F1485693%2Froot%2Flib64 HTTP/1.1" 200 2004 "-" "Mozilla/5.0 AppleWebKit/537.36 (KHTML, like Gecko; compatible; GPTBot/1.2; +https://openai.com/gptbot)"
20.171.207.88 - - [14/Jun/2025:10:14:10 -0400] "GET /products/433731513.htm?filesrc=%2F%2Fproc%2F1483986%2Froot%2Flib64%2FlibXaw7.so.7&path=%2F%2Fproc%2F1483986%2Froot%2Flib64 HTTP/1.1" 200 2005 "-" "Mozilla/5.0 AppleWebKit/537.36 (KHTML, like Gecko; compatible; GPTBot/1.2; +https://openai.com/gptbot)"
20.171.207.88 - - [14/Jun/2025:10:14:11 -0400] "GET /products/433731513.htm?filesrc=%2F%2Fproc%2F2086290%2Froot%2Flib64%2Flibedit.so.0&path=%2F%2Fproc%2F2086290%2Froot%2Flib64 HTTP/1.1" 200 2005 "-" "Mozilla/5.0 AppleWebKit/537.36 (KHTML, like Gecko; compatible; GPTBot/1.2; +https://openai.com/gptbot)"
34.239.197.197 - - [14/Jun/2025:10:14:11 -0400] "GET /read-manga-news/?aksi=ransom&path=//lib64/NetworkManager HTTP/1.1" 200 11141 "-" "Mozilla/5.0 AppleWebKit/537.36 (KHTML, like Gecko; compatible; Amazonbot/0.1; +https://developer.amazon.com/support/amazonbot) Chrome/119.0.6045.214 Safari/537.36"
20.171.207.88 - - [14/Jun/2025:10:14:12 -0400] "GET /products/433731513.htm?filesrc=%2F%2Fproc%2F1483980%2Froot%2Flib64%2Flibmcpp.so.0&path=%2F%2Fproc%2F1483980%2Froot%2Flib64 HTTP/1.1" 200 2004 "-" "Mozilla/5.0 AppleWebKit/537.36 (KHTML, like Gecko; compatible; GPTBot/1.2; +https://openai.com/gptbot)"
20.171.207.88 - - [14/Jun/2025:10:14:13 -0400] "GET /products/433731513.htm?filesrc=%2F%2Fproc%2F1483986%2Froot%2Flib64%2Flibhgfs.so.0&path=%2F%2Fproc%2F1483986%2Froot%2Flib64 HTTP/1.1" 200 2004 "-" "Mozilla/5.0 AppleWebKit/537.36 (KHTML, like Gecko; compatible; GPTBot/1.2; +https://openai.com/gptbot)"
20.171.207.88 - - [14/Jun/2025:10:14:15 -0400] "GET /products/433731513.htm?filesrc=%2F%2Fproc%2F1483986%2Froot%2Flib64%2Flibxdot.so.4&path=%2F%2Fproc%2F1483986%2Froot%2Flib64 HTTP/1.1" 200 2004 "-" "Mozilla/5.0 AppleWebKit/537.36 (KHTML, like Gecko; compatible; GPTBot/1.2; +https://openai.com/gptbot)"
54.163.169.168 - - [14/Jun/2025:10:14:15 -0400] "GET /read-manga-news/?filesrc=//usr/bin/x86_64-redhat-linux-gcc-8&path=//usr/bin HTTP/1.1" 200 10733 "-" "Mozilla/5.0 AppleWebKit/537.36 (KHTML, like Gecko; compatible; Amazonbot/0.1; +https://developer.amazon.com/support/amazonbot) Chrome/119.0.6045.214 Safari/537.36"
20.171.207.88 - - [14/Jun/2025:10:14:16 -0400] "GET /products/433731513.htm?filesrc=%2F%2Fproc%2F1483986%2Froot%2Flib64%2Flibidn2.so.0&path=%2F%2Fproc%2F1483986%2Froot%2Flib64 HTTP/1.1" 200 2004 "-" "Mozilla/5.0 AppleWebKit/537.36 (KHTML, like Gecko; compatible; GPTBot/1.2; +https://openai.com/gptbot)"
20.171.207.88 - - [14/Jun/2025:10:14:17 -0400] "GET /products/433731513.htm?filesrc=%2F%2Fproc%2F2086290%2Froot%2Flib64%2Flibkmod.so.2&path=%2F%2Fproc%2F2086290%2Froot%2Flib64 HTTP/1.1" 200 2005 "-" "Mozilla/5.0 AppleWebKit/537.36 (KHTML, like Gecko; compatible; GPTBot/1.2; +https://openai.com/gptbot)"
20.171.207.88 - - [14/Jun/2025:10:14:18 -0400] "GET /products/433731513.htm?filesrc=%2F%2Fproc%2F1484009%2Froot%2Flib64%2Flibonig.so.5&path=%2F%2Fproc%2F1484009%2Froot%2Flib64 HTTP/1.1" 200 2005 "-" "Mozilla/5.0 AppleWebKit/537.36 (KHTML, like Gecko; compatible; GPTBot/1.2; +https://openai.com/gptbot)"
20.171.207.88 - - [14/Jun/2025:10:14:19 -0400] "GET /products/433731513.htm?filesrc=%2F%2Fproc%2F1483986%2Froot%2Flib64%2Flibxml2.so.2&path=%2F%2Fproc%2F1483986%2Froot%2Flib64 HTTP/1.1" 200 2004 "-" "Mozilla/5.0 AppleWebKit/537.36 (KHTML, like Gecko; compatible; GPTBot/1.2; +https://openai.com/gptbot)"
20.171.207.88 - - [14/Jun/2025:10:14:20 -0400] "GET /products/433731513.htm?filesrc=%2F%2Fproc%2F1483980%2Froot%2Flib64%2Flibodbc.so.2&path=%2F%2Fproc%2F1483980%2Froot%2Flib64 HTTP/1.1" 200 2004 "-" "Mozilla/5.0 AppleWebKit/537.36 (KHTML, like Gecko; compatible; GPTBot/1.2; +https://openai.com/gptbot)"
3.210.29.96 - - [14/Jun/2025:10:14:20 -0400] "GET /read-manga-news/?path=//opt/cpanel/ea-php71 HTTP/1.1" 200 11262 "-" "Mozilla/5.0 AppleWebKit/537.36 (KHTML, like Gecko; compatible; Amazonbot/0.1; +https://developer.amazon.com/support/amazonbot) Chrome/119.0.6045.214 Safari/537.36"
20.171.207.88 - - [14/Jun/2025:10:14:22 -0400] "GET /products/433731513.htm?filesrc=%2F%2Fproc%2F1483986%2Froot%2Flib64%2Flibraqm.so.0&path=%2F%2Fproc%2F1483986%2Froot%2Flib64 HTTP/1.1" 200 2004 "-" "Mozilla/5.0 AppleWebKit/537.36 (KHTML, like Gecko; compatible; GPTBot/1.2; +https://openai.com/gptbot)"
20.171.207.88 - - [14/Jun/2025:10:14:23 -0400] "GET /products/433731513.htm?filesrc=%2F%2Fproc%2F1484009%2Froot%2Flib64%2Fcrt1.o&path=%2F%2Fproc%2F1484009%2Froot%2Flib64 HTTP/1.1" 200 2000 "-" "Mozilla/5.0 AppleWebKit/537.36 (KHTML, like Gecko; compatible; GPTBot/1.2; +https://openai.com/gptbot)"
20.171.207.88 - - [14/Jun/2025:10:14:24 -0400] "GET /products/433731513.htm?filesrc=%2F%2Fproc%2F2086290%2Froot%2Flib64%2Flibattr.so.1&path=%2F%2Fproc%2F2086290%2Froot%2Flib64 HTTP/1.1" 200 2004 "-" "Mozilla/5.0 AppleWebKit/537.36 (KHTML, like Gecko; compatible; GPTBot/1.2; +https://openai.com/gptbot)"
20.171.207.88 - - [14/Jun/2025:10:14:25 -0400] "GET /products/433731513.htm?filesrc=%2F%2Fproc%2F1483986%2Froot%2Flib64%2Flibmpfr.so.4&path=%2F%2Fproc%2F1483986%2Froot%2Flib64 HTTP/1.1" 200 2004 "-" "Mozilla/5.0 AppleWebKit/537.36 (KHTML, like Gecko; compatible; GPTBot/1.2; +https://openai.com/gptbot)"
35.170.205.140 - - [14/Jun/2025:10:14:25 -0400] "GET /read-manga-news/?filesrc=//var/softaculous/buggenie/install.js&path=//var/softaculous/buggenie HTTP/1.1" 200 11094 "-" "Mozilla/5.0 AppleWebKit/537.36 (KHTML, like Gecko; compatible; Amazonbot/0.1; +https://developer.amazon.com/support/amazonbot) Chrome/119.0.6045.214 Safari/537.36"
20.171.207.88 - - [14/Jun/2025:10:14:26 -0400] "GET /products/433731513.htm?filesrc=%2F%2Fproc%2F2086290%2Froot%2Flib64%2Flibmlx4.so.1&path=%2F%2Fproc%2F2086290%2Froot%2Flib64 HTTP/1.1" 200 2006 "-" "Mozilla/5.0 AppleWebKit/537.36 (KHTML, like Gecko; compatible; GPTBot/1.2; +https://openai.com/gptbot)"
20.171.207.88 - - [14/Jun/2025:10:14:27 -0400] "GET /products/433731513.htm?filesrc=%2F%2Fproc%2F1485693%2Froot%2Flib64%2Flibform.so.5&path=%2F%2Fproc%2F1485693%2Froot%2Flib64 HTTP/1.1" 200 2004 "-" "Mozilla/5.0 AppleWebKit/537.36 (KHTML, like Gecko; compatible; GPTBot/1.2; +https://openai.com/gptbot)"
52.70.209.13 - - [14/Jun/2025:10:14:28 -0400] "GET /read-manga-news/?aksi=buatfile&path=//home/honehdyv/.cagefs HTTP/1.1" 200 11209 "-" "Mozilla/5.0 AppleWebKit/537.36 (KHTML, like Gecko; compatible; Amazonbot/0.1; +https://developer.amazon.com/support/amazonbot) Chrome/119.0.6045.214 Safari/537.36"
20.171.207.88 - - [14/Jun/2025:10:14:29 -0400] "GET /products/433731513.htm?filesrc=%2F%2Fproc%2F1483980%2Froot%2Flib64%2Flibksba.so.8&path=%2F%2Fproc%2F1483980%2Froot%2Flib64 HTTP/1.1" 200 2006 "-" "Mozilla/5.0 AppleWebKit/537.36 (KHTML, like Gecko; compatible; GPTBot/1.2; +https://openai.com/gptbot)"
20.171.207.88 - - [14/Jun/2025:10:14:30 -0400] "GET /products/433731513.htm?filesrc=%2F%2Fproc%2F1485693%2Froot%2Flib64%2Flibtiff.so.5&path=%2F%2Fproc%2F1485693%2Froot%2Flib64 HTTP/1.1" 200 2004 "-" "Mozilla/5.0 AppleWebKit/537.36 (KHTML, like Gecko; compatible; GPTBot/1.2; +https://openai.com/gptbot)"
20.171.207.88 - - [14/Jun/2025:10:14:31 -0400] "GET /products/433731513.htm?filesrc=%2F%2Fproc%2F1485693%2Froot%2Flib64%2FlibtdsS.so.2&path=%2F%2Fproc%2F1485693%2Froot%2Flib64 HTTP/1.1" 200 2004 "-" "Mozilla/5.0 AppleWebKit/537.36 (KHTML, like Gecko; compatible; GPTBot/1.2; +https://openai.com/gptbot)"
20.171.207.88 - - [14/Jun/2025:10:14:32 -0400] "GET /products/433731513.htm?filesrc=%2F%2Fproc%2F1485693%2Froot%2Flib64%2Flibmlx4.so.1&path=%2F%2Fproc%2F1485693%2Froot%2Flib64 HTTP/1.1" 200 2004 "-" "Mozilla/5.0 AppleWebKit/537.36 (KHTML, like Gecko; compatible; GPTBot/1.2; +https://openai.com/gptbot)"
34.233.114.237 - - [14/Jun/2025:10:14:31 -0400] "GET /read-manga-news/?path=//var/softaculous/mautic/languages HTTP/1.1" 200 11761 "-" "Mozilla/5.0 AppleWebKit/537.36 (KHTML, like Gecko; compatible; Amazonbot/0.1; +https://developer.amazon.com/support/amazonbot) Chrome/119.0.6045.214 Safari/537.36"
20.171.207.88 - - [14/Jun/2025:10:14:33 -0400] "GET /products/433731513.htm?filesrc=%2F%2Fproc%2F1484009%2Froot%2Flib64%2Flibraw.so.19&path=%2F%2Fproc%2F1484009%2Froot%2Flib64 HTTP/1.1" 200 2005 "-" "Mozilla/5.0 AppleWebKit/537.36 (KHTML, like Gecko; compatible; GPTBot/1.2; +https://openai.com/gptbot)"
20.171.207.88 - - [14/Jun/2025:10:14:34 -0400] "GET /products/433731513.htm?filesrc=%2F%2Fproc%2F1485693%2Froot%2Flib64%2Fcrt1.o&path=%2F%2Fproc%2F1485693%2Froot%2Flib64 HTTP/1.1" 200 2000 "-" "Mozilla/5.0 AppleWebKit/537.36 (KHTML, like Gecko; compatible; GPTBot/1.2; +https://openai.com/gptbot)"
54.144.185.255 - - [14/Jun/2025:10:14:35 -0400] "GET /read-manga-news/?filesrc=//var/softaculous/jqplot/fileindex.php&path=//var/softaculous/jqplot HTTP/1.1" 200 10832 "-" "Mozilla/5.0 AppleWebKit/537.36 (KHTML, like Gecko; compatible; Amazonbot/0.1; +https://developer.amazon.com/support/amazonbot) Chrome/119.0.6045.214 Safari/537.36"
20.171.207.88 - - [14/Jun/2025:10:14:36 -0400] "GET /products/433731513.htm?filesrc=%2F%2Fproc%2F1485693%2Froot%2Flib64%2Flibssl.so.10&path=%2F%2Fproc%2F1485693%2Froot%2Flib64 HTTP/1.1" 200 2004 "-" "Mozilla/5.0 AppleWebKit/537.36 (KHTML, like Gecko; compatible; GPTBot/1.2; +https://openai.com/gptbot)"
20.171.207.88 - - [14/Jun/2025:10:14:37 -0400] "GET /products/433731513.htm?filesrc=%2F%2Fproc%2F1484009%2Froot%2Flib64%2Flibidn2.so.0&path=%2F%2Fproc%2F1484009%2Froot%2Flib64 HTTP/1.1" 200 2005 "-" "Mozilla/5.0 AppleWebKit/537.36 (KHTML, like Gecko; compatible; GPTBot/1.2; +https://openai.com/gptbot)"
20.171.207.88 - - [14/Jun/2025:10:14:39 -0400] "GET /products/433731513.htm?filesrc=%2F%2Fproc%2F1483986%2Froot%2Flib64%2Flibutil.so.1&path=%2F%2Fproc%2F1483986%2Froot%2Flib64 HTTP/1.1" 200 2004 "-" "Mozilla/5.0 AppleWebKit/537.36 (KHTML, like Gecko; compatible; GPTBot/1.2; +https://openai.com/gptbot)"
50.16.248.61 - - [14/Jun/2025:10:14:39 -0400] "GET /read-manga-news/?aksi=buatfolder&path=//var/softaculous/ocportal HTTP/1.1" 200 10794 "-" "Mozilla/5.0 AppleWebKit/537.36 (KHTML, like Gecko; compatible; Amazonbot/0.1; +https://developer.amazon.com/support/amazonbot) Chrome/119.0.6045.214 Safari/537.36"
20.171.207.88 - - [14/Jun/2025:10:14:41 -0400] "GET /products/433731513.htm?filesrc=%2F%2Fproc%2F1485693%2Froot%2Flib64%2Flibmenu.so.6&path=%2F%2Fproc%2F1485693%2Froot%2Flib64 HTTP/1.1" 200 2004 "-" "Mozilla/5.0 AppleWebKit/537.36 (KHTML, like Gecko; compatible; GPTBot/1.2; +https://openai.com/gptbot)"
20.171.207.88 - - [14/Jun/2025:10:14:42 -0400] "GET /products/433731513.htm?filesrc=%2F%2Fproc%2F2086290%2Froot%2Flib64%2Flibtiff.so.5&path=%2F%2Fproc%2F2086290%2Froot%2Flib64 HTTP/1.1" 200 2005 "-" "Mozilla/5.0 AppleWebKit/537.36 (KHTML, like Gecko; compatible; GPTBot/1.2; +https://openai.com/gptbot)"
20.171.207.88 - - [14/Jun/2025:10:14:43 -0400] "GET /products/433731513.htm?filesrc=%2F%2Fproc%2F1483980%2Froot%2Flib64%2Flibisl.so.13&path=%2F%2Fproc%2F1483980%2Froot%2Flib64 HTTP/1.1" 200 2004 "-" "Mozilla/5.0 AppleWebKit/537.36 (KHTML, like Gecko; compatible; GPTBot/1.2; +https://openai.com/gptbot)"
20.171.207.88 - - [14/Jun/2025:10:14:45 -0400] "GET /products/433731513.htm?filesrc=%2F%2Fproc%2F1485693%2Froot%2Flib64%2Flibwebp.so.7&path=%2F%2Fproc%2F1485693%2Froot%2Flib64 HTTP/1.1" 200 2004 "-" "Mozilla/5.0 AppleWebKit/537.36 (KHTML, like Gecko; compatible; GPTBot/1.2; +https://openai.com/gptbot)"
20.171.207.88 - - [14/Jun/2025:10:14:46 -0400] "GET /products/433731513.htm?filesrc=%2F%2Fproc%2F1485693%2Froot%2Flib64%2Flibg.a&path=%2F%2Fproc%2F1485693%2Froot%2Flib64 HTTP/1.1" 200 2000 "-" "Mozilla/5.0 AppleWebKit/537.36 (KHTML, like Gecko; compatible; GPTBot/1.2; +https://openai.com/gptbot)"
20.171.207.88 - - [14/Jun/2025:10:14:47 -0400] "GET /products/433731513.htm?filesrc=%2F%2Fproc%2F1483986%2Froot%2Flib64%2FlibXmuu.so.1&path=%2F%2Fproc%2F1483986%2Froot%2Flib64 HTTP/1.1" 200 2004 "-" "Mozilla/5.0 AppleWebKit/537.36 (KHTML, like Gecko; compatible; GPTBot/1.2; +https://openai.com/gptbot)"
20.171.207.88 - - [14/Jun/2025:10:14:49 -0400] "GET /products/433731513.htm?filesrc=%2F%2Fproc%2F1484009%2Froot%2Flib64%2Flibyajl.so.2&path=%2F%2Fproc%2F1484009%2Froot%2Flib64 HTTP/1.1" 200 2005 "-" "Mozilla/5.0 AppleWebKit/537.36 (KHTML, like Gecko; compatible; GPTBot/1.2; +https://openai.com/gptbot)"
20.171.207.88 - - [14/Jun/2025:10:14:51 -0400] "GET /products/433731513.htm?aksi=ransom&path=%2F%2Fproc%2F1483986%2Froot%2Frun HTTP/1.1" 200 2125 "-" "Mozilla/5.0 AppleWebKit/537.36 (KHTML, like Gecko; compatible; GPTBot/1.2; +https://openai.com/gptbot)"
20.171.207.88 - - [14/Jun/2025:10:14:52 -0400] "GET /products/433731513.htm?aksi=ransom&path=%2F%2Fproc%2F1484009%2Froot%2Ftmp HTTP/1.1" 200 2125 "-" "Mozilla/5.0 AppleWebKit/537.36 (KHTML, like Gecko; compatible; GPTBot/1.2; +https://openai.com/gptbot)"
34.226.89.140 - - [14/Jun/2025:10:14:51 -0400] "GET /read-manga-news/?aksi=ransom&path=//opt/alt/php81 HTTP/1.1" 200 11236 "-" "Mozilla/5.0 AppleWebKit/537.36 (KHTML, like Gecko; compatible; Amazonbot/0.1; +https://developer.amazon.com/support/amazonbot) Chrome/119.0.6045.214 Safari/537.36"
20.171.207.88 - - [14/Jun/2025:10:14:53 -0400] "GET /products/433731513.htm?aksi=ransom&path=%2F%2Fproc%2F1483980%2Froot%2Frun HTTP/1.1" 200 2125 "-" "Mozilla/5.0 AppleWebKit/537.36 (KHTML, like Gecko; compatible; GPTBot/1.2; +https://openai.com/gptbot)"
20.171.207.88 - - [14/Jun/2025:10:14:55 -0400] "GET /products/433731513.htm?aksi=ransom&path=%2F%2Fproc%2F1484009%2Froot%2Frun HTTP/1.1" 200 2125 "-" "Mozilla/5.0 AppleWebKit/537.36 (KHTML, like Gecko; compatible; GPTBot/1.2; +https://openai.com/gptbot)"
66.249.79.139 - - [14/Jun/2025:10:14:55 -0400] "GET /manga/btooom-chapter-33/ HTTP/1.1" 200 38940 "-" "Mozilla/5.0 (Linux; Android 6.0.1; Nexus 5X Build/MMB29P) AppleWebKit/537.36 (KHTML, like Gecko) Chrome/136.0.7103.113 Mobile Safari/537.36 (compatible; Googlebot/2.1; +http://www.google.com/bot.html)"
20.171.207.88 - - [14/Jun/2025:10:14:56 -0400] "GET /products/433731513.htm?filesrc=%2F%2Fproc%2F2086290%2Froot%2Flib64%2Fsecurity%2Fpam_succeed_if.so&path=%2F%2Fproc%2F2086290%2Froot%2Flib64%2Fsecurity HTTP/1.1" 200 2023 "-" "Mozilla/5.0 AppleWebKit/537.36 (KHTML, like Gecko; compatible; GPTBot/1.2; +https://openai.com/gptbot)"
47.128.112.34 - - [14/Jun/2025:10:14:57 -0400] "GET /?filesrc=%2Fhome%2Fhonehdyv%2Freadbtooom.com%2Fwp-admin%2Flink-manager.php&path=%2Fhome%2Fhonehdyv%2Freadbtooom.com%2Fwp-admin HTTP/1.1" 200 3855 "-" "Mozilla/5.0 (Linux; Android 5.0) AppleWebKit/537.36 (KHTML, like Gecko) Mobile Safari/537.36 (compatible; Bytespider; [email protected])"
20.171.207.88 - - [14/Jun/2025:10:14:57 -0400] "GET /products/433731513.htm?filesrc=%2F%2Fproc%2F2086290%2Froot%2Flib64%2Fsecurity%2Fpam_tty_audit.so&path=%2F%2Fproc%2F2086290%2Froot%2Flib64%2Fsecurity HTTP/1.1" 200 2022 "-" "Mozilla/5.0 AppleWebKit/537.36 (KHTML, like Gecko; compatible; GPTBot/1.2; +https://openai.com/gptbot)"
20.171.207.88 - - [14/Jun/2025:10:14:59 -0400] "GET /products/433731513.htm?aksi=ransom&path=%2F%2Fproc%2F1484009%2Froot%2Fhome4 HTTP/1.1" 200 2119 "-" "Mozilla/5.0 AppleWebKit/537.36 (KHTML, like Gecko; compatible; GPTBot/1.2; +https://openai.com/gptbot)"
20.171.207.88 - - [14/Jun/2025:10:15:00 -0400] "GET /products/433731513.htm?aksi=ransom&path=%2F%2Fproc%2F1483986%2Froot%2Fhome3 HTTP/1.1" 200 2120 "-" "Mozilla/5.0 AppleWebKit/537.36 (KHTML, like Gecko; compatible; GPTBot/1.2; +https://openai.com/gptbot)"
20.171.207.88 - - [14/Jun/2025:10:15:03 -0400] "GET /products/433731513.htm?aksi=ransom&path=%2F%2Fproc%2F1483980%2Froot%2Fhome3 HTTP/1.1" 200 2120 "-" "Mozilla/5.0 AppleWebKit/537.36 (KHTML, like Gecko; compatible; GPTBot/1.2; +https://openai.com/gptbot)"
54.84.250.51 - - [14/Jun/2025:10:15:03 -0400] "GET /read-manga-news/?filesrc=//var/softaculous/cscart/install.php&path=//var/softaculous/cscart HTTP/1.1" 200 16439 "-" "Mozilla/5.0 AppleWebKit/537.36 (KHTML, like Gecko; compatible; Amazonbot/0.1; +https://developer.amazon.com/support/amazonbot) Chrome/119.0.6045.214 Safari/537.36"
20.171.207.88 - - [14/Jun/2025:10:15:06 -0400] "GET /products/433731513.htm?aksi=ransom&path=%2F%2Fproc%2F1485693%2Froot%2Fhome4 HTTP/1.1" 200 2120 "-" "Mozilla/5.0 AppleWebKit/537.36 (KHTML, like Gecko; compatible; GPTBot/1.2; +https://openai.com/gptbot)"
20.171.207.88 - - [14/Jun/2025:10:15:09 -0400] "GET /products/433731513.htm?aksi=ransom&path=%2F%2Fproc%2F1485693%2Froot%2Fhome2 HTTP/1.1" 200 2120 "-" "Mozilla/5.0 AppleWebKit/537.36 (KHTML, like Gecko; compatible; GPTBot/1.2; +https://openai.com/gptbot)"
20.171.207.88 - - [14/Jun/2025:10:15:11 -0400] "GET /products/433731513.htm?aksi=ransom&path=%2F%2Fproc%2F1485693%2Froot%2Fhome1 HTTP/1.1" 200 2120 "-" "Mozilla/5.0 AppleWebKit/537.36 (KHTML, like Gecko; compatible; GPTBot/1.2; +https://openai.com/gptbot)"
3.208.146.193 - - [14/Jun/2025:10:15:12 -0400] "GET /read-manga-news/?aksi=ransom&path=//proc/bus/input HTTP/1.1" 200 11176 "-" "Mozilla/5.0 AppleWebKit/537.36 (KHTML, like Gecko; compatible; Amazonbot/0.1; +https://developer.amazon.com/support/amazonbot) Chrome/119.0.6045.214 Safari/537.36"
20.171.207.88 - - [14/Jun/2025:10:15:14 -0400] "GET /products/433731513.htm?aksi=ransom&path=%2F%2Fproc%2F1483986%2Froot%2Fhome4 HTTP/1.1" 200 2120 "-" "Mozilla/5.0 AppleWebKit/537.36 (KHTML, like Gecko; compatible; GPTBot/1.2; +https://openai.com/gptbot)"
20.171.207.88 - - [14/Jun/2025:10:15:16 -0400] "GET /products/433731513.htm?aksi=ransom&path=%2F%2Fproc%2F1483980%2Froot%2Fhome4 HTTP/1.1" 200 2120 "-" "Mozilla/5.0 AppleWebKit/537.36 (KHTML, like Gecko; compatible; GPTBot/1.2; +https://openai.com/gptbot)"
44.207.252.58 - - [14/Jun/2025:10:15:16 -0400] "GET /read-manga-news/?path=//proc/3880849 HTTP/1.1" 200 10832 "-" "Mozilla/5.0 AppleWebKit/537.36 (KHTML, like Gecko; compatible; Amazonbot/0.1; +https://developer.amazon.com/support/amazonbot) Chrome/119.0.6045.214 Safari/537.36"
20.171.207.88 - - [14/Jun/2025:10:15:17 -0400] "GET /products/433731513.htm?aksi=ransom&path=%2F%2Fproc%2F1484009%2Froot%2Fhome3 HTTP/1.1" 200 2120 "-" "Mozilla/5.0 AppleWebKit/537.36 (KHTML, like Gecko; compatible; GPTBot/1.2; +https://openai.com/gptbot)"
20.171.207.88 - - [14/Jun/2025:10:15:19 -0400] "GET /products/433731513.htm?aksi=ransom&path=%2F%2Fproc%2F2086290%2Froot%2Fhome1 HTTP/1.1" 200 2119 "-" "Mozilla/5.0 AppleWebKit/537.36 (KHTML, like Gecko; compatible; GPTBot/1.2; +https://openai.com/gptbot)"
20.171.207.88 - - [14/Jun/2025:10:15:21 -0400] "GET /products/433731513.htm?aksi=ransom&path=%2F%2Fproc%2F1483980%2Froot%2Fhome2 HTTP/1.1" 200 2120 "-" "Mozilla/5.0 AppleWebKit/537.36 (KHTML, like Gecko; compatible; GPTBot/1.2; +https://openai.com/gptbot)"
23.23.99.55 - - [14/Jun/2025:10:15:21 -0400] "GET /read-manga-news/?aksi=ransom&path=//proc/acpi HTTP/1.1" 200 11120 "-" "Mozilla/5.0 AppleWebKit/537.36 (KHTML, like Gecko; compatible; Amazonbot/0.1; +https://developer.amazon.com/support/amazonbot) Chrome/119.0.6045.214 Safari/537.36"
20.171.207.88 - - [14/Jun/2025:10:15:23 -0400] "GET /products/433731513.htm?aksi=ransom&path=%2F%2Fproc%2F1483986%2Froot%2Fhome2 HTTP/1.1" 200 2120 "-" "Mozilla/5.0 AppleWebKit/537.36 (KHTML, like Gecko; compatible; GPTBot/1.2; +https://openai.com/gptbot)"
18.215.24.66 - - [14/Jun/2025:10:15:24 -0400] "GET /read-manga-news/?path=//usr/share/locale/ms_MY HTTP/1.1" 200 11151 "-" "Mozilla/5.0 AppleWebKit/537.36 (KHTML, like Gecko; compatible; Amazonbot/0.1; +https://developer.amazon.com/support/amazonbot) Chrome/119.0.6045.214 Safari/537.36"
20.171.207.88 - - [14/Jun/2025:10:15:25 -0400] "GET /products/433731513.htm?aksi=ransom&path=%2F%2Fproc%2F1484009%2Froot%2Fhome2 HTTP/1.1" 200 2119 "-" "Mozilla/5.0 AppleWebKit/537.36 (KHTML, like Gecko; compatible; GPTBot/1.2; +https://openai.com/gptbot)"
20.171.207.88 - - [14/Jun/2025:10:15:26 -0400] "GET /products/433731513.htm?aksi=ransom&path=%2F%2Fproc%2F1483980%2Froot%2Fhome1 HTTP/1.1" 200 2120 "-" "Mozilla/5.0 AppleWebKit/537.36 (KHTML, like Gecko; compatible; GPTBot/1.2; +https://openai.com/gptbot)"
20.171.207.88 - - [14/Jun/2025:10:15:28 -0400] "GET /products/433731513.htm?aksi=ransom&path=%2F%2Fproc%2F1485693%2Froot%2Fhome3 HTTP/1.1" 200 2120 "-" "Mozilla/5.0 AppleWebKit/537.36 (KHTML, like Gecko; compatible; GPTBot/1.2; +https://openai.com/gptbot)"
35.173.38.202 - - [14/Jun/2025:10:15:28 -0400] "GET /read-manga-news/?path=//home/honehdyv/yours-toclaim.com/images HTTP/1.1" 200 10866 "-" "Mozilla/5.0 AppleWebKit/537.36 (KHTML, like Gecko; compatible; Amazonbot/0.1; +https://developer.amazon.com/support/amazonbot) Chrome/119.0.6045.214 Safari/537.36"
20.171.207.88 - - [14/Jun/2025:10:15:29 -0400] "GET /products/433731513.htm?aksi=ransom&path=%2F%2Fproc%2F2086290%2Froot%2Fhome2 HTTP/1.1" 200 2119 "-" "Mozilla/5.0 AppleWebKit/537.36 (KHTML, like Gecko; compatible; GPTBot/1.2; +https://openai.com/gptbot)"
20.171.207.88 - - [14/Jun/2025:10:15:30 -0400] "GET /products/433731513.htm?aksi=ransom&path=%2F%2Fproc%2F1484009%2Froot%2Fhome1 HTTP/1.1" 200 2119 "-" "Mozilla/5.0 AppleWebKit/537.36 (KHTML, like Gecko; compatible; GPTBot/1.2; +https://openai.com/gptbot)"
20.171.207.88 - - [14/Jun/2025:10:15:31 -0400] "GET /products/433731513.htm?aksi=ransom&path=%2F%2Fproc%2F1483986%2Froot%2Fhome1 HTTP/1.1" 200 2120 "-" "Mozilla/5.0 AppleWebKit/537.36 (KHTML, like Gecko; compatible; GPTBot/1.2; +https://openai.com/gptbot)"
20.171.207.88 - - [14/Jun/2025:10:15:32 -0400] "GET /products/433731513.htm?aksi=ransom&path=%2F%2Fproc%2F1484009%2Froot%2Fhome3 HTTP/1.1" 200 2120 "-" "Mozilla/5.0 AppleWebKit/537.36 (KHTML, like Gecko; compatible; GPTBot/1.2; +https://openai.com/gptbot)"
20.171.207.88 - - [14/Jun/2025:10:15:34 -0400] "GET /products/433731513.htm?filesrc=%2F%2Fproc%2F2086290%2Froot%2Flib64%2FlibQt5EglFSDeviceIntegration.so.5&path=%2F%2Fproc%2F2086290%2Froot%2Flib64 HTTP/1.1" 200 2020 "-" "Mozilla/5.0 AppleWebKit/537.36 (KHTML, like Gecko; compatible; GPTBot/1.2; +https://openai.com/gptbot)"
20.171.207.88 - - [14/Jun/2025:10:15:35 -0400] "GET /products/433731513.htm?path=%2F%2Fproc%2F2086290%2Froot%2Fproc%2Fself%2Fns HTTP/1.1" 200 2144 "-" "Mozilla/5.0 AppleWebKit/537.36 (KHTML, like Gecko; compatible; GPTBot/1.2; +https://openai.com/gptbot)"
20.171.207.88 - - [14/Jun/2025:10:15:36 -0400] "GET /goodscode434305878.htm?aksi=buatfolder&path=%2Fhome%2Fhonehdyv%2Fwindbreakermanga.com%2Fwp-includes%2Frest-api%2Fsearch HTTP/1.1" 200 2102 "-" "Mozilla/5.0 AppleWebKit/537.36 (KHTML, like Gecko; compatible; GPTBot/1.2; +https://openai.com/gptbot)"
20.171.207.88 - - [14/Jun/2025:10:15:37 -0400] "GET /shopbrand434041752.htm?aksi=buatfile&path=%2Fhome%2Fhonehdyv%2Fwindbreakermanga.com%2Fwp-includes%2Fblocks%2Fmedia-text HTTP/1.1" 200 2751 "-" "Mozilla/5.0 AppleWebKit/537.36 (KHTML, like Gecko; compatible; GPTBot/1.2; +https://openai.com/gptbot)"
20.171.207.88 - - [14/Jun/2025:10:15:38 -0400] "GET /shopbrand434041752.htm?aksi=buatfolder&path=%2Fhome%2Fhonehdyv%2Fwindbreakermanga.com%2Fwp-includes%2Fblocks%2Fsite-logo HTTP/1.1" 200 2109 "-" "Mozilla/5.0 AppleWebKit/537.36 (KHTML, like Gecko; compatible; GPTBot/1.2; +https://openai.com/gptbot)"
20.171.207.88 - - [14/Jun/2025:10:15:39 -0400] "GET /product433884189.htm?aksi=ransom&path=%2Fhome%2Fhonehdyv%2Fjunglejuicewebtoon.com%2Fwp-includes%2Fblocks%2Fpost-navigation-link HTTP/1.1" 200 2667 "-" "Mozilla/5.0 AppleWebKit/537.36 (KHTML, like Gecko; compatible; GPTBot/1.2; +https://openai.com/gptbot)"
20.171.207.88 - - [14/Jun/2025:10:15:41 -0400] "GET /shopbrand434041752.htm?aksi=buatfolder&path=%2Fhome%2Fhonehdyv%2Fwindbreakermanga.com%2Fwp-includes%2Fblocks%2Fmedia-text HTTP/1.1" 200 2102 "-" "Mozilla/5.0 AppleWebKit/537.36 (KHTML, like Gecko; compatible; GPTBot/1.2; +https://openai.com/gptbot)"
20.171.207.88 - - [14/Jun/2025:10:15:42 -0400] "GET /product434266810.htm?aksi=buatfolder&path=%2Fhome%2Fhonehdyv%2Fyours-toclaim.com%2Fwp-includes%2Fblocks%2Fpost-featured-image HTTP/1.1" 200 2104 "-" "Mozilla/5.0 AppleWebKit/537.36 (KHTML, like Gecko; compatible; GPTBot/1.2; +https://openai.com/gptbot)"
44.221.180.179 - - [14/Jun/2025:10:15:41 -0400] "GET /read-manga-news/?path=//usr/share/locale/en_AU HTTP/1.1" 200 11151 "-" "Mozilla/5.0 AppleWebKit/537.36 (KHTML, like Gecko; compatible; Amazonbot/0.1; +https://developer.amazon.com/support/amazonbot) Chrome/119.0.6045.214 Safari/537.36"
20.171.207.88 - - [14/Jun/2025:10:15:43 -0400] "GET /shopbrand434260311.htm?aksi=buatfile&path=%2Fhome%2Fhonehdyv%2Fwindbreakermanga.com%2Fwp-includes%2Fblocks%2Fmedia-text HTTP/1.1" 200 2751 "-" "Mozilla/5.0 AppleWebKit/537.36 (KHTML, like Gecko; compatible; GPTBot/1.2; +https://openai.com/gptbot)"
50.16.216.166 - - [14/Jun/2025:10:15:43 -0400] "GET /read-manga-news/?path=//var/softaculous/ocportal/php82 HTTP/1.1" 200 11339 "-" "Mozilla/5.0 AppleWebKit/537.36 (KHTML, like Gecko; compatible; Amazonbot/0.1; +https://developer.amazon.com/support/amazonbot) Chrome/119.0.6045.214 Safari/537.36"
20.171.207.88 - - [14/Jun/2025:10:15:44 -0400] "GET /goodscode433953969.htm?aksi=buatfile&path=%2Fhome%2Fhonehdyv%2Fwindbreakermanga.com%2Fwp-includes%2Fblocks%2Fmedia-text HTTP/1.1" 200 2751 "-" "Mozilla/5.0 AppleWebKit/537.36 (KHTML, like Gecko; compatible; GPTBot/1.2; +https://openai.com/gptbot)"
20.171.207.88 - - [14/Jun/2025:10:15:45 -0400] "GET /goodscode434125371.htm?aksi=buatfile&path=%2Fhome%2Fhonehdyv%2Fwindbreakermanga.com%2Fwp-includes%2Fblocks%2Ftext-columns HTTP/1.1" 200 2738 "-" "Mozilla/5.0 AppleWebKit/537.36 (KHTML, like Gecko; compatible; GPTBot/1.2; +https://openai.com/gptbot)"
20.171.207.88 - - [14/Jun/2025:10:15:46 -0400] "GET /product433782565.htm?aksi=buatfolder&path=%2Fhome%2Fhonehdyv%2Fyours-toclaim.com%2Fwp-includes%2Fblocks%2Fpost-featured-image HTTP/1.1" 200 2104 "-" "Mozilla/5.0 AppleWebKit/537.36 (KHTML, like Gecko; compatible; GPTBot/1.2; +https://openai.com/gptbot)"
20.171.207.88 - - [14/Jun/2025:10:15:47 -0400] "GET /product433884189.htm?aksi=ransom&path=%2Fhome%2Fhonehdyv%2Fjunglejuicewebtoon.com%2Fwp-includes%2Fblocks%2Fpost-featured-image HTTP/1.1" 200 2756 "-" "Mozilla/5.0 AppleWebKit/537.36 (KHTML, like Gecko; compatible; GPTBot/1.2; +https://openai.com/gptbot)"
20.171.207.88 - - [14/Jun/2025:10:15:49 -0400] "GET /detail434182687.htm?aksi=ransom&path=%2Fhome%2Fhonehdyv%2Fperfectmarriagerevenge.com%2Fwp-includes%2Fblocks%2Fquery-no-results HTTP/1.1" 200 2533 "-" "Mozilla/5.0 AppleWebKit/537.36 (KHTML, like Gecko; compatible; GPTBot/1.2; +https://openai.com/gptbot)"
20.171.207.88 - - [14/Jun/2025:10:15:50 -0400] "GET /goodscode433831802.htm?aksi=buatfile&path=%2Fhome%2Fhonehdyv%2Fwindbreakermanga.com%2Fwp-includes%2Fblocks%2Ftext-columns HTTP/1.1" 200 2738 "-" "Mozilla/5.0 AppleWebKit/537.36 (KHTML, like Gecko; compatible; GPTBot/1.2; +https://openai.com/gptbot)"
20.171.207.88 - - [14/Jun/2025:10:15:51 -0400] "GET /goodscode434140228.htm?aksi=buatfolder&path=%2Fhome%2Fhonehdyv%2Fwindbreakermanga.com%2Fwp-includes%2Fsodium_compat%2Fsrc%2FCore%2FAES HTTP/1.1" 200 2132 "-" "Mozilla/5.0 AppleWebKit/537.36 (KHTML, like Gecko; compatible; GPTBot/1.2; +https://openai.com/gptbot)"
20.171.207.88 - - [14/Jun/2025:10:15:52 -0400] "GET /goodscode433746378.htm?aksi=buatfile&path=%2Fhome%2Fhonehdyv%2Fwindbreakermanga.com%2Fwp-includes%2Fblocks%2Fpost-date HTTP/1.1" 200 2653 "-" "Mozilla/5.0 AppleWebKit/537.36 (KHTML, like Gecko; compatible; GPTBot/1.2; +https://openai.com/gptbot)"
20.171.207.88 - - [14/Jun/2025:10:15:53 -0400] "GET /shopbrand434260311.htm?aksi=buatfolder&path=%2Fhome%2Fhonehdyv%2Fwindbreakermanga.com%2Fwp-includes%2Fblocks%2Fmedia-text HTTP/1.1" 200 2102 "-" "Mozilla/5.0 AppleWebKit/537.36 (KHTML, like Gecko; compatible; GPTBot/1.2; +https://openai.com/gptbot)"
54.197.102.71 - - [14/Jun/2025:10:15:53 -0400] "GET /read-manga-news/?filesrc=//home/honehdyv/quarantine_clamavconnector/.cagefs_opt_alt_php74_var_lib_php_session__QLbgDPNzxPAhh&path=//home/honehdyv/quarantine_clamavconnector HTTP/1.1" 200 10852 "-" "Mozilla/5.0 AppleWebKit/537.36 (KHTML, like Gecko; compatible; Amazonbot/0.1; +https://developer.amazon.com/support/amazonbot) Chrome/119.0.6045.214 Safari/537.36"
20.171.207.88 - - [14/Jun/2025:10:15:55 -0400] "GET /product434177481.htm?aksi=buatfile&path=%2Fhome%2Fhonehdyv%2Fjunglejuicewebtoon.com%2Fwp-includes%2Fblocks%2Fpost-navigation-link HTTP/1.1" 200 2667 "-" "Mozilla/5.0 AppleWebKit/537.36 (KHTML, like Gecko; compatible; GPTBot/1.2; +https://openai.com/gptbot)"
20.171.207.88 - - [14/Jun/2025:10:15:56 -0400] "GET /goodscode434285849.htm?aksi=buatfile&path=%2Fhome%2Fhonehdyv%2Fwindbreakermanga.com%2Fwp-includes%2Fsodium_compat%2Fsrc%2FCore%2FAES HTTP/1.1" 200 2672 "-" "Mozilla/5.0 AppleWebKit/537.36 (KHTML, like Gecko; compatible; GPTBot/1.2; +https://openai.com/gptbot)"
44.212.145.46 - - [14/Jun/2025:10:15:56 -0400] "GET /read-manga-news/?filesrc=//var/softaculous/qcms/md5&path=//var/softaculous/qcms HTTP/1.1" 200 11634 "-" "Mozilla/5.0 AppleWebKit/537.36 (KHTML, like Gecko; compatible; Amazonbot/0.1; +https://developer.amazon.com/support/amazonbot) Chrome/119.0.6045.214 Safari/537.36"
47.128.21.227 - - [14/Jun/2025:10:15:57 -0400] "GET /?filesrc=%2Fhome%2Fhonehdyv%2Freadbtooom.com%2Fwp-includes%2Fembed-template.php&path=%2Fhome%2Fhonehdyv%2Freadbtooom.com%2Fwp-includes HTTP/1.1" 200 2197 "-" "Mozilla/5.0 (Linux; Android 5.0) AppleWebKit/537.36 (KHTML, like Gecko) Mobile Safari/537.36 (compatible; Bytespider; [email protected])"
20.171.207.88 - - [14/Jun/2025:10:15:58 -0400] "GET /goodscode434154547.htm?aksi=buatfile&path=%2Fhome%2Fhonehdyv%2Fwindbreakermanga.com%2Fwp-includes%2Fblocks%2Ftag-cloud HTTP/1.1" 200 2747 "-" "Mozilla/5.0 AppleWebKit/537.36 (KHTML, like Gecko; compatible; GPTBot/1.2; +https://openai.com/gptbot)"
20.171.207.88 - - [14/Jun/2025:10:15:59 -0400] "GET /goodscode434073530.htm?aksi=buatfile&path=%2Fhome%2Fhonehdyv%2Fwindbreakermanga.com%2Fwp-includes%2Fblocks%2Ftext-columns HTTP/1.1" 200 2738 "-" "Mozilla/5.0 AppleWebKit/537.36 (KHTML, like Gecko; compatible; GPTBot/1.2; +https://openai.com/gptbot)"
20.171.207.88 - - [14/Jun/2025:10:16:00 -0400] "GET /goodscode433734629.htm?aksi=buatfile&path=%2Fhome%2Fhonehdyv%2Fwindbreakermanga.com%2Fwp-includes%2Fsodium_compat%2Fsrc%2FCore%2FAES HTTP/1.1" 200 2672 "-" "Mozilla/5.0 AppleWebKit/537.36 (KHTML, like Gecko; compatible; GPTBot/1.2; +https://openai.com/gptbot)"
35.173.38.202 - - [14/Jun/2025:10:16:00 -0400] "GET /read-manga-news/?path=//usr/lib/locale HTTP/1.1" 200 12035 "-" "Mozilla/5.0 AppleWebKit/537.36 (KHTML, like Gecko; compatible; Amazonbot/0.1; +https://developer.amazon.com/support/amazonbot) Chrome/119.0.6045.214 Safari/537.36"
20.171.207.88 - - [14/Jun/2025:10:16:02 -0400] "GET /goodscode434140228.htm?aksi=buatfile&path=%2Fhome%2Fhonehdyv%2Fwindbreakermanga.com%2Fwp-includes%2Fblocks%2Fquery-title HTTP/1.1" 200 2652 "-" "Mozilla/5.0 AppleWebKit/537.36 (KHTML, like Gecko; compatible; GPTBot/1.2; +https://openai.com/gptbot)"
20.171.207.88 - - [14/Jun/2025:10:16:04 -0400] "GET /product433938869.htm?aksi=ransom&path=%2Fhome%2Fhonehdyv%2Fjunglejuicewebtoon.com%2Fwp-includes%2Fblocks%2Fpost-featured-image HTTP/1.1" 200 2756 "-" "Mozilla/5.0 AppleWebKit/537.36 (KHTML, like Gecko; compatible; GPTBot/1.2; +https://openai.com/gptbot)"
34.192.67.98 - - [14/Jun/2025:10:16:04 -0400] "GET /read-manga-news/?filesrc=//usr/bin/localedef&path=//usr/bin HTTP/1.1" 200 10715 "-" "Mozilla/5.0 AppleWebKit/537.36 (KHTML, like Gecko; compatible; Amazonbot/0.1; +https://developer.amazon.com/support/amazonbot) Chrome/119.0.6045.214 Safari/537.36"
20.171.207.88 - - [14/Jun/2025:10:16:05 -0400] "GET /product433962048.htm?aksi=buatfolder&path=%2Fhome%2Fhonehdyv%2Fyours-toclaim.com%2Fwp-includes%2Fblocks%2Fpost-featured-image HTTP/1.1" 200 2104 "-" "Mozilla/5.0 AppleWebKit/537.36 (KHTML, like Gecko; compatible; GPTBot/1.2; +https://openai.com/gptbot)"
20.171.207.88 - - [14/Jun/2025:10:16:07 -0400] "GET /goodscode433746378.htm?aksi=buatfolder&path=%2Fhome%2Fhonehdyv%2Fwindbreakermanga.com%2Fwp-includes%2Fblocks%2Fmedia-text HTTP/1.1" 200 2102 "-" "Mozilla/5.0 AppleWebKit/537.36 (KHTML, like Gecko; compatible; GPTBot/1.2; +https://openai.com/gptbot)"
20.171.207.88 - - [14/Jun/2025:10:16:08 -0400] "GET /goodscode434073530.htm?aksi=buatfile&path=%2Fhome%2Fhonehdyv%2Fwindbreakermanga.com%2Fwp-includes%2Fblocks%2Fmedia-text HTTP/1.1" 200 2758 "-" "Mozilla/5.0 AppleWebKit/537.36 (KHTML, like Gecko; compatible; GPTBot/1.2; +https://openai.com/gptbot)"
