20.171.207.88 - - [14/Jun/2025:08:48:27 -0400] "GET /products/433731513.htm?filesrc=%2F%2Fproc%2F1483986%2Fsetgroups&path=%2F%2Fproc%2F1483986 HTTP/1.1" 200 1983 "-" "Mozilla/5.0 AppleWebKit/537.36 (KHTML, like Gecko; compatible; GPTBot/1.2; +https://openai.com/gptbot)"
20.171.207.88 - - [14/Jun/2025:08:48:29 -0400] "GET /products/433731513.htm?filesrc=%2F%2Fproc%2F1483986%2Fmountstats&path=%2F%2Fproc%2F1483986 HTTP/1.1" 200 3040 "-" "Mozilla/5.0 AppleWebKit/537.36 (KHTML, like Gecko; compatible; GPTBot/1.2; +https://openai.com/gptbot)"
34.196.237.236 - - [14/Jun/2025:08:48:28 -0400] "GET /read-manga-news/?filesrc=//lib/firmware/brcm/brcmfmac43455-sdio.raspberrypi,500.txt&path=//lib/firmware/brcm HTTP/1.1" 200 11643 "-" "Mozilla/5.0 AppleWebKit/537.36 (KHTML, like Gecko; compatible; Amazonbot/0.1; +https://developer.amazon.com/support/amazonbot) Chrome/119.0.6045.214 Safari/537.36"
20.171.207.88 - - [14/Jun/2025:08:48:31 -0400] "GET /products/433731513.htm?filesrc=%2F%2Fproc%2F1483980%2Fsetgroups&path=%2F%2Fproc%2F1483980 HTTP/1.1" 200 1983 "-" "Mozilla/5.0 AppleWebKit/537.36 (KHTML, like Gecko; compatible; GPTBot/1.2; +https://openai.com/gptbot)"
20.171.207.88 - - [14/Jun/2025:08:48:33 -0400] "GET /products/433731513.htm?filesrc=%2F%2Fproc%2F1483986%2Fsessionid&path=%2F%2Fproc%2F1483986 HTTP/1.1" 200 1990 "-" "Mozilla/5.0 AppleWebKit/537.36 (KHTML, like Gecko; compatible; GPTBot/1.2; +https://openai.com/gptbot)"
44.205.74.196 - - [14/Jun/2025:08:48:31 -0400] "GET /read-manga-news/?filesrc=//opt/alt/alt-nodejs11/enable&path=//opt/alt/alt-nodejs11 HTTP/1.1" 200 10901 "-" "Mozilla/5.0 AppleWebKit/537.36 (KHTML, like Gecko; compatible; Amazonbot/0.1; +https://developer.amazon.com/support/amazonbot) Chrome/119.0.6045.214 Safari/537.36"
20.171.207.88 - - [14/Jun/2025:08:48:35 -0400] "GET /products/433731513.htm?path=%2F%2Fproc%2F1484009%2Fns HTTP/1.1" 200 2658 "-" "Mozilla/5.0 AppleWebKit/537.36 (KHTML, like Gecko; compatible; GPTBot/1.2; +https://openai.com/gptbot)"
20.171.207.88 - - [14/Jun/2025:08:48:37 -0400] "GET /products/433731513.htm?path=%2F%2Fproc%2F1483980%2Fns HTTP/1.1" 200 2658 "-" "Mozilla/5.0 AppleWebKit/537.36 (KHTML, like Gecko; compatible; GPTBot/1.2; +https://openai.com/gptbot)"
20.171.207.88 - - [14/Jun/2025:08:48:39 -0400] "GET /products/433731513.htm?path=%2F%2Fproc%2F1485693%2Fns HTTP/1.1" 200 2658 "-" "Mozilla/5.0 AppleWebKit/537.36 (KHTML, like Gecko; compatible; GPTBot/1.2; +https://openai.com/gptbot)"
52.6.5.24 - - [14/Jun/2025:08:48:39 -0400] "GET /read-manga-news/?filesrc=//lib/firmware/ti-connectivity/TIInit_6.2.31.bts&path=//lib/firmware/ti-connectivity HTTP/1.1" 200 10750 "-" "Mozilla/5.0 AppleWebKit/537.36 (KHTML, like Gecko; compatible; Amazonbot/0.1; +https://developer.amazon.com/support/amazonbot) Chrome/119.0.6045.214 Safari/537.36"
20.171.207.88 - - [14/Jun/2025:08:48:41 -0400] "GET /products/433731513.htm?path=%2F%2Fproc%2F2086290%2Ffd HTTP/1.1" 200 2482 "-" "Mozilla/5.0 AppleWebKit/537.36 (KHTML, like Gecko; compatible; GPTBot/1.2; +https://openai.com/gptbot)"
20.171.207.88 - - [14/Jun/2025:08:48:42 -0400] "GET /products/433731513.htm?path=%2F%2Fproc%2F2086290%2Fns HTTP/1.1" 200 2658 "-" "Mozilla/5.0 AppleWebKit/537.36 (KHTML, like Gecko; compatible; GPTBot/1.2; +https://openai.com/gptbot)"
20.171.207.88 - - [14/Jun/2025:08:48:44 -0400] "GET /products/433731513.htm?path=%2F%2Fproc%2F1485693%2Ffd HTTP/1.1" 200 2482 "-" "Mozilla/5.0 AppleWebKit/537.36 (KHTML, like Gecko; compatible; GPTBot/1.2; +https://openai.com/gptbot)"
20.171.207.88 - - [14/Jun/2025:08:48:45 -0400] "GET /products/433731513.htm?path=%2F%2Fproc%2F1483980%2Ffd HTTP/1.1" 200 2483 "-" "Mozilla/5.0 AppleWebKit/537.36 (KHTML, like Gecko; compatible; GPTBot/1.2; +https://openai.com/gptbot)"
18.233.24.238 - - [14/Jun/2025:08:48:47 -0400] "GET /read-manga-news/?path=//home/honehdyv/etc/buzzgil.com HTTP/1.1" 403 1242 "-" "Mozilla/5.0 AppleWebKit/537.36 (KHTML, like Gecko; compatible; Amazonbot/0.1; +https://developer.amazon.com/support/amazonbot) Chrome/119.0.6045.214 Safari/537.36"
20.171.207.88 - - [14/Jun/2025:08:48:47 -0400] "GET /products/433731513.htm?path=%2F%2Fproc%2F1484009%2Ffd HTTP/1.1" 200 2483 "-" "Mozilla/5.0 AppleWebKit/537.36 (KHTML, like Gecko; compatible; GPTBot/1.2; +https://openai.com/gptbot)"
20.171.207.88 - - [14/Jun/2025:08:48:49 -0400] "GET /products/433731513.htm?path=%2F%2Fproc%2F1483986%2Ffd HTTP/1.1" 200 2483 "-" "Mozilla/5.0 AppleWebKit/537.36 (KHTML, like Gecko; compatible; GPTBot/1.2; +https://openai.com/gptbot)"
20.171.207.88 - - [14/Jun/2025:08:48:51 -0400] "GET /products/433731513.htm?path=%2F%2Fproc%2F1483986%2Fns HTTP/1.1" 200 2658 "-" "Mozilla/5.0 AppleWebKit/537.36 (KHTML, like Gecko; compatible; GPTBot/1.2; +https://openai.com/gptbot)"
34.236.41.241 - - [14/Jun/2025:08:48:52 -0400] "GET /read-manga-news/?filesrc=//lib/firmware/bnx2x/bnx2x-e2-7.13.11.0.fw&path=//lib/firmware/bnx2x HTTP/1.1" 200 10740 "-" "Mozilla/5.0 AppleWebKit/537.36 (KHTML, like Gecko; compatible; Amazonbot/0.1; +https://developer.amazon.com/support/amazonbot) Chrome/119.0.6045.214 Safari/537.36"
20.171.207.88 - - [14/Jun/2025:08:48:52 -0400] "GET /products/433731513.htm?filesrc=%2F%2Fproc%2F1484009%2Fns%2Fcgroup&path=%2F%2Fproc%2F1484009%2Fns HTTP/1.1" 200 1987 "-" "Mozilla/5.0 AppleWebKit/537.36 (KHTML, like Gecko; compatible; GPTBot/1.2; +https://openai.com/gptbot)"
20.171.207.88 - - [14/Jun/2025:08:48:54 -0400] "GET /products/433731513.htm?path=%2F%2Fproc%2F2086290%2Fnet%2Fnfsfs HTTP/1.1" 200 2124 "-" "Mozilla/5.0 AppleWebKit/537.36 (KHTML, like Gecko; compatible; GPTBot/1.2; +https://openai.com/gptbot)"
20.171.207.88 - - [14/Jun/2025:08:48:55 -0400] "GET /products/433731513.htm?filesrc=%2F%2Fproc%2F1483980%2Fns%2Fcgroup&path=%2F%2Fproc%2F1483980%2Fns HTTP/1.1" 200 1986 "-" "Mozilla/5.0 AppleWebKit/537.36 (KHTML, like Gecko; compatible; GPTBot/1.2; +https://openai.com/gptbot)"
20.171.207.88 - - [14/Jun/2025:08:48:56 -0400] "GET /products/433731513.htm?filesrc=%2F%2Fproc%2F1485693%2Fns%2Fcgroup&path=%2F%2Fproc%2F1485693%2Fns HTTP/1.1" 200 1986 "-" "Mozilla/5.0 AppleWebKit/537.36 (KHTML, like Gecko; compatible; GPTBot/1.2; +https://openai.com/gptbot)"
20.171.207.88 - - [14/Jun/2025:08:48:57 -0400] "GET /products/433731513.htm?filesrc=%2F%2Fproc%2F2086290%2Fns%2Fcgroup&path=%2F%2Fproc%2F2086290%2Fns HTTP/1.1" 200 1986 "-" "Mozilla/5.0 AppleWebKit/537.36 (KHTML, like Gecko; compatible; GPTBot/1.2; +https://openai.com/gptbot)"
20.171.207.88 - - [14/Jun/2025:08:48:58 -0400] "GET /products/433731513.htm?path=%2F%2Fproc%2F1483986%2Fnet%2Fnfsfs HTTP/1.1" 200 2124 "-" "Mozilla/5.0 AppleWebKit/537.36 (KHTML, like Gecko; compatible; GPTBot/1.2; +https://openai.com/gptbot)"
20.171.207.88 - - [14/Jun/2025:08:49:00 -0400] "GET /products/433731513.htm?path=%2F%2Fproc%2F1483980%2Fnet%2Fnfsfs HTTP/1.1" 200 2124 "-" "Mozilla/5.0 AppleWebKit/537.36 (KHTML, like Gecko; compatible; GPTBot/1.2; +https://openai.com/gptbot)"
52.71.216.196 - - [14/Jun/2025:08:48:59 -0400] "GET /read-manga-news/?filesrc=//proc/thread-self/cmdline&path=//proc/thread-self HTTP/1.1" 200 10769 "-" "Mozilla/5.0 AppleWebKit/537.36 (KHTML, like Gecko; compatible; Amazonbot/0.1; +https://developer.amazon.com/support/amazonbot) Chrome/119.0.6045.214 Safari/537.36"
20.171.207.88 - - [14/Jun/2025:08:49:02 -0400] "GET /products/433731513.htm?path=%2F%2Fproc%2F1485693%2Fnet%2Fnfsfs HTTP/1.1" 200 2124 "-" "Mozilla/5.0 AppleWebKit/537.36 (KHTML, like Gecko; compatible; GPTBot/1.2; +https://openai.com/gptbot)"
20.171.207.88 - - [14/Jun/2025:08:49:04 -0400] "GET /products/433731513.htm?path=%2F%2Fproc%2F1484009%2Fnet%2Fnfsfs HTTP/1.1" 200 2124 "-" "Mozilla/5.0 AppleWebKit/537.36 (KHTML, like Gecko; compatible; GPTBot/1.2; +https://openai.com/gptbot)"
54.156.124.2 - - [14/Jun/2025:08:49:03 -0400] "GET /read-manga-news/?aksi=buatfolder&path=//lib/firmware/dpaa2 HTTP/1.1" 200 10775 "-" "Mozilla/5.0 AppleWebKit/537.36 (KHTML, like Gecko; compatible; Amazonbot/0.1; +https://developer.amazon.com/support/amazonbot) Chrome/119.0.6045.214 Safari/537.36"
20.171.207.88 - - [14/Jun/2025:08:49:06 -0400] "GET /products/433731513.htm?filesrc=%2F%2Fproc%2F1483986%2Fns%2Fcgroup&path=%2F%2Fproc%2F1483986%2Fns HTTP/1.1" 200 1986 "-" "Mozilla/5.0 AppleWebKit/537.36 (KHTML, like Gecko; compatible; GPTBot/1.2; +https://openai.com/gptbot)"
20.171.207.88 - - [14/Jun/2025:08:49:08 -0400] "GET /products/433731513.htm?path=%2F%2Fproc%2F1484009%2Fmap_files HTTP/1.1" 200 2117 "-" "Mozilla/5.0 AppleWebKit/537.36 (KHTML, like Gecko; compatible; GPTBot/1.2; +https://openai.com/gptbot)"
44.221.227.90 - - [14/Jun/2025:08:49:07 -0400] "GET /read-manga-news/?filesrc=//lib/systemd/system/sshd-keygen.target&path=//lib/systemd/system HTTP/1.1" 200 10774 "-" "Mozilla/5.0 AppleWebKit/537.36 (KHTML, like Gecko; compatible; Amazonbot/0.1; +https://developer.amazon.com/support/amazonbot) Chrome/119.0.6045.214 Safari/537.36"
20.171.207.88 - - [14/Jun/2025:08:49:10 -0400] "GET /products/433731513.htm?path=%2F%2Fproc%2F2086696%2Fmap_files HTTP/1.1" 200 2117 "-" "Mozilla/5.0 AppleWebKit/537.36 (KHTML, like Gecko; compatible; GPTBot/1.2; +https://openai.com/gptbot)"
47.128.43.234 - - [14/Jun/2025:08:49:11 -0400] "GET /?filesrc=%2Fhome%2Fhonehdyv%2Freadbtooom.com%2Fwp-includes%2Fclass-wp-simplepie-sanitize-kses.php&path=%2Fhome%2Fhonehdyv%2Freadbtooom.com%2Fwp-includes HTTP/1.1" 200 2863 "-" "Mozilla/5.0 (Linux; Android 5.0) AppleWebKit/537.36 (KHTML, like Gecko) Mobile Safari/537.36 (compatible; Bytespider; [email protected])"
20.171.207.88 - - [14/Jun/2025:08:49:13 -0400] "GET /products/433731513.htm?path=%2F%2Fproc%2F2086290%2Fmap_files HTTP/1.1" 200 2120 "-" "Mozilla/5.0 AppleWebKit/537.36 (KHTML, like Gecko; compatible; GPTBot/1.2; +https://openai.com/gptbot)"
20.171.207.88 - - [14/Jun/2025:08:49:15 -0400] "GET /products/433731513.htm?filesrc=%2F%2Fproc%2F2086290%2Fmaps&path=%2F%2Fproc%2F2086290 HTTP/1.1" 200 10205 "-" "Mozilla/5.0 AppleWebKit/537.36 (KHTML, like Gecko; compatible; GPTBot/1.2; +https://openai.com/gptbot)"
20.171.207.88 - - [14/Jun/2025:08:49:18 -0400] "GET /products/433731513.htm?filesrc=%2F%2Fproc%2F1484009%2Fcomm&path=%2F%2Fproc%2F1484009 HTTP/1.1" 200 1982 "-" "Mozilla/5.0 AppleWebKit/537.36 (KHTML, like Gecko; compatible; GPTBot/1.2; +https://openai.com/gptbot)"
20.171.207.88 - - [14/Jun/2025:08:49:20 -0400] "GET /products/433731513.htm?filesrc=%2F%2Fproc%2F1483980%2Fstat&path=%2F%2Fproc%2F1483980 HTTP/1.1" 200 2156 "-" "Mozilla/5.0 AppleWebKit/537.36 (KHTML, like Gecko; compatible; GPTBot/1.2; +https://openai.com/gptbot)"
35.174.253.85 - - [14/Jun/2025:08:49:19 -0400] "GET /read-manga-news/?path=//opt/cloudlinux/alt-php73 HTTP/1.1" 200 11286 "-" "Mozilla/5.0 AppleWebKit/537.36 (KHTML, like Gecko; compatible; Amazonbot/0.1; +https://developer.amazon.com/support/amazonbot) Chrome/119.0.6045.214 Safari/537.36"
20.171.207.88 - - [14/Jun/2025:08:49:23 -0400] "GET /products/433731513.htm?filesrc=%2F%2Fproc%2F1485693%2Fstat&path=%2F%2Fproc%2F1485693 HTTP/1.1" 200 2158 "-" "Mozilla/5.0 AppleWebKit/537.36 (KHTML, like Gecko; compatible; GPTBot/1.2; +https://openai.com/gptbot)"
34.194.165.45 - - [14/Jun/2025:08:49:23 -0400] "GET /read-manga-news/?filesrc=//lib/systemd/system/sssd-pam.service&path=//lib/systemd/system HTTP/1.1" 200 11002 "-" "Mozilla/5.0 AppleWebKit/537.36 (KHTML, like Gecko; compatible; Amazonbot/0.1; +https://developer.amazon.com/support/amazonbot) Chrome/119.0.6045.214 Safari/537.36"
20.171.207.88 - - [14/Jun/2025:08:49:27 -0400] "GET /products/433731513.htm?filesrc=%2F%2Fproc%2F1483986%2Fstat&path=%2F%2Fproc%2F1483986 HTTP/1.1" 200 2162 "-" "Mozilla/5.0 AppleWebKit/537.36 (KHTML, like Gecko; compatible; GPTBot/1.2; +https://openai.com/gptbot)"
20.171.207.88 - - [14/Jun/2025:08:49:30 -0400] "GET /products/433731513.htm?filesrc=%2F%2Fproc%2F1485693%2Fmaps&path=%2F%2Fproc%2F1485693 HTTP/1.1" 200 10872 "-" "Mozilla/5.0 AppleWebKit/537.36 (KHTML, like Gecko; compatible; GPTBot/1.2; +https://openai.com/gptbot)"
54.88.84.219 - - [14/Jun/2025:08:49:27 -0400] "GET /read-manga-news/?filesrc=//home/honehdyv/logs/devilisaparttimer.honesthings.com-Dec-2021.gz&path=//home/honehdyv/logs HTTP/1.1" 200 10771 "-" "Mozilla/5.0 AppleWebKit/537.36 (KHTML, like Gecko; compatible; Amazonbot/0.1; +https://developer.amazon.com/support/amazonbot) Chrome/119.0.6045.214 Safari/537.36"
20.171.207.88 - - [14/Jun/2025:08:49:33 -0400] "GET /products/433731513.htm?filesrc=%2F%2Fproc%2F2086696%2Fcomm&path=%2F%2Fproc%2F2086696 HTTP/1.1" 200 1982 "-" "Mozilla/5.0 AppleWebKit/537.36 (KHTML, like Gecko; compatible; GPTBot/1.2; +https://openai.com/gptbot)"
52.73.6.26 - - [14/Jun/2025:08:49:31 -0400] "GET /read-manga-news/?filesrc=//home/honehdyv/logs/w6.sololevelingscan.com-ssl_log-Jul-2022.gz&path=//home/honehdyv/logs HTTP/1.1" 200 10774 "-" "Mozilla/5.0 AppleWebKit/537.36 (KHTML, like Gecko; compatible; Amazonbot/0.1; +https://developer.amazon.com/support/amazonbot) Chrome/119.0.6045.214 Safari/537.36"
54.156.124.2 - - [14/Jun/2025:08:49:35 -0400] "GET /read-manga-news/?aksi=ransom&path=//lib/firmware/mediatek HTTP/1.1" 200 13041 "-" "Mozilla/5.0 AppleWebKit/537.36 (KHTML, like Gecko; compatible; Amazonbot/0.1; +https://developer.amazon.com/support/amazonbot) Chrome/119.0.6045.214 Safari/537.36"
20.171.207.88 - - [14/Jun/2025:08:49:36 -0400] "GET /products/433731513.htm?filesrc=%2F%2Fproc%2F2086290%2Fclear_refs&path=%2F%2Fproc%2F2086290 HTTP/1.1" 200 1985 "-" "Mozilla/5.0 AppleWebKit/537.36 (KHTML, like Gecko; compatible; GPTBot/1.2; +https://openai.com/gptbot)"
20.171.207.88 - - [14/Jun/2025:08:49:39 -0400] "GET /products/433731513.htm?filesrc=%2F%2Fproc%2F1483986%2Fcomm&path=%2F%2Fproc%2F1483986 HTTP/1.1" 200 1981 "-" "Mozilla/5.0 AppleWebKit/537.36 (KHTML, like Gecko; compatible; GPTBot/1.2; +https://openai.com/gptbot)"
20.171.207.88 - - [14/Jun/2025:08:49:41 -0400] "GET /products/433731513.htm?filesrc=%2F%2Fproc%2F2086696%2Fmaps&path=%2F%2Fproc%2F2086696 HTTP/1.1" 200 10913 "-" "Mozilla/5.0 AppleWebKit/537.36 (KHTML, like Gecko; compatible; GPTBot/1.2; +https://openai.com/gptbot)"
20.171.207.88 - - [14/Jun/2025:08:49:44 -0400] "GET /products/433731513.htm?filesrc=%2F%2Fproc%2F2086696%2Fstat&path=%2F%2Fproc%2F2086696 HTTP/1.1" 200 2163 "-" "Mozilla/5.0 AppleWebKit/537.36 (KHTML, like Gecko; compatible; GPTBot/1.2; +https://openai.com/gptbot)"
44.208.223.68 - - [14/Jun/2025:08:49:44 -0400] "GET /read-manga-news/?filesrc=//proc/thread-self/auxv&path=//proc/thread-self HTTP/1.1" 200 10741 "-" "Mozilla/5.0 AppleWebKit/537.36 (KHTML, like Gecko; compatible; Amazonbot/0.1; +https://developer.amazon.com/support/amazonbot) Chrome/119.0.6045.214 Safari/537.36"
20.171.207.88 - - [14/Jun/2025:08:49:47 -0400] "GET /products/433731513.htm?filesrc=%2F%2Fproc%2F1483980%2Fcomm&path=%2F%2Fproc%2F1483980 HTTP/1.1" 200 1981 "-" "Mozilla/5.0 AppleWebKit/537.36 (KHTML, like Gecko; compatible; GPTBot/1.2; +https://openai.com/gptbot)"
20.171.207.88 - - [14/Jun/2025:08:49:50 -0400] "GET /products/433731513.htm?filesrc=%2F%2Fproc%2F1483986%2Fmaps&path=%2F%2Fproc%2F1483986 HTTP/1.1" 200 10611 "-" "Mozilla/5.0 AppleWebKit/537.36 (KHTML, like Gecko; compatible; GPTBot/1.2; +https://openai.com/gptbot)"
20.171.207.88 - - [14/Jun/2025:08:49:53 -0400] "GET /products/433731513.htm?filesrc=%2F%2Fproc%2F2086290%2Fstat&path=%2F%2Fproc%2F2086290 HTTP/1.1" 200 2158 "-" "Mozilla/5.0 AppleWebKit/537.36 (KHTML, like Gecko; compatible; GPTBot/1.2; +https://openai.com/gptbot)"
20.171.207.88 - - [14/Jun/2025:08:49:56 -0400] "GET /products/433731513.htm?filesrc=%2F%2Fproc%2F2086290%2Fcomm&path=%2F%2Fproc%2F2086290 HTTP/1.1" 200 1981 "-" "Mozilla/5.0 AppleWebKit/537.36 (KHTML, like Gecko; compatible; GPTBot/1.2; +https://openai.com/gptbot)"
20.171.207.88 - - [14/Jun/2025:08:49:59 -0400] "GET /products/433731513.htm?filesrc=%2F%2Fproc%2F1485693%2Fcomm&path=%2F%2Fproc%2F1485693 HTTP/1.1" 200 1981 "-" "Mozilla/5.0 AppleWebKit/537.36 (KHTML, like Gecko; compatible; GPTBot/1.2; +https://openai.com/gptbot)"
52.204.174.139 - - [14/Jun/2025:08:49:55 -0400] "GET /read-manga-news/?filesrc=//lib64/python2.7/types.pyc&path=//lib64/python2.7 HTTP/1.1" 200 10758 "-" "Mozilla/5.0 AppleWebKit/537.36 (KHTML, like Gecko; compatible; Amazonbot/0.1; +https://developer.amazon.com/support/amazonbot) Chrome/119.0.6045.214 Safari/537.36"
52.70.209.13 - - [14/Jun/2025:08:49:59 -0400] "GET /read-manga-news/?filesrc=//lib64/security/pam_systemd.so&path=//lib64/security HTTP/1.1" 200 10761 "-" "Mozilla/5.0 AppleWebKit/537.36 (KHTML, like Gecko; compatible; Amazonbot/0.1; +https://developer.amazon.com/support/amazonbot) Chrome/119.0.6045.214 Safari/537.36"
20.171.207.88 - - [14/Jun/2025:08:50:02 -0400] "GET /products/433731513.htm?filesrc=%2F%2Fproc%2F1484009%2Fstat&path=%2F%2Fproc%2F1484009 HTTP/1.1" 200 2160 "-" "Mozilla/5.0 AppleWebKit/537.36 (KHTML, like Gecko; compatible; GPTBot/1.2; +https://openai.com/gptbot)"
34.224.132.215 - - [14/Jun/2025:08:50:03 -0400] "GET /read-manga-news/?filesrc=//lib/systemd/system/[email protected]&path=//lib/systemd/system HTTP/1.1" 200 10911 "-" "Mozilla/5.0 AppleWebKit/537.36 (KHTML, like Gecko; compatible; Amazonbot/0.1; +https://developer.amazon.com/support/amazonbot) Chrome/119.0.6045.214 Safari/537.36"
20.171.207.88 - - [14/Jun/2025:08:50:08 -0400] "GET /products/433731513.htm?filesrc=%2F%2Fproc%2F1483980%2Fmaps&path=%2F%2Fproc%2F1483980 HTTP/1.1" 200 10816 "-" "Mozilla/5.0 AppleWebKit/537.36 (KHTML, like Gecko; compatible; GPTBot/1.2; +https://openai.com/gptbot)"
23.21.225.190 - - [14/Jun/2025:08:50:07 -0400] "GET /read-manga-news/?filesrc=//home/honehdyv/logs/w2.devilisaparttimer.com-ssl_log-Apr-2022.gz&path=//home/honehdyv/logs HTTP/1.1" 200 10767 "-" "Mozilla/5.0 AppleWebKit/537.36 (KHTML, like Gecko; compatible; Amazonbot/0.1; +https://developer.amazon.com/support/amazonbot) Chrome/119.0.6045.214 Safari/537.36"
47.128.53.66 - - [14/Jun/2025:08:50:12 -0400] "GET /?filesrc=%2Fhome%2Fhonehdyv%2Freadbtooom.com%2Fwp-includes%2Ffeed-rss2.php&path=%2Fhome%2Fhonehdyv%2Freadbtooom.com%2Fwp-includes HTTP/1.1" 200 3488 "-" "Mozilla/5.0 (Linux; Android 5.0) AppleWebKit/537.36 (KHTML, like Gecko) Mobile Safari/537.36 (compatible; Bytespider; [email protected])"
3.225.45.252 - - [14/Jun/2025:08:50:11 -0400] "GET /read-manga-news/?filesrc=//lib/systemd/system/cpupower.service&path=//lib/systemd/system HTTP/1.1" 200 10922 "-" "Mozilla/5.0 AppleWebKit/537.36 (KHTML, like Gecko; compatible; Amazonbot/0.1; +https://developer.amazon.com/support/amazonbot) Chrome/119.0.6045.214 Safari/537.36"
20.171.207.88 - - [14/Jun/2025:08:50:13 -0400] "GET /products/433731513.htm?filesrc=%2F%2Fproc%2F1484009%2Fmaps&path=%2F%2Fproc%2F1484009 HTTP/1.1" 200 10694 "-" "Mozilla/5.0 AppleWebKit/537.36 (KHTML, like Gecko; compatible; GPTBot/1.2; +https://openai.com/gptbot)"
20.171.207.88 - - [14/Jun/2025:08:50:18 -0400] "GET /products/433731513.htm?path=%2F%2Fproc%2F1484009%2Fnet%2Fstat HTTP/1.1" 200 2127 "-" "Mozilla/5.0 AppleWebKit/537.36 (KHTML, like Gecko; compatible; GPTBot/1.2; +https://openai.com/gptbot)"
54.84.161.62 - - [14/Jun/2025:08:50:15 -0400] "GET /read-manga-news/?filesrc=//lib/systemd/system/basic.target&path=//lib/systemd/system HTTP/1.1" 200 11207 "-" "Mozilla/5.0 AppleWebKit/537.36 (KHTML, like Gecko; compatible; Amazonbot/0.1; +https://developer.amazon.com/support/amazonbot) Chrome/119.0.6045.214 Safari/537.36"
20.171.207.88 - - [14/Jun/2025:08:50:23 -0400] "GET /products/433731513.htm?path=%2F%2Fproc%2F2086290%2Fnet%2Fstat HTTP/1.1" 200 2127 "-" "Mozilla/5.0 AppleWebKit/537.36 (KHTML, like Gecko; compatible; GPTBot/1.2; +https://openai.com/gptbot)"
18.215.112.101 - - [14/Jun/2025:08:50:24 -0400] "GET /read-manga-news/?path=//opt/alt/python39/etc HTTP/1.1" 200 11162 "-" "Mozilla/5.0 AppleWebKit/537.36 (KHTML, like Gecko; compatible; Amazonbot/0.1; +https://developer.amazon.com/support/amazonbot) Chrome/119.0.6045.214 Safari/537.36"
20.171.207.88 - - [14/Jun/2025:08:50:28 -0400] "GET /products/433731513.htm?path=%2F%2Fproc%2F1483980%2Fnet%2Fstat HTTP/1.1" 200 2127 "-" "Mozilla/5.0 AppleWebKit/537.36 (KHTML, like Gecko; compatible; GPTBot/1.2; +https://openai.com/gptbot)"
20.171.207.88 - - [14/Jun/2025:08:50:32 -0400] "GET /products/433731513.htm?path=%2F%2Fproc%2F1485693%2Fnet%2Fstat HTTP/1.1" 200 2127 "-" "Mozilla/5.0 AppleWebKit/537.36 (KHTML, like Gecko; compatible; GPTBot/1.2; +https://openai.com/gptbot)"
18.213.240.226 - - [14/Jun/2025:08:50:31 -0400] "GET /read-manga-news/?filesrc=//lib/udev/rules.d/60-fido-id.rules&path=//lib/udev/rules.d HTTP/1.1" 200 10898 "-" "Mozilla/5.0 AppleWebKit/537.36 (KHTML, like Gecko; compatible; Amazonbot/0.1; +https://developer.amazon.com/support/amazonbot) Chrome/119.0.6045.214 Safari/537.36"
20.171.207.88 - - [14/Jun/2025:08:50:36 -0400] "GET /products/433731513.htm?path=%2F%2Fproc%2F1483986%2Fnet%2Fstat HTTP/1.1" 200 2127 "-" "Mozilla/5.0 AppleWebKit/537.36 (KHTML, like Gecko; compatible; GPTBot/1.2; +https://openai.com/gptbot)"
20.171.207.88 - - [14/Jun/2025:08:50:39 -0400] "GET /products/433731513.htm?path=%2F%2Fproc%2F1484009%2Froot HTTP/1.1" 200 2785 "-" "Mozilla/5.0 AppleWebKit/537.36 (KHTML, like Gecko; compatible; GPTBot/1.2; +https://openai.com/gptbot)"
3.212.219.113 - - [14/Jun/2025:08:50:39 -0400] "GET /read-manga-news/?filesrc=//lib/grub/i386-pc/cs5536.mod&path=//lib/grub/i386-pc HTTP/1.1" 200 10748 "-" "Mozilla/5.0 AppleWebKit/537.36 (KHTML, like Gecko; compatible; Amazonbot/0.1; +https://developer.amazon.com/support/amazonbot) Chrome/119.0.6045.214 Safari/537.36"
20.171.207.88 - - [14/Jun/2025:08:50:42 -0400] "GET /products/433731513.htm?path=%2F%2Fproc%2F1483980%2Fattr HTTP/1.1" 200 2587 "-" "Mozilla/5.0 AppleWebKit/537.36 (KHTML, like Gecko; compatible; GPTBot/1.2; +https://openai.com/gptbot)"
20.171.207.88 - - [14/Jun/2025:08:50:45 -0400] "GET /products/433731513.htm?path=%2F%2Fproc%2F1483986%2Froot HTTP/1.1" 200 2785 "-" "Mozilla/5.0 AppleWebKit/537.36 (KHTML, like Gecko; compatible; GPTBot/1.2; +https://openai.com/gptbot)"
18.213.102.186 - - [14/Jun/2025:08:50:43 -0400] "GET /read-manga-news/?filesrc=//lib/udev/rules.d/70-joystick.rules&path=//lib/udev/rules.d HTTP/1.1" 200 11010 "-" "Mozilla/5.0 AppleWebKit/537.36 (KHTML, like Gecko; compatible; Amazonbot/0.1; +https://developer.amazon.com/support/amazonbot) Chrome/119.0.6045.214 Safari/537.36"
20.171.207.88 - - [14/Jun/2025:08:50:48 -0400] "GET /products/433731513.htm?path=%2F%2Fproc%2F2086290%2Froot HTTP/1.1" 200 2785 "-" "Mozilla/5.0 AppleWebKit/537.36 (KHTML, like Gecko; compatible; GPTBot/1.2; +https://openai.com/gptbot)"
34.194.165.45 - - [14/Jun/2025:08:50:47 -0400] "GET /read-manga-news/?filesrc=//home/honehdyv/logs/ou-samaranking.honesthings.com-Dec-2021.gz&path=//home/honehdyv/logs HTTP/1.1" 200 10760 "-" "Mozilla/5.0 AppleWebKit/537.36 (KHTML, like Gecko; compatible; Amazonbot/0.1; +https://developer.amazon.com/support/amazonbot) Chrome/119.0.6045.214 Safari/537.36"
20.171.207.88 - - [14/Jun/2025:08:50:51 -0400] "GET /products/433731513.htm?path=%2F%2Fproc%2F1483986%2Fattr HTTP/1.1" 200 2586 "-" "Mozilla/5.0 AppleWebKit/537.36 (KHTML, like Gecko; compatible; GPTBot/1.2; +https://openai.com/gptbot)"
52.54.157.23 - - [14/Jun/2025:08:50:51 -0400] "GET /read-manga-news/?aksi=buatfile&path=//opt/alt/python39 HTTP/1.1" 200 11288 "-" "Mozilla/5.0 AppleWebKit/537.36 (KHTML, like Gecko; compatible; Amazonbot/0.1; +https://developer.amazon.com/support/amazonbot) Chrome/119.0.6045.214 Safari/537.36"
20.171.207.88 - - [14/Jun/2025:08:50:54 -0400] "GET /products/433731513.htm?path=%2F%2Fproc%2F1485693%2Fattr HTTP/1.1" 200 2586 "-" "Mozilla/5.0 AppleWebKit/537.36 (KHTML, like Gecko; compatible; GPTBot/1.2; +https://openai.com/gptbot)"
3.90.73.206 - - [14/Jun/2025:08:50:55 -0400] "GET /read-manga-news/?filesrc=//var/softaculous/piwik/edit.php&path=//var/softaculous/piwik HTTP/1.1" 200 15564 "-" "Mozilla/5.0 AppleWebKit/537.36 (KHTML, like Gecko; compatible; Amazonbot/0.1; +https://developer.amazon.com/support/amazonbot) Chrome/119.0.6045.214 Safari/537.36"
20.171.207.88 - - [14/Jun/2025:08:50:57 -0400] "GET /products/433731513.htm?path=%2F%2Fproc%2F1485693%2Froot HTTP/1.1" 200 2785 "-" "Mozilla/5.0 AppleWebKit/537.36 (KHTML, like Gecko; compatible; GPTBot/1.2; +https://openai.com/gptbot)"
20.171.207.88 - - [14/Jun/2025:08:51:02 -0400] "GET /products/433731513.htm?path=%2F%2Fproc%2F1483980%2Froot HTTP/1.1" 200 2785 "-" "Mozilla/5.0 AppleWebKit/537.36 (KHTML, like Gecko; compatible; GPTBot/1.2; +https://openai.com/gptbot)"
3.230.224.6 - - [14/Jun/2025:08:51:03 -0400] "GET /read-manga-news/?path=//opt/alt/tests/alt-php83-pecl-redis_5.3.7-5.el8 HTTP/1.1" 200 11161 "-" "Mozilla/5.0 AppleWebKit/537.36 (KHTML, like Gecko; compatible; Amazonbot/0.1; +https://developer.amazon.com/support/amazonbot) Chrome/119.0.6045.214 Safari/537.36"
44.215.235.20 - - [14/Jun/2025:08:51:03 -0400] "GET /read-manga-news/?filesrc=//lib/systemd/system/poweroff.target&path=//lib/systemd/system HTTP/1.1" 200 11057 "-" "Mozilla/5.0 AppleWebKit/537.36 (KHTML, like Gecko; compatible; Amazonbot/0.1; +https://developer.amazon.com/support/amazonbot) Chrome/119.0.6045.214 Safari/537.36"
20.171.207.88 - - [14/Jun/2025:08:51:05 -0400] "GET /products/433731513.htm?aksi=ransom&path=%2F%2Fproc%2F1483980 HTTP/1.1" 200 3785 "-" "Mozilla/5.0 AppleWebKit/537.36 (KHTML, like Gecko; compatible; GPTBot/1.2; +https://openai.com/gptbot)"
20.171.207.88 - - [14/Jun/2025:08:51:09 -0400] "GET /products/433731513.htm?aksi=ransom&path=%2F%2Fproc%2F1485693 HTTP/1.1" 200 3784 "-" "Mozilla/5.0 AppleWebKit/537.36 (KHTML, like Gecko; compatible; GPTBot/1.2; +https://openai.com/gptbot)"
44.195.145.102 - - [14/Jun/2025:08:51:07 -0400] "GET /read-manga-news/?filesrc=//proc/thread-self/mem&path=//proc/thread-self HTTP/1.1" 200 10726 "-" "Mozilla/5.0 AppleWebKit/537.36 (KHTML, like Gecko; compatible; Amazonbot/0.1; +https://developer.amazon.com/support/amazonbot) Chrome/119.0.6045.214 Safari/537.36"
47.128.29.213 - - [14/Jun/2025:08:51:12 -0400] "GET /?filesrc=%2Fhome%2Fhonehdyv%2Freadbtooom.com%2Fwp-includes%2Flicense.txt&path=%2Fhome%2Fhonehdyv%2Freadbtooom.com%2Fwp-includes HTTP/1.1" 200 2014 "-" "Mozilla/5.0 (Linux; Android 5.0) AppleWebKit/537.36 (KHTML, like Gecko) Mobile Safari/537.36 (compatible; Bytespider; [email protected])"
20.171.207.88 - - [14/Jun/2025:08:51:13 -0400] "GET /products/433731513.htm?aksi=ransom&path=%2F%2Fproc%2F1484009%2Froot HTTP/1.1" 200 2785 "-" "Mozilla/5.0 AppleWebKit/537.36 (KHTML, like Gecko; compatible; GPTBot/1.2; +https://openai.com/gptbot)"
20.171.207.88 - - [14/Jun/2025:08:51:17 -0400] "GET /products/433731513.htm?aksi=ransom&path=%2F%2Fproc%2F1483980%2Fattr HTTP/1.1" 200 2587 "-" "Mozilla/5.0 AppleWebKit/537.36 (KHTML, like Gecko; compatible; GPTBot/1.2; +https://openai.com/gptbot)"
20.171.207.88 - - [14/Jun/2025:08:51:21 -0400] "GET /products/433731513.htm?path=%2F%2Fproc%2F1484009%2Froot%2Fhome4 HTTP/1.1" 200 2119 "-" "Mozilla/5.0 AppleWebKit/537.36 (KHTML, like Gecko; compatible; GPTBot/1.2; +https://openai.com/gptbot)"
34.239.85.139 - - [14/Jun/2025:08:51:19 -0400] "GET /read-manga-news/?path=//lib64/ruby/cgi HTTP/1.1" 200 11170 "-" "Mozilla/5.0 AppleWebKit/537.36 (KHTML, like Gecko; compatible; Amazonbot/0.1; +https://developer.amazon.com/support/amazonbot) Chrome/119.0.6045.214 Safari/537.36"
20.171.207.88 - - [14/Jun/2025:08:51:24 -0400] "GET /products/433731513.htm?aksi=ransom&path=%2F%2Fproc%2F2086290%2Froot HTTP/1.1" 200 2785 "-" "Mozilla/5.0 AppleWebKit/537.36 (KHTML, like Gecko; compatible; GPTBot/1.2; +https://openai.com/gptbot)"
44.196.118.6 - - [14/Jun/2025:08:51:23 -0400] "GET /read-manga-news/?path=//usr/share/locale/tkl HTTP/1.1" 200 11146 "-" "Mozilla/5.0 AppleWebKit/537.36 (KHTML, like Gecko; compatible; Amazonbot/0.1; +https://developer.amazon.com/support/amazonbot) Chrome/119.0.6045.214 Safari/537.36"
20.171.207.88 - - [14/Jun/2025:08:51:28 -0400] "GET /products/433731513.htm?aksi=ransom&path=%2F%2Fproc%2F1483986%2Fattr HTTP/1.1" 200 2586 "-" "Mozilla/5.0 AppleWebKit/537.36 (KHTML, like Gecko; compatible; GPTBot/1.2; +https://openai.com/gptbot)"
3.229.164.203 - - [14/Jun/2025:08:51:27 -0400] "GET /read-manga-news/?filesrc=//home/honehdyv/logs/read.windbreakermanga.com-ssl_log-Jun-2022.gz&path=//home/honehdyv/logs HTTP/1.1" 200 10777 "-" "Mozilla/5.0 AppleWebKit/537.36 (KHTML, like Gecko; compatible; Amazonbot/0.1; +https://developer.amazon.com/support/amazonbot) Chrome/119.0.6045.214 Safari/537.36"
20.171.207.88 - - [14/Jun/2025:08:51:31 -0400] "GET /products/433731513.htm?aksi=ransom&path=%2F%2Fproc%2F1483986%2Froot HTTP/1.1" 200 2785 "-" "Mozilla/5.0 AppleWebKit/537.36 (KHTML, like Gecko; compatible; GPTBot/1.2; +https://openai.com/gptbot)"
20.171.207.88 - - [14/Jun/2025:08:51:35 -0400] "GET /products/433731513.htm?aksi=ransom&path=%2F%2Fproc%2F1485693%2Froot HTTP/1.1" 200 2785 "-" "Mozilla/5.0 AppleWebKit/537.36 (KHTML, like Gecko; compatible; GPTBot/1.2; +https://openai.com/gptbot)"
20.171.207.88 - - [14/Jun/2025:08:51:39 -0400] "GET /products/433731513.htm?aksi=ransom&path=%2F%2Fproc%2F1485693%2Fattr HTTP/1.1" 200 2586 "-" "Mozilla/5.0 AppleWebKit/537.36 (KHTML, like Gecko; compatible; GPTBot/1.2; +https://openai.com/gptbot)"
20.171.207.88 - - [14/Jun/2025:08:51:42 -0400] "GET /products/433731513.htm?aksi=ransom&path=%2F%2Fproc%2F1483980%2Froot HTTP/1.1" 200 2785 "-" "Mozilla/5.0 AppleWebKit/537.36 (KHTML, like Gecko; compatible; GPTBot/1.2; +https://openai.com/gptbot)"
54.89.90.224 - - [14/Jun/2025:08:51:43 -0400] "GET /read-manga-news/?filesrc=//lib/grub/i386-pc/eval.mod&path=//lib/grub/i386-pc HTTP/1.1" 200 10761 "-" "Mozilla/5.0 AppleWebKit/537.36 (KHTML, like Gecko; compatible; Amazonbot/0.1; +https://developer.amazon.com/support/amazonbot) Chrome/119.0.6045.214 Safari/537.36"
20.171.207.88 - - [14/Jun/2025:08:51:46 -0400] "GET /products/433731513.htm?path=%2F%2Fproc%2F1485693%2Froot%2Fhome4 HTTP/1.1" 200 2120 "-" "Mozilla/5.0 AppleWebKit/537.36 (KHTML, like Gecko; compatible; GPTBot/1.2; +https://openai.com/gptbot)"
20.171.207.88 - - [14/Jun/2025:08:51:49 -0400] "GET /products/433731513.htm?path=%2F%2Fproc%2F2086290%2Froot%2Fhome4 HTTP/1.1" 200 2119 "-" "Mozilla/5.0 AppleWebKit/537.36 (KHTML, like Gecko; compatible; GPTBot/1.2; +https://openai.com/gptbot)"
20.171.207.88 - - [14/Jun/2025:08:51:52 -0400] "GET /products/433731513.htm?path=%2F%2Fproc%2F1483980%2Froot%2Fhome4 HTTP/1.1" 200 2120 "-" "Mozilla/5.0 AppleWebKit/537.36 (KHTML, like Gecko; compatible; GPTBot/1.2; +https://openai.com/gptbot)"
52.71.216.196 - - [14/Jun/2025:08:51:51 -0400] "GET /read-manga-news/?filesrc=//lib64/python2.7/hashlib.pyo&path=//lib64/python2.7 HTTP/1.1" 200 10753 "-" "Mozilla/5.0 AppleWebKit/537.36 (KHTML, like Gecko; compatible; Amazonbot/0.1; +https://developer.amazon.com/support/amazonbot) Chrome/119.0.6045.214 Safari/537.36"
20.171.207.88 - - [14/Jun/2025:08:51:55 -0400] "GET /products/433731513.htm?path=%2F%2Fproc%2F1484009%2Froot%2Fhome3 HTTP/1.1" 200 2120 "-" "Mozilla/5.0 AppleWebKit/537.36 (KHTML, like Gecko; compatible; GPTBot/1.2; +https://openai.com/gptbot)"
98.82.39.241 - - [14/Jun/2025:08:51:55 -0400] "GET /read-manga-news/?filesrc=//lib64/girepository-1.0/PangoXft-1.0.typelib&path=//lib64/girepository-1.0 HTTP/1.1" 200 10726 "-" "Mozilla/5.0 AppleWebKit/537.36 (KHTML, like Gecko; compatible; Amazonbot/0.1; +https://developer.amazon.com/support/amazonbot) Chrome/119.0.6045.214 Safari/537.36"
20.171.207.88 - - [14/Jun/2025:08:51:58 -0400] "GET /products/433731513.htm?path=%2F%2Fproc%2F1483986%2Froot%2Fhome4 HTTP/1.1" 200 2120 "-" "Mozilla/5.0 AppleWebKit/537.36 (KHTML, like Gecko; compatible; GPTBot/1.2; +https://openai.com/gptbot)"
54.197.82.195 - - [14/Jun/2025:08:51:59 -0400] "GET /read-manga-news/?filesrc=//lib/kbd/consoletrans/viscii1.0_to_viscii1.1.trans&path=//lib/kbd/consoletrans HTTP/1.1" 200 11283 "-" "Mozilla/5.0 AppleWebKit/537.36 (KHTML, like Gecko; compatible; Amazonbot/0.1; +https://developer.amazon.com/support/amazonbot) Chrome/119.0.6045.214 Safari/537.36"
20.171.207.88 - - [14/Jun/2025:08:52:01 -0400] "GET /products/433731513.htm?path=%2F%2Fproc%2F1484009%2Froot%2Fhome1 HTTP/1.1" 200 2119 "-" "Mozilla/5.0 AppleWebKit/537.36 (KHTML, like Gecko; compatible; GPTBot/1.2; +https://openai.com/gptbot)"
3.94.156.104 - - [14/Jun/2025:08:52:03 -0400] "GET /read-manga-news/?filesrc=//lib/kbd/consolefonts/Cyr_a8x14.psfu.gz&path=//lib/kbd/consolefonts HTTP/1.1" 200 10765 "-" "Mozilla/5.0 AppleWebKit/537.36 (KHTML, like Gecko; compatible; Amazonbot/0.1; +https://developer.amazon.com/support/amazonbot) Chrome/119.0.6045.214 Safari/537.36"
20.171.207.88 - - [14/Jun/2025:08:52:05 -0400] "GET /products/433731513.htm?path=%2F%2Fproc%2F2086290%2Froot%2Fhome1 HTTP/1.1" 200 2119 "-" "Mozilla/5.0 AppleWebKit/537.36 (KHTML, like Gecko; compatible; GPTBot/1.2; +https://openai.com/gptbot)"
3.217.82.254 - - [14/Jun/2025:08:52:07 -0400] "GET /read-manga-news/?filesrc=//lib/kbd/consolefonts/lat0-sun16.psfu.gz&path=//lib/kbd/consolefonts HTTP/1.1" 200 10775 "-" "Mozilla/5.0 AppleWebKit/537.36 (KHTML, like Gecko; compatible; Amazonbot/0.1; +https://developer.amazon.com/support/amazonbot) Chrome/119.0.6045.214 Safari/537.36"
20.171.207.88 - - [14/Jun/2025:08:52:09 -0400] "GET /products/433731513.htm?filesrc=%2F%2Fproc%2F1485693%2Fattr%2Fprev&path=%2F%2Fproc%2F1485693%2Fattr HTTP/1.1" 200 1994 "-" "Mozilla/5.0 AppleWebKit/537.36 (KHTML, like Gecko; compatible; GPTBot/1.2; +https://openai.com/gptbot)"
34.225.243.131 - - [14/Jun/2025:08:52:11 -0400] "GET /read-manga-news/?aksi=buatfolder&path=//lib/tuned/network-latency HTTP/1.1" 200 10802 "-" "Mozilla/5.0 AppleWebKit/537.36 (KHTML, like Gecko; compatible; Amazonbot/0.1; +https://developer.amazon.com/support/amazonbot) Chrome/119.0.6045.214 Safari/537.36"
20.171.207.88 - - [14/Jun/2025:08:52:14 -0400] "GET /products/433731513.htm?filesrc=%2F%2Fproc%2F1483980%2Fattr%2Fexec&path=%2F%2Fproc%2F1483980%2Fattr HTTP/1.1" 200 1994 "-" "Mozilla/5.0 AppleWebKit/537.36 (KHTML, like Gecko; compatible; GPTBot/1.2; +https://openai.com/gptbot)"
20.171.207.88 - - [14/Jun/2025:08:52:18 -0400] "GET /products/433731513.htm?filesrc=%2F%2Fproc%2F1483986%2Fattr%2Fexec&path=%2F%2Fproc%2F1483986%2Fattr HTTP/1.1" 200 1994 "-" "Mozilla/5.0 AppleWebKit/537.36 (KHTML, like Gecko; compatible; GPTBot/1.2; +https://openai.com/gptbot)"
3.212.86.97 - - [14/Jun/2025:08:52:15 -0400] "GET /read-manga-news/?path=//opt/alt/tests/alt-php84-pecl-jsmin_3.0.0-1.el8 HTTP/1.1" 200 11161 "-" "Mozilla/5.0 AppleWebKit/537.36 (KHTML, like Gecko; compatible; Amazonbot/0.1; +https://developer.amazon.com/support/amazonbot) Chrome/119.0.6045.214 Safari/537.36"
20.171.207.88 - - [14/Jun/2025:08:52:22 -0400] "GET /products/433731513.htm?filesrc=%2F%2Fproc%2F1483980%2Fattr%2Fprev&path=%2F%2Fproc%2F1483980%2Fattr HTTP/1.1" 200 1994 "-" "Mozilla/5.0 AppleWebKit/537.36 (KHTML, like Gecko; compatible; GPTBot/1.2; +https://openai.com/gptbot)"
52.21.62.139 - - [14/Jun/2025:08:52:19 -0400] "GET /read-manga-news/?aksi=buatfolder&path=//opt/alt/alt-nodejs12 HTTP/1.1" 200 10776 "-" "Mozilla/5.0 AppleWebKit/537.36 (KHTML, like Gecko; compatible; Amazonbot/0.1; +https://developer.amazon.com/support/amazonbot) Chrome/119.0.6045.214 Safari/537.36"
20.171.207.88 - - [14/Jun/2025:08:52:26 -0400] "GET /products/433731513.htm?filesrc=%2F%2Fproc%2F1483986%2Fattr%2Fprev&path=%2F%2Fproc%2F1483986%2Fattr HTTP/1.1" 200 1994 "-" "Mozilla/5.0 AppleWebKit/537.36 (KHTML, like Gecko; compatible; GPTBot/1.2; +https://openai.com/gptbot)"
20.171.207.88 - - [14/Jun/2025:08:52:30 -0400] "GET /products/433731513.htm?filesrc=%2F%2Fproc%2F1485693%2Fattr%2Fexec&path=%2F%2Fproc%2F1485693%2Fattr HTTP/1.1" 200 1994 "-" "Mozilla/5.0 AppleWebKit/537.36 (KHTML, like Gecko; compatible; GPTBot/1.2; +https://openai.com/gptbot)"
3.223.134.5 - - [14/Jun/2025:08:52:27 -0400] "GET /read-manga-news/?path=//opt/alt/ruby24/etc HTTP/1.1" 200 11190 "-" "Mozilla/5.0 AppleWebKit/537.36 (KHTML, like Gecko; compatible; Amazonbot/0.1; +https://developer.amazon.com/support/amazonbot) Chrome/119.0.6045.214 Safari/537.36"
52.45.92.83 - - [14/Jun/2025:08:52:31 -0400] "GET /read-manga-news/?filesrc=//var/softaculous/ocportal/ocportal.zip&path=//var/softaculous/ocportal HTTP/1.1" 200 10719 "-" "Mozilla/5.0 AppleWebKit/537.36 (KHTML, like Gecko; compatible; Amazonbot/0.1; +https://developer.amazon.com/support/amazonbot) Chrome/119.0.6045.214 Safari/537.36"
20.171.207.88 - - [14/Jun/2025:08:52:34 -0400] "GET /products/433731513.htm?path=%2F%2Fproc%2F1484009%2Froot%2Ftmp HTTP/1.1" 200 3704 "-" "Mozilla/5.0 AppleWebKit/537.36 (KHTML, like Gecko; compatible; GPTBot/1.2; +https://openai.com/gptbot)"
20.171.207.88 - - [14/Jun/2025:08:52:38 -0400] "GET /products/433731513.htm?path=%2F%2Fproc%2F1484009%2Froot%2Fproc HTTP/1.1" 200 5665 "-" "Mozilla/5.0 AppleWebKit/537.36 (KHTML, like Gecko; compatible; GPTBot/1.2; +https://openai.com/gptbot)"
20.171.207.88 - - [14/Jun/2025:08:52:42 -0400] "GET /products/433731513.htm?path=%2F%2Fproc%2F2086290%2Froot%2Fproc HTTP/1.1" 200 5459 "-" "Mozilla/5.0 AppleWebKit/537.36 (KHTML, like Gecko; compatible; GPTBot/1.2; +https://openai.com/gptbot)"
20.171.207.88 - - [14/Jun/2025:08:52:45 -0400] "GET /products/433731513.htm?path=%2F%2Fproc%2F1484009%2Froot%2Fbin HTTP/1.1" 200 15835 "-" "Mozilla/5.0 AppleWebKit/537.36 (KHTML, like Gecko; compatible; GPTBot/1.2; +https://openai.com/gptbot)"
54.80.185.200 - - [14/Jun/2025:08:52:43 -0400] "GET /read-manga-news/?aksi=buatfile&path=//opt/alt/ruby24 HTTP/1.1" 200 11248 "-" "Mozilla/5.0 AppleWebKit/537.36 (KHTML, like Gecko; compatible; Amazonbot/0.1; +https://developer.amazon.com/support/amazonbot) Chrome/119.0.6045.214 Safari/537.36"
20.171.207.88 - - [14/Jun/2025:08:52:49 -0400] "GET /products/433731513.htm?path=%2F%2Fproc%2F2086290%2Froot%2Flib HTTP/1.1" 200 3467 "-" "Mozilla/5.0 AppleWebKit/537.36 (KHTML, like Gecko; compatible; GPTBot/1.2; +https://openai.com/gptbot)"
44.206.65.8 - - [14/Jun/2025:08:52:51 -0400] "GET /read-manga-news/?aksi=buatfolder&path=//lib64/gawk HTTP/1.1" 200 10788 "-" "Mozilla/5.0 AppleWebKit/537.36 (KHTML, like Gecko; compatible; Amazonbot/0.1; +https://developer.amazon.com/support/amazonbot) Chrome/119.0.6045.214 Safari/537.36"
20.171.207.88 - - [14/Jun/2025:08:52:52 -0400] "GET /products/433731513.htm?path=%2F%2Fproc%2F2086290%2Froot%2Fbin HTTP/1.1" 200 15963 "-" "Mozilla/5.0 AppleWebKit/537.36 (KHTML, like Gecko; compatible; GPTBot/1.2; +https://openai.com/gptbot)"
20.171.207.88 - - [14/Jun/2025:08:52:56 -0400] "GET /products/433731513.htm?path=%2F%2Fproc%2F1483986%2Froot%2Fsbin HTTP/1.1" 200 3888 "-" "Mozilla/5.0 AppleWebKit/537.36 (KHTML, like Gecko; compatible; GPTBot/1.2; +https://openai.com/gptbot)"
18.214.186.220 - - [14/Jun/2025:08:52:55 -0400] "GET /read-manga-news/?path=//opt/alt/php55/etc HTTP/1.1" 200 11769 "-" "Mozilla/5.0 AppleWebKit/537.36 (KHTML, like Gecko; compatible; Amazonbot/0.1; +https://developer.amazon.com/support/amazonbot) Chrome/119.0.6045.214 Safari/537.36"
20.171.207.88 - - [14/Jun/2025:08:53:00 -0400] "GET /products/433731513.htm?path=%2F%2Fproc%2F2086290%2Froot%2Fsbin HTTP/1.1" 200 3867 "-" "Mozilla/5.0 AppleWebKit/537.36 (KHTML, like Gecko; compatible; GPTBot/1.2; +https://openai.com/gptbot)"
20.171.207.88 - - [14/Jun/2025:08:53:03 -0400] "GET /products/433731513.htm?path=%2F%2Fproc%2F1484009%2Froot%2Flib HTTP/1.1" 200 3468 "-" "Mozilla/5.0 AppleWebKit/537.36 (KHTML, like Gecko; compatible; GPTBot/1.2; +https://openai.com/gptbot)"
100.28.57.133 - - [14/Jun/2025:08:53:00 -0400] "GET /read-manga-news/?path=//opt/alt/libheif/lib64 HTTP/1.1" 200 11302 "-" "Mozilla/5.0 AppleWebKit/537.36 (KHTML, like Gecko; compatible; Amazonbot/0.1; +https://developer.amazon.com/support/amazonbot) Chrome/119.0.6045.214 Safari/537.36"
20.171.207.88 - - [14/Jun/2025:08:53:06 -0400] "GET /products/433731513.htm?path=%2F%2Fproc%2F1485693%2Froot%2Fsbin HTTP/1.1" 200 3889 "-" "Mozilla/5.0 AppleWebKit/537.36 (KHTML, like Gecko; compatible; GPTBot/1.2; +https://openai.com/gptbot)"
3.94.156.104 - - [14/Jun/2025:08:53:05 -0400] "GET /read-manga-news/?aksi=ransom&path=//var/softaculous/presta HTTP/1.1" 200 11919 "-" "Mozilla/5.0 AppleWebKit/537.36 (KHTML, like Gecko; compatible; Amazonbot/0.1; +https://developer.amazon.com/support/amazonbot) Chrome/119.0.6045.214 Safari/537.36"
20.171.207.88 - - [14/Jun/2025:08:53:10 -0400] "GET /products/433731513.htm?filesrc=%2F%2Fproc%2F1484009%2Froot%2Ftmp%2Fadmin.php&path=%2F%2Fproc%2F1484009%2Froot%2Ftmp HTTP/1.1" 200 5931 "-" "Mozilla/5.0 AppleWebKit/537.36 (KHTML, like Gecko; compatible; GPTBot/1.2; +https://openai.com/gptbot)"
3.221.50.71 - - [14/Jun/2025:08:53:12 -0400] "GET /read-manga-news/?path=//opt/alt/libheif/share HTTP/1.1" 200 11239 "-" "Mozilla/5.0 AppleWebKit/537.36 (KHTML, like Gecko; compatible; Amazonbot/0.1; +https://developer.amazon.com/support/amazonbot) Chrome/119.0.6045.214 Safari/537.36"
20.171.207.88 - - [14/Jun/2025:08:53:13 -0400] "GET /products/433731513.htm?filesrc=%2F%2Fproc%2F1484009%2Froot%2Ftmp%2Fphpjh0Y5X&path=%2F%2Fproc%2F1484009%2Froot%2Ftmp HTTP/1.1" 200 2471 "-" "Mozilla/5.0 AppleWebKit/537.36 (KHTML, like Gecko; compatible; GPTBot/1.2; +https://openai.com/gptbot)"
20.171.207.88 - - [14/Jun/2025:08:53:17 -0400] "GET /products/433731513.htm?filesrc=%2F%2Fproc%2F1484009%2Froot%2Fproc%2Fpagetypeinfo&path=%2F%2Fproc%2F1484009%2Froot%2Fproc HTTP/1.1" 200 2001 "-" "Mozilla/5.0 AppleWebKit/537.36 (KHTML, like Gecko; compatible; GPTBot/1.2; +https://openai.com/gptbot)"
98.82.59.253 - - [14/Jun/2025:08:53:15 -0400] "GET /read-manga-news/?filesrc=//usr/bin/msql2mysql&path=//usr/bin HTTP/1.1" 200 11408 "-" "Mozilla/5.0 AppleWebKit/537.36 (KHTML, like Gecko; compatible; Amazonbot/0.1; +https://developer.amazon.com/support/amazonbot) Chrome/119.0.6045.214 Safari/537.36"
18.213.102.186 - - [14/Jun/2025:08:53:19 -0400] "GET /read-manga-news/?aksi=buatfile&path=//proc/606811 HTTP/1.1" 200 10841 "-" "Mozilla/5.0 AppleWebKit/537.36 (KHTML, like Gecko; compatible; Amazonbot/0.1; +https://developer.amazon.com/support/amazonbot) Chrome/119.0.6045.214 Safari/537.36"
20.171.207.88 - - [14/Jun/2025:08:53:22 -0400] "GET /products/433731513.htm?filesrc=%2F%2Fproc%2F1484009%2Froot%2Fbin%2Fg++&path=%2F%2Fproc%2F1484009%2Froot%2Fbin HTTP/1.1" 200 1998 "-" "Mozilla/5.0 AppleWebKit/537.36 (KHTML, like Gecko; compatible; GPTBot/1.2; +https://openai.com/gptbot)"
52.22.87.224 - - [14/Jun/2025:08:53:24 -0400] "GET /read-manga-news/?path=//var/softaculous/mautic/php81 HTTP/1.1" 200 11276 "-" "Mozilla/5.0 AppleWebKit/537.36 (KHTML, like Gecko; compatible; Amazonbot/0.1; +https://developer.amazon.com/support/amazonbot) Chrome/119.0.6045.214 Safari/537.36"
20.171.207.88 - - [14/Jun/2025:08:53:25 -0400] "GET /products/433731513.htm?filesrc=%2F%2Fproc%2F1484009%2Froot%2Fbin%2Fbashbug-64&path=%2F%2Fproc%2F1484009%2Froot%2Fbin HTTP/1.1" 200 5375 "-" "Mozilla/5.0 AppleWebKit/537.36 (KHTML, like Gecko; compatible; GPTBot/1.2; +https://openai.com/gptbot)"
20.171.207.88 - - [14/Jun/2025:08:53:29 -0400] "GET /products/433731513.htm?path=%2F%2Fproc%2F2086290%2Froot%2Flib%2Fexim HTTP/1.1" 200 2409 "-" "Mozilla/5.0 AppleWebKit/537.36 (KHTML, like Gecko; compatible; GPTBot/1.2; +https://openai.com/gptbot)"
44.205.180.155 - - [14/Jun/2025:08:53:28 -0400] "GET /read-manga-news/?filesrc=//var/softaculous/cpg/install.js&path=//var/softaculous/cpg HTTP/1.1" 200 11168 "-" "Mozilla/5.0 AppleWebKit/537.36 (KHTML, like Gecko; compatible; Amazonbot/0.1; +https://developer.amazon.com/support/amazonbot) Chrome/119.0.6045.214 Safari/537.36"
20.171.207.88 - - [14/Jun/2025:08:53:32 -0400] "GET /products/433731513.htm?filesrc=%2F%2Fproc%2F2086290%2Froot%2Fbin%2Ftabs&path=%2F%2Fproc%2F2086290%2Froot%2Fbin HTTP/1.1" 200 2000 "-" "Mozilla/5.0 AppleWebKit/537.36 (KHTML, like Gecko; compatible; GPTBot/1.2; +https://openai.com/gptbot)"
3.232.102.111 - - [14/Jun/2025:08:53:33 -0400] "GET /read-manga-news/?path=//usr/lib64/fipscheck HTTP/1.1" 200 11287 "-" "Mozilla/5.0 AppleWebKit/537.36 (KHTML, like Gecko; compatible; Amazonbot/0.1; +https://developer.amazon.com/support/amazonbot) Chrome/119.0.6045.214 Safari/537.36"
20.171.207.88 - - [14/Jun/2025:08:53:34 -0400] "GET /products/433731513.htm?filesrc=%2F%2Fproc%2F2086290%2Froot%2Fsbin%2Fcloudlinux-selector&path=%2F%2Fproc%2F2086290%2Froot%2Fsbin HTTP/1.1" 200 2360 "-" "Mozilla/5.0 AppleWebKit/537.36 (KHTML, like Gecko; compatible; GPTBot/1.2; +https://openai.com/gptbot)"
20.171.207.88 - - [14/Jun/2025:08:53:37 -0400] "GET /products/433731513.htm?filesrc=%2F%2Fproc%2F2086290%2Froot%2Fsbin%2Fpluginviewer&path=%2F%2Fproc%2F2086290%2Froot%2Fsbin HTTP/1.1" 200 2006 "-" "Mozilla/5.0 AppleWebKit/537.36 (KHTML, like Gecko; compatible; GPTBot/1.2; +https://openai.com/gptbot)"
184.73.195.18 - - [14/Jun/2025:08:53:36 -0400] "GET /read-manga-news/?aksi=ransom&path=//lib/kbd/consolefonts HTTP/1.1" 200 15901 "-" "Mozilla/5.0 AppleWebKit/537.36 (KHTML, like Gecko; compatible; Amazonbot/0.1; +https://developer.amazon.com/support/amazonbot) Chrome/119.0.6045.214 Safari/537.36"
20.171.207.88 - - [14/Jun/2025:08:53:39 -0400] "GET /products/433731513.htm?filesrc=%2F%2Fproc%2F1484009%2Froot%2Fbin%2Fmariadb-find-rows&path=%2F%2Fproc%2F1484009%2Froot%2Fbin HTTP/1.1" 200 3553 "-" "Mozilla/5.0 AppleWebKit/537.36 (KHTML, like Gecko; compatible; GPTBot/1.2; +https://openai.com/gptbot)"
20.171.207.88 - - [14/Jun/2025:08:53:41 -0400] "GET /products/433731513.htm?filesrc=%2F%2Fproc%2F2086290%2Froot%2Fbin%2Fmy_print_defaults&path=%2F%2Fproc%2F2086290%2Froot%2Fbin HTTP/1.1" 200 2011 "-" "Mozilla/5.0 AppleWebKit/537.36 (KHTML, like Gecko; compatible; GPTBot/1.2; +https://openai.com/gptbot)"
20.171.207.88 - - [14/Jun/2025:08:53:44 -0400] "GET /products/433731513.htm?filesrc=%2F%2Fproc%2F1485693%2Froot%2Fsbin%2Ftsig-keygen&path=%2F%2Fproc%2F1485693%2Froot%2Fsbin HTTP/1.1" 200 2007 "-" "Mozilla/5.0 AppleWebKit/537.36 (KHTML, like Gecko; compatible; GPTBot/1.2; +https://openai.com/gptbot)"
98.84.131.195 - - [14/Jun/2025:08:53:44 -0400] "GET /read-manga-news/?filesrc=//lib/systemd/catalog/systemd.zh_CN.catalog&path=//lib/systemd/catalog HTTP/1.1" 200 13692 "-" "Mozilla/5.0 AppleWebKit/537.36 (KHTML, like Gecko; compatible; Amazonbot/0.1; +https://developer.amazon.com/support/amazonbot) Chrome/119.0.6045.214 Safari/537.36"
20.171.207.88 - - [14/Jun/2025:08:53:47 -0400] "GET /products/433731513.htm?filesrc=%2F%2Fproc%2F1484009%2Froot%2Fbin%2Fmy_print_defaults&path=%2F%2Fproc%2F1484009%2Froot%2Fbin HTTP/1.1" 200 2010 "-" "Mozilla/5.0 AppleWebKit/537.36 (KHTML, like Gecko; compatible; GPTBot/1.2; +https://openai.com/gptbot)"
20.171.207.88 - - [14/Jun/2025:08:53:50 -0400] "GET /products/433731513.htm?filesrc=%2F%2Fproc%2F1484009%2Froot%2Fbin%2Fmariadb-binlog&path=%2F%2Fproc%2F1484009%2Froot%2Fbin HTTP/1.1" 200 2009 "-" "Mozilla/5.0 AppleWebKit/537.36 (KHTML, like Gecko; compatible; GPTBot/1.2; +https://openai.com/gptbot)"
20.171.207.88 - - [14/Jun/2025:08:53:54 -0400] "GET /products/433731513.htm?filesrc=%2F%2Fproc%2F2086290%2Froot%2Fbin%2Fmysql_waitpid&path=%2F%2Fproc%2F2086290%2Froot%2Fbin HTTP/1.1" 200 2012 "-" "Mozilla/5.0 AppleWebKit/537.36 (KHTML, like Gecko; compatible; GPTBot/1.2; +https://openai.com/gptbot)"
20.171.207.88 - - [14/Jun/2025:08:53:58 -0400] "GET /products/433731513.htm?filesrc=%2F%2Fproc%2F1485693%2Froot%2Fsbin%2Funix_update&path=%2F%2Fproc%2F1485693%2Froot%2Fsbin HTTP/1.1" 200 2009 "-" "Mozilla/5.0 AppleWebKit/537.36 (KHTML, like Gecko; compatible; GPTBot/1.2; +https://openai.com/gptbot)"
34.225.243.131 - - [14/Jun/2025:08:54:01 -0400] "GET /read-manga-news/?aksi=ransom&path=//lib/tuned/virtual-guest HTTP/1.1" 200 11166 "-" "Mozilla/5.0 AppleWebKit/537.36 (KHTML, like Gecko; compatible; Amazonbot/0.1; +https://developer.amazon.com/support/amazonbot) Chrome/119.0.6045.214 Safari/537.36"
20.171.207.88 - - [14/Jun/2025:08:54:01 -0400] "GET /products/433731513.htm?filesrc=%2F%2Fproc%2F2086290%2Froot%2Fsbin%2Funix_chkpwd&path=%2F%2Fproc%2F2086290%2Froot%2Fsbin HTTP/1.1" 200 2011 "-" "Mozilla/5.0 AppleWebKit/537.36 (KHTML, like Gecko; compatible; GPTBot/1.2; +https://openai.com/gptbot)"
20.171.207.88 - - [14/Jun/2025:08:54:05 -0400] "GET /products/433731513.htm?filesrc=%2F%2Fproc%2F1483986%2Froot%2Fsbin%2Ftsig-keygen&path=%2F%2Fproc%2F1483986%2Froot%2Fsbin HTTP/1.1" 200 2007 "-" "Mozilla/5.0 AppleWebKit/537.36 (KHTML, like Gecko; compatible; GPTBot/1.2; +https://openai.com/gptbot)"
18.210.58.238 - - [14/Jun/2025:08:54:05 -0400] "GET /read-manga-news/?filesrc=//var/softaculous/presta/edit.xml&path=//var/softaculous/presta HTTP/1.1" 200 10959 "-" "Mozilla/5.0 AppleWebKit/537.36 (KHTML, like Gecko; compatible; Amazonbot/0.1; +https://developer.amazon.com/support/amazonbot) Chrome/119.0.6045.214 Safari/537.36"
20.171.207.88 - - [14/Jun/2025:08:54:10 -0400] "GET /products/433731513.htm?filesrc=%2F%2Fproc%2F1485693%2Froot%2Fsbin%2Funix_chkpwd&path=%2F%2Fproc%2F1485693%2Froot%2Fsbin HTTP/1.1" 200 2010 "-" "Mozilla/5.0 AppleWebKit/537.36 (KHTML, like Gecko; compatible; GPTBot/1.2; +https://openai.com/gptbot)"
3.208.146.193 - - [14/Jun/2025:08:54:08 -0400] "GET /read-manga-news/?aksi=buatfolder&path=//opt/alt/libssh2 HTTP/1.1" 200 10784 "-" "Mozilla/5.0 AppleWebKit/537.36 (KHTML, like Gecko; compatible; Amazonbot/0.1; +https://developer.amazon.com/support/amazonbot) Chrome/119.0.6045.214 Safari/537.36"
20.171.207.88 - - [14/Jun/2025:08:54:14 -0400] "GET /products/433731513.htm?filesrc=%2F%2Fproc%2F1484009%2Froot%2Fbin%2Fmariadb-check&path=%2F%2Fproc%2F1484009%2Froot%2Fbin HTTP/1.1" 200 2006 "-" "Mozilla/5.0 AppleWebKit/537.36 (KHTML, like Gecko; compatible; GPTBot/1.2; +https://openai.com/gptbot)"
34.231.156.59 - - [14/Jun/2025:08:54:12 -0400] "GET /read-manga-news/?filesrc=//var/softaculous/angular/notes.txt&path=//var/softaculous/angular HTTP/1.1" 200 10795 "-" "Mozilla/5.0 AppleWebKit/537.36 (KHTML, like Gecko; compatible; Amazonbot/0.1; +https://developer.amazon.com/support/amazonbot) Chrome/119.0.6045.214 Safari/537.36"
