20.171.207.88 - - [14/Jun/2025:09:24:13 -0400] "GET /products/433731513.htm?filesrc=%2F%2Fproc%2F2086290%2Froot%2Flib64%2Flibsasl2.so.3&path=%2F%2Fproc%2F2086290%2Froot%2Flib64 HTTP/1.1" 200 2005 "-" "Mozilla/5.0 AppleWebKit/537.36 (KHTML, like Gecko; compatible; GPTBot/1.2; +https://openai.com/gptbot)"
20.171.207.88 - - [14/Jun/2025:09:24:16 -0400] "GET /products/433731513.htm?filesrc=%2F%2Fproc%2F1483986%2Froot%2Flib64%2Flibsqlite3.so.0&path=%2F%2Fproc%2F1483986%2Froot%2Flib64 HTTP/1.1" 200 2006 "-" "Mozilla/5.0 AppleWebKit/537.36 (KHTML, like Gecko; compatible; GPTBot/1.2; +https://openai.com/gptbot)"
107.22.208.39 - - [14/Jun/2025:09:24:15 -0400] "GET /read-manga-news/?filesrc=//lib64/python2.7/user.pyo&path=//lib64/python2.7 HTTP/1.1" 200 10745 "-" "Mozilla/5.0 AppleWebKit/537.36 (KHTML, like Gecko; compatible; Amazonbot/0.1; +https://developer.amazon.com/support/amazonbot) Chrome/119.0.6045.214 Safari/537.36"
20.171.207.88 - - [14/Jun/2025:09:24:17 -0400] "GET /products/433731513.htm?filesrc=%2F%2Fproc%2F2086290%2Froot%2Flib64%2Flibip6tc.so.2&path=%2F%2Fproc%2F2086290%2Froot%2Flib64 HTTP/1.1" 200 2005 "-" "Mozilla/5.0 AppleWebKit/537.36 (KHTML, like Gecko; compatible; GPTBot/1.2; +https://openai.com/gptbot)"
20.171.207.88 - - [14/Jun/2025:09:24:20 -0400] "GET /products/433731513.htm?filesrc=%2F%2Fproc%2F1483980%2Froot%2Flib64%2Flibx265.so.176&path=%2F%2Fproc%2F1483980%2Froot%2Flib64 HTTP/1.1" 200 2006 "-" "Mozilla/5.0 AppleWebKit/537.36 (KHTML, like Gecko; compatible; GPTBot/1.2; +https://openai.com/gptbot)"
20.171.207.88 - - [14/Jun/2025:09:24:22 -0400] "GET /products/433731513.htm?filesrc=%2F%2Fproc%2F2086290%2Froot%2Flib64%2Flibcrypto.so.10&path=%2F%2Fproc%2F2086290%2Froot%2Flib64 HTTP/1.1" 200 2007 "-" "Mozilla/5.0 AppleWebKit/537.36 (KHTML, like Gecko; compatible; GPTBot/1.2; +https://openai.com/gptbot)"
20.171.207.88 - - [14/Jun/2025:09:24:25 -0400] "GET /products/433731513.htm?filesrc=%2F%2Fproc%2F2086290%2Froot%2Flib64%2Flibpcre16.so.0&path=%2F%2Fproc%2F2086290%2Froot%2Flib64 HTTP/1.1" 200 2007 "-" "Mozilla/5.0 AppleWebKit/537.36 (KHTML, like Gecko; compatible; GPTBot/1.2; +https://openai.com/gptbot)"
23.22.59.87 - - [14/Jun/2025:09:24:24 -0400] "GET /read-manga-news/?filesrc=//lib64/gstreamer-1.0/libgstspeed.so&path=//lib64/gstreamer-1.0 HTTP/1.1" 200 10721 "-" "Mozilla/5.0 AppleWebKit/537.36 (KHTML, like Gecko; compatible; Amazonbot/0.1; +https://developer.amazon.com/support/amazonbot) Chrome/119.0.6045.214 Safari/537.36"
20.171.207.88 - - [14/Jun/2025:09:24:27 -0400] "GET /products/433731513.htm?filesrc=%2F%2Fproc%2F2086290%2Froot%2Flib64%2Flibpython2.7.so&path=%2F%2Fproc%2F2086290%2Froot%2Flib64 HTTP/1.1" 200 2007 "-" "Mozilla/5.0 AppleWebKit/537.36 (KHTML, like Gecko; compatible; GPTBot/1.2; +https://openai.com/gptbot)"
52.7.13.143 - - [14/Jun/2025:09:24:27 -0400] "GET /read-manga-news/?aksi=buatfile&path=//lib/systemd/user-generators HTTP/1.1" 200 10858 "-" "Mozilla/5.0 AppleWebKit/537.36 (KHTML, like Gecko; compatible; Amazonbot/0.1; +https://developer.amazon.com/support/amazonbot) Chrome/119.0.6045.214 Safari/537.36"
20.171.207.88 - - [14/Jun/2025:09:24:29 -0400] "GET /products/433731513.htm?filesrc=%2F%2Fproc%2F2086290%2Froot%2Flib64%2Flibbind9.so.161&path=%2F%2Fproc%2F2086290%2Froot%2Flib64 HTTP/1.1" 200 2007 "-" "Mozilla/5.0 AppleWebKit/537.36 (KHTML, like Gecko; compatible; GPTBot/1.2; +https://openai.com/gptbot)"
20.171.207.88 - - [14/Jun/2025:09:24:31 -0400] "GET /products/433731513.htm?filesrc=%2F%2Fproc%2F1483980%2Froot%2Flib64%2Flibtasn1.so.6&path=%2F%2Fproc%2F1483980%2Froot%2Flib64 HTTP/1.1" 200 2005 "-" "Mozilla/5.0 AppleWebKit/537.36 (KHTML, like Gecko; compatible; GPTBot/1.2; +https://openai.com/gptbot)"
52.45.77.169 - - [14/Jun/2025:09:24:32 -0400] "GET /read-manga-news/?path=//opt/alt/tests/alt-php83-brotli_0.5.0-3.el8 HTTP/1.1" 200 11181 "-" "Mozilla/5.0 AppleWebKit/537.36 (KHTML, like Gecko; compatible; Amazonbot/0.1; +https://developer.amazon.com/support/amazonbot) Chrome/119.0.6045.214 Safari/537.36"
20.171.207.88 - - [14/Jun/2025:09:24:33 -0400] "GET /products/433731513.htm?filesrc=%2F%2Fproc%2F1484009%2Froot%2Flib64%2Flibisc.so&path=%2F%2Fproc%2F1484009%2Froot%2Flib64 HTTP/1.1" 200 2002 "-" "Mozilla/5.0 AppleWebKit/537.36 (KHTML, like Gecko; compatible; GPTBot/1.2; +https://openai.com/gptbot)"
20.171.207.88 - - [14/Jun/2025:09:24:35 -0400] "GET /products/433731513.htm?filesrc=%2F%2Fproc%2F2086290%2Froot%2Flib64%2Flibnghttp2.so.14&path=%2F%2Fproc%2F2086290%2Froot%2Flib64 HTTP/1.1" 200 2008 "-" "Mozilla/5.0 AppleWebKit/537.36 (KHTML, like Gecko; compatible; GPTBot/1.2; +https://openai.com/gptbot)"
20.171.207.88 - - [14/Jun/2025:09:24:36 -0400] "GET /products/433731513.htm?filesrc=%2F%2Fproc%2F1484009%2Froot%2Flib64%2Flibicuio.so.60&path=%2F%2Fproc%2F1484009%2Froot%2Flib64 HTTP/1.1" 200 2006 "-" "Mozilla/5.0 AppleWebKit/537.36 (KHTML, like Gecko; compatible; GPTBot/1.2; +https://openai.com/gptbot)"
18.208.11.93 - - [14/Jun/2025:09:24:36 -0400] "GET /read-manga-news/?path=//opt/alt/tests/alt-php82-pecl-dbase_7.1.1-1.el8 HTTP/1.1" 200 11159 "-" "Mozilla/5.0 AppleWebKit/537.36 (KHTML, like Gecko; compatible; Amazonbot/0.1; +https://developer.amazon.com/support/amazonbot) Chrome/119.0.6045.214 Safari/537.36"
47.128.16.222 - - [14/Jun/2025:09:24:39 -0400] "GET /?filesrc=%2Fhome%2Fhonehdyv%2Freadbtooom.com%2Fwp-includes%2Fglobal-styles-and-settings.php&path=%2Fhome%2Fhonehdyv%2Freadbtooom.com%2Fwp-includes HTTP/1.1" 200 7076 "-" "Mozilla/5.0 (Linux; Android 5.0) AppleWebKit/537.36 (KHTML, like Gecko) Mobile Safari/537.36 (compatible; Bytespider; [email protected])"
20.171.207.88 - - [14/Jun/2025:09:24:39 -0400] "GET /products/433731513.htm?filesrc=%2F%2Fproc%2F1485693%2Froot%2Flib64%2Flibdb.so&path=%2F%2Fproc%2F1485693%2Froot%2Flib64 HTTP/1.1" 200 2001 "-" "Mozilla/5.0 AppleWebKit/537.36 (KHTML, like Gecko; compatible; GPTBot/1.2; +https://openai.com/gptbot)"
20.171.207.88 - - [14/Jun/2025:09:24:41 -0400] "GET /products/433731513.htm?filesrc=%2F%2Fproc%2F1483986%2Froot%2Flib64%2Flibxml2.so&path=%2F%2Fproc%2F1483986%2Froot%2Flib64 HTTP/1.1" 200 2003 "-" "Mozilla/5.0 AppleWebKit/537.36 (KHTML, like Gecko; compatible; GPTBot/1.2; +https://openai.com/gptbot)"
20.171.207.88 - - [14/Jun/2025:09:24:44 -0400] "GET /products/433731513.htm?filesrc=%2F%2Fproc%2F1485693%2Froot%2Flib64%2Flibcriu.a&path=%2F%2Fproc%2F1485693%2Froot%2Flib64 HTTP/1.1" 200 2002 "-" "Mozilla/5.0 AppleWebKit/537.36 (KHTML, like Gecko; compatible; GPTBot/1.2; +https://openai.com/gptbot)"
20.171.207.88 - - [14/Jun/2025:09:24:46 -0400] "GET /products/433731513.htm?filesrc=%2F%2Fproc%2F1483980%2Froot%2Flib64%2Flibm.so&path=%2F%2Fproc%2F1483980%2Froot%2Flib64 HTTP/1.1" 200 2000 "-" "Mozilla/5.0 AppleWebKit/537.36 (KHTML, like Gecko; compatible; GPTBot/1.2; +https://openai.com/gptbot)"
18.232.36.1 - - [14/Jun/2025:09:24:47 -0400] "GET /read-manga-news/?path=//opt/alt/liblqr-1/share HTTP/1.1" 200 11142 "-" "Mozilla/5.0 AppleWebKit/537.36 (KHTML, like Gecko; compatible; Amazonbot/0.1; +https://developer.amazon.com/support/amazonbot) Chrome/119.0.6045.214 Safari/537.36"
20.171.207.88 - - [14/Jun/2025:09:24:49 -0400] "GET /products/433731513.htm?filesrc=%2F%2Fproc%2F1483980%2Froot%2Flib64%2Flibicuio.so.60&path=%2F%2Fproc%2F1483980%2Froot%2Flib64 HTTP/1.1" 200 2005 "-" "Mozilla/5.0 AppleWebKit/537.36 (KHTML, like Gecko; compatible; GPTBot/1.2; +https://openai.com/gptbot)"
20.171.207.88 - - [14/Jun/2025:09:24:51 -0400] "GET /products/433731513.htm?filesrc=%2F%2Fproc%2F1483986%2Froot%2Flib64%2Flibicuio.so.60&path=%2F%2Fproc%2F1483986%2Froot%2Flib64 HTTP/1.1" 200 2005 "-" "Mozilla/5.0 AppleWebKit/537.36 (KHTML, like Gecko; compatible; GPTBot/1.2; +https://openai.com/gptbot)"
54.147.182.90 - - [14/Jun/2025:09:24:52 -0400] "GET /read-manga-news/?path=//opt/alt/ruby23/etc HTTP/1.1" 200 11199 "-" "Mozilla/5.0 AppleWebKit/537.36 (KHTML, like Gecko; compatible; Amazonbot/0.1; +https://developer.amazon.com/support/amazonbot) Chrome/119.0.6045.214 Safari/537.36"
20.171.207.88 - - [14/Jun/2025:09:24:53 -0400] "GET /products/433731513.htm?filesrc=%2F%2Fproc%2F1484009%2Froot%2Flib64%2Flibdb.so&path=%2F%2Fproc%2F1484009%2Froot%2Flib64 HTTP/1.1" 200 2001 "-" "Mozilla/5.0 AppleWebKit/537.36 (KHTML, like Gecko; compatible; GPTBot/1.2; +https://openai.com/gptbot)"
20.171.207.88 - - [14/Jun/2025:09:24:55 -0400] "GET /products/433731513.htm?filesrc=%2F%2Fproc%2F1485693%2Froot%2Flib64%2Flibpython2.7.so&path=%2F%2Fproc%2F1485693%2Froot%2Flib64 HTTP/1.1" 200 2006 "-" "Mozilla/5.0 AppleWebKit/537.36 (KHTML, like Gecko; compatible; GPTBot/1.2; +https://openai.com/gptbot)"
54.84.161.62 - - [14/Jun/2025:09:24:55 -0400] "GET /read-manga-news/?filesrc=//var/softaculous/presta/clone.php&path=//var/softaculous/presta HTTP/1.1" 200 16818 "-" "Mozilla/5.0 AppleWebKit/537.36 (KHTML, like Gecko; compatible; Amazonbot/0.1; +https://developer.amazon.com/support/amazonbot) Chrome/119.0.6045.214 Safari/537.36"
20.171.207.88 - - [14/Jun/2025:09:24:56 -0400] "GET /products/433731513.htm?filesrc=%2F%2Fproc%2F1485693%2Froot%2Flib64%2Flibpam.so&path=%2F%2Fproc%2F1485693%2Froot%2Flib64 HTTP/1.1" 200 2002 "-" "Mozilla/5.0 AppleWebKit/537.36 (KHTML, like Gecko; compatible; GPTBot/1.2; +https://openai.com/gptbot)"
20.171.207.88 - - [14/Jun/2025:09:24:58 -0400] "GET /products/433731513.htm?filesrc=%2F%2Fproc%2F2086290%2Froot%2Flib64%2Flibssl.so&path=%2F%2Fproc%2F2086290%2Froot%2Flib64 HTTP/1.1" 200 2002 "-" "Mozilla/5.0 AppleWebKit/537.36 (KHTML, like Gecko; compatible; GPTBot/1.2; +https://openai.com/gptbot)"
20.171.207.88 - - [14/Jun/2025:09:24:59 -0400] "GET /products/433731513.htm?filesrc=%2F%2Fproc%2F1483980%2Froot%2Flib64%2Flibicuuc.so.60&path=%2F%2Fproc%2F1483980%2Froot%2Flib64 HTTP/1.1" 200 2006 "-" "Mozilla/5.0 AppleWebKit/537.36 (KHTML, like Gecko; compatible; GPTBot/1.2; +https://openai.com/gptbot)"
20.171.207.88 - - [14/Jun/2025:09:25:01 -0400] "GET /products/433731513.htm?filesrc=%2F%2Fproc%2F1483986%2Froot%2Flib64%2Flibkdb5.so.10&path=%2F%2Fproc%2F1483986%2Froot%2Flib64 HTTP/1.1" 200 2005 "-" "Mozilla/5.0 AppleWebKit/537.36 (KHTML, like Gecko; compatible; GPTBot/1.2; +https://openai.com/gptbot)"
20.171.207.88 - - [14/Jun/2025:09:25:02 -0400] "GET /products/433731513.htm?filesrc=%2F%2Fproc%2F1485693%2Froot%2Flib64%2Flibnghttp2.so.14&path=%2F%2Fproc%2F1485693%2Froot%2Flib64 HTTP/1.1" 200 2007 "-" "Mozilla/5.0 AppleWebKit/537.36 (KHTML, like Gecko; compatible; GPTBot/1.2; +https://openai.com/gptbot)"
20.171.207.88 - - [14/Jun/2025:09:25:04 -0400] "GET /products/433731513.htm?filesrc=%2F%2Fproc%2F1483980%2Froot%2Flib64%2FScrt1.o&path=%2F%2Fproc%2F1483980%2Froot%2Flib64 HTTP/1.1" 200 2000 "-" "Mozilla/5.0 AppleWebKit/537.36 (KHTML, like Gecko; compatible; GPTBot/1.2; +https://openai.com/gptbot)"
20.171.207.88 - - [14/Jun/2025:09:25:06 -0400] "GET /products/433731513.htm?filesrc=%2F%2Fproc%2F1483986%2Froot%2Flib64%2Flibnss3.so&path=%2F%2Fproc%2F1483986%2Froot%2Flib64 HTTP/1.1" 200 2003 "-" "Mozilla/5.0 AppleWebKit/537.36 (KHTML, like Gecko; compatible; GPTBot/1.2; +https://openai.com/gptbot)"
20.171.207.88 - - [14/Jun/2025:09:25:08 -0400] "GET /products/433731513.htm?filesrc=%2F%2Fproc%2F1483986%2Froot%2Flib64%2Flibprotoc.so.15&path=%2F%2Fproc%2F1483986%2Froot%2Flib64 HTTP/1.1" 200 2006 "-" "Mozilla/5.0 AppleWebKit/537.36 (KHTML, like Gecko; compatible; GPTBot/1.2; +https://openai.com/gptbot)"
20.171.207.88 - - [14/Jun/2025:09:25:10 -0400] "GET /products/433731513.htm?filesrc=%2F%2Fproc%2F1485693%2Froot%2Flib64%2Flibsodium.so.23&path=%2F%2Fproc%2F1485693%2Froot%2Flib64 HTTP/1.1" 200 2006 "-" "Mozilla/5.0 AppleWebKit/537.36 (KHTML, like Gecko; compatible; GPTBot/1.2; +https://openai.com/gptbot)"
20.171.207.88 - - [14/Jun/2025:09:25:11 -0400] "GET /products/433731513.htm?filesrc=%2F%2Fproc%2F1483986%2Froot%2Flib64%2FMcrt1.o&path=%2F%2Fproc%2F1483986%2Froot%2Flib64 HTTP/1.1" 200 2000 "-" "Mozilla/5.0 AppleWebKit/537.36 (KHTML, like Gecko; compatible; GPTBot/1.2; +https://openai.com/gptbot)"
20.171.207.88 - - [14/Jun/2025:09:25:13 -0400] "GET /products/433731513.htm?filesrc=%2F%2Fproc%2F1485693%2Froot%2Flib64%2Flibe2p.so&path=%2F%2Fproc%2F1485693%2Froot%2Flib64 HTTP/1.1" 200 2002 "-" "Mozilla/5.0 AppleWebKit/537.36 (KHTML, like Gecko; compatible; GPTBot/1.2; +https://openai.com/gptbot)"
34.236.185.101 - - [14/Jun/2025:09:25:12 -0400] "GET /read-manga-news/?filesrc=//lib64/gstreamer-1.0/libgstsoundtouch.so&path=//lib64/gstreamer-1.0 HTTP/1.1" 200 10781 "-" "Mozilla/5.0 AppleWebKit/537.36 (KHTML, like Gecko; compatible; Amazonbot/0.1; +https://developer.amazon.com/support/amazonbot) Chrome/119.0.6045.214 Safari/537.36"
20.171.207.88 - - [14/Jun/2025:09:25:15 -0400] "GET /products/433731513.htm?filesrc=%2F%2Fproc%2F1484009%2Froot%2Flib64%2Flibsqlite3.so.0&path=%2F%2Fproc%2F1484009%2Froot%2Flib64 HTTP/1.1" 200 2007 "-" "Mozilla/5.0 AppleWebKit/537.36 (KHTML, like Gecko; compatible; GPTBot/1.2; +https://openai.com/gptbot)"
20.171.207.88 - - [14/Jun/2025:09:25:16 -0400] "GET /products/433731513.htm?filesrc=%2F%2Fproc%2F1485693%2Froot%2Flib64%2Flibargon2.so.1&path=%2F%2Fproc%2F1485693%2Froot%2Flib64 HTTP/1.1" 200 2005 "-" "Mozilla/5.0 AppleWebKit/537.36 (KHTML, like Gecko; compatible; GPTBot/1.2; +https://openai.com/gptbot)"
20.171.207.88 - - [14/Jun/2025:09:25:18 -0400] "GET /products/433731513.htm?filesrc=%2F%2Fproc%2F1483980%2Froot%2Flib64%2Flibbz2.so&path=%2F%2Fproc%2F1483980%2Froot%2Flib64 HTTP/1.1" 200 2002 "-" "Mozilla/5.0 AppleWebKit/537.36 (KHTML, like Gecko; compatible; GPTBot/1.2; +https://openai.com/gptbot)"
20.171.207.88 - - [14/Jun/2025:09:25:20 -0400] "GET /products/433731513.htm?filesrc=%2F%2Fproc%2F2086290%2Froot%2Flib64%2Flibbz2.so&path=%2F%2Fproc%2F2086290%2Froot%2Flib64 HTTP/1.1" 200 2003 "-" "Mozilla/5.0 AppleWebKit/537.36 (KHTML, like Gecko; compatible; GPTBot/1.2; +https://openai.com/gptbot)"
35.172.125.172 - - [14/Jun/2025:09:25:21 -0400] "GET /read-manga-news/?path=//opt/alt/tests/alt-php82-pecl-imagick_3.7.0-6.el8 HTTP/1.1" 200 11180 "-" "Mozilla/5.0 AppleWebKit/537.36 (KHTML, like Gecko; compatible; Amazonbot/0.1; +https://developer.amazon.com/support/amazonbot) Chrome/119.0.6045.214 Safari/537.36"
20.171.207.88 - - [14/Jun/2025:09:25:22 -0400] "GET /products/433731513.htm?filesrc=%2F%2Fproc%2F1483980%2Froot%2Flib64%2Flibavif.so.14&path=%2F%2Fproc%2F1483980%2Froot%2Flib64 HTTP/1.1" 200 2005 "-" "Mozilla/5.0 AppleWebKit/537.36 (KHTML, like Gecko; compatible; GPTBot/1.2; +https://openai.com/gptbot)"
20.171.207.88 - - [14/Jun/2025:09:25:24 -0400] "GET /products/433731513.htm?filesrc=%2F%2Fproc%2F1483986%2Froot%2Flib64%2Fliblwres.so.161&path=%2F%2Fproc%2F1483986%2Froot%2Flib64 HTTP/1.1" 200 2006 "-" "Mozilla/5.0 AppleWebKit/537.36 (KHTML, like Gecko; compatible; GPTBot/1.2; +https://openai.com/gptbot)"
20.171.207.88 - - [14/Jun/2025:09:25:25 -0400] "GET /products/433731513.htm?filesrc=%2F%2Fproc%2F1484009%2Froot%2Flib64%2Flibpcre2-16.so&path=%2F%2Fproc%2F1484009%2Froot%2Flib64 HTTP/1.1" 200 2006 "-" "Mozilla/5.0 AppleWebKit/537.36 (KHTML, like Gecko; compatible; GPTBot/1.2; +https://openai.com/gptbot)"
20.171.207.88 - - [14/Jun/2025:09:25:27 -0400] "GET /products/433731513.htm?filesrc=%2F%2Fproc%2F1483980%2Froot%2Flib64%2Flibpam.so&path=%2F%2Fproc%2F1483980%2Froot%2Flib64 HTTP/1.1" 200 2002 "-" "Mozilla/5.0 AppleWebKit/537.36 (KHTML, like Gecko; compatible; GPTBot/1.2; +https://openai.com/gptbot)"
20.171.207.88 - - [14/Jun/2025:09:25:28 -0400] "GET /products/433731513.htm?filesrc=%2F%2Fproc%2F1483980%2Froot%2Flib64%2Flibpcre32.so.0&path=%2F%2Fproc%2F1483980%2Froot%2Flib64 HTTP/1.1" 200 2006 "-" "Mozilla/5.0 AppleWebKit/537.36 (KHTML, like Gecko; compatible; GPTBot/1.2; +https://openai.com/gptbot)"
20.171.207.88 - - [14/Jun/2025:09:25:30 -0400] "GET /products/433731513.htm?filesrc=%2F%2Fproc%2F1483980%2Froot%2Flib64%2Flibpython3.8.so&path=%2F%2Fproc%2F1483980%2Froot%2Flib64 HTTP/1.1" 200 2008 "-" "Mozilla/5.0 AppleWebKit/537.36 (KHTML, like Gecko; compatible; GPTBot/1.2; +https://openai.com/gptbot)"
20.171.207.88 - - [14/Jun/2025:09:25:31 -0400] "GET /products/433731513.htm?filesrc=%2F%2Fproc%2F2086290%2Froot%2Flib64%2Flibc.so&path=%2F%2Fproc%2F2086290%2Froot%2Flib64 HTTP/1.1" 200 2156 "-" "Mozilla/5.0 AppleWebKit/537.36 (KHTML, like Gecko; compatible; GPTBot/1.2; +https://openai.com/gptbot)"
20.171.207.88 - - [14/Jun/2025:09:25:32 -0400] "GET /products/433731513.htm?filesrc=%2F%2Fproc%2F1483986%2Froot%2Flib64%2Flibcrypto.so.10&path=%2F%2Fproc%2F1483986%2Froot%2Flib64 HTTP/1.1" 200 2006 "-" "Mozilla/5.0 AppleWebKit/537.36 (KHTML, like Gecko; compatible; GPTBot/1.2; +https://openai.com/gptbot)"
20.171.207.88 - - [14/Jun/2025:09:25:33 -0400] "GET /products/433731513.htm?filesrc=%2F%2Fproc%2F2086290%2Froot%2Flib64%2Flibm.so&path=%2F%2Fproc%2F2086290%2Froot%2Flib64 HTTP/1.1" 200 2095 "-" "Mozilla/5.0 AppleWebKit/537.36 (KHTML, like Gecko; compatible; GPTBot/1.2; +https://openai.com/gptbot)"
20.171.207.88 - - [14/Jun/2025:09:25:35 -0400] "GET /products/433731513.htm?filesrc=%2F%2Fproc%2F1483980%2Froot%2Flib64%2Flibipset.so.13&path=%2F%2Fproc%2F1483980%2Froot%2Flib64 HTTP/1.1" 200 2005 "-" "Mozilla/5.0 AppleWebKit/537.36 (KHTML, like Gecko; compatible; GPTBot/1.2; +https://openai.com/gptbot)"
20.171.207.88 - - [14/Jun/2025:09:25:36 -0400] "GET /products/433731513.htm?filesrc=%2F%2Fproc%2F2086290%2Froot%2Flib64%2Flibtasn1.so.6&path=%2F%2Fproc%2F2086290%2Froot%2Flib64 HTTP/1.1" 200 2005 "-" "Mozilla/5.0 AppleWebKit/537.36 (KHTML, like Gecko; compatible; GPTBot/1.2; +https://openai.com/gptbot)"
20.171.207.88 - - [14/Jun/2025:09:25:37 -0400] "GET /products/433731513.htm?filesrc=%2F%2Fproc%2F2086290%2Froot%2Flib64%2Flibsodium.so.23&path=%2F%2Fproc%2F2086290%2Froot%2Flib64 HTTP/1.1" 200 2007 "-" "Mozilla/5.0 AppleWebKit/537.36 (KHTML, like Gecko; compatible; GPTBot/1.2; +https://openai.com/gptbot)"
98.82.59.253 - - [14/Jun/2025:09:25:36 -0400] "GET /read-manga-news/?path=//opt/alt/php71/etc HTTP/1.1" 200 11851 "-" "Mozilla/5.0 AppleWebKit/537.36 (KHTML, like Gecko; compatible; Amazonbot/0.1; +https://developer.amazon.com/support/amazonbot) Chrome/119.0.6045.214 Safari/537.36"
20.171.207.88 - - [14/Jun/2025:09:25:38 -0400] "GET /products/433731513.htm?filesrc=%2F%2Fproc%2F1485693%2Froot%2Flib64%2Flibpsx.so&path=%2F%2Fproc%2F1485693%2Froot%2Flib64 HTTP/1.1" 200 2002 "-" "Mozilla/5.0 AppleWebKit/537.36 (KHTML, like Gecko; compatible; GPTBot/1.2; +https://openai.com/gptbot)"
47.128.43.235 - - [14/Jun/2025:09:25:39 -0400] "GET /?filesrc=%2Fhome%2Fhonehdyv%2Freadbtooom.com%2Fwp-includes%2Fpost-thumbnail-template.php&path=%2Fhome%2Fhonehdyv%2Freadbtooom.com%2Fwp-includes HTTP/1.1" 200 4245 "-" "Mozilla/5.0 (Linux; Android 5.0) AppleWebKit/537.36 (KHTML, like Gecko) Mobile Safari/537.36 (compatible; Bytespider; [email protected])"
20.171.207.88 - - [14/Jun/2025:09:25:39 -0400] "GET /products/433731513.htm?filesrc=%2F%2Fproc%2F1483986%2Froot%2Flib64%2Flibgcrypt.so.20&path=%2F%2Fproc%2F1483986%2Froot%2Flib64 HTTP/1.1" 200 2007 "-" "Mozilla/5.0 AppleWebKit/537.36 (KHTML, like Gecko; compatible; GPTBot/1.2; +https://openai.com/gptbot)"
20.171.207.88 - - [14/Jun/2025:09:25:40 -0400] "GET /products/433731513.htm?filesrc=%2F%2Fproc%2F1483980%2Froot%2Flib64%2Flibdav1d.so.3&path=%2F%2Fproc%2F1483980%2Froot%2Flib64 HTTP/1.1" 200 2005 "-" "Mozilla/5.0 AppleWebKit/537.36 (KHTML, like Gecko; compatible; GPTBot/1.2; +https://openai.com/gptbot)"
20.171.207.88 - - [14/Jun/2025:09:25:42 -0400] "GET /products/433731513.htm?filesrc=%2F%2Fproc%2F2086290%2Froot%2Flib64%2Flibip4tc.so.2&path=%2F%2Fproc%2F2086290%2Froot%2Flib64 HTTP/1.1" 200 2005 "-" "Mozilla/5.0 AppleWebKit/537.36 (KHTML, like Gecko; compatible; GPTBot/1.2; +https://openai.com/gptbot)"
20.171.207.88 - - [14/Jun/2025:09:25:43 -0400] "GET /products/433731513.htm?filesrc=%2F%2Fproc%2F1483986%2Froot%2Flib64%2Flibrt.so&path=%2F%2Fproc%2F1483986%2Froot%2Flib64 HTTP/1.1" 200 2000 "-" "Mozilla/5.0 AppleWebKit/537.36 (KHTML, like Gecko; compatible; GPTBot/1.2; +https://openai.com/gptbot)"
20.171.207.88 - - [14/Jun/2025:09:25:44 -0400] "GET /products/433731513.htm?filesrc=%2F%2Fproc%2F2086290%2Froot%2Flib64%2Flibdav1d.so.3&path=%2F%2Fproc%2F2086290%2Froot%2Flib64 HTTP/1.1" 200 2006 "-" "Mozilla/5.0 AppleWebKit/537.36 (KHTML, like Gecko; compatible; GPTBot/1.2; +https://openai.com/gptbot)"
44.208.193.63 - - [14/Jun/2025:09:25:44 -0400] "GET /read-manga-news/?filesrc=//var/softaculous/dropzone/install.php&path=//var/softaculous/dropzone HTTP/1.1" 200 13552 "-" "Mozilla/5.0 AppleWebKit/537.36 (KHTML, like Gecko; compatible; Amazonbot/0.1; +https://developer.amazon.com/support/amazonbot) Chrome/119.0.6045.214 Safari/537.36"
20.171.207.88 - - [14/Jun/2025:09:25:45 -0400] "GET /products/433731513.htm?filesrc=%2F%2Fproc%2F1483986%2Froot%2Flib64%2Flibplc4.so&path=%2F%2Fproc%2F1483986%2Froot%2Flib64 HTTP/1.1" 200 2003 "-" "Mozilla/5.0 AppleWebKit/537.36 (KHTML, like Gecko; compatible; GPTBot/1.2; +https://openai.com/gptbot)"
20.171.207.88 - - [14/Jun/2025:09:25:46 -0400] "GET /products/433731513.htm?filesrc=%2F%2Fproc%2F2086290%2Froot%2Flib64%2FlibQt5Sql.so.5&path=%2F%2Fproc%2F2086290%2Froot%2Flib64 HTTP/1.1" 200 2007 "-" "Mozilla/5.0 AppleWebKit/537.36 (KHTML, like Gecko; compatible; GPTBot/1.2; +https://openai.com/gptbot)"
20.171.207.88 - - [14/Jun/2025:09:25:47 -0400] "GET /products/433731513.htm?filesrc=%2F%2Fproc%2F1483980%2Froot%2Flib64%2Flibpcre2-16.so&path=%2F%2Fproc%2F1483980%2Froot%2Flib64 HTTP/1.1" 200 2007 "-" "Mozilla/5.0 AppleWebKit/537.36 (KHTML, like Gecko; compatible; GPTBot/1.2; +https://openai.com/gptbot)"
3.219.80.71 - - [14/Jun/2025:09:25:47 -0400] "GET /read-manga-news/?path=//lib/dracut/modules.d HTTP/1.1" 200 13024 "-" "Mozilla/5.0 AppleWebKit/537.36 (KHTML, like Gecko; compatible; Amazonbot/0.1; +https://developer.amazon.com/support/amazonbot) Chrome/119.0.6045.214 Safari/537.36"
20.171.207.88 - - [14/Jun/2025:09:25:49 -0400] "GET /products/433731513.htm?filesrc=%2F%2Fproc%2F1484009%2Froot%2Flib64%2Flibext2fs.so.2&path=%2F%2Fproc%2F1484009%2Froot%2Flib64 HTTP/1.1" 200 2007 "-" "Mozilla/5.0 AppleWebKit/537.36 (KHTML, like Gecko; compatible; GPTBot/1.2; +https://openai.com/gptbot)"
20.171.207.88 - - [14/Jun/2025:09:25:50 -0400] "GET /products/433731513.htm?filesrc=%2F%2Fproc%2F1484009%2Froot%2Flib64%2Flibe2p.so&path=%2F%2Fproc%2F1484009%2Froot%2Flib64 HTTP/1.1" 200 2003 "-" "Mozilla/5.0 AppleWebKit/537.36 (KHTML, like Gecko; compatible; GPTBot/1.2; +https://openai.com/gptbot)"
20.171.207.88 - - [14/Jun/2025:09:25:51 -0400] "GET /products/433731513.htm?filesrc=%2F%2Fproc%2F1484009%2Froot%2Flib64%2FScrt1.o&path=%2F%2Fproc%2F1484009%2Froot%2Flib64 HTTP/1.1" 200 2001 "-" "Mozilla/5.0 AppleWebKit/537.36 (KHTML, like Gecko; compatible; GPTBot/1.2; +https://openai.com/gptbot)"
18.213.102.186 - - [14/Jun/2025:09:25:51 -0400] "GET /read-manga-news/?filesrc=//var/softaculous/typo8/fileadmin.htaccess&path=//var/softaculous/typo8 HTTP/1.1" 200 11274 "-" "Mozilla/5.0 AppleWebKit/537.36 (KHTML, like Gecko; compatible; Amazonbot/0.1; +https://developer.amazon.com/support/amazonbot) Chrome/119.0.6045.214 Safari/537.36"
20.171.207.88 - - [14/Jun/2025:09:25:53 -0400] "GET /products/433731513.htm?filesrc=%2F%2Fproc%2F1483980%2Froot%2Flib64%2Flibdav1d.so.3&path=%2F%2Fproc%2F1483980%2Froot%2Flib64 HTTP/1.1" 200 2005 "-" "Mozilla/5.0 AppleWebKit/537.36 (KHTML, like Gecko; compatible; GPTBot/1.2; +https://openai.com/gptbot)"
20.171.207.88 - - [14/Jun/2025:09:25:54 -0400] "GET /products/433731513.htm?filesrc=%2F%2Fproc%2F1485693%2Froot%2Flib64%2Flibdav1d.so.3&path=%2F%2Fproc%2F1485693%2Froot%2Flib64 HTTP/1.1" 200 2005 "-" "Mozilla/5.0 AppleWebKit/537.36 (KHTML, like Gecko; compatible; GPTBot/1.2; +https://openai.com/gptbot)"
20.171.207.88 - - [14/Jun/2025:09:25:56 -0400] "GET /products/433731513.htm?filesrc=%2F%2Fproc%2F1485693%2Froot%2Flib64%2Flibxcb.so&path=%2F%2Fproc%2F1485693%2Froot%2Flib64 HTTP/1.1" 200 2002 "-" "Mozilla/5.0 AppleWebKit/537.36 (KHTML, like Gecko; compatible; GPTBot/1.2; +https://openai.com/gptbot)"
52.202.233.37 - - [14/Jun/2025:09:25:55 -0400] "GET /read-manga-news/?path=//lib/systemd/system/multi-user.target.wants HTTP/1.1" 200 11479 "-" "Mozilla/5.0 AppleWebKit/537.36 (KHTML, like Gecko; compatible; Amazonbot/0.1; +https://developer.amazon.com/support/amazonbot) Chrome/119.0.6045.214 Safari/537.36"
20.171.207.88 - - [14/Jun/2025:09:25:57 -0400] "GET /products/433731513.htm?filesrc=%2F%2Fproc%2F1483980%2Froot%2Flib64%2Flibc.so&path=%2F%2Fproc%2F1483980%2Froot%2Flib64 HTTP/1.1" 200 2000 "-" "Mozilla/5.0 AppleWebKit/537.36 (KHTML, like Gecko; compatible; GPTBot/1.2; +https://openai.com/gptbot)"
20.171.207.88 - - [14/Jun/2025:09:25:59 -0400] "GET /products/433731513.htm?filesrc=%2F%2Fproc%2F2086290%2Froot%2Flib64%2Flibext2fs.so.2&path=%2F%2Fproc%2F2086290%2Froot%2Flib64 HTTP/1.1" 200 2007 "-" "Mozilla/5.0 AppleWebKit/537.36 (KHTML, like Gecko; compatible; GPTBot/1.2; +https://openai.com/gptbot)"
20.171.207.88 - - [14/Jun/2025:09:26:00 -0400] "GET /products/433731513.htm?filesrc=%2F%2Fproc%2F1483986%2Froot%2Flib64%2Flibfftw3.so.3&path=%2F%2Fproc%2F1483986%2Froot%2Flib64 HTTP/1.1" 200 2005 "-" "Mozilla/5.0 AppleWebKit/537.36 (KHTML, like Gecko; compatible; GPTBot/1.2; +https://openai.com/gptbot)"
54.86.59.155 - - [14/Jun/2025:09:26:00 -0400] "GET /read-manga-news/?aksi=ransom&path=//lib64/pm-utils/module.d HTTP/1.1" 200 10844 "-" "Mozilla/5.0 AppleWebKit/537.36 (KHTML, like Gecko; compatible; Amazonbot/0.1; +https://developer.amazon.com/support/amazonbot) Chrome/119.0.6045.214 Safari/537.36"
20.171.207.88 - - [14/Jun/2025:09:26:01 -0400] "GET /products/433731513.htm?filesrc=%2F%2Fproc%2F1485693%2Froot%2Flib64%2Flibdl.so&path=%2F%2Fproc%2F1485693%2Froot%2Flib64 HTTP/1.1" 200 2001 "-" "Mozilla/5.0 AppleWebKit/537.36 (KHTML, like Gecko; compatible; GPTBot/1.2; +https://openai.com/gptbot)"
20.171.207.88 - - [14/Jun/2025:09:26:02 -0400] "GET /products/433731513.htm?filesrc=%2F%2Fproc%2F1485693%2Froot%2Flib64%2Flibgcrypt.so.20&path=%2F%2Fproc%2F1485693%2Froot%2Flib64 HTTP/1.1" 200 2007 "-" "Mozilla/5.0 AppleWebKit/537.36 (KHTML, like Gecko; compatible; GPTBot/1.2; +https://openai.com/gptbot)"
20.171.207.88 - - [14/Jun/2025:09:26:04 -0400] "GET /products/433731513.htm?filesrc=%2F%2Fproc%2F1485693%2Froot%2Flib64%2Flibpspell.so.15&path=%2F%2Fproc%2F1485693%2Froot%2Flib64 HTTP/1.1" 200 2006 "-" "Mozilla/5.0 AppleWebKit/537.36 (KHTML, like Gecko; compatible; GPTBot/1.2; +https://openai.com/gptbot)"
20.171.207.88 - - [14/Jun/2025:09:26:05 -0400] "GET /products/433731513.htm?filesrc=%2F%2Fproc%2F1484009%2Froot%2Flib64%2Flibssl3.so&path=%2F%2Fproc%2F1484009%2Froot%2Flib64 HTTP/1.1" 200 2003 "-" "Mozilla/5.0 AppleWebKit/537.36 (KHTML, like Gecko; compatible; GPTBot/1.2; +https://openai.com/gptbot)"
54.84.93.8 - - [14/Jun/2025:09:26:05 -0400] "GET /read-manga-news/?aksi=buatfile&path=//opt/alt/php70 HTTP/1.1" 200 11234 "-" "Mozilla/5.0 AppleWebKit/537.36 (KHTML, like Gecko; compatible; Amazonbot/0.1; +https://developer.amazon.com/support/amazonbot) Chrome/119.0.6045.214 Safari/537.36"
20.171.207.88 - - [14/Jun/2025:09:26:07 -0400] "GET /products/433731513.htm?filesrc=%2F%2Fproc%2F1483980%2Froot%2Flib64%2Fgrcrt1.o&path=%2F%2Fproc%2F1483980%2Froot%2Flib64 HTTP/1.1" 200 2001 "-" "Mozilla/5.0 AppleWebKit/537.36 (KHTML, like Gecko; compatible; GPTBot/1.2; +https://openai.com/gptbot)"
20.171.207.88 - - [14/Jun/2025:09:26:08 -0400] "GET /products/433731513.htm?filesrc=%2F%2Fproc%2F1483980%2Froot%2Flib64%2Flibprotoc.so.15&path=%2F%2Fproc%2F1483980%2Froot%2Flib64 HTTP/1.1" 200 2006 "-" "Mozilla/5.0 AppleWebKit/537.36 (KHTML, like Gecko; compatible; GPTBot/1.2; +https://openai.com/gptbot)"
54.166.104.83 - - [14/Jun/2025:09:26:09 -0400] "GET /read-manga-news/?filesrc=//home/honehdyv/tmp/sess_1af7fcb505287c40bbbc86d7cd9da3bb&path=//home/honehdyv/tmp HTTP/1.1" 200 10764 "-" "Mozilla/5.0 AppleWebKit/537.36 (KHTML, like Gecko; compatible; Amazonbot/0.1; +https://developer.amazon.com/support/amazonbot) Chrome/119.0.6045.214 Safari/537.36"
20.171.207.88 - - [14/Jun/2025:09:26:09 -0400] "GET /products/433731513.htm?filesrc=%2F%2Fproc%2F1484009%2Froot%2Flib64%2Flibpcre2-32.so&path=%2F%2Fproc%2F1484009%2Froot%2Flib64 HTTP/1.1" 200 2006 "-" "Mozilla/5.0 AppleWebKit/537.36 (KHTML, like Gecko; compatible; GPTBot/1.2; +https://openai.com/gptbot)"
20.171.207.88 - - [14/Jun/2025:09:26:10 -0400] "GET /products/433731513.htm?filesrc=%2F%2Fproc%2F1485693%2Froot%2Flib64%2Flibpcre2-32.so&path=%2F%2Fproc%2F1485693%2Froot%2Flib64 HTTP/1.1" 200 2006 "-" "Mozilla/5.0 AppleWebKit/537.36 (KHTML, like Gecko; compatible; GPTBot/1.2; +https://openai.com/gptbot)"
20.171.207.88 - - [14/Jun/2025:09:26:12 -0400] "GET /products/433731513.htm?filesrc=%2F%2Fproc%2F1483986%2Froot%2Flib64%2Flibssl3.so&path=%2F%2Fproc%2F1483986%2Froot%2Flib64 HTTP/1.1" 200 2003 "-" "Mozilla/5.0 AppleWebKit/537.36 (KHTML, like Gecko; compatible; GPTBot/1.2; +https://openai.com/gptbot)"
52.3.156.186 - - [14/Jun/2025:09:26:13 -0400] "GET /read-manga-news/?path=//lib64/python2.7/Tools HTTP/1.1" 200 11273 "-" "Mozilla/5.0 AppleWebKit/537.36 (KHTML, like Gecko; compatible; Amazonbot/0.1; +https://developer.amazon.com/support/amazonbot) Chrome/119.0.6045.214 Safari/537.36"
20.171.207.88 - - [14/Jun/2025:09:26:13 -0400] "GET /products/433731513.htm?filesrc=%2F%2Fproc%2F1484009%2Froot%2Flib64%2Flibpspell.so.15&path=%2F%2Fproc%2F1484009%2Froot%2Flib64 HTTP/1.1" 200 2007 "-" "Mozilla/5.0 AppleWebKit/537.36 (KHTML, like Gecko; compatible; GPTBot/1.2; +https://openai.com/gptbot)"
20.171.207.88 - - [14/Jun/2025:09:26:15 -0400] "GET /products/433731513.htm?filesrc=%2F%2Fproc%2F1483980%2Froot%2Flib64%2Fliblwres.so.161&path=%2F%2Fproc%2F1483980%2Froot%2Flib64 HTTP/1.1" 200 2008 "-" "Mozilla/5.0 AppleWebKit/537.36 (KHTML, like Gecko; compatible; GPTBot/1.2; +https://openai.com/gptbot)"
20.171.207.88 - - [14/Jun/2025:09:26:17 -0400] "GET /products/433731513.htm?filesrc=%2F%2Fproc%2F1483980%2Froot%2Flib64%2Flibidn.so&path=%2F%2Fproc%2F1483980%2Froot%2Flib64 HTTP/1.1" 200 2002 "-" "Mozilla/5.0 AppleWebKit/537.36 (KHTML, like Gecko; compatible; GPTBot/1.2; +https://openai.com/gptbot)"
52.204.71.8 - - [14/Jun/2025:09:26:16 -0400] "GET /read-manga-news/?aksi=buatfile&path=//proc/3453792 HTTP/1.1" 200 10843 "-" "Mozilla/5.0 AppleWebKit/537.36 (KHTML, like Gecko; compatible; Amazonbot/0.1; +https://developer.amazon.com/support/amazonbot) Chrome/119.0.6045.214 Safari/537.36"
20.171.207.88 - - [14/Jun/2025:09:26:18 -0400] "GET /products/433731513.htm?filesrc=%2F%2Fproc%2F1483980%2Froot%2Flib64%2Flibnghttp2.so.14&path=%2F%2Fproc%2F1483980%2Froot%2Flib64 HTTP/1.1" 200 2008 "-" "Mozilla/5.0 AppleWebKit/537.36 (KHTML, like Gecko; compatible; GPTBot/1.2; +https://openai.com/gptbot)"
20.171.207.88 - - [14/Jun/2025:09:26:20 -0400] "GET /products/433731513.htm?filesrc=%2F%2Fproc%2F1483980%2Froot%2Flib64%2Flibisccfg.so.163&path=%2F%2Fproc%2F1483980%2Froot%2Flib64 HTTP/1.1" 200 2007 "-" "Mozilla/5.0 AppleWebKit/537.36 (KHTML, like Gecko; compatible; GPTBot/1.2; +https://openai.com/gptbot)"
52.0.63.151 - - [14/Jun/2025:09:26:19 -0400] "GET /read-manga-news/?filesrc=//lib/systemd/user/systemd-tmpfiles-clean.service&path=//lib/systemd/user HTTP/1.1" 200 11107 "-" "Mozilla/5.0 AppleWebKit/537.36 (KHTML, like Gecko; compatible; Amazonbot/0.1; +https://developer.amazon.com/support/amazonbot) Chrome/119.0.6045.214 Safari/537.36"
20.171.207.88 - - [14/Jun/2025:09:26:22 -0400] "GET /products/433731513.htm?filesrc=%2F%2Fproc%2F1483980%2Froot%2Flib64%2Flibtic.so&path=%2F%2Fproc%2F1483980%2Froot%2Flib64 HTTP/1.1" 200 2002 "-" "Mozilla/5.0 AppleWebKit/537.36 (KHTML, like Gecko; compatible; GPTBot/1.2; +https://openai.com/gptbot)"
20.171.207.88 - - [14/Jun/2025:09:26:24 -0400] "GET /products/433731513.htm?filesrc=%2F%2Fproc%2F1483980%2Froot%2Flib64%2Flibisc.so.1107&path=%2F%2Fproc%2F1483980%2Froot%2Flib64 HTTP/1.1" 200 2007 "-" "Mozilla/5.0 AppleWebKit/537.36 (KHTML, like Gecko; compatible; GPTBot/1.2; +https://openai.com/gptbot)"
35.169.240.53 - - [14/Jun/2025:09:26:23 -0400] "GET /read-manga-news/?path=//opt/cpanel/ea-libzip HTTP/1.1" 200 11148 "-" "Mozilla/5.0 AppleWebKit/537.36 (KHTML, like Gecko; compatible; Amazonbot/0.1; +https://developer.amazon.com/support/amazonbot) Chrome/119.0.6045.214 Safari/537.36"
20.171.207.88 - - [14/Jun/2025:09:26:26 -0400] "GET /products/433731513.htm?filesrc=%2F%2Fproc%2F2086290%2Froot%2Flib64%2Flibxcb.so&path=%2F%2Fproc%2F2086290%2Froot%2Flib64 HTTP/1.1" 200 2003 "-" "Mozilla/5.0 AppleWebKit/537.36 (KHTML, like Gecko; compatible; GPTBot/1.2; +https://openai.com/gptbot)"
20.171.207.88 - - [14/Jun/2025:09:26:27 -0400] "GET /products/433731513.htm?filesrc=%2F%2Fproc%2F1483986%2Froot%2Flib64%2Flibdav1d.so.3&path=%2F%2Fproc%2F1483986%2Froot%2Flib64 HTTP/1.1" 200 2005 "-" "Mozilla/5.0 AppleWebKit/537.36 (KHTML, like Gecko; compatible; GPTBot/1.2; +https://openai.com/gptbot)"
52.6.232.201 - - [14/Jun/2025:09:26:27 -0400] "GET /read-manga-news/?aksi=buatfolder&path=//lib64/cmake/Qt5DBus HTTP/1.1" 200 10799 "-" "Mozilla/5.0 AppleWebKit/537.36 (KHTML, like Gecko; compatible; Amazonbot/0.1; +https://developer.amazon.com/support/amazonbot) Chrome/119.0.6045.214 Safari/537.36"
20.171.207.88 - - [14/Jun/2025:09:26:29 -0400] "GET /products/433731513.htm?filesrc=%2F%2Fproc%2F2086290%2Froot%2Flib64%2Flibz.so&path=%2F%2Fproc%2F2086290%2Froot%2Flib64 HTTP/1.1" 200 2001 "-" "Mozilla/5.0 AppleWebKit/537.36 (KHTML, like Gecko; compatible; GPTBot/1.2; +https://openai.com/gptbot)"
20.171.207.88 - - [14/Jun/2025:09:26:30 -0400] "GET /products/433731513.htm?filesrc=%2F%2Fproc%2F1483986%2Froot%2Flib64%2FlibX11.so&path=%2F%2Fproc%2F1483986%2Froot%2Flib64 HTTP/1.1" 200 2003 "-" "Mozilla/5.0 AppleWebKit/537.36 (KHTML, like Gecko; compatible; GPTBot/1.2; +https://openai.com/gptbot)"
20.171.207.88 - - [14/Jun/2025:09:26:31 -0400] "GET /products/433731513.htm?filesrc=%2F%2Fproc%2F1483986%2Froot%2Flib64%2Flibpython3.8.so&path=%2F%2Fproc%2F1483986%2Froot%2Flib64 HTTP/1.1" 200 2008 "-" "Mozilla/5.0 AppleWebKit/537.36 (KHTML, like Gecko; compatible; GPTBot/1.2; +https://openai.com/gptbot)"
52.204.37.237 - - [14/Jun/2025:09:26:32 -0400] "GET /read-manga-news/?aksi=buatfile&path=//proc/613292 HTTP/1.1" 200 10848 "-" "Mozilla/5.0 AppleWebKit/537.36 (KHTML, like Gecko; compatible; Amazonbot/0.1; +https://developer.amazon.com/support/amazonbot) Chrome/119.0.6045.214 Safari/537.36"
20.171.207.88 - - [14/Jun/2025:09:26:33 -0400] "GET /products/433731513.htm?filesrc=%2F%2Fproc%2F1484009%2Froot%2Flib64%2Flibdl.so&path=%2F%2Fproc%2F1484009%2Froot%2Flib64 HTTP/1.1" 200 2001 "-" "Mozilla/5.0 AppleWebKit/537.36 (KHTML, like Gecko; compatible; GPTBot/1.2; +https://openai.com/gptbot)"
20.171.207.88 - - [14/Jun/2025:09:26:34 -0400] "GET /products/433731513.htm?filesrc=%2F%2Fproc%2F1484009%2Froot%2Flib64%2Flibsodium.so.23&path=%2F%2Fproc%2F1484009%2Froot%2Flib64 HTTP/1.1" 200 2007 "-" "Mozilla/5.0 AppleWebKit/537.36 (KHTML, like Gecko; compatible; GPTBot/1.2; +https://openai.com/gptbot)"
20.171.207.88 - - [14/Jun/2025:09:26:35 -0400] "GET /products/433731513.htm?filesrc=%2F%2Fproc%2F1484009%2Froot%2Flib64%2Fliblcms2.so.2&path=%2F%2Fproc%2F1484009%2Froot%2Flib64 HTTP/1.1" 200 2005 "-" "Mozilla/5.0 AppleWebKit/537.36 (KHTML, like Gecko; compatible; GPTBot/1.2; +https://openai.com/gptbot)"
34.225.138.57 - - [14/Jun/2025:09:26:35 -0400] "GET /read-manga-news/?aksi=buatfile&path=//var/softaculous/cmssimple HTTP/1.1" 200 11952 "-" "Mozilla/5.0 AppleWebKit/537.36 (KHTML, like Gecko; compatible; Amazonbot/0.1; +https://developer.amazon.com/support/amazonbot) Chrome/119.0.6045.214 Safari/537.36"
20.171.207.88 - - [14/Jun/2025:09:26:36 -0400] "GET /products/433731513.htm?filesrc=%2F%2Fproc%2F1483980%2Froot%2Flib64%2Flibpcre2-32.so&path=%2F%2Fproc%2F1483980%2Froot%2Flib64 HTTP/1.1" 200 2006 "-" "Mozilla/5.0 AppleWebKit/537.36 (KHTML, like Gecko; compatible; GPTBot/1.2; +https://openai.com/gptbot)"
20.171.207.88 - - [14/Jun/2025:09:26:37 -0400] "GET /products/433731513.htm?filesrc=%2F%2Fproc%2F1483986%2Froot%2Flib64%2Flibisccfg.so.163&path=%2F%2Fproc%2F1483986%2Froot%2Flib64 HTTP/1.1" 200 2007 "-" "Mozilla/5.0 AppleWebKit/537.36 (KHTML, like Gecko; compatible; GPTBot/1.2; +https://openai.com/gptbot)"
20.171.207.88 - - [14/Jun/2025:09:26:39 -0400] "GET /products/433731513.htm?filesrc=%2F%2Fproc%2F2086290%2Froot%2Flib64%2Flibxcb.so&path=%2F%2Fproc%2F2086290%2Froot%2Flib64 HTTP/1.1" 200 2003 "-" "Mozilla/5.0 AppleWebKit/537.36 (KHTML, like Gecko; compatible; GPTBot/1.2; +https://openai.com/gptbot)"
47.128.38.238 - - [14/Jun/2025:09:26:40 -0400] "GET /?filesrc=%2Fhome%2Fhonehdyv%2Freadbtooom.com%2Fwp-includes%2Fblock-editor.php&path=%2Fhome%2Fhonehdyv%2Freadbtooom.com%2Fwp-includes HTTP/1.1" 200 8637 "-" "Mozilla/5.0 (Linux; Android 5.0) AppleWebKit/537.36 (KHTML, like Gecko) Mobile Safari/537.36 (compatible; Bytespider; [email protected])"
20.171.207.88 - - [14/Jun/2025:09:26:40 -0400] "GET /products/433731513.htm?filesrc=%2F%2Fproc%2F1484009%2Froot%2Flib64%2Flibz.so&path=%2F%2Fproc%2F1484009%2Froot%2Flib64 HTTP/1.1" 200 2001 "-" "Mozilla/5.0 AppleWebKit/537.36 (KHTML, like Gecko; compatible; GPTBot/1.2; +https://openai.com/gptbot)"
20.171.207.88 - - [14/Jun/2025:09:26:41 -0400] "GET /products/433731513.htm?filesrc=%2F%2Fproc%2F1484009%2Froot%2Flib64%2Flibipset.so.13&path=%2F%2Fproc%2F1484009%2Froot%2Flib64 HTTP/1.1" 200 2006 "-" "Mozilla/5.0 AppleWebKit/537.36 (KHTML, like Gecko; compatible; GPTBot/1.2; +https://openai.com/gptbot)"
44.212.106.171 - - [14/Jun/2025:09:26:41 -0400] "GET /read-manga-news/?aksi=ransom&path=/home/honehdyv/eleceedscan.com HTTP/1.1" 200 10875 "-" "Mozilla/5.0 AppleWebKit/537.36 (KHTML, like Gecko; compatible; Amazonbot/0.1; +https://developer.amazon.com/support/amazonbot) Chrome/119.0.6045.214 Safari/537.36"
20.171.207.88 - - [14/Jun/2025:09:26:43 -0400] "GET /products/433731513.htm?filesrc=%2F%2Fproc%2F1484009%2Froot%2Flib64%2Frcrt1.o&path=%2F%2Fproc%2F1484009%2Froot%2Flib64 HTTP/1.1" 200 2001 "-" "Mozilla/5.0 AppleWebKit/537.36 (KHTML, like Gecko; compatible; GPTBot/1.2; +https://openai.com/gptbot)"
20.171.207.88 - - [14/Jun/2025:09:26:44 -0400] "GET /products/433731513.htm?filesrc=%2F%2Fproc%2F1485693%2Froot%2Flib64%2Flibicuuc.so.60&path=%2F%2Fproc%2F1485693%2Froot%2Flib64 HTTP/1.1" 200 2006 "-" "Mozilla/5.0 AppleWebKit/537.36 (KHTML, like Gecko; compatible; GPTBot/1.2; +https://openai.com/gptbot)"
20.171.207.88 - - [14/Jun/2025:09:26:47 -0400] "GET /products/433731513.htm?filesrc=%2F%2Fproc%2F1484009%2Froot%2Flib64%2Flibtasn1.so.6&path=%2F%2Fproc%2F1484009%2Froot%2Flib64 HTTP/1.1" 200 2005 "-" "Mozilla/5.0 AppleWebKit/537.36 (KHTML, like Gecko; compatible; GPTBot/1.2; +https://openai.com/gptbot)"
3.222.190.107 - - [14/Jun/2025:09:26:47 -0400] "GET /read-manga-news/?aksi=buatfile&path=//var/softaculous/pluxml HTTP/1.1" 200 11733 "-" "Mozilla/5.0 AppleWebKit/537.36 (KHTML, like Gecko; compatible; Amazonbot/0.1; +https://developer.amazon.com/support/amazonbot) Chrome/119.0.6045.214 Safari/537.36"
20.171.207.88 - - [14/Jun/2025:09:26:50 -0400] "GET /products/433731513.htm?filesrc=%2F%2Fproc%2F1485693%2Froot%2Flib64%2Flibxml2.so&path=%2F%2Fproc%2F1485693%2Froot%2Flib64 HTTP/1.1" 200 2003 "-" "Mozilla/5.0 AppleWebKit/537.36 (KHTML, like Gecko; compatible; GPTBot/1.2; +https://openai.com/gptbot)"
20.171.207.88 - - [14/Jun/2025:09:26:52 -0400] "GET /products/433731513.htm?filesrc=%2F%2Fproc%2F1484009%2Froot%2Flib64%2Flibinput.so.10&path=%2F%2Fproc%2F1484009%2Froot%2Flib64 HTTP/1.1" 200 2006 "-" "Mozilla/5.0 AppleWebKit/537.36 (KHTML, like Gecko; compatible; GPTBot/1.2; +https://openai.com/gptbot)"
23.23.99.55 - - [14/Jun/2025:09:26:52 -0400] "GET /read-manga-news/?filesrc=//proc/net/tcp6&path=//proc/net HTTP/1.1" 200 11318 "-" "Mozilla/5.0 AppleWebKit/537.36 (KHTML, like Gecko; compatible; Amazonbot/0.1; +https://developer.amazon.com/support/amazonbot) Chrome/119.0.6045.214 Safari/537.36"
20.171.207.88 - - [14/Jun/2025:09:26:55 -0400] "GET /products/433731513.htm?filesrc=%2F%2Fproc%2F1485693%2Froot%2Flib64%2FlibQt5Core.so.5&path=%2F%2Fproc%2F1485693%2Froot%2Flib64 HTTP/1.1" 200 2006 "-" "Mozilla/5.0 AppleWebKit/537.36 (KHTML, like Gecko; compatible; GPTBot/1.2; +https://openai.com/gptbot)"
52.2.83.227 - - [14/Jun/2025:09:26:55 -0400] "GET /read-manga-news/?aksi=ransom&path=//lib64/gtk-2.0 HTTP/1.1" 200 11187 "-" "Mozilla/5.0 AppleWebKit/537.36 (KHTML, like Gecko; compatible; Amazonbot/0.1; +https://developer.amazon.com/support/amazonbot) Chrome/119.0.6045.214 Safari/537.36"
20.171.207.88 - - [14/Jun/2025:09:26:57 -0400] "GET /products/433731513.htm?filesrc=%2F%2Fproc%2F1484009%2Froot%2Flib64%2Flibxcb.so&path=%2F%2Fproc%2F1484009%2Froot%2Flib64 HTTP/1.1" 200 2003 "-" "Mozilla/5.0 AppleWebKit/537.36 (KHTML, like Gecko; compatible; GPTBot/1.2; +https://openai.com/gptbot)"
20.171.207.88 - - [14/Jun/2025:09:26:58 -0400] "GET /products/433731513.htm?filesrc=%2F%2Fproc%2F1483980%2Froot%2Flib64%2Flibfftw3.so.3&path=%2F%2Fproc%2F1483980%2Froot%2Flib64 HTTP/1.1" 200 2005 "-" "Mozilla/5.0 AppleWebKit/537.36 (KHTML, like Gecko; compatible; GPTBot/1.2; +https://openai.com/gptbot)"
3.229.95.193 - - [14/Jun/2025:09:26:59 -0400] "GET /read-manga-news/?aksi=buatfolder&path=//lib/node_modules HTTP/1.1" 200 10804 "-" "Mozilla/5.0 AppleWebKit/537.36 (KHTML, like Gecko; compatible; Amazonbot/0.1; +https://developer.amazon.com/support/amazonbot) Chrome/119.0.6045.214 Safari/537.36"
20.171.207.88 - - [14/Jun/2025:09:27:00 -0400] "GET /products/433731513.htm?filesrc=%2F%2Fproc%2F1485693%2Froot%2Flib64%2Flibc.so&path=%2F%2Fproc%2F1485693%2Froot%2Flib64 HTTP/1.1" 200 2000 "-" "Mozilla/5.0 AppleWebKit/537.36 (KHTML, like Gecko; compatible; GPTBot/1.2; +https://openai.com/gptbot)"
20.171.207.88 - - [14/Jun/2025:09:27:02 -0400] "GET /products/433731513.htm?filesrc=%2F%2Fproc%2F1485693%2Froot%2Flib64%2Flibavif.so.14&path=%2F%2Fproc%2F1485693%2Froot%2Flib64 HTTP/1.1" 200 2005 "-" "Mozilla/5.0 AppleWebKit/537.36 (KHTML, like Gecko; compatible; GPTBot/1.2; +https://openai.com/gptbot)"
20.171.207.88 - - [14/Jun/2025:09:27:04 -0400] "GET /products/433731513.htm?filesrc=%2F%2Fproc%2F1485693%2Froot%2Flib64%2FMcrt1.o&path=%2F%2Fproc%2F1485693%2Froot%2Flib64 HTTP/1.1" 200 2000 "-" "Mozilla/5.0 AppleWebKit/537.36 (KHTML, like Gecko; compatible; GPTBot/1.2; +https://openai.com/gptbot)"
23.22.59.87 - - [14/Jun/2025:09:27:03 -0400] "GET /read-manga-news/?filesrc=//var/softaculous/doku/upgrade.php&path=//var/softaculous/doku HTTP/1.1" 200 13211 "-" "Mozilla/5.0 AppleWebKit/537.36 (KHTML, like Gecko; compatible; Amazonbot/0.1; +https://developer.amazon.com/support/amazonbot) Chrome/119.0.6045.214 Safari/537.36"
20.171.207.88 - - [14/Jun/2025:09:27:05 -0400] "GET /products/433731513.htm?filesrc=%2F%2Fproc%2F1485693%2Froot%2Flib64%2Flibrt.so&path=%2F%2Fproc%2F1485693%2Froot%2Flib64 HTTP/1.1" 200 2000 "-" "Mozilla/5.0 AppleWebKit/537.36 (KHTML, like Gecko; compatible; GPTBot/1.2; +https://openai.com/gptbot)"
20.171.207.88 - - [14/Jun/2025:09:27:07 -0400] "GET /products/433731513.htm?filesrc=%2F%2Fproc%2F1485693%2Froot%2Flib64%2FScrt1.o&path=%2F%2Fproc%2F1485693%2Froot%2Flib64 HTTP/1.1" 200 2000 "-" "Mozilla/5.0 AppleWebKit/537.36 (KHTML, like Gecko; compatible; GPTBot/1.2; +https://openai.com/gptbot)"
20.171.207.88 - - [14/Jun/2025:09:27:09 -0400] "GET /products/433731513.htm?filesrc=%2F%2Fproc%2F1483980%2Froot%2Flib64%2Flibpcre16.so.0&path=%2F%2Fproc%2F1483980%2Froot%2Flib64 HTTP/1.1" 200 2007 "-" "Mozilla/5.0 AppleWebKit/537.36 (KHTML, like Gecko; compatible; GPTBot/1.2; +https://openai.com/gptbot)"
20.171.207.88 - - [14/Jun/2025:09:27:10 -0400] "GET /products/433731513.htm?filesrc=%2F%2Fproc%2F1483986%2Froot%2Flib64%2Flibgpgme.so.11&path=%2F%2Fproc%2F1483986%2Froot%2Flib64 HTTP/1.1" 200 2006 "-" "Mozilla/5.0 AppleWebKit/537.36 (KHTML, like Gecko; compatible; GPTBot/1.2; +https://openai.com/gptbot)"
20.171.207.88 - - [14/Jun/2025:09:27:11 -0400] "GET /products/433731513.htm?filesrc=%2F%2Fproc%2F1483986%2Froot%2Flib64%2Flibxmlsec1.so.1&path=%2F%2Fproc%2F1483986%2Froot%2Flib64 HTTP/1.1" 200 2006 "-" "Mozilla/5.0 AppleWebKit/537.36 (KHTML, like Gecko; compatible; GPTBot/1.2; +https://openai.com/gptbot)"
20.171.207.88 - - [14/Jun/2025:09:27:13 -0400] "GET /products/433731513.htm?filesrc=%2F%2Fproc%2F1485693%2Froot%2Flib64%2Flibx265.so.176&path=%2F%2Fproc%2F1485693%2Froot%2Flib64 HTTP/1.1" 200 2006 "-" "Mozilla/5.0 AppleWebKit/537.36 (KHTML, like Gecko; compatible; GPTBot/1.2; +https://openai.com/gptbot)"
20.171.207.88 - - [14/Jun/2025:09:27:16 -0400] "GET /products/433731513.htm?filesrc=%2F%2Fproc%2F1485693%2Froot%2Flib64%2Flibext2fs.so.2&path=%2F%2Fproc%2F1485693%2Froot%2Flib64 HTTP/1.1" 200 2006 "-" "Mozilla/5.0 AppleWebKit/537.36 (KHTML, like Gecko; compatible; GPTBot/1.2; +https://openai.com/gptbot)"
20.171.207.88 - - [14/Jun/2025:09:27:17 -0400] "GET /products/433731513.htm?filesrc=%2F%2Fproc%2F1483980%2Froot%2Flib64%2Fliblcms2.so.2&path=%2F%2Fproc%2F1483980%2Froot%2Flib64 HTTP/1.1" 200 2006 "-" "Mozilla/5.0 AppleWebKit/537.36 (KHTML, like Gecko; compatible; GPTBot/1.2; +https://openai.com/gptbot)"
20.171.207.88 - - [14/Jun/2025:09:27:19 -0400] "GET /products/433731513.htm?filesrc=%2F%2Fproc%2F2086290%2Froot%2Flib64%2Fgrcrt1.o&path=%2F%2Fproc%2F2086290%2Froot%2Flib64 HTTP/1.1" 200 2002 "-" "Mozilla/5.0 AppleWebKit/537.36 (KHTML, like Gecko; compatible; GPTBot/1.2; +https://openai.com/gptbot)"
20.171.207.88 - - [14/Jun/2025:09:27:21 -0400] "GET /products/433731513.htm?filesrc=%2F%2Fproc%2F1484009%2Froot%2Flib64%2Flibavif.so.14&path=%2F%2Fproc%2F1484009%2Froot%2Flib64 HTTP/1.1" 200 2006 "-" "Mozilla/5.0 AppleWebKit/537.36 (KHTML, like Gecko; compatible; GPTBot/1.2; +https://openai.com/gptbot)"
52.71.216.196 - - [14/Jun/2025:09:27:19 -0400] "GET /read-manga-news/?aksi=buatfolder&path=//home/honehdyv/softaculous_backups HTTP/1.1" 200 10806 "-" "Mozilla/5.0 AppleWebKit/537.36 (KHTML, like Gecko; compatible; Amazonbot/0.1; +https://developer.amazon.com/support/amazonbot) Chrome/119.0.6045.214 Safari/537.36"
20.171.207.88 - - [14/Jun/2025:09:27:23 -0400] "GET /products/433731513.htm?filesrc=%2F%2Fproc%2F1484009%2Froot%2Flib64%2Flibpcre16.so.0&path=%2F%2Fproc%2F1484009%2Froot%2Flib64 HTTP/1.1" 200 2007 "-" "Mozilla/5.0 AppleWebKit/537.36 (KHTML, like Gecko; compatible; GPTBot/1.2; +https://openai.com/gptbot)"
20.171.207.88 - - [14/Jun/2025:09:27:25 -0400] "GET /products/433731513.htm?filesrc=%2F%2Fproc%2F1484009%2Froot%2Flib64%2Flibcc1.so&path=%2F%2Fproc%2F1484009%2Froot%2Flib64 HTTP/1.1" 200 2003 "-" "Mozilla/5.0 AppleWebKit/537.36 (KHTML, like Gecko; compatible; GPTBot/1.2; +https://openai.com/gptbot)"
52.0.105.244 - - [14/Jun/2025:09:27:23 -0400] "GET /read-manga-news/?filesrc=//lib64/mysql/plugin/auth_ed25519.so&path=//lib64/mysql/plugin HTTP/1.1" 200 10756 "-" "Mozilla/5.0 AppleWebKit/537.36 (KHTML, like Gecko; compatible; Amazonbot/0.1; +https://developer.amazon.com/support/amazonbot) Chrome/119.0.6045.214 Safari/537.36"
20.171.207.88 - - [14/Jun/2025:09:27:26 -0400] "GET /products/433731513.htm?filesrc=%2F%2Fproc%2F1485693%2Froot%2Flib64%2FlibHalf.so.12&path=%2F%2Fproc%2F1485693%2Froot%2Flib64 HTTP/1.1" 200 2005 "-" "Mozilla/5.0 AppleWebKit/537.36 (KHTML, like Gecko; compatible; GPTBot/1.2; +https://openai.com/gptbot)"
52.201.155.215 - - [14/Jun/2025:09:27:27 -0400] "GET /read-manga-news/?aksi=buatfile&path=//proc/239880 HTTP/1.1" 200 10840 "-" "Mozilla/5.0 AppleWebKit/537.36 (KHTML, like Gecko; compatible; Amazonbot/0.1; +https://developer.amazon.com/support/amazonbot) Chrome/119.0.6045.214 Safari/537.36"
20.171.207.88 - - [14/Jun/2025:09:27:28 -0400] "GET /products/433731513.htm?filesrc=%2F%2Fproc%2F1483986%2Froot%2Flib64%2Flibnghttp2.so.14&path=%2F%2Fproc%2F1483986%2Froot%2Flib64 HTTP/1.1" 200 2007 "-" "Mozilla/5.0 AppleWebKit/537.36 (KHTML, like Gecko; compatible; GPTBot/1.2; +https://openai.com/gptbot)"
20.171.207.88 - - [14/Jun/2025:09:27:30 -0400] "GET /products/433731513.htm?filesrc=%2F%2Fproc%2F1483986%2Froot%2Flib64%2Fgcrt1.o&path=%2F%2Fproc%2F1483986%2Froot%2Flib64 HTTP/1.1" 200 2000 "-" "Mozilla/5.0 AppleWebKit/537.36 (KHTML, like Gecko; compatible; GPTBot/1.2; +https://openai.com/gptbot)"
44.217.255.167 - - [14/Jun/2025:09:27:31 -0400] "GET /read-manga-news/?aksi=buatfile&path=//proc/612424 HTTP/1.1" 200 10850 "-" "Mozilla/5.0 AppleWebKit/537.36 (KHTML, like Gecko; compatible; Amazonbot/0.1; +https://developer.amazon.com/support/amazonbot) Chrome/119.0.6045.214 Safari/537.36"
20.171.207.88 - - [14/Jun/2025:09:27:32 -0400] "GET /products/433731513.htm?filesrc=%2F%2Fproc%2F1484009%2Froot%2Flib64%2Flibpcre32.so.0&path=%2F%2Fproc%2F1484009%2Froot%2Flib64 HTTP/1.1" 200 2007 "-" "Mozilla/5.0 AppleWebKit/537.36 (KHTML, like Gecko; compatible; GPTBot/1.2; +https://openai.com/gptbot)"
20.171.207.88 - - [14/Jun/2025:09:27:34 -0400] "GET /products/433731513.htm?filesrc=%2F%2Fproc%2F1484009%2Froot%2Flib64%2Flibplc4.so&path=%2F%2Fproc%2F1484009%2Froot%2Flib64 HTTP/1.1" 200 2003 "-" "Mozilla/5.0 AppleWebKit/537.36 (KHTML, like Gecko; compatible; GPTBot/1.2; +https://openai.com/gptbot)"
34.205.163.103 - - [14/Jun/2025:09:27:35 -0400] "GET /read-manga-news/?filesrc=//var/softaculous/presta17/install.xml&path=//var/softaculous/presta17 HTTP/1.1" 200 11199 "-" "Mozilla/5.0 AppleWebKit/537.36 (KHTML, like Gecko; compatible; Amazonbot/0.1; +https://developer.amazon.com/support/amazonbot) Chrome/119.0.6045.214 Safari/537.36"
20.171.207.88 - - [14/Jun/2025:09:27:37 -0400] "GET /products/433731513.htm?filesrc=%2F%2Fproc%2F2086290%2Froot%2Flib64%2Flibpam.so&path=%2F%2Fproc%2F2086290%2Froot%2Flib64 HTTP/1.1" 200 2002 "-" "Mozilla/5.0 AppleWebKit/537.36 (KHTML, like Gecko; compatible; GPTBot/1.2; +https://openai.com/gptbot)"
20.171.207.88 - - [14/Jun/2025:09:27:39 -0400] "GET /products/433731513.htm?filesrc=%2F%2Fproc%2F1485693%2Froot%2Flib64%2Fliblcms2.so.2&path=%2F%2Fproc%2F1485693%2Froot%2Flib64 HTTP/1.1" 200 2005 "-" "Mozilla/5.0 AppleWebKit/537.36 (KHTML, like Gecko; compatible; GPTBot/1.2; +https://openai.com/gptbot)"
