20.171.207.88 - - [14/Jun/2025:09:30:49 -0400] "GET /products/433731513.htm?filesrc=%2F%2Fproc%2F2086290%2Froot%2Flib64%2Flibnssckbi.so&path=%2F%2Fproc%2F2086290%2Froot%2Flib64 HTTP/1.1" 200 2005 "-" "Mozilla/5.0 AppleWebKit/537.36 (KHTML, like Gecko; compatible; GPTBot/1.2; +https://openai.com/gptbot)"
20.171.207.88 - - [14/Jun/2025:09:30:50 -0400] "GET /products/433731513.htm?filesrc=%2F%2Fproc%2F2086290%2Froot%2Flib64%2Flibunistring.so.2&path=%2F%2Fproc%2F2086290%2Froot%2Flib64 HTTP/1.1" 200 2008 "-" "Mozilla/5.0 AppleWebKit/537.36 (KHTML, like Gecko; compatible; GPTBot/1.2; +https://openai.com/gptbot)"
44.212.131.50 - - [14/Jun/2025:09:30:51 -0400] "GET /read-manga-news/?filesrc=//usr/lib64/libkadm5clnt.so&path=//usr/lib64 HTTP/1.1" 200 10729 "-" "Mozilla/5.0 AppleWebKit/537.36 (KHTML, like Gecko; compatible; Amazonbot/0.1; +https://developer.amazon.com/support/amazonbot) Chrome/119.0.6045.214 Safari/537.36"
20.171.207.88 - - [14/Jun/2025:09:30:52 -0400] "GET /products/433731513.htm?filesrc=%2F%2Fproc%2F1483986%2Froot%2Flib64%2Flibsmime3.so&path=%2F%2Fproc%2F1483986%2Froot%2Flib64 HTTP/1.1" 200 2004 "-" "Mozilla/5.0 AppleWebKit/537.36 (KHTML, like Gecko; compatible; GPTBot/1.2; +https://openai.com/gptbot)"
20.171.207.88 - - [14/Jun/2025:09:30:53 -0400] "GET /products/433731513.htm?filesrc=%2F%2Fproc%2F1485693%2Froot%2Flib64%2Fliblscapi.so&path=%2F%2Fproc%2F1485693%2Froot%2Flib64 HTTP/1.1" 200 2004 "-" "Mozilla/5.0 AppleWebKit/537.36 (KHTML, like Gecko; compatible; GPTBot/1.2; +https://openai.com/gptbot)"
20.171.207.88 - - [14/Jun/2025:09:30:54 -0400] "GET /products/433731513.htm?filesrc=%2F%2Fproc%2F2086290%2Froot%2Flib64%2Flibpanel.so&path=%2F%2Fproc%2F2086290%2Froot%2Flib64 HTTP/1.1" 200 2004 "-" "Mozilla/5.0 AppleWebKit/537.36 (KHTML, like Gecko; compatible; GPTBot/1.2; +https://openai.com/gptbot)"
20.171.207.88 - - [14/Jun/2025:09:30:55 -0400] "GET /products/433731513.htm?filesrc=%2F%2Fproc%2F2086290%2Froot%2Flib64%2Flibmcheck.a&path=%2F%2Fproc%2F2086290%2Froot%2Flib64 HTTP/1.1" 200 2004 "-" "Mozilla/5.0 AppleWebKit/537.36 (KHTML, like Gecko; compatible; GPTBot/1.2; +https://openai.com/gptbot)"
18.215.112.101 - - [14/Jun/2025:09:30:55 -0400] "GET /read-manga-news/?path=//usr/share/locale/tlh HTTP/1.1" 200 11161 "-" "Mozilla/5.0 AppleWebKit/537.36 (KHTML, like Gecko; compatible; Amazonbot/0.1; +https://developer.amazon.com/support/amazonbot) Chrome/119.0.6045.214 Safari/537.36"
20.171.207.88 - - [14/Jun/2025:09:30:56 -0400] "GET /products/433731513.htm?filesrc=%2F%2Fproc%2F2086290%2Froot%2Flib64%2Flibmenuw.so&path=%2F%2Fproc%2F2086290%2Froot%2Flib64 HTTP/1.1" 200 2004 "-" "Mozilla/5.0 AppleWebKit/537.36 (KHTML, like Gecko; compatible; GPTBot/1.2; +https://openai.com/gptbot)"
20.171.207.88 - - [14/Jun/2025:09:30:57 -0400] "GET /products/433731513.htm?filesrc=%2F%2Fproc%2F1483986%2Froot%2Flib64%2Flibmariadb.so&path=%2F%2Fproc%2F1483986%2Froot%2Flib64 HTTP/1.1" 200 2004 "-" "Mozilla/5.0 AppleWebKit/537.36 (KHTML, like Gecko; compatible; GPTBot/1.2; +https://openai.com/gptbot)"
20.171.207.88 - - [14/Jun/2025:09:30:59 -0400] "GET /products/433731513.htm?filesrc=%2F%2Fproc%2F1483986%2Froot%2Flib64%2Fliblwres.so&path=%2F%2Fproc%2F1483986%2Froot%2Flib64 HTTP/1.1" 200 2004 "-" "Mozilla/5.0 AppleWebKit/537.36 (KHTML, like Gecko; compatible; GPTBot/1.2; +https://openai.com/gptbot)"
34.234.197.175 - - [14/Jun/2025:09:30:59 -0400] "GET /read-manga-news/?filesrc=//usr/lib64/libxcb-glx.so.0&path=//usr/lib64 HTTP/1.1" 200 10730 "-" "Mozilla/5.0 AppleWebKit/537.36 (KHTML, like Gecko; compatible; Amazonbot/0.1; +https://developer.amazon.com/support/amazonbot) Chrome/119.0.6045.214 Safari/537.36"
20.171.207.88 - - [14/Jun/2025:09:31:00 -0400] "GET /products/433731513.htm?filesrc=%2F%2Fproc%2F1485693%2Froot%2Flib64%2Flibfstrm.so&path=%2F%2Fproc%2F1485693%2Froot%2Flib64 HTTP/1.1" 200 2003 "-" "Mozilla/5.0 AppleWebKit/537.36 (KHTML, like Gecko; compatible; GPTBot/1.2; +https://openai.com/gptbot)"
20.171.207.88 - - [14/Jun/2025:09:31:01 -0400] "GET /products/433731513.htm?filesrc=%2F%2Fproc%2F1483980%2Froot%2Flib64%2Flibtheoradec.so.1&path=%2F%2Fproc%2F1483980%2Froot%2Flib64 HTTP/1.1" 200 2007 "-" "Mozilla/5.0 AppleWebKit/537.36 (KHTML, like Gecko; compatible; GPTBot/1.2; +https://openai.com/gptbot)"
20.171.207.88 - - [14/Jun/2025:09:31:03 -0400] "GET /products/433731513.htm?filesrc=%2F%2Fproc%2F1483986%2Froot%2Flib64%2Flibnssckbi.so&path=%2F%2Fproc%2F1483986%2Froot%2Flib64 HTTP/1.1" 200 2004 "-" "Mozilla/5.0 AppleWebKit/537.36 (KHTML, like Gecko; compatible; GPTBot/1.2; +https://openai.com/gptbot)"
20.171.207.88 - - [14/Jun/2025:09:31:04 -0400] "GET /products/433731513.htm?filesrc=%2F%2Fproc%2F1485693%2Froot%2Flib64%2Flibpthread.so&path=%2F%2Fproc%2F1485693%2Froot%2Flib64 HTTP/1.1" 200 2005 "-" "Mozilla/5.0 AppleWebKit/537.36 (KHTML, like Gecko; compatible; GPTBot/1.2; +https://openai.com/gptbot)"
34.192.125.239 - - [14/Jun/2025:09:31:03 -0400] "GET /read-manga-news/?path=//usr/share/locale/scn HTTP/1.1" 200 11167 "-" "Mozilla/5.0 AppleWebKit/537.36 (KHTML, like Gecko; compatible; Amazonbot/0.1; +https://developer.amazon.com/support/amazonbot) Chrome/119.0.6045.214 Safari/537.36"
20.171.207.88 - - [14/Jun/2025:09:31:06 -0400] "GET /products/433731513.htm?filesrc=%2F%2Fproc%2F1483986%2Froot%2Flib64%2Flibmysqld.so&path=%2F%2Fproc%2F1483986%2Froot%2Flib64 HTTP/1.1" 200 2004 "-" "Mozilla/5.0 AppleWebKit/537.36 (KHTML, like Gecko; compatible; GPTBot/1.2; +https://openai.com/gptbot)"
20.171.207.88 - - [14/Jun/2025:09:31:08 -0400] "GET /products/433731513.htm?filesrc=%2F%2Fproc%2F2086290%2Froot%2Flib64%2Flibslapi.so&path=%2F%2Fproc%2F2086290%2Froot%2Flib64 HTTP/1.1" 200 2004 "-" "Mozilla/5.0 AppleWebKit/537.36 (KHTML, like Gecko; compatible; GPTBot/1.2; +https://openai.com/gptbot)"
18.210.58.238 - - [14/Jun/2025:09:31:07 -0400] "GET /read-manga-news/?aksi=ransom&path=//proc/3803450 HTTP/1.1" 200 10834 "-" "Mozilla/5.0 AppleWebKit/537.36 (KHTML, like Gecko; compatible; Amazonbot/0.1; +https://developer.amazon.com/support/amazonbot) Chrome/119.0.6045.214 Safari/537.36"
20.171.207.88 - - [14/Jun/2025:09:31:09 -0400] "GET /products/433731513.htm?filesrc=%2F%2Fproc%2F1483980%2Froot%2Flib64%2Flibncurses.so&path=%2F%2Fproc%2F1483980%2Froot%2Flib64 HTTP/1.1" 200 2004 "-" "Mozilla/5.0 AppleWebKit/537.36 (KHTML, like Gecko; compatible; GPTBot/1.2; +https://openai.com/gptbot)"
20.171.207.88 - - [14/Jun/2025:09:31:11 -0400] "GET /products/433731513.htm?filesrc=%2F%2Fproc%2F2086290%2Froot%2Flib64%2Flibtermcap.so&path=%2F%2Fproc%2F2086290%2Froot%2Flib64 HTTP/1.1" 200 2017 "-" "Mozilla/5.0 AppleWebKit/537.36 (KHTML, like Gecko; compatible; GPTBot/1.2; +https://openai.com/gptbot)"
98.82.39.241 - - [14/Jun/2025:09:31:12 -0400] "GET /read-manga-news/?filesrc=//var/softaculous/hubzilla/fileindex.php&path=//var/softaculous/hubzilla HTTP/1.1" 200 10962 "-" "Mozilla/5.0 AppleWebKit/537.36 (KHTML, like Gecko; compatible; Amazonbot/0.1; +https://developer.amazon.com/support/amazonbot) Chrome/119.0.6045.214 Safari/537.36"
20.171.207.88 - - [14/Jun/2025:09:31:13 -0400] "GET /products/433731513.htm?filesrc=%2F%2Fproc%2F1483986%2Froot%2Flib64%2Flibext2fs.so&path=%2F%2Fproc%2F1483986%2Froot%2Flib64 HTTP/1.1" 200 2004 "-" "Mozilla/5.0 AppleWebKit/537.36 (KHTML, like Gecko; compatible; GPTBot/1.2; +https://openai.com/gptbot)"
20.171.207.88 - - [14/Jun/2025:09:31:15 -0400] "GET /products/433731513.htm?filesrc=%2F%2Fproc%2F1483986%2Froot%2Flib64%2Flibmariadb.a&path=%2F%2Fproc%2F1483986%2Froot%2Flib64 HTTP/1.1" 200 2004 "-" "Mozilla/5.0 AppleWebKit/537.36 (KHTML, like Gecko; compatible; GPTBot/1.2; +https://openai.com/gptbot)"
18.214.138.148 - - [14/Jun/2025:09:31:15 -0400] "GET /read-manga-news/?path=//usr/share/locale/ypk HTTP/1.1" 200 11166 "-" "Mozilla/5.0 AppleWebKit/537.36 (KHTML, like Gecko; compatible; Amazonbot/0.1; +https://developer.amazon.com/support/amazonbot) Chrome/119.0.6045.214 Safari/537.36"
20.171.207.88 - - [14/Jun/2025:09:31:17 -0400] "GET /products/433731513.htm?filesrc=%2F%2Fproc%2F1485693%2Froot%2Flib64%2Flibpcrecpp.so&path=%2F%2Fproc%2F1485693%2Froot%2Flib64 HTTP/1.1" 200 2005 "-" "Mozilla/5.0 AppleWebKit/537.36 (KHTML, like Gecko; compatible; GPTBot/1.2; +https://openai.com/gptbot)"
20.171.207.88 - - [14/Jun/2025:09:31:19 -0400] "GET /products/433731513.htm?filesrc=%2F%2Fproc%2F1485693%2Froot%2Flib64%2Flibmariadb.a&path=%2F%2Fproc%2F1485693%2Froot%2Flib64 HTTP/1.1" 200 2004 "-" "Mozilla/5.0 AppleWebKit/537.36 (KHTML, like Gecko; compatible; GPTBot/1.2; +https://openai.com/gptbot)"
20.171.207.88 - - [14/Jun/2025:09:31:21 -0400] "GET /products/433731513.htm?filesrc=%2F%2Fproc%2F2086290%2Froot%2Flib64%2Flibfstrm.so&path=%2F%2Fproc%2F2086290%2Froot%2Flib64 HTTP/1.1" 200 2004 "-" "Mozilla/5.0 AppleWebKit/537.36 (KHTML, like Gecko; compatible; GPTBot/1.2; +https://openai.com/gptbot)"
34.192.67.98 - - [14/Jun/2025:09:31:19 -0400] "GET /read-manga-news/?aksi=buatfolder&path=/home/honehdyv/mail/kaisenjujutsu.com HTTP/1.1" 200 10808 "-" "Mozilla/5.0 AppleWebKit/537.36 (KHTML, like Gecko; compatible; Amazonbot/0.1; +https://developer.amazon.com/support/amazonbot) Chrome/119.0.6045.214 Safari/537.36"
20.171.207.88 - - [14/Jun/2025:09:31:22 -0400] "GET /products/433731513.htm?filesrc=%2F%2Fproc%2F1483980%2Froot%2Flib64%2Flibmariadbd.a&path=%2F%2Fproc%2F1483980%2Froot%2Flib64 HTTP/1.1" 200 2004 "-" "Mozilla/5.0 AppleWebKit/537.36 (KHTML, like Gecko; compatible; GPTBot/1.2; +https://openai.com/gptbot)"
20.171.207.88 - - [14/Jun/2025:09:31:24 -0400] "GET /products/433731513.htm?filesrc=%2F%2Fproc%2F1483980%2Froot%2Flib64%2Flibkrb5support.so.0&path=%2F%2Fproc%2F1483980%2Froot%2Flib64 HTTP/1.1" 200 2008 "-" "Mozilla/5.0 AppleWebKit/537.36 (KHTML, like Gecko; compatible; GPTBot/1.2; +https://openai.com/gptbot)"
20.171.207.88 - - [14/Jun/2025:09:31:26 -0400] "GET /products/433731513.htm?filesrc=%2F%2Fproc%2F1483980%2Froot%2Flib64%2Flibbsock.so&path=%2F%2Fproc%2F1483980%2Froot%2Flib64 HTTP/1.1" 200 2004 "-" "Mozilla/5.0 AppleWebKit/537.36 (KHTML, like Gecko; compatible; GPTBot/1.2; +https://openai.com/gptbot)"
66.249.79.131 - - [14/Jun/2025:09:31:29 -0400] "GET /shopping/dsv/writhe/4046115.htm HTTP/1.1" 200 38075 "-" "Mozilla/5.0 (Linux; Android 6.0.1; Nexus 5X Build/MMB29P) AppleWebKit/537.36 (KHTML, like Gecko) Chrome/136.0.7103.113 Mobile Safari/537.36 (compatible; Googlebot/2.1; +http://www.google.com/bot.html)"
18.205.91.101 - - [14/Jun/2025:09:31:27 -0400] "GET /read-manga-news/?filesrc=//usr/bin/mysqlcheck&path=//usr/bin HTTP/1.1" 200 10735 "-" "Mozilla/5.0 AppleWebKit/537.36 (KHTML, like Gecko; compatible; Amazonbot/0.1; +https://developer.amazon.com/support/amazonbot) Chrome/119.0.6045.214 Safari/537.36"
20.171.207.88 - - [14/Jun/2025:09:31:28 -0400] "GET /products/433731513.htm?filesrc=%2F%2Fproc%2F2086290%2Froot%2Flib64%2Flibexpat.so&path=%2F%2Fproc%2F2086290%2Froot%2Flib64 HTTP/1.1" 200 2005 "-" "Mozilla/5.0 AppleWebKit/537.36 (KHTML, like Gecko; compatible; GPTBot/1.2; +https://openai.com/gptbot)"
66.249.79.130 - - [14/Jun/2025:09:31:30 -0400] "GET /shopping/hwb/scoke/4010163.htm HTTP/1.1" 200 37953 "-" "Mozilla/5.0 (Linux; Android 6.0.1; Nexus 5X Build/MMB29P) AppleWebKit/537.36 (KHTML, like Gecko) Chrome/136.0.7103.113 Mobile Safari/537.36 (compatible; Googlebot/2.1; +http://www.google.com/bot.html)"
20.171.207.88 - - [14/Jun/2025:09:31:30 -0400] "GET /products/433731513.htm?filesrc=%2F%2Fproc%2F1483986%2Froot%2Flib64%2Flibexslt.so&path=%2F%2Fproc%2F1483986%2Froot%2Flib64 HTTP/1.1" 200 2004 "-" "Mozilla/5.0 AppleWebKit/537.36 (KHTML, like Gecko; compatible; GPTBot/1.2; +https://openai.com/gptbot)"
66.249.79.132 - - [14/Jun/2025:09:31:32 -0400] "GET /info/l/makeless/4052379.htm HTTP/1.1" 200 37716 "-" "Mozilla/5.0 (Linux; Android 6.0.1; Nexus 5X Build/MMB29P) AppleWebKit/537.36 (KHTML, like Gecko) Chrome/136.0.7103.113 Mobile Safari/537.36 (compatible; Googlebot/2.1; +http://www.google.com/bot.html)"
20.171.207.88 - - [14/Jun/2025:09:31:32 -0400] "GET /products/433731513.htm?filesrc=%2F%2Fproc%2F2086290%2Froot%2Flib64%2Flibcollection.so.4&path=%2F%2Fproc%2F2086290%2Froot%2Flib64 HTTP/1.1" 200 2007 "-" "Mozilla/5.0 AppleWebKit/537.36 (KHTML, like Gecko; compatible; GPTBot/1.2; +https://openai.com/gptbot)"
44.205.120.22 - - [14/Jun/2025:09:31:31 -0400] "GET /read-manga-news/?aksi=ransom&path=//proc/2664367 HTTP/1.1" 200 10832 "-" "Mozilla/5.0 AppleWebKit/537.36 (KHTML, like Gecko; compatible; Amazonbot/0.1; +https://developer.amazon.com/support/amazonbot) Chrome/119.0.6045.214 Safari/537.36"
20.171.207.88 - - [14/Jun/2025:09:31:34 -0400] "GET /products/433731513.htm?filesrc=%2F%2Fproc%2F1483980%2Froot%2Flib64%2Flibcurses.so&path=%2F%2Fproc%2F1483980%2Froot%2Flib64 HTTP/1.1" 200 2004 "-" "Mozilla/5.0 AppleWebKit/537.36 (KHTML, like Gecko; compatible; GPTBot/1.2; +https://openai.com/gptbot)"
20.171.207.88 - - [14/Jun/2025:09:31:35 -0400] "GET /products/433731513.htm?filesrc=%2F%2Fproc%2F1483980%2Froot%2Flib64%2FlibXcomposite.so.1&path=%2F%2Fproc%2F1483980%2Froot%2Flib64 HTTP/1.1" 200 2008 "-" "Mozilla/5.0 AppleWebKit/537.36 (KHTML, like Gecko; compatible; GPTBot/1.2; +https://openai.com/gptbot)"
23.23.214.190 - - [14/Jun/2025:09:31:35 -0400] "GET /read-manga-news/?aksi=buatfile&path=//var/softaculous/elgg HTTP/1.1" 200 11932 "-" "Mozilla/5.0 AppleWebKit/537.36 (KHTML, like Gecko; compatible; Amazonbot/0.1; +https://developer.amazon.com/support/amazonbot) Chrome/119.0.6045.214 Safari/537.36"
20.171.207.88 - - [14/Jun/2025:09:31:37 -0400] "GET /products/433731513.htm?filesrc=%2F%2Fproc%2F2086290%2Froot%2Flib64%2Flibodbcdrvcfg2S.so.2&path=%2F%2Fproc%2F2086290%2Froot%2Flib64 HTTP/1.1" 200 2012 "-" "Mozilla/5.0 AppleWebKit/537.36 (KHTML, like Gecko; compatible; GPTBot/1.2; +https://openai.com/gptbot)"
20.171.207.88 - - [14/Jun/2025:09:31:38 -0400] "GET /products/433731513.htm?filesrc=%2F%2Fproc%2F2086290%2Froot%2Flib64%2Flibnfnetlink.so.0&path=%2F%2Fproc%2F2086290%2Froot%2Flib64 HTTP/1.1" 200 2008 "-" "Mozilla/5.0 AppleWebKit/537.36 (KHTML, like Gecko; compatible; GPTBot/1.2; +https://openai.com/gptbot)"
34.194.95.99 - - [14/Jun/2025:09:31:39 -0400] "GET /read-manga-news/?filesrc=//var/softaculous/fusio/fusio.sql&path=//var/softaculous/fusio HTTP/1.1" 200 28761 "-" "Mozilla/5.0 AppleWebKit/537.36 (KHTML, like Gecko; compatible; Amazonbot/0.1; +https://developer.amazon.com/support/amazonbot) Chrome/119.0.6045.214 Safari/537.36"
20.171.207.88 - - [14/Jun/2025:09:31:40 -0400] "GET /products/433731513.htm?filesrc=%2F%2Fproc%2F1483986%2Froot%2Flib64%2Flibexpat.so&path=%2F%2Fproc%2F1483986%2Froot%2Flib64 HTTP/1.1" 200 2004 "-" "Mozilla/5.0 AppleWebKit/537.36 (KHTML, like Gecko; compatible; GPTBot/1.2; +https://openai.com/gptbot)"
20.171.207.88 - - [14/Jun/2025:09:31:41 -0400] "GET /products/433731513.htm?filesrc=%2F%2Fproc%2F1484009%2Froot%2Flib64%2Flibmagic.so&path=%2F%2Fproc%2F1484009%2Froot%2Flib64 HTTP/1.1" 200 2004 "-" "Mozilla/5.0 AppleWebKit/537.36 (KHTML, like Gecko; compatible; GPTBot/1.2; +https://openai.com/gptbot)"
20.171.207.88 - - [14/Jun/2025:09:31:42 -0400] "GET /products/433731513.htm?filesrc=%2F%2Fproc%2F1485693%2Froot%2Flib64%2Flibkrb5support.so.0&path=%2F%2Fproc%2F1485693%2Froot%2Flib64 HTTP/1.1" 200 2008 "-" "Mozilla/5.0 AppleWebKit/537.36 (KHTML, like Gecko; compatible; GPTBot/1.2; +https://openai.com/gptbot)"
47.128.127.183 - - [14/Jun/2025:09:31:43 -0400] "GET /?filesrc=%2Fhome%2Fhonehdyv%2Freadbtooom.com%2Fwp-includes%2Fclass-wp-query.php&path=%2Fhome%2Fhonehdyv%2Freadbtooom.com%2Fwp-includes HTTP/1.1" 200 34255 "-" "Mozilla/5.0 (Linux; Android 5.0) AppleWebKit/537.36 (KHTML, like Gecko) Mobile Safari/537.36 (compatible; Bytespider; [email protected])"
20.171.207.88 - - [14/Jun/2025:09:31:43 -0400] "GET /products/433731513.htm?filesrc=%2F%2Fproc%2F2086290%2Froot%2Flib64%2Flibgailutil.so.18&path=%2F%2Fproc%2F2086290%2Froot%2Flib64 HTTP/1.1" 200 2008 "-" "Mozilla/5.0 AppleWebKit/537.36 (KHTML, like Gecko; compatible; GPTBot/1.2; +https://openai.com/gptbot)"
44.221.37.41 - - [14/Jun/2025:09:31:43 -0400] "GET /read-manga-news/?aksi=buatfile&path=//var/softaculous/qtoa HTTP/1.1" 200 11853 "-" "Mozilla/5.0 AppleWebKit/537.36 (KHTML, like Gecko; compatible; Amazonbot/0.1; +https://developer.amazon.com/support/amazonbot) Chrome/119.0.6045.214 Safari/537.36"
20.171.207.88 - - [14/Jun/2025:09:31:44 -0400] "GET /products/433731513.htm?filesrc=%2F%2Fproc%2F1483986%2Froot%2Flib64%2Flibbsock.so&path=%2F%2Fproc%2F1483986%2Froot%2Flib64 HTTP/1.1" 200 2004 "-" "Mozilla/5.0 AppleWebKit/537.36 (KHTML, like Gecko; compatible; GPTBot/1.2; +https://openai.com/gptbot)"
20.171.207.88 - - [14/Jun/2025:09:31:46 -0400] "GET /products/433731513.htm?filesrc=%2F%2Fproc%2F1485693%2Froot%2Flib64%2Flibprotobuf.so.15&path=%2F%2Fproc%2F1485693%2Froot%2Flib64 HTTP/1.1" 200 2008 "-" "Mozilla/5.0 AppleWebKit/537.36 (KHTML, like Gecko; compatible; GPTBot/1.2; +https://openai.com/gptbot)"
20.171.207.88 - - [14/Jun/2025:09:31:47 -0400] "GET /products/433731513.htm?filesrc=%2F%2Fproc%2F2086290%2Froot%2Flib64%2Flibmysqld.a&path=%2F%2Fproc%2F2086290%2Froot%2Flib64 HTTP/1.1" 200 2005 "-" "Mozilla/5.0 AppleWebKit/537.36 (KHTML, like Gecko; compatible; GPTBot/1.2; +https://openai.com/gptbot)"
52.205.222.214 - - [14/Jun/2025:09:31:47 -0400] "GET /read-manga-news/?path=//home/honehdyv/reversevillain.com/.well-known HTTP/1.1" 200 11299 "-" "Mozilla/5.0 AppleWebKit/537.36 (KHTML, like Gecko; compatible; Amazonbot/0.1; +https://developer.amazon.com/support/amazonbot) Chrome/119.0.6045.214 Safari/537.36"
20.171.207.88 - - [14/Jun/2025:09:31:48 -0400] "GET /products/433731513.htm?filesrc=%2F%2Fproc%2F1485693%2Froot%2Flib64%2Flibcryptsetup.so.12&path=%2F%2Fproc%2F1485693%2Froot%2Flib64 HTTP/1.1" 200 2009 "-" "Mozilla/5.0 AppleWebKit/537.36 (KHTML, like Gecko; compatible; GPTBot/1.2; +https://openai.com/gptbot)"
20.171.207.88 - - [14/Jun/2025:09:31:50 -0400] "GET /products/433731513.htm?filesrc=%2F%2Fproc%2F1484009%2Froot%2Flib64%2Fliblwres.so&path=%2F%2Fproc%2F1484009%2Froot%2Flib64 HTTP/1.1" 200 2004 "-" "Mozilla/5.0 AppleWebKit/537.36 (KHTML, like Gecko; compatible; GPTBot/1.2; +https://openai.com/gptbot)"
20.171.207.88 - - [14/Jun/2025:09:31:52 -0400] "GET /products/433731513.htm?filesrc=%2F%2Fproc%2F1483980%2Froot%2Flib64%2Flibpanel.so&path=%2F%2Fproc%2F1483980%2Froot%2Flib64 HTTP/1.1" 200 2003 "-" "Mozilla/5.0 AppleWebKit/537.36 (KHTML, like Gecko; compatible; GPTBot/1.2; +https://openai.com/gptbot)"
20.171.207.88 - - [14/Jun/2025:09:31:53 -0400] "GET /products/433731513.htm?filesrc=%2F%2Fproc%2F2086290%2Froot%2Flib64%2FlibSoundTouch.so.2&path=%2F%2Fproc%2F2086290%2Froot%2Flib64 HTTP/1.1" 200 2009 "-" "Mozilla/5.0 AppleWebKit/537.36 (KHTML, like Gecko; compatible; GPTBot/1.2; +https://openai.com/gptbot)"
20.171.207.88 - - [14/Jun/2025:09:31:54 -0400] "GET /products/433731513.htm?filesrc=%2F%2Fproc%2F1483986%2Froot%2Flib64%2Flibbrotlienc.so.1&path=%2F%2Fproc%2F1483986%2Froot%2Flib64 HTTP/1.1" 200 2007 "-" "Mozilla/5.0 AppleWebKit/537.36 (KHTML, like Gecko; compatible; GPTBot/1.2; +https://openai.com/gptbot)"
20.171.207.88 - - [14/Jun/2025:09:31:56 -0400] "GET /products/433731513.htm?filesrc=%2F%2Fproc%2F1484009%2Froot%2Flib64%2Flibslapi.so&path=%2F%2Fproc%2F1484009%2Froot%2Flib64 HTTP/1.1" 200 2004 "-" "Mozilla/5.0 AppleWebKit/537.36 (KHTML, like Gecko; compatible; GPTBot/1.2; +https://openai.com/gptbot)"
44.213.202.136 - - [14/Jun/2025:09:31:55 -0400] "GET /read-manga-news/?path=//var/softaculous/attendize/php81 HTTP/1.1" 200 11295 "-" "Mozilla/5.0 AppleWebKit/537.36 (KHTML, like Gecko; compatible; Amazonbot/0.1; +https://developer.amazon.com/support/amazonbot) Chrome/119.0.6045.214 Safari/537.36"
20.171.207.88 - - [14/Jun/2025:09:31:57 -0400] "GET /products/433731513.htm?filesrc=%2F%2Fproc%2F1483986%2Froot%2Flib64%2Flibmcheck.a&path=%2F%2Fproc%2F1483986%2Froot%2Flib64 HTTP/1.1" 200 2004 "-" "Mozilla/5.0 AppleWebKit/537.36 (KHTML, like Gecko; compatible; GPTBot/1.2; +https://openai.com/gptbot)"
20.171.207.88 - - [14/Jun/2025:09:31:58 -0400] "GET /products/433731513.htm?filesrc=%2F%2Fproc%2F2086290%2Froot%2Flib64%2Flibfreebl3.so&path=%2F%2Fproc%2F2086290%2Froot%2Flib64 HTTP/1.1" 200 2005 "-" "Mozilla/5.0 AppleWebKit/537.36 (KHTML, like Gecko; compatible; GPTBot/1.2; +https://openai.com/gptbot)"
20.171.207.88 - - [14/Jun/2025:09:31:59 -0400] "GET /products/433731513.htm?filesrc=%2F%2Fproc%2F1483980%2Froot%2Flib64%2Flibcursesw.so&path=%2F%2Fproc%2F1483980%2Froot%2Flib64 HTTP/1.1" 200 2004 "-" "Mozilla/5.0 AppleWebKit/537.36 (KHTML, like Gecko; compatible; GPTBot/1.2; +https://openai.com/gptbot)"
20.171.207.88 - - [14/Jun/2025:09:32:00 -0400] "GET /products/433731513.htm?filesrc=%2F%2Fproc%2F1483986%2Froot%2Flib64%2FlibXcomposite.so.1&path=%2F%2Fproc%2F1483986%2Froot%2Flib64 HTTP/1.1" 200 2008 "-" "Mozilla/5.0 AppleWebKit/537.36 (KHTML, like Gecko; compatible; GPTBot/1.2; +https://openai.com/gptbot)"
18.214.138.148 - - [14/Jun/2025:09:31:59 -0400] "GET /read-manga-news/?aksi=ransom&path=//proc/569756 HTTP/1.1" 200 10855 "-" "Mozilla/5.0 AppleWebKit/537.36 (KHTML, like Gecko; compatible; Amazonbot/0.1; +https://developer.amazon.com/support/amazonbot) Chrome/119.0.6045.214 Safari/537.36"
20.171.207.88 - - [14/Jun/2025:09:32:01 -0400] "GET /products/433731513.htm?filesrc=%2F%2Fproc%2F1483986%2Froot%2Flib64%2Flibtinfo.so&path=%2F%2Fproc%2F1483986%2Froot%2Flib64 HTTP/1.1" 200 2003 "-" "Mozilla/5.0 AppleWebKit/537.36 (KHTML, like Gecko; compatible; GPTBot/1.2; +https://openai.com/gptbot)"
20.171.207.88 - - [14/Jun/2025:09:32:03 -0400] "GET /products/433731513.htm?filesrc=%2F%2Fproc%2F1483986%2Froot%2Flib64%2Flibcrypto.so&path=%2F%2Fproc%2F1483986%2Froot%2Flib64 HTTP/1.1" 200 2004 "-" "Mozilla/5.0 AppleWebKit/537.36 (KHTML, like Gecko; compatible; GPTBot/1.2; +https://openai.com/gptbot)"
52.44.174.136 - - [14/Jun/2025:09:32:03 -0400] "GET /read-manga-news/?aksi=ransom&path=//var/softaculous/framadate HTTP/1.1" 200 11869 "-" "Mozilla/5.0 AppleWebKit/537.36 (KHTML, like Gecko; compatible; Amazonbot/0.1; +https://developer.amazon.com/support/amazonbot) Chrome/119.0.6045.214 Safari/537.36"
20.171.207.88 - - [14/Jun/2025:09:32:04 -0400] "GET /products/433731513.htm?filesrc=%2F%2Fproc%2F1484009%2Froot%2Flib64%2Fliblscapi.so&path=%2F%2Fproc%2F1484009%2Froot%2Flib64 HTTP/1.1" 200 2004 "-" "Mozilla/5.0 AppleWebKit/537.36 (KHTML, like Gecko; compatible; GPTBot/1.2; +https://openai.com/gptbot)"
20.171.207.88 - - [14/Jun/2025:09:32:05 -0400] "GET /products/433731513.htm?filesrc=%2F%2Fproc%2F1484009%2Froot%2Flib64%2Flibpython3.so&path=%2F%2Fproc%2F1484009%2Froot%2Flib64 HTTP/1.1" 200 2005 "-" "Mozilla/5.0 AppleWebKit/537.36 (KHTML, like Gecko; compatible; GPTBot/1.2; +https://openai.com/gptbot)"
20.171.207.88 - - [14/Jun/2025:09:32:06 -0400] "GET /products/433731513.htm?filesrc=%2F%2Fproc%2F1484009%2Froot%2Flib64%2Flibpciaccess.so.0&path=%2F%2Fproc%2F1484009%2Froot%2Flib64 HTTP/1.1" 200 2008 "-" "Mozilla/5.0 AppleWebKit/537.36 (KHTML, like Gecko; compatible; GPTBot/1.2; +https://openai.com/gptbot)"
54.163.169.168 - - [14/Jun/2025:09:32:07 -0400] "GET /read-manga-news/?filesrc=//usr/bin/x86_64-redhat-linux-c%20%20&path=//usr/bin HTTP/1.1" 200 10722 "-" "Mozilla/5.0 AppleWebKit/537.36 (KHTML, like Gecko; compatible; Amazonbot/0.1; +https://developer.amazon.com/support/amazonbot) Chrome/119.0.6045.214 Safari/537.36"
20.171.207.88 - - [14/Jun/2025:09:32:08 -0400] "GET /products/433731513.htm?filesrc=%2F%2Fproc%2F1484009%2Froot%2Flib64%2Flibgssrpc.so&path=%2F%2Fproc%2F1484009%2Froot%2Flib64 HTTP/1.1" 200 2005 "-" "Mozilla/5.0 AppleWebKit/537.36 (KHTML, like Gecko; compatible; GPTBot/1.2; +https://openai.com/gptbot)"
20.171.207.88 - - [14/Jun/2025:09:32:09 -0400] "GET /products/433731513.htm?filesrc=%2F%2Fproc%2F1485693%2Froot%2Flib64%2Flibfreebl3.so&path=%2F%2Fproc%2F1485693%2Froot%2Flib64 HTTP/1.1" 200 2004 "-" "Mozilla/5.0 AppleWebKit/537.36 (KHTML, like Gecko; compatible; GPTBot/1.2; +https://openai.com/gptbot)"
20.171.207.88 - - [14/Jun/2025:09:32:10 -0400] "GET /products/433731513.htm?filesrc=%2F%2Fproc%2F1483986%2Froot%2Flib64%2Flibcollection.so.4&path=%2F%2Fproc%2F1483986%2Froot%2Flib64 HTTP/1.1" 200 2007 "-" "Mozilla/5.0 AppleWebKit/537.36 (KHTML, like Gecko; compatible; GPTBot/1.2; +https://openai.com/gptbot)"
20.171.207.88 - - [14/Jun/2025:09:32:11 -0400] "GET /products/433731513.htm?filesrc=%2F%2Fproc%2F1485693%2Froot%2Flib64%2Flibvorbisenc.so.2&path=%2F%2Fproc%2F1485693%2Froot%2Flib64 HTTP/1.1" 200 2007 "-" "Mozilla/5.0 AppleWebKit/537.36 (KHTML, like Gecko; compatible; GPTBot/1.2; +https://openai.com/gptbot)"
44.212.131.50 - - [14/Jun/2025:09:32:11 -0400] "GET /read-manga-news/?filesrc=//var/softaculous/goffice6/upgrade.php&path=//var/softaculous/goffice6 HTTP/1.1" 200 13344 "-" "Mozilla/5.0 AppleWebKit/537.36 (KHTML, like Gecko; compatible; Amazonbot/0.1; +https://developer.amazon.com/support/amazonbot) Chrome/119.0.6045.214 Safari/537.36"
20.171.207.88 - - [14/Jun/2025:09:32:12 -0400] "GET /products/433731513.htm?filesrc=%2F%2Fproc%2F1483980%2Froot%2Flib64%2Flibgssrpc.so&path=%2F%2Fproc%2F1483980%2Froot%2Flib64 HTTP/1.1" 200 2004 "-" "Mozilla/5.0 AppleWebKit/537.36 (KHTML, like Gecko; compatible; GPTBot/1.2; +https://openai.com/gptbot)"
20.171.207.88 - - [14/Jun/2025:09:32:14 -0400] "GET /products/433731513.htm?filesrc=%2F%2Fproc%2F2086290%2Froot%2Flib64%2Flibsepol.so&path=%2F%2Fproc%2F2086290%2Froot%2Flib64 HTTP/1.1" 200 2004 "-" "Mozilla/5.0 AppleWebKit/537.36 (KHTML, like Gecko; compatible; GPTBot/1.2; +https://openai.com/gptbot)"
20.171.207.88 - - [14/Jun/2025:09:32:15 -0400] "GET /products/433731513.htm?filesrc=%2F%2Fproc%2F1483986%2Froot%2Flib64%2Flibgettextpo.so.0&path=%2F%2Fproc%2F1483986%2Froot%2Flib64 HTTP/1.1" 200 2007 "-" "Mozilla/5.0 AppleWebKit/537.36 (KHTML, like Gecko; compatible; GPTBot/1.2; +https://openai.com/gptbot)"
20.171.207.88 - - [14/Jun/2025:09:32:17 -0400] "GET /products/433731513.htm?filesrc=%2F%2Fproc%2F1485693%2Froot%2Flib64%2Flibvorbisfile.so.3&path=%2F%2Fproc%2F1485693%2Froot%2Flib64 HTTP/1.1" 200 2008 "-" "Mozilla/5.0 AppleWebKit/537.36 (KHTML, like Gecko; compatible; GPTBot/1.2; +https://openai.com/gptbot)"
20.171.207.88 - - [14/Jun/2025:09:32:18 -0400] "GET /products/433731513.htm?filesrc=%2F%2Fproc%2F1483986%2Froot%2Flib64%2Flibfstrm.so&path=%2F%2Fproc%2F1483986%2Froot%2Flib64 HTTP/1.1" 200 2003 "-" "Mozilla/5.0 AppleWebKit/537.36 (KHTML, like Gecko; compatible; GPTBot/1.2; +https://openai.com/gptbot)"
20.171.207.88 - - [14/Jun/2025:09:32:20 -0400] "GET /products/433731513.htm?filesrc=%2F%2Fproc%2F1483986%2Froot%2Flib64%2Flibnssdbm3.so&path=%2F%2Fproc%2F1483986%2Froot%2Flib64 HTTP/1.1" 200 2004 "-" "Mozilla/5.0 AppleWebKit/537.36 (KHTML, like Gecko; compatible; GPTBot/1.2; +https://openai.com/gptbot)"
184.73.68.20 - - [14/Jun/2025:09:32:19 -0400] "GET /read-manga-news/?aksi=buatfolder&path=//proc/606313 HTTP/1.1" 200 10788 "-" "Mozilla/5.0 AppleWebKit/537.36 (KHTML, like Gecko; compatible; Amazonbot/0.1; +https://developer.amazon.com/support/amazonbot) Chrome/119.0.6045.214 Safari/537.36"
20.171.207.88 - - [14/Jun/2025:09:32:21 -0400] "GET /products/433731513.htm?filesrc=%2F%2Fproc%2F1484009%2Froot%2Flib64%2Flibtiffxx.so&path=%2F%2Fproc%2F1484009%2Froot%2Flib64 HTTP/1.1" 200 2005 "-" "Mozilla/5.0 AppleWebKit/537.36 (KHTML, like Gecko; compatible; GPTBot/1.2; +https://openai.com/gptbot)"
20.171.207.88 - - [14/Jun/2025:09:32:23 -0400] "GET /products/433731513.htm?filesrc=%2F%2Fproc%2F1485693%2Froot%2Flib64%2Flibfreebl3.so&path=%2F%2Fproc%2F1485693%2Froot%2Flib64 HTTP/1.1" 200 2004 "-" "Mozilla/5.0 AppleWebKit/537.36 (KHTML, like Gecko; compatible; GPTBot/1.2; +https://openai.com/gptbot)"
54.80.73.122 - - [14/Jun/2025:09:32:23 -0400] "GET /read-manga-news/?path=//usr/share/locale/ber HTTP/1.1" 200 11155 "-" "Mozilla/5.0 AppleWebKit/537.36 (KHTML, like Gecko; compatible; Amazonbot/0.1; +https://developer.amazon.com/support/amazonbot) Chrome/119.0.6045.214 Safari/537.36"
20.171.207.88 - - [14/Jun/2025:09:32:24 -0400] "GET /products/433731513.htm?filesrc=%2F%2Fproc%2F1485693%2Froot%2Flib64%2Flibbrotlienc.so.1&path=%2F%2Fproc%2F1485693%2Froot%2Flib64 HTTP/1.1" 200 2007 "-" "Mozilla/5.0 AppleWebKit/537.36 (KHTML, like Gecko; compatible; GPTBot/1.2; +https://openai.com/gptbot)"
20.171.207.88 - - [14/Jun/2025:09:32:25 -0400] "GET /products/433731513.htm?filesrc=%2F%2Fproc%2F1485693%2Froot%2Flib64%2Flibmysqld.so&path=%2F%2Fproc%2F1485693%2Froot%2Flib64 HTTP/1.1" 200 2004 "-" "Mozilla/5.0 AppleWebKit/537.36 (KHTML, like Gecko; compatible; GPTBot/1.2; +https://openai.com/gptbot)"
20.171.207.88 - - [14/Jun/2025:09:32:27 -0400] "GET /products/433731513.htm?filesrc=%2F%2Fproc%2F1483986%2Froot%2Flib64%2Flibjasper.so&path=%2F%2Fproc%2F1483986%2Froot%2Flib64 HTTP/1.1" 200 2004 "-" "Mozilla/5.0 AppleWebKit/537.36 (KHTML, like Gecko; compatible; GPTBot/1.2; +https://openai.com/gptbot)"
50.19.102.70 - - [14/Jun/2025:09:32:27 -0400] "GET /read-manga-news/?path=/home/honehdyv/remonster.online/wp-content/plugins/real-time-find-and-replace-pro HTTP/1.1" 200 11571 "-" "Mozilla/5.0 AppleWebKit/537.36 (KHTML, like Gecko; compatible; Amazonbot/0.1; +https://developer.amazon.com/support/amazonbot) Chrome/119.0.6045.214 Safari/537.36"
20.171.207.88 - - [14/Jun/2025:09:32:28 -0400] "GET /products/433731513.htm?filesrc=%2F%2Fproc%2F1485693%2Froot%2Flib64%2Flibverto.so&path=%2F%2Fproc%2F1485693%2Froot%2Flib64 HTTP/1.1" 200 2004 "-" "Mozilla/5.0 AppleWebKit/537.36 (KHTML, like Gecko; compatible; GPTBot/1.2; +https://openai.com/gptbot)"
20.171.207.88 - - [14/Jun/2025:09:32:29 -0400] "GET /products/433731513.htm?filesrc=%2F%2Fproc%2F2086290%2Froot%2Flib64%2Flibgcrypt.so&path=%2F%2Fproc%2F2086290%2Froot%2Flib64 HTTP/1.1" 200 2005 "-" "Mozilla/5.0 AppleWebKit/537.36 (KHTML, like Gecko; compatible; GPTBot/1.2; +https://openai.com/gptbot)"
20.171.207.88 - - [14/Jun/2025:09:32:30 -0400] "GET /products/433731513.htm?filesrc=%2F%2Fproc%2F2086290%2Froot%2Flib64%2Flibauparse.so&path=%2F%2Fproc%2F2086290%2Froot%2Flib64 HTTP/1.1" 200 2005 "-" "Mozilla/5.0 AppleWebKit/537.36 (KHTML, like Gecko; compatible; GPTBot/1.2; +https://openai.com/gptbot)"
34.193.2.57 - - [14/Jun/2025:09:32:31 -0400] "GET /read-manga-news/?path=//var/softaculous/qcms/php53 HTTP/1.1" 200 11278 "-" "Mozilla/5.0 AppleWebKit/537.36 (KHTML, like Gecko; compatible; Amazonbot/0.1; +https://developer.amazon.com/support/amazonbot) Chrome/119.0.6045.214 Safari/537.36"
20.171.207.88 - - [14/Jun/2025:09:32:32 -0400] "GET /products/433731513.htm?filesrc=%2F%2Fproc%2F1483980%2Froot%2Flib64%2Flibgailutil.so.18&path=%2F%2Fproc%2F1483980%2Froot%2Flib64 HTTP/1.1" 200 2009 "-" "Mozilla/5.0 AppleWebKit/537.36 (KHTML, like Gecko; compatible; GPTBot/1.2; +https://openai.com/gptbot)"
20.171.207.88 - - [14/Jun/2025:09:32:33 -0400] "GET /products/433731513.htm?filesrc=%2F%2Fproc%2F2086290%2Froot%2Flib64%2Flibsmime3.so&path=%2F%2Fproc%2F2086290%2Froot%2Flib64 HTTP/1.1" 200 2004 "-" "Mozilla/5.0 AppleWebKit/537.36 (KHTML, like Gecko; compatible; GPTBot/1.2; +https://openai.com/gptbot)"
20.171.207.88 - - [14/Jun/2025:09:32:34 -0400] "GET /products/433731513.htm?filesrc=%2F%2Fproc%2F1483980%2Froot%2Flib64%2Flibtiffxx.so&path=%2F%2Fproc%2F1483980%2Froot%2Flib64 HTTP/1.1" 200 2004 "-" "Mozilla/5.0 AppleWebKit/537.36 (KHTML, like Gecko; compatible; GPTBot/1.2; +https://openai.com/gptbot)"
20.171.207.88 - - [14/Jun/2025:09:32:36 -0400] "GET /products/433731513.htm?filesrc=%2F%2Fproc%2F1483986%2Froot%2Flib64%2Flibslapi.so&path=%2F%2Fproc%2F1483986%2Froot%2Flib64 HTTP/1.1" 200 2003 "-" "Mozilla/5.0 AppleWebKit/537.36 (KHTML, like Gecko; compatible; GPTBot/1.2; +https://openai.com/gptbot)"
98.80.130.239 - - [14/Jun/2025:09:32:35 -0400] "GET /read-manga-news/?aksi=ransom&path=//proc/612255 HTTP/1.1" 200 10848 "-" "Mozilla/5.0 AppleWebKit/537.36 (KHTML, like Gecko; compatible; Amazonbot/0.1; +https://developer.amazon.com/support/amazonbot) Chrome/119.0.6045.214 Safari/537.36"
20.171.207.88 - - [14/Jun/2025:09:32:37 -0400] "GET /products/433731513.htm?filesrc=%2F%2Fproc%2F1483986%2Froot%2Flib64%2Flibsepol.so&path=%2F%2Fproc%2F1483986%2Froot%2Flib64 HTTP/1.1" 200 2003 "-" "Mozilla/5.0 AppleWebKit/537.36 (KHTML, like Gecko; compatible; GPTBot/1.2; +https://openai.com/gptbot)"
20.171.207.88 - - [14/Jun/2025:09:32:38 -0400] "GET /products/433731513.htm?filesrc=%2F%2Fproc%2F1484009%2Froot%2Flib64%2Flibcollection.so.4&path=%2F%2Fproc%2F1484009%2Froot%2Flib64 HTTP/1.1" 200 2007 "-" "Mozilla/5.0 AppleWebKit/537.36 (KHTML, like Gecko; compatible; GPTBot/1.2; +https://openai.com/gptbot)"
20.171.207.88 - - [14/Jun/2025:09:32:39 -0400] "GET /products/433731513.htm?filesrc=%2F%2Fproc%2F1483986%2Froot%2Flib64%2Flibmenuw.so&path=%2F%2Fproc%2F1483986%2Froot%2Flib64 HTTP/1.1" 200 2004 "-" "Mozilla/5.0 AppleWebKit/537.36 (KHTML, like Gecko; compatible; GPTBot/1.2; +https://openai.com/gptbot)"
52.6.97.88 - - [14/Jun/2025:09:32:39 -0400] "GET /read-manga-news/?filesrc=//var/softaculous/doku/acl.auth.php&path=//var/softaculous/doku HTTP/1.1" 200 10829 "-" "Mozilla/5.0 AppleWebKit/537.36 (KHTML, like Gecko; compatible; Amazonbot/0.1; +https://developer.amazon.com/support/amazonbot) Chrome/119.0.6045.214 Safari/537.36"
20.171.207.88 - - [14/Jun/2025:09:32:41 -0400] "GET /products/433731513.htm?filesrc=%2F%2Fproc%2F1484009%2Froot%2Flib64%2FlibodbcpsqlS.so.2&path=%2F%2Fproc%2F1484009%2Froot%2Flib64 HTTP/1.1" 200 2008 "-" "Mozilla/5.0 AppleWebKit/537.36 (KHTML, like Gecko; compatible; GPTBot/1.2; +https://openai.com/gptbot)"
20.171.207.88 - - [14/Jun/2025:09:32:42 -0400] "GET /products/433731513.htm?filesrc=%2F%2Fproc%2F1483980%2Froot%2Flib64%2Flibcrypt.so&path=%2F%2Fproc%2F1483980%2Froot%2Flib64 HTTP/1.1" 200 2004 "-" "Mozilla/5.0 AppleWebKit/537.36 (KHTML, like Gecko; compatible; GPTBot/1.2; +https://openai.com/gptbot)"
47.128.61.167 - - [14/Jun/2025:09:32:43 -0400] "GET /?filesrc=%2Fhome%2Fhonehdyv%2Freadbtooom.com%2Fwp-admin%2Fterm.php&path=%2Fhome%2Fhonehdyv%2Freadbtooom.com%2Fwp-admin HTTP/1.1" 200 2963 "-" "Mozilla/5.0 (Linux; Android 5.0) AppleWebKit/537.36 (KHTML, like Gecko) Mobile Safari/537.36 (compatible; Bytespider; [email protected])"
20.171.207.88 - - [14/Jun/2025:09:32:44 -0400] "GET /products/433731513.htm?filesrc=%2F%2Fproc%2F1483980%2Froot%2Flib64%2Flibformw.so&path=%2F%2Fproc%2F1483980%2Froot%2Flib64 HTTP/1.1" 200 2004 "-" "Mozilla/5.0 AppleWebKit/537.36 (KHTML, like Gecko; compatible; GPTBot/1.2; +https://openai.com/gptbot)"
52.202.233.37 - - [14/Jun/2025:09:32:43 -0400] "GET /read-manga-news/?path=//var/softaculous/cmsimple/php71 HTTP/1.1" 200 11275 "-" "Mozilla/5.0 AppleWebKit/537.36 (KHTML, like Gecko; compatible; Amazonbot/0.1; +https://developer.amazon.com/support/amazonbot) Chrome/119.0.6045.214 Safari/537.36"
20.171.207.88 - - [14/Jun/2025:09:32:46 -0400] "GET /products/433731513.htm?filesrc=%2F%2Fproc%2F2086290%2Froot%2Flib64%2Flibpython3.so&path=%2F%2Fproc%2F2086290%2Froot%2Flib64 HTTP/1.1" 200 2005 "-" "Mozilla/5.0 AppleWebKit/537.36 (KHTML, like Gecko; compatible; GPTBot/1.2; +https://openai.com/gptbot)"
98.84.200.43 - - [14/Jun/2025:09:32:47 -0400] "GET /read-manga-news/?filesrc=//var/softaculous/helpdeskz/edit.php&path=//var/softaculous/helpdeskz HTTP/1.1" 200 14438 "-" "Mozilla/5.0 AppleWebKit/537.36 (KHTML, like Gecko; compatible; Amazonbot/0.1; +https://developer.amazon.com/support/amazonbot) Chrome/119.0.6045.214 Safari/537.36"
20.171.207.88 - - [14/Jun/2025:09:32:48 -0400] "GET /products/433731513.htm?filesrc=%2F%2Fproc%2F1483980%2Froot%2Flib64%2Flibgraphite2.so.3&path=%2F%2Fproc%2F1483980%2Froot%2Flib64 HTTP/1.1" 200 2006 "-" "Mozilla/5.0 AppleWebKit/537.36 (KHTML, like Gecko; compatible; GPTBot/1.2; +https://openai.com/gptbot)"
20.171.207.88 - - [14/Jun/2025:09:32:51 -0400] "GET /products/433731513.htm?filesrc=%2F%2Fproc%2F1483986%2Froot%2Flib64%2Flibvorbisfile.so.3&path=%2F%2Fproc%2F1483986%2Froot%2Flib64 HTTP/1.1" 200 2008 "-" "Mozilla/5.0 AppleWebKit/537.36 (KHTML, like Gecko; compatible; GPTBot/1.2; +https://openai.com/gptbot)"
34.205.170.13 - - [14/Jun/2025:09:32:51 -0400] "GET /read-manga-news/?path=//opt/alt/ruby18/share HTTP/1.1" 200 11200 "-" "Mozilla/5.0 AppleWebKit/537.36 (KHTML, like Gecko; compatible; Amazonbot/0.1; +https://developer.amazon.com/support/amazonbot) Chrome/119.0.6045.214 Safari/537.36"
20.171.207.88 - - [14/Jun/2025:09:32:54 -0400] "GET /products/433731513.htm?filesrc=%2F%2Fproc%2F1483986%2Froot%2Flib64%2Flibkrb5support.so.0&path=%2F%2Fproc%2F1483986%2Froot%2Flib64 HTTP/1.1" 200 2008 "-" "Mozilla/5.0 AppleWebKit/537.36 (KHTML, like Gecko; compatible; GPTBot/1.2; +https://openai.com/gptbot)"
20.171.207.88 - - [14/Jun/2025:09:32:56 -0400] "GET /products/433731513.htm?filesrc=%2F%2Fproc%2F1485693%2Froot%2Flib64%2Flibtermcap.so&path=%2F%2Fproc%2F1485693%2Froot%2Flib64 HTTP/1.1" 200 2004 "-" "Mozilla/5.0 AppleWebKit/537.36 (KHTML, like Gecko; compatible; GPTBot/1.2; +https://openai.com/gptbot)"
44.223.232.55 - - [14/Jun/2025:09:32:55 -0400] "GET /read-manga-news/?path=//usr/share/locale/nan HTTP/1.1" 200 11166 "-" "Mozilla/5.0 AppleWebKit/537.36 (KHTML, like Gecko; compatible; Amazonbot/0.1; +https://developer.amazon.com/support/amazonbot) Chrome/119.0.6045.214 Safari/537.36"
20.171.207.88 - - [14/Jun/2025:09:32:58 -0400] "GET /products/433731513.htm?filesrc=%2F%2Fproc%2F1483980%2Froot%2Flib64%2Flibtinfo.so&path=%2F%2Fproc%2F1483980%2Froot%2Flib64 HTTP/1.1" 200 2003 "-" "Mozilla/5.0 AppleWebKit/537.36 (KHTML, like Gecko; compatible; GPTBot/1.2; +https://openai.com/gptbot)"
23.22.105.143 - - [14/Jun/2025:09:33:00 -0400] "GET /read-manga-news/?aksi=buatfile&path=/home/honehdyv/operationtruelovenow.com/cgi-bin/cgi-bin HTTP/1.1" 200 11408 "-" "Mozilla/5.0 AppleWebKit/537.36 (KHTML, like Gecko; compatible; Amazonbot/0.1; +https://developer.amazon.com/support/amazonbot) Chrome/119.0.6045.214 Safari/537.36"
20.171.207.88 - - [14/Jun/2025:09:33:00 -0400] "GET /products/433731513.htm?filesrc=%2F%2Fproc%2F1484009%2Froot%2Flib64%2Flibcrypt.so&path=%2F%2Fproc%2F1484009%2Froot%2Flib64 HTTP/1.1" 200 2004 "-" "Mozilla/5.0 AppleWebKit/537.36 (KHTML, like Gecko; compatible; GPTBot/1.2; +https://openai.com/gptbot)"
20.171.207.88 - - [14/Jun/2025:09:33:02 -0400] "GET /products/433731513.htm?filesrc=%2F%2Fproc%2F1485693%2Froot%2Flib64%2Flibpcreposix.so.0&path=%2F%2Fproc%2F1485693%2Froot%2Flib64 HTTP/1.1" 200 2007 "-" "Mozilla/5.0 AppleWebKit/537.36 (KHTML, like Gecko; compatible; GPTBot/1.2; +https://openai.com/gptbot)"
20.171.207.88 - - [14/Jun/2025:09:33:04 -0400] "GET /products/433731513.htm?filesrc=%2F%2Fproc%2F1483986%2Froot%2Flib64%2Flibbrotlidec.so.1&path=%2F%2Fproc%2F1483986%2Froot%2Flib64 HTTP/1.1" 200 2007 "-" "Mozilla/5.0 AppleWebKit/537.36 (KHTML, like Gecko; compatible; GPTBot/1.2; +https://openai.com/gptbot)"
18.204.152.114 - - [14/Jun/2025:09:33:04 -0400] "GET /read-manga-news/?path=//usr/share/locale/ko HTTP/1.1" 200 11173 "-" "Mozilla/5.0 AppleWebKit/537.36 (KHTML, like Gecko; compatible; Amazonbot/0.1; +https://developer.amazon.com/support/amazonbot) Chrome/119.0.6045.214 Safari/537.36"
20.171.207.88 - - [14/Jun/2025:09:33:06 -0400] "GET /products/433731513.htm?filesrc=%2F%2Fproc%2F1485693%2Froot%2Flib64%2Flibcrypt.so&path=%2F%2Fproc%2F1485693%2Froot%2Flib64 HTTP/1.1" 200 2004 "-" "Mozilla/5.0 AppleWebKit/537.36 (KHTML, like Gecko; compatible; GPTBot/1.2; +https://openai.com/gptbot)"
20.171.207.88 - - [14/Jun/2025:09:33:08 -0400] "GET /products/433731513.htm?filesrc=%2F%2Fproc%2F1485693%2Froot%2Flib64%2Flibsepol.so&path=%2F%2Fproc%2F1485693%2Froot%2Flib64 HTTP/1.1" 200 2003 "-" "Mozilla/5.0 AppleWebKit/537.36 (KHTML, like Gecko; compatible; GPTBot/1.2; +https://openai.com/gptbot)"
52.204.37.237 - - [14/Jun/2025:09:33:08 -0400] "GET /read-manga-news/?filesrc=//var/softaculous/crafty/clone.php&path=//var/softaculous/crafty HTTP/1.1" 200 12511 "-" "Mozilla/5.0 AppleWebKit/537.36 (KHTML, like Gecko; compatible; Amazonbot/0.1; +https://developer.amazon.com/support/amazonbot) Chrome/119.0.6045.214 Safari/537.36"
20.171.207.88 - - [14/Jun/2025:09:33:10 -0400] "GET /products/433731513.htm?filesrc=%2F%2Fproc%2F1484009%2Froot%2Flib64%2Flibexslt.so&path=%2F%2Fproc%2F1484009%2Froot%2Flib64 HTTP/1.1" 200 2005 "-" "Mozilla/5.0 AppleWebKit/537.36 (KHTML, like Gecko; compatible; GPTBot/1.2; +https://openai.com/gptbot)"
20.171.207.88 - - [14/Jun/2025:09:33:11 -0400] "GET /products/433731513.htm?filesrc=%2F%2Fproc%2F1484009%2Froot%2Flib64%2FlibXcomposite.so.1&path=%2F%2Fproc%2F1484009%2Froot%2Flib64 HTTP/1.1" 200 2009 "-" "Mozilla/5.0 AppleWebKit/537.36 (KHTML, like Gecko; compatible; GPTBot/1.2; +https://openai.com/gptbot)"
52.204.174.139 - - [14/Jun/2025:09:33:12 -0400] "GET /read-manga-news/?filesrc=//var/softaculous/presta17/.htaccess&path=//var/softaculous/presta17 HTTP/1.1" 403 1242 "-" "Mozilla/5.0 AppleWebKit/537.36 (KHTML, like Gecko; compatible; Amazonbot/0.1; +https://developer.amazon.com/support/amazonbot) Chrome/119.0.6045.214 Safari/537.36"
20.171.207.88 - - [14/Jun/2025:09:33:13 -0400] "GET /products/433731513.htm?filesrc=%2F%2Fproc%2F2086290%2Froot%2Flib64%2Flibtiffxx.so&path=%2F%2Fproc%2F2086290%2Froot%2Flib64 HTTP/1.1" 200 2005 "-" "Mozilla/5.0 AppleWebKit/537.36 (KHTML, like Gecko; compatible; GPTBot/1.2; +https://openai.com/gptbot)"
20.171.207.88 - - [14/Jun/2025:09:33:14 -0400] "GET /products/433731513.htm?filesrc=%2F%2Fproc%2F1483980%2Froot%2Flib64%2Flibauparse.so&path=%2F%2Fproc%2F1483980%2Froot%2Flib64 HTTP/1.1" 200 2004 "-" "Mozilla/5.0 AppleWebKit/537.36 (KHTML, like Gecko; compatible; GPTBot/1.2; +https://openai.com/gptbot)"
20.171.207.88 - - [14/Jun/2025:09:33:15 -0400] "GET /products/433731513.htm?filesrc=%2F%2Fproc%2F1483986%2Froot%2Flib64%2Flibtheoraenc.so.1&path=%2F%2Fproc%2F1483986%2Froot%2Flib64 HTTP/1.1" 200 2007 "-" "Mozilla/5.0 AppleWebKit/537.36 (KHTML, like Gecko; compatible; GPTBot/1.2; +https://openai.com/gptbot)"
54.85.7.119 - - [14/Jun/2025:09:33:15 -0400] "GET /read-manga-news/?path=//var/softaculous/jqplot/php81 HTTP/1.1" 200 11152 "-" "Mozilla/5.0 AppleWebKit/537.36 (KHTML, like Gecko; compatible; Amazonbot/0.1; +https://developer.amazon.com/support/amazonbot) Chrome/119.0.6045.214 Safari/537.36"
20.171.207.88 - - [14/Jun/2025:09:33:16 -0400] "GET /products/433731513.htm?filesrc=%2F%2Fproc%2F1483986%2Froot%2Flib64%2Flibselinux.so&path=%2F%2Fproc%2F1483986%2Froot%2Flib64 HTTP/1.1" 200 2004 "-" "Mozilla/5.0 AppleWebKit/537.36 (KHTML, like Gecko; compatible; GPTBot/1.2; +https://openai.com/gptbot)"
20.171.207.88 - - [14/Jun/2025:09:33:17 -0400] "GET /products/433731513.htm?filesrc=%2F%2Fproc%2F1484009%2Froot%2Flib64%2Flibkrb5support.so.0&path=%2F%2Fproc%2F1484009%2Froot%2Flib64 HTTP/1.1" 200 2009 "-" "Mozilla/5.0 AppleWebKit/537.36 (KHTML, like Gecko; compatible; GPTBot/1.2; +https://openai.com/gptbot)"
20.171.207.88 - - [14/Jun/2025:09:33:18 -0400] "GET /products/433731513.htm?filesrc=%2F%2Fproc%2F1484009%2Froot%2Flib64%2Flibcrypto.so&path=%2F%2Fproc%2F1484009%2Froot%2Flib64 HTTP/1.1" 200 2005 "-" "Mozilla/5.0 AppleWebKit/537.36 (KHTML, like Gecko; compatible; GPTBot/1.2; +https://openai.com/gptbot)"
20.171.207.88 - - [14/Jun/2025:09:33:20 -0400] "GET /products/433731513.htm?filesrc=%2F%2Fproc%2F1483980%2Froot%2Flib64%2Flibresolv.so&path=%2F%2Fproc%2F1483980%2Froot%2Flib64 HTTP/1.1" 200 2004 "-" "Mozilla/5.0 AppleWebKit/537.36 (KHTML, like Gecko; compatible; GPTBot/1.2; +https://openai.com/gptbot)"
20.171.207.88 - - [14/Jun/2025:09:33:21 -0400] "GET /products/433731513.htm?filesrc=%2F%2Fproc%2F1483986%2Froot%2Flib64%2Flibpcre2-posix.so&path=%2F%2Fproc%2F1483986%2Froot%2Flib64 HTTP/1.1" 200 2007 "-" "Mozilla/5.0 AppleWebKit/537.36 (KHTML, like Gecko; compatible; GPTBot/1.2; +https://openai.com/gptbot)"
20.171.207.88 - - [14/Jun/2025:09:33:23 -0400] "GET /products/433731513.htm?filesrc=%2F%2Fproc%2F1483986%2Froot%2Flib64%2Flibpython3.so&path=%2F%2Fproc%2F1483986%2Froot%2Flib64 HTTP/1.1" 200 2005 "-" "Mozilla/5.0 AppleWebKit/537.36 (KHTML, like Gecko; compatible; GPTBot/1.2; +https://openai.com/gptbot)"
20.171.207.88 - - [14/Jun/2025:09:33:24 -0400] "GET /products/433731513.htm?filesrc=%2F%2Fproc%2F1483980%2Froot%2Flib64%2Flibexpat.so&path=%2F%2Fproc%2F1483980%2Froot%2Flib64 HTTP/1.1" 200 2004 "-" "Mozilla/5.0 AppleWebKit/537.36 (KHTML, like Gecko; compatible; GPTBot/1.2; +https://openai.com/gptbot)"
44.205.74.196 - - [14/Jun/2025:09:33:25 -0400] "GET /read-manga-news/?path=//usr/share/locale/ce HTTP/1.1" 200 11153 "-" "Mozilla/5.0 AppleWebKit/537.36 (KHTML, like Gecko; compatible; Amazonbot/0.1; +https://developer.amazon.com/support/amazonbot) Chrome/119.0.6045.214 Safari/537.36"
20.171.207.88 - - [14/Jun/2025:09:33:26 -0400] "GET /products/433731513.htm?filesrc=%2F%2Fproc%2F2086290%2Froot%2Flib64%2Flibtraceevent.so.1&path=%2F%2Fproc%2F2086290%2Froot%2Flib64 HTTP/1.1" 200 2008 "-" "Mozilla/5.0 AppleWebKit/537.36 (KHTML, like Gecko; compatible; GPTBot/1.2; +https://openai.com/gptbot)"
20.171.207.88 - - [14/Jun/2025:09:33:27 -0400] "GET /products/433731513.htm?filesrc=%2F%2Fproc%2F1483980%2Froot%2Flib64%2Flibtheoraenc.so.1&path=%2F%2Fproc%2F1483980%2Froot%2Flib64 HTTP/1.1" 200 2007 "-" "Mozilla/5.0 AppleWebKit/537.36 (KHTML, like Gecko; compatible; GPTBot/1.2; +https://openai.com/gptbot)"
34.234.206.30 - - [14/Jun/2025:09:33:27 -0400] "GET /read-manga-news/?path=//proc/self/root/home HTTP/1.1" 200 11147 "-" "Mozilla/5.0 AppleWebKit/537.36 (KHTML, like Gecko; compatible; Amazonbot/0.1; +https://developer.amazon.com/support/amazonbot) Chrome/119.0.6045.214 Safari/537.36"
20.171.207.88 - - [14/Jun/2025:09:33:28 -0400] "GET /products/433731513.htm?filesrc=%2F%2Fproc%2F1484009%2Froot%2Flib64%2Flibcurses.so&path=%2F%2Fproc%2F1484009%2Froot%2Flib64 HTTP/1.1" 200 2004 "-" "Mozilla/5.0 AppleWebKit/537.36 (KHTML, like Gecko; compatible; GPTBot/1.2; +https://openai.com/gptbot)"
20.171.207.88 - - [14/Jun/2025:09:33:29 -0400] "GET /products/433731513.htm?filesrc=%2F%2Fproc%2F1484009%2Froot%2Flib64%2Flibexpat.so&path=%2F%2Fproc%2F1484009%2Froot%2Flib64 HTTP/1.1" 200 2005 "-" "Mozilla/5.0 AppleWebKit/537.36 (KHTML, like Gecko; compatible; GPTBot/1.2; +https://openai.com/gptbot)"
20.171.207.88 - - [14/Jun/2025:09:33:30 -0400] "GET /products/433731513.htm?filesrc=%2F%2Fproc%2F1484009%2Froot%2Flib64%2Flibgailutil.so.18&path=%2F%2Fproc%2F1484009%2Froot%2Flib64 HTTP/1.1" 200 2008 "-" "Mozilla/5.0 AppleWebKit/537.36 (KHTML, like Gecko; compatible; GPTBot/1.2; +https://openai.com/gptbot)"
20.171.207.88 - - [14/Jun/2025:09:33:31 -0400] "GET /products/433731513.htm?filesrc=%2F%2Fproc%2F2086290%2Froot%2Flib64%2Flibmemcached.so.11&path=%2F%2Fproc%2F2086290%2Froot%2Flib64 HTTP/1.1" 200 2009 "-" "Mozilla/5.0 AppleWebKit/537.36 (KHTML, like Gecko; compatible; GPTBot/1.2; +https://openai.com/gptbot)"
20.171.207.88 - - [14/Jun/2025:09:33:33 -0400] "GET /products/433731513.htm?filesrc=%2F%2Fproc%2F1483986%2Froot%2Flib64%2Flibfontconfig.so.1&path=%2F%2Fproc%2F1483986%2Froot%2Flib64 HTTP/1.1" 200 2008 "-" "Mozilla/5.0 AppleWebKit/537.36 (KHTML, like Gecko; compatible; GPTBot/1.2; +https://openai.com/gptbot)"
20.171.207.88 - - [14/Jun/2025:09:33:34 -0400] "GET /products/433731513.htm?filesrc=%2F%2Fproc%2F2086290%2Froot%2Flib64%2Flibbsock.so&path=%2F%2Fproc%2F2086290%2Froot%2Flib64 HTTP/1.1" 200 2004 "-" "Mozilla/5.0 AppleWebKit/537.36 (KHTML, like Gecko; compatible; GPTBot/1.2; +https://openai.com/gptbot)"
98.83.10.183 - - [14/Jun/2025:09:33:33 -0400] "GET /read-manga-news/?path=//usr/share/locale/lad HTTP/1.1" 200 11166 "-" "Mozilla/5.0 AppleWebKit/537.36 (KHTML, like Gecko; compatible; Amazonbot/0.1; +https://developer.amazon.com/support/amazonbot) Chrome/119.0.6045.214 Safari/537.36"
20.171.207.88 - - [14/Jun/2025:09:33:35 -0400] "GET /products/433731513.htm?filesrc=%2F%2Fproc%2F2086290%2Froot%2Flib64%2Flibresolv.so&path=%2F%2Fproc%2F2086290%2Froot%2Flib64 HTTP/1.1" 200 2004 "-" "Mozilla/5.0 AppleWebKit/537.36 (KHTML, like Gecko; compatible; GPTBot/1.2; +https://openai.com/gptbot)"
20.171.207.88 - - [14/Jun/2025:09:33:36 -0400] "GET /products/433731513.htm?filesrc=%2F%2Fproc%2F1483986%2Froot%2Flib64%2Flibsmartcols.so.1&path=%2F%2Fproc%2F1483986%2Froot%2Flib64 HTTP/1.1" 200 2007 "-" "Mozilla/5.0 AppleWebKit/537.36 (KHTML, like Gecko; compatible; GPTBot/1.2; +https://openai.com/gptbot)"
18.213.240.226 - - [14/Jun/2025:09:33:36 -0400] "GET /read-manga-news/?path=//var/softaculous/invoice/php82 HTTP/1.1" 200 11291 "-" "Mozilla/5.0 AppleWebKit/537.36 (KHTML, like Gecko; compatible; Amazonbot/0.1; +https://developer.amazon.com/support/amazonbot) Chrome/119.0.6045.214 Safari/537.36"
20.171.207.88 - - [14/Jun/2025:09:33:37 -0400] "GET /products/433731513.htm?filesrc=%2F%2Fproc%2F1484009%2Froot%2Flib64%2Flibnssdbm3.so&path=%2F%2Fproc%2F1484009%2Froot%2Flib64 HTTP/1.1" 200 2004 "-" "Mozilla/5.0 AppleWebKit/537.36 (KHTML, like Gecko; compatible; GPTBot/1.2; +https://openai.com/gptbot)"
20.171.207.88 - - [14/Jun/2025:09:33:39 -0400] "GET /products/433731513.htm?filesrc=%2F%2Fproc%2F1483980%2Froot%2Flib64%2Flibsepol.so&path=%2F%2Fproc%2F1483980%2Froot%2Flib64 HTTP/1.1" 200 2003 "-" "Mozilla/5.0 AppleWebKit/537.36 (KHTML, like Gecko; compatible; GPTBot/1.2; +https://openai.com/gptbot)"
20.171.207.88 - - [14/Jun/2025:09:33:40 -0400] "GET /products/433731513.htm?filesrc=%2F%2Fproc%2F2086290%2Froot%2Flib64%2FlibQt5XcbQpa.so.5&path=%2F%2Fproc%2F2086290%2Froot%2Flib64 HTTP/1.1" 200 2009 "-" "Mozilla/5.0 AppleWebKit/537.36 (KHTML, like Gecko; compatible; GPTBot/1.2; +https://openai.com/gptbot)"
3.221.50.71 - - [14/Jun/2025:09:33:40 -0400] "GET /read-manga-news/?path=//var/softaculous/cscart/php82 HTTP/1.1" 200 11264 "-" "Mozilla/5.0 AppleWebKit/537.36 (KHTML, like Gecko; compatible; Amazonbot/0.1; +https://developer.amazon.com/support/amazonbot) Chrome/119.0.6045.214 Safari/537.36"
20.171.207.88 - - [14/Jun/2025:09:33:41 -0400] "GET /products/433731513.htm?filesrc=%2F%2Fproc%2F1484009%2Froot%2Flib64%2Flibexpat.so&path=%2F%2Fproc%2F1484009%2Froot%2Flib64 HTTP/1.1" 200 2005 "-" "Mozilla/5.0 AppleWebKit/537.36 (KHTML, like Gecko; compatible; GPTBot/1.2; +https://openai.com/gptbot)"
