3.89.170.186 - - [14/Jun/2025:09:18:41 -0400] "GET /read-manga-news/?filesrc=//lib/firmware/amdgpu/fiji_smc.bin&path=//lib/firmware/amdgpu HTTP/1.1" 200 10735 "-" "Mozilla/5.0 AppleWebKit/537.36 (KHTML, like Gecko; compatible; Amazonbot/0.1; +https://developer.amazon.com/support/amazonbot) Chrome/119.0.6045.214 Safari/537.36"
20.171.207.88 - - [14/Jun/2025:09:18:43 -0400] "GET /products/433731513.htm?filesrc=%2F%2Fproc%2F1484009%2Froot%2Flib64%2FlibX11.so&path=%2F%2Fproc%2F1484009%2Froot%2Flib64 HTTP/1.1" 200 2004 "-" "Mozilla/5.0 AppleWebKit/537.36 (KHTML, like Gecko; compatible; GPTBot/1.2; +https://openai.com/gptbot)"
20.171.207.88 - - [14/Jun/2025:09:18:45 -0400] "GET /products/433731513.htm?filesrc=%2F%2Fproc%2F1483986%2Froot%2Flib64%2Flibirs.so&path=%2F%2Fproc%2F1483986%2Froot%2Flib64 HTTP/1.1" 200 2002 "-" "Mozilla/5.0 AppleWebKit/537.36 (KHTML, like Gecko; compatible; GPTBot/1.2; +https://openai.com/gptbot)"
35.172.125.172 - - [14/Jun/2025:09:18:44 -0400] "GET /read-manga-news/?path=//lib/locale/en_ZA.utf8 HTTP/1.1" 200 11687 "-" "Mozilla/5.0 AppleWebKit/537.36 (KHTML, like Gecko; compatible; Amazonbot/0.1; +https://developer.amazon.com/support/amazonbot) Chrome/119.0.6045.214 Safari/537.36"
20.171.207.88 - - [14/Jun/2025:09:18:47 -0400] "GET /products/433731513.htm?filesrc=%2F%2Fproc%2F1483986%2Froot%2Flib64%2Flibargon2.so.1&path=%2F%2Fproc%2F1483986%2Froot%2Flib64 HTTP/1.1" 200 2005 "-" "Mozilla/5.0 AppleWebKit/537.36 (KHTML, like Gecko; compatible; GPTBot/1.2; +https://openai.com/gptbot)"
20.171.207.88 - - [14/Jun/2025:09:18:49 -0400] "GET /products/433731513.htm?filesrc=%2F%2Fproc%2F1485693%2Froot%2Flib64%2Flibnss3.so&path=%2F%2Fproc%2F1485693%2Froot%2Flib64 HTTP/1.1" 200 2003 "-" "Mozilla/5.0 AppleWebKit/537.36 (KHTML, like Gecko; compatible; GPTBot/1.2; +https://openai.com/gptbot)"
20.171.207.88 - - [14/Jun/2025:09:18:51 -0400] "GET /products/433731513.htm?filesrc=%2F%2Fproc%2F2086290%2Froot%2Flib64%2Flibpsx.so&path=%2F%2Fproc%2F2086290%2Froot%2Flib64 HTTP/1.1" 200 2003 "-" "Mozilla/5.0 AppleWebKit/537.36 (KHTML, like Gecko; compatible; GPTBot/1.2; +https://openai.com/gptbot)"
44.212.106.171 - - [14/Jun/2025:09:18:49 -0400] "GET /read-manga-news/?filesrc=//lib/firmware/amdgpu/cyan_skillfish2_sdma.bin&path=//lib/firmware/amdgpu HTTP/1.1" 200 10769 "-" "Mozilla/5.0 AppleWebKit/537.36 (KHTML, like Gecko; compatible; Amazonbot/0.1; +https://developer.amazon.com/support/amazonbot) Chrome/119.0.6045.214 Safari/537.36"
20.171.207.88 - - [14/Jun/2025:09:18:53 -0400] "GET /products/433731513.htm?filesrc=%2F%2Fproc%2F1485693%2Froot%2Flib64%2Flibirs.so&path=%2F%2Fproc%2F1485693%2Froot%2Flib64 HTTP/1.1" 200 2002 "-" "Mozilla/5.0 AppleWebKit/537.36 (KHTML, like Gecko; compatible; GPTBot/1.2; +https://openai.com/gptbot)"
35.173.38.202 - - [14/Jun/2025:09:18:52 -0400] "GET /read-manga-news/?filesrc=//lib/firmware/adaptec/starfire_rx.bin&path=//lib/firmware/adaptec HTTP/1.1" 200 10735 "-" "Mozilla/5.0 AppleWebKit/537.36 (KHTML, like Gecko; compatible; Amazonbot/0.1; +https://developer.amazon.com/support/amazonbot) Chrome/119.0.6045.214 Safari/537.36"
20.171.207.88 - - [14/Jun/2025:09:18:55 -0400] "GET /products/433731513.htm?filesrc=%2F%2Fproc%2F1483986%2Froot%2Flib64%2Flibpcre32.so.0&path=%2F%2Fproc%2F1483986%2Froot%2Flib64 HTTP/1.1" 200 2006 "-" "Mozilla/5.0 AppleWebKit/537.36 (KHTML, like Gecko; compatible; GPTBot/1.2; +https://openai.com/gptbot)"
20.171.207.88 - - [14/Jun/2025:09:18:57 -0400] "GET /products/433731513.htm?filesrc=%2F%2Fproc%2F1483980%2Froot%2Flib64%2Flibnftnl.so.11&path=%2F%2Fproc%2F1483980%2Froot%2Flib64 HTTP/1.1" 200 2007 "-" "Mozilla/5.0 AppleWebKit/537.36 (KHTML, like Gecko; compatible; GPTBot/1.2; +https://openai.com/gptbot)"
52.201.155.215 - - [14/Jun/2025:09:18:57 -0400] "GET /read-manga-news/?filesrc=//lib/firmware/atmel/wilc1000_fw.bin&path=//lib/firmware/atmel HTTP/1.1" 200 10752 "-" "Mozilla/5.0 AppleWebKit/537.36 (KHTML, like Gecko; compatible; Amazonbot/0.1; +https://developer.amazon.com/support/amazonbot) Chrome/119.0.6045.214 Safari/537.36"
20.171.207.88 - - [14/Jun/2025:09:18:59 -0400] "GET /products/433731513.htm?filesrc=%2F%2Fproc%2F2086290%2Froot%2Flib64%2Fliblwres.so.161&path=%2F%2Fproc%2F2086290%2Froot%2Flib64 HTTP/1.1" 200 2007 "-" "Mozilla/5.0 AppleWebKit/537.36 (KHTML, like Gecko; compatible; GPTBot/1.2; +https://openai.com/gptbot)"
20.171.207.88 - - [14/Jun/2025:09:19:01 -0400] "GET /products/433731513.htm?filesrc=%2F%2Fproc%2F1483986%2Froot%2Flib64%2Flibpsx.so&path=%2F%2Fproc%2F1483986%2Froot%2Flib64 HTTP/1.1" 200 2002 "-" "Mozilla/5.0 AppleWebKit/537.36 (KHTML, like Gecko; compatible; GPTBot/1.2; +https://openai.com/gptbot)"
54.235.172.96 - - [14/Jun/2025:09:19:00 -0400] "GET /read-manga-news/?filesrc=//lib/firmware/intel/ibt-19-240-4.sfi&path=//lib/firmware/intel HTTP/1.1" 200 10746 "-" "Mozilla/5.0 AppleWebKit/537.36 (KHTML, like Gecko; compatible; Amazonbot/0.1; +https://developer.amazon.com/support/amazonbot) Chrome/119.0.6045.214 Safari/537.36"
20.171.207.88 - - [14/Jun/2025:09:19:02 -0400] "GET /products/433731513.htm?filesrc=%2F%2Fproc%2F1483980%2Froot%2Flib64%2Flibxml2.so&path=%2F%2Fproc%2F1483980%2Froot%2Flib64 HTTP/1.1" 200 2003 "-" "Mozilla/5.0 AppleWebKit/537.36 (KHTML, like Gecko; compatible; GPTBot/1.2; +https://openai.com/gptbot)"
20.171.207.88 - - [14/Jun/2025:09:19:04 -0400] "GET /products/433731513.htm?filesrc=%2F%2Fproc%2F1483980%2Froot%2Flib64%2Flibz.so&path=%2F%2Fproc%2F1483980%2Froot%2Flib64 HTTP/1.1" 200 2000 "-" "Mozilla/5.0 AppleWebKit/537.36 (KHTML, like Gecko; compatible; GPTBot/1.2; +https://openai.com/gptbot)"
23.20.178.124 - - [14/Jun/2025:09:19:03 -0400] "GET /read-manga-news/?path=//home/honehdyv/mail/bleachscan.com HTTP/1.1" 200 11166 "-" "Mozilla/5.0 AppleWebKit/537.36 (KHTML, like Gecko; compatible; Amazonbot/0.1; +https://developer.amazon.com/support/amazonbot) Chrome/119.0.6045.214 Safari/537.36"
20.171.207.88 - - [14/Jun/2025:09:19:06 -0400] "GET /products/433731513.htm?filesrc=%2F%2Fproc%2F2086290%2Froot%2Flib64%2Flibicutu.so.60&path=%2F%2Fproc%2F2086290%2Froot%2Flib64 HTTP/1.1" 200 2007 "-" "Mozilla/5.0 AppleWebKit/537.36 (KHTML, like Gecko; compatible; GPTBot/1.2; +https://openai.com/gptbot)"
20.171.207.88 - - [14/Jun/2025:09:19:07 -0400] "GET /products/433731513.htm?filesrc=%2F%2Fproc%2F2086290%2Froot%2Flib64%2Flibpspell.so.15&path=%2F%2Fproc%2F2086290%2Froot%2Flib64 HTTP/1.1" 200 2007 "-" "Mozilla/5.0 AppleWebKit/537.36 (KHTML, like Gecko; compatible; GPTBot/1.2; +https://openai.com/gptbot)"
20.171.207.88 - - [14/Jun/2025:09:19:08 -0400] "GET /products/433731513.htm?filesrc=%2F%2Fproc%2F1483980%2Froot%2Flib64%2Flibirs.so&path=%2F%2Fproc%2F1483980%2Froot%2Flib64 HTTP/1.1" 200 2002 "-" "Mozilla/5.0 AppleWebKit/537.36 (KHTML, like Gecko; compatible; GPTBot/1.2; +https://openai.com/gptbot)"
20.171.207.88 - - [14/Jun/2025:09:19:10 -0400] "GET /products/433731513.htm?filesrc=%2F%2Fproc%2F1484009%2Froot%2Flib64%2Flibnss3.so&path=%2F%2Fproc%2F1484009%2Froot%2Flib64 HTTP/1.1" 200 2003 "-" "Mozilla/5.0 AppleWebKit/537.36 (KHTML, like Gecko; compatible; GPTBot/1.2; +https://openai.com/gptbot)"
20.171.207.88 - - [14/Jun/2025:09:19:11 -0400] "GET /products/433731513.htm?filesrc=%2F%2Fproc%2F1483986%2Froot%2Flib64%2Flibssl.so&path=%2F%2Fproc%2F1483986%2Froot%2Flib64 HTTP/1.1" 200 2002 "-" "Mozilla/5.0 AppleWebKit/537.36 (KHTML, like Gecko; compatible; GPTBot/1.2; +https://openai.com/gptbot)"
20.171.207.88 - - [14/Jun/2025:09:19:12 -0400] "GET /products/433731513.htm?filesrc=%2F%2Fproc%2F1483986%2Froot%2Flib64%2FlibXpm.so&path=%2F%2Fproc%2F1483986%2Froot%2Flib64 HTTP/1.1" 200 2002 "-" "Mozilla/5.0 AppleWebKit/537.36 (KHTML, like Gecko; compatible; GPTBot/1.2; +https://openai.com/gptbot)"
20.171.207.88 - - [14/Jun/2025:09:19:13 -0400] "GET /products/433731513.htm?filesrc=%2F%2Fproc%2F1485693%2Froot%2Flib64%2Flibjpeg.so.62&path=%2F%2Fproc%2F1485693%2Froot%2Flib64 HTTP/1.1" 200 2005 "-" "Mozilla/5.0 AppleWebKit/537.36 (KHTML, like Gecko; compatible; GPTBot/1.2; +https://openai.com/gptbot)"
54.83.180.239 - - [14/Jun/2025:09:19:12 -0400] "GET /read-manga-news/?path=//lib/firmware/mrvl/prestera HTTP/1.1" 200 11350 "-" "Mozilla/5.0 AppleWebKit/537.36 (KHTML, like Gecko; compatible; Amazonbot/0.1; +https://developer.amazon.com/support/amazonbot) Chrome/119.0.6045.214 Safari/537.36"
20.171.207.88 - - [14/Jun/2025:09:19:15 -0400] "GET /products/433731513.htm?filesrc=%2F%2Fproc%2F2086290%2Froot%2Flib64%2Flibirs.so&path=%2F%2Fproc%2F2086290%2Froot%2Flib64 HTTP/1.1" 200 2002 "-" "Mozilla/5.0 AppleWebKit/537.36 (KHTML, like Gecko; compatible; GPTBot/1.2; +https://openai.com/gptbot)"
20.171.207.88 - - [14/Jun/2025:09:19:17 -0400] "GET /products/433731513.htm?filesrc=%2F%2Fproc%2F1483980%2Froot%2Flib64%2Flibpspell.so.15&path=%2F%2Fproc%2F1483980%2Froot%2Flib64 HTTP/1.1" 200 2006 "-" "Mozilla/5.0 AppleWebKit/537.36 (KHTML, like Gecko; compatible; GPTBot/1.2; +https://openai.com/gptbot)"
20.171.207.88 - - [14/Jun/2025:09:19:18 -0400] "GET /products/433731513.htm?filesrc=%2F%2Fproc%2F2086290%2Froot%2Flib64%2Flibpcre2-8.so&path=%2F%2Fproc%2F2086290%2Froot%2Flib64 HTTP/1.1" 200 2006 "-" "Mozilla/5.0 AppleWebKit/537.36 (KHTML, like Gecko; compatible; GPTBot/1.2; +https://openai.com/gptbot)"
20.171.207.88 - - [14/Jun/2025:09:19:20 -0400] "GET /products/433731513.htm?filesrc=%2F%2Fproc%2F2086290%2Froot%2Flib64%2Flibpcre2-32.so&path=%2F%2Fproc%2F2086290%2Froot%2Flib64 HTTP/1.1" 200 2006 "-" "Mozilla/5.0 AppleWebKit/537.36 (KHTML, like Gecko; compatible; GPTBot/1.2; +https://openai.com/gptbot)"
54.83.56.1 - - [14/Jun/2025:09:19:20 -0400] "GET /read-manga-news/?filesrc=//lib/grub/i386-pc/gfxterm_menu.mod&path=//lib/grub/i386-pc HTTP/1.1" 200 10752 "-" "Mozilla/5.0 AppleWebKit/537.36 (KHTML, like Gecko; compatible; Amazonbot/0.1; +https://developer.amazon.com/support/amazonbot) Chrome/119.0.6045.214 Safari/537.36"
20.171.207.88 - - [14/Jun/2025:09:19:22 -0400] "GET /products/433731513.htm?filesrc=%2F%2Fproc%2F2086290%2Froot%2Flib64%2Flibpng.so&path=%2F%2Fproc%2F2086290%2Froot%2Flib64 HTTP/1.1" 200 2003 "-" "Mozilla/5.0 AppleWebKit/537.36 (KHTML, like Gecko; compatible; GPTBot/1.2; +https://openai.com/gptbot)"
3.224.215.150 - - [14/Jun/2025:09:19:24 -0400] "GET /read-manga-news/?filesrc=//lib64/graphviz/libgvplugin_neato_layout.so.6&path=//lib64/graphviz HTTP/1.1" 200 10741 "-" "Mozilla/5.0 AppleWebKit/537.36 (KHTML, like Gecko; compatible; Amazonbot/0.1; +https://developer.amazon.com/support/amazonbot) Chrome/119.0.6045.214 Safari/537.36"
20.171.207.88 - - [14/Jun/2025:09:19:25 -0400] "GET /products/433731513.htm?filesrc=%2F%2Fproc%2F1484009%2Froot%2Flib64%2Fgrcrt1.o&path=%2F%2Fproc%2F1484009%2Froot%2Flib64 HTTP/1.1" 200 2002 "-" "Mozilla/5.0 AppleWebKit/537.36 (KHTML, like Gecko; compatible; GPTBot/1.2; +https://openai.com/gptbot)"
20.171.207.88 - - [14/Jun/2025:09:19:27 -0400] "GET /products/433731513.htm?filesrc=%2F%2Fproc%2F1485693%2Froot%2Flib64%2Flibpcre32.so.0&path=%2F%2Fproc%2F1485693%2Froot%2Flib64 HTTP/1.1" 200 2006 "-" "Mozilla/5.0 AppleWebKit/537.36 (KHTML, like Gecko; compatible; GPTBot/1.2; +https://openai.com/gptbot)"
20.171.207.88 - - [14/Jun/2025:09:19:28 -0400] "GET /products/433731513.htm?filesrc=%2F%2Fproc%2F1485693%2Froot%2Flib64%2FlibX11-xcb.so&path=%2F%2Fproc%2F1485693%2Froot%2Flib64 HTTP/1.1" 200 2005 "-" "Mozilla/5.0 AppleWebKit/537.36 (KHTML, like Gecko; compatible; GPTBot/1.2; +https://openai.com/gptbot)"
52.54.15.103 - - [14/Jun/2025:09:19:27 -0400] "GET /read-manga-news/?filesrc=//lib/systemd/system/systemd-rfkill.socket&path=//lib/systemd/system HTTP/1.1" 200 11079 "-" "Mozilla/5.0 AppleWebKit/537.36 (KHTML, like Gecko; compatible; Amazonbot/0.1; +https://developer.amazon.com/support/amazonbot) Chrome/119.0.6045.214 Safari/537.36"
20.171.207.88 - - [14/Jun/2025:09:19:30 -0400] "GET /products/433731513.htm?filesrc=%2F%2Fproc%2F1485693%2Froot%2Flib64%2Flibbz2.so&path=%2F%2Fproc%2F1485693%2Froot%2Flib64 HTTP/1.1" 200 2002 "-" "Mozilla/5.0 AppleWebKit/537.36 (KHTML, like Gecko; compatible; GPTBot/1.2; +https://openai.com/gptbot)"
20.171.207.88 - - [14/Jun/2025:09:19:32 -0400] "GET /products/433731513.htm?filesrc=%2F%2Fproc%2F1485693%2Froot%2Flib64%2Flibcc1.so&path=%2F%2Fproc%2F1485693%2Froot%2Flib64 HTTP/1.1" 200 2002 "-" "Mozilla/5.0 AppleWebKit/537.36 (KHTML, like Gecko; compatible; GPTBot/1.2; +https://openai.com/gptbot)"
20.171.207.88 - - [14/Jun/2025:09:19:34 -0400] "GET /products/433731513.htm?filesrc=%2F%2Fproc%2F1483986%2Froot%2Flib64%2Flibdb.so&path=%2F%2Fproc%2F1483986%2Froot%2Flib64 HTTP/1.1" 200 2001 "-" "Mozilla/5.0 AppleWebKit/537.36 (KHTML, like Gecko; compatible; GPTBot/1.2; +https://openai.com/gptbot)"
47.128.117.145 - - [14/Jun/2025:09:19:36 -0400] "GET /?filesrc=%2Fhome%2Fhonehdyv%2Freadbtooom.com%2Fwp-includes%2Fclass-wp-theme-json-data.php&path=%2Fhome%2Fhonehdyv%2Freadbtooom.com%2Fwp-includes HTTP/1.1" 200 2590 "-" "Mozilla/5.0 (Linux; Android 5.0) AppleWebKit/537.36 (KHTML, like Gecko) Mobile Safari/537.36 (compatible; Bytespider; [email protected])"
20.171.207.88 - - [14/Jun/2025:09:19:36 -0400] "GET /products/433731513.htm?filesrc=%2F%2Fproc%2F1483986%2Froot%2Flib64%2Flibipset.so.13&path=%2F%2Fproc%2F1483986%2Froot%2Flib64 HTTP/1.1" 200 2005 "-" "Mozilla/5.0 AppleWebKit/537.36 (KHTML, like Gecko; compatible; GPTBot/1.2; +https://openai.com/gptbot)"
107.20.255.194 - - [14/Jun/2025:09:19:36 -0400] "GET /read-manga-news/?filesrc=//lib64/python3.8/traceback.py&path=//lib64/python3.8 HTTP/1.1" 200 17437 "-" "Mozilla/5.0 AppleWebKit/537.36 (KHTML, like Gecko; compatible; Amazonbot/0.1; +https://developer.amazon.com/support/amazonbot) Chrome/119.0.6045.214 Safari/537.36"
20.171.207.88 - - [14/Jun/2025:09:19:38 -0400] "GET /products/433731513.htm?filesrc=%2F%2Fproc%2F1483980%2Froot%2Flib64%2Flibcriu.a&path=%2F%2Fproc%2F1483980%2Froot%2Flib64 HTTP/1.1" 200 2002 "-" "Mozilla/5.0 AppleWebKit/537.36 (KHTML, like Gecko; compatible; GPTBot/1.2; +https://openai.com/gptbot)"
20.171.207.88 - - [14/Jun/2025:09:19:39 -0400] "GET /products/433731513.htm?filesrc=%2F%2Fproc%2F2086290%2Froot%2Flib64%2Flibpcre2-32.so&path=%2F%2Fproc%2F2086290%2Froot%2Flib64 HTTP/1.1" 200 2006 "-" "Mozilla/5.0 AppleWebKit/537.36 (KHTML, like Gecko; compatible; GPTBot/1.2; +https://openai.com/gptbot)"
44.223.116.180 - - [14/Jun/2025:09:19:40 -0400] "GET /read-manga-news/?path=//home/honehdyv/mail/op-scan.com HTTP/1.1" 200 11175 "-" "Mozilla/5.0 AppleWebKit/537.36 (KHTML, like Gecko; compatible; Amazonbot/0.1; +https://developer.amazon.com/support/amazonbot) Chrome/119.0.6045.214 Safari/537.36"
20.171.207.88 - - [14/Jun/2025:09:19:41 -0400] "GET /products/433731513.htm?filesrc=%2F%2Fproc%2F1484009%2Froot%2Flib64%2Flibnghttp2.so.14&path=%2F%2Fproc%2F1484009%2Froot%2Flib64 HTTP/1.1" 200 2008 "-" "Mozilla/5.0 AppleWebKit/537.36 (KHTML, like Gecko; compatible; GPTBot/1.2; +https://openai.com/gptbot)"
20.171.207.88 - - [14/Jun/2025:09:19:42 -0400] "GET /products/433731513.htm?filesrc=%2F%2Fproc%2F1483986%2Froot%2Flib64%2Flibaspell.so.15&path=%2F%2Fproc%2F1483986%2Froot%2Flib64 HTTP/1.1" 200 2006 "-" "Mozilla/5.0 AppleWebKit/537.36 (KHTML, like Gecko; compatible; GPTBot/1.2; +https://openai.com/gptbot)"
66.249.79.131 - - [14/Jun/2025:09:19:42 -0400] "GET /item/127302495.htm HTTP/1.1" 200 38779 "-" "Mozilla/5.0 (Linux; Android 6.0.1; Nexus 5X Build/MMB29P) AppleWebKit/537.36 (KHTML, like Gecko) Chrome/136.0.7103.113 Mobile Safari/537.36 (compatible; Googlebot/2.1; +http://www.google.com/bot.html)"
20.171.207.88 - - [14/Jun/2025:09:19:43 -0400] "GET /products/433731513.htm?filesrc=%2F%2Fproc%2F2086290%2Froot%2Flib64%2FlibQt5Qml.so.5&path=%2F%2Fproc%2F2086290%2Froot%2Flib64 HTTP/1.1" 200 2007 "-" "Mozilla/5.0 AppleWebKit/537.36 (KHTML, like Gecko; compatible; GPTBot/1.2; +https://openai.com/gptbot)"
20.171.207.88 - - [14/Jun/2025:09:19:44 -0400] "GET /products/433731513.htm?filesrc=%2F%2Fproc%2F1483986%2Froot%2Flib64%2Flibinput.so.10&path=%2F%2Fproc%2F1483986%2Froot%2Flib64 HTTP/1.1" 200 2005 "-" "Mozilla/5.0 AppleWebKit/537.36 (KHTML, like Gecko; compatible; GPTBot/1.2; +https://openai.com/gptbot)"
20.171.207.88 - - [14/Jun/2025:09:19:46 -0400] "GET /products/433731513.htm?filesrc=%2F%2Fproc%2F1484009%2Froot%2Flib64%2Flibdns.so&path=%2F%2Fproc%2F1484009%2Froot%2Flib64 HTTP/1.1" 200 2002 "-" "Mozilla/5.0 AppleWebKit/537.36 (KHTML, like Gecko; compatible; GPTBot/1.2; +https://openai.com/gptbot)"
20.171.207.88 - - [14/Jun/2025:09:19:47 -0400] "GET /products/433731513.htm?filesrc=%2F%2Fproc%2F1483980%2Froot%2Flib64%2Flibkrb5.so&path=%2F%2Fproc%2F1483980%2Froot%2Flib64 HTTP/1.1" 200 2003 "-" "Mozilla/5.0 AppleWebKit/537.36 (KHTML, like Gecko; compatible; GPTBot/1.2; +https://openai.com/gptbot)"
54.156.55.147 - - [14/Jun/2025:09:19:47 -0400] "GET /read-manga-news/?aksi=buatfile&path=//opt/alt/postgresql11 HTTP/1.1" 200 11153 "-" "Mozilla/5.0 AppleWebKit/537.36 (KHTML, like Gecko; compatible; Amazonbot/0.1; +https://developer.amazon.com/support/amazonbot) Chrome/119.0.6045.214 Safari/537.36"
20.171.207.88 - - [14/Jun/2025:09:19:48 -0400] "GET /products/433731513.htm?filesrc=%2F%2Fproc%2F1485693%2Froot%2Flib64%2Flibgd.so&path=%2F%2Fproc%2F1485693%2Froot%2Flib64 HTTP/1.1" 200 2001 "-" "Mozilla/5.0 AppleWebKit/537.36 (KHTML, like Gecko; compatible; GPTBot/1.2; +https://openai.com/gptbot)"
20.171.207.88 - - [14/Jun/2025:09:19:49 -0400] "GET /products/433731513.htm?filesrc=%2F%2Fproc%2F2086290%2Froot%2Flib64%2FlibQt5Xml.so.5&path=%2F%2Fproc%2F2086290%2Froot%2Flib64 HTTP/1.1" 200 2007 "-" "Mozilla/5.0 AppleWebKit/537.36 (KHTML, like Gecko; compatible; GPTBot/1.2; +https://openai.com/gptbot)"
20.171.207.88 - - [14/Jun/2025:09:19:50 -0400] "GET /products/433731513.htm?filesrc=%2F%2Fproc%2F1485693%2Froot%2Flib64%2Flibkdb5.so&path=%2F%2Fproc%2F1485693%2Froot%2Flib64 HTTP/1.1" 200 2003 "-" "Mozilla/5.0 AppleWebKit/537.36 (KHTML, like Gecko; compatible; GPTBot/1.2; +https://openai.com/gptbot)"
34.204.150.196 - - [14/Jun/2025:09:19:51 -0400] "GET /read-manga-news/?filesrc=//home/honehdyv/access-logs/reversevillain.com.honesthings.com&path=//home/honehdyv/access-logs HTTP/1.1" 200 10746 "-" "Mozilla/5.0 AppleWebKit/537.36 (KHTML, like Gecko; compatible; Amazonbot/0.1; +https://developer.amazon.com/support/amazonbot) Chrome/119.0.6045.214 Safari/537.36"
20.171.207.88 - - [14/Jun/2025:09:19:52 -0400] "GET /products/433731513.htm?filesrc=%2F%2Fproc%2F1483986%2Froot%2Flib64%2Flibsasl2.so.3&path=%2F%2Fproc%2F1483986%2Froot%2Flib64 HTTP/1.1" 200 2005 "-" "Mozilla/5.0 AppleWebKit/537.36 (KHTML, like Gecko; compatible; GPTBot/1.2; +https://openai.com/gptbot)"
20.171.207.88 - - [14/Jun/2025:09:19:53 -0400] "GET /products/433731513.htm?filesrc=%2F%2Fproc%2F1484009%2Froot%2Flib64%2Flibcap.so&path=%2F%2Fproc%2F1484009%2Froot%2Flib64 HTTP/1.1" 200 2003 "-" "Mozilla/5.0 AppleWebKit/537.36 (KHTML, like Gecko; compatible; GPTBot/1.2; +https://openai.com/gptbot)"
20.171.207.88 - - [14/Jun/2025:09:19:54 -0400] "GET /products/433731513.htm?filesrc=%2F%2Fproc%2F1485693%2Froot%2Flib64%2Flibsqlite3.so.0&path=%2F%2Fproc%2F1485693%2Froot%2Flib64 HTTP/1.1" 200 2006 "-" "Mozilla/5.0 AppleWebKit/537.36 (KHTML, like Gecko; compatible; GPTBot/1.2; +https://openai.com/gptbot)"
52.6.5.24 - - [14/Jun/2025:09:19:55 -0400] "GET /read-manga-news/?filesrc=//lib64/python2.7/_osx_support.py&path=//lib64/python2.7 HTTP/1.1" 200 16916 "-" "Mozilla/5.0 AppleWebKit/537.36 (KHTML, like Gecko; compatible; Amazonbot/0.1; +https://developer.amazon.com/support/amazonbot) Chrome/119.0.6045.214 Safari/537.36"
20.171.207.88 - - [14/Jun/2025:09:19:56 -0400] "GET /products/433731513.htm?filesrc=%2F%2Fproc%2F1485693%2Froot%2Flib64%2Fgrcrt1.o&path=%2F%2Fproc%2F1485693%2Froot%2Flib64 HTTP/1.1" 200 2001 "-" "Mozilla/5.0 AppleWebKit/537.36 (KHTML, like Gecko; compatible; GPTBot/1.2; +https://openai.com/gptbot)"
20.171.207.88 - - [14/Jun/2025:09:19:57 -0400] "GET /products/433731513.htm?filesrc=%2F%2Fproc%2F1483980%2Froot%2Flib64%2Fliblve.so&path=%2F%2Fproc%2F1483980%2Froot%2Flib64 HTTP/1.1" 200 2002 "-" "Mozilla/5.0 AppleWebKit/537.36 (KHTML, like Gecko; compatible; GPTBot/1.2; +https://openai.com/gptbot)"
20.171.207.88 - - [14/Jun/2025:09:19:58 -0400] "GET /products/433731513.htm?filesrc=%2F%2Fproc%2F1483980%2Froot%2Flib64%2Flibinput.so.10&path=%2F%2Fproc%2F1483980%2Froot%2Flib64 HTTP/1.1" 200 2006 "-" "Mozilla/5.0 AppleWebKit/537.36 (KHTML, like Gecko; compatible; GPTBot/1.2; +https://openai.com/gptbot)"
20.171.207.88 - - [14/Jun/2025:09:19:59 -0400] "GET /products/433731513.htm?filesrc=%2F%2Fproc%2F1483986%2Froot%2Flib64%2Flibdns.so&path=%2F%2Fproc%2F1483986%2Froot%2Flib64 HTTP/1.1" 200 2002 "-" "Mozilla/5.0 AppleWebKit/537.36 (KHTML, like Gecko; compatible; GPTBot/1.2; +https://openai.com/gptbot)"
20.171.207.88 - - [14/Jun/2025:09:20:00 -0400] "GET /products/433731513.htm?filesrc=%2F%2Fproc%2F1484009%2Froot%2Flib64%2Flibm.so&path=%2F%2Fproc%2F1484009%2Froot%2Flib64 HTTP/1.1" 200 2000 "-" "Mozilla/5.0 AppleWebKit/537.36 (KHTML, like Gecko; compatible; GPTBot/1.2; +https://openai.com/gptbot)"
20.171.207.88 - - [14/Jun/2025:09:20:01 -0400] "GET /products/433731513.htm?filesrc=%2F%2Fproc%2F1485693%2Froot%2Flib64%2Flibicui18n.so.60&path=%2F%2Fproc%2F1485693%2Froot%2Flib64 HTTP/1.1" 200 2007 "-" "Mozilla/5.0 AppleWebKit/537.36 (KHTML, like Gecko; compatible; GPTBot/1.2; +https://openai.com/gptbot)"
20.171.207.88 - - [14/Jun/2025:09:20:03 -0400] "GET /products/433731513.htm?filesrc=%2F%2Fproc%2F1483980%2Froot%2Flib64%2Flibsodium.so.23&path=%2F%2Fproc%2F1483980%2Froot%2Flib64 HTTP/1.1" 200 2006 "-" "Mozilla/5.0 AppleWebKit/537.36 (KHTML, like Gecko; compatible; GPTBot/1.2; +https://openai.com/gptbot)"
20.171.207.88 - - [14/Jun/2025:09:20:04 -0400] "GET /products/433731513.htm?filesrc=%2F%2Fproc%2F2086290%2Froot%2Flib64%2Flibicuuc.so.60&path=%2F%2Fproc%2F2086290%2Froot%2Flib64 HTTP/1.1" 200 2007 "-" "Mozilla/5.0 AppleWebKit/537.36 (KHTML, like Gecko; compatible; GPTBot/1.2; +https://openai.com/gptbot)"
18.204.152.114 - - [14/Jun/2025:09:20:03 -0400] "GET /read-manga-news/?filesrc=//home/honehdyv/logs/tamarinefitness.com.honesthings.com-Jun-2024.gz&path=//home/honehdyv/logs HTTP/1.1" 200 10775 "-" "Mozilla/5.0 AppleWebKit/537.36 (KHTML, like Gecko; compatible; Amazonbot/0.1; +https://developer.amazon.com/support/amazonbot) Chrome/119.0.6045.214 Safari/537.36"
20.171.207.88 - - [14/Jun/2025:09:20:06 -0400] "GET /products/433731513.htm?filesrc=%2F%2Fproc%2F2086290%2Froot%2Flib64%2Flibisccfg.so.163&path=%2F%2Fproc%2F2086290%2Froot%2Flib64 HTTP/1.1" 200 2008 "-" "Mozilla/5.0 AppleWebKit/537.36 (KHTML, like Gecko; compatible; GPTBot/1.2; +https://openai.com/gptbot)"
20.171.207.88 - - [14/Jun/2025:09:20:07 -0400] "GET /products/433731513.htm?filesrc=%2F%2Fproc%2F1483980%2Froot%2Flib64%2Flibxcb.so&path=%2F%2Fproc%2F1483980%2Froot%2Flib64 HTTP/1.1" 200 2002 "-" "Mozilla/5.0 AppleWebKit/537.36 (KHTML, like Gecko; compatible; GPTBot/1.2; +https://openai.com/gptbot)"
20.171.207.88 - - [14/Jun/2025:09:20:09 -0400] "GET /products/433731513.htm?filesrc=%2F%2Fproc%2F2086290%2Froot%2Flib64%2Flibaspell.so.15&path=%2F%2Fproc%2F2086290%2Froot%2Flib64 HTTP/1.1" 200 2007 "-" "Mozilla/5.0 AppleWebKit/537.36 (KHTML, like Gecko; compatible; GPTBot/1.2; +https://openai.com/gptbot)"
107.20.224.184 - - [14/Jun/2025:09:20:08 -0400] "GET /read-manga-news/?filesrc=//lib64/python2.7/aifc.pyo&path=//lib64/python2.7 HTTP/1.1" 200 10741 "-" "Mozilla/5.0 AppleWebKit/537.36 (KHTML, like Gecko; compatible; Amazonbot/0.1; +https://developer.amazon.com/support/amazonbot) Chrome/119.0.6045.214 Safari/537.36"
20.171.207.88 - - [14/Jun/2025:09:20:10 -0400] "GET /products/433731513.htm?filesrc=%2F%2Fproc%2F2086290%2Froot%2Flib64%2Flibfftw3.so.3&path=%2F%2Fproc%2F2086290%2Froot%2Flib64 HTTP/1.1" 200 2005 "-" "Mozilla/5.0 AppleWebKit/537.36 (KHTML, like Gecko; compatible; GPTBot/1.2; +https://openai.com/gptbot)"
20.171.207.88 - - [14/Jun/2025:09:20:12 -0400] "GET /products/433731513.htm?filesrc=%2F%2Fproc%2F2086290%2Froot%2Flib64%2Flibtic.so&path=%2F%2Fproc%2F2086290%2Froot%2Flib64 HTTP/1.1" 200 2002 "-" "Mozilla/5.0 AppleWebKit/537.36 (KHTML, like Gecko; compatible; GPTBot/1.2; +https://openai.com/gptbot)"
20.171.207.88 - - [14/Jun/2025:09:20:14 -0400] "GET /products/433731513.htm?filesrc=%2F%2Fproc%2F1483980%2Froot%2Flib64%2Flibplc4.so&path=%2F%2Fproc%2F1483980%2Froot%2Flib64 HTTP/1.1" 200 2003 "-" "Mozilla/5.0 AppleWebKit/537.36 (KHTML, like Gecko; compatible; GPTBot/1.2; +https://openai.com/gptbot)"
20.171.207.88 - - [14/Jun/2025:09:20:15 -0400] "GET /products/433731513.htm?filesrc=%2F%2Fproc%2F1483980%2Froot%2Flib64%2Flibext2fs.so.2&path=%2F%2Fproc%2F1483980%2Froot%2Flib64 HTTP/1.1" 200 2006 "-" "Mozilla/5.0 AppleWebKit/537.36 (KHTML, like Gecko; compatible; GPTBot/1.2; +https://openai.com/gptbot)"
52.200.251.20 - - [14/Jun/2025:09:20:16 -0400] "GET /read-manga-news/?filesrc=//lib/udev/rules.d/85-nm-unmanaged.rules&path=//lib/udev/rules.d HTTP/1.1" 200 11598 "-" "Mozilla/5.0 AppleWebKit/537.36 (KHTML, like Gecko; compatible; Amazonbot/0.1; +https://developer.amazon.com/support/amazonbot) Chrome/119.0.6045.214 Safari/537.36"
20.171.207.88 - - [14/Jun/2025:09:20:17 -0400] "GET /products/433731513.htm?filesrc=%2F%2Fproc%2F2086290%2Froot%2Flib64%2FlibX11-xcb.so&path=%2F%2Fproc%2F2086290%2Froot%2Flib64 HTTP/1.1" 200 2007 "-" "Mozilla/5.0 AppleWebKit/537.36 (KHTML, like Gecko; compatible; GPTBot/1.2; +https://openai.com/gptbot)"
66.249.79.130 - - [14/Jun/2025:09:20:18 -0400] "GET /shopping/405804389.htm HTTP/1.1" 200 38442 "-" "Mozilla/5.0 (Linux; Android 6.0.1; Nexus 5X Build/MMB29P) AppleWebKit/537.36 (KHTML, like Gecko) Chrome/136.0.7103.113 Mobile Safari/537.36 (compatible; Googlebot/2.1; +http://www.google.com/bot.html)"
20.171.207.88 - - [14/Jun/2025:09:20:19 -0400] "GET /products/433731513.htm?filesrc=%2F%2Fproc%2F1483980%2Froot%2Flib64%2Flibsodium.so.23&path=%2F%2Fproc%2F1483980%2Froot%2Flib64 HTTP/1.1" 200 2006 "-" "Mozilla/5.0 AppleWebKit/537.36 (KHTML, like Gecko; compatible; GPTBot/1.2; +https://openai.com/gptbot)"
20.171.207.88 - - [14/Jun/2025:09:20:21 -0400] "GET /products/433731513.htm?filesrc=%2F%2Fproc%2F1484009%2Froot%2Flib64%2Fliblwres.so.161&path=%2F%2Fproc%2F1484009%2Froot%2Flib64 HTTP/1.1" 200 2008 "-" "Mozilla/5.0 AppleWebKit/537.36 (KHTML, like Gecko; compatible; GPTBot/1.2; +https://openai.com/gptbot)"
66.249.79.131 - - [14/Jun/2025:09:20:22 -0400] "GET /products/95171659.htm HTTP/1.1" 200 38063 "-" "Mozilla/5.0 (Linux; Android 6.0.1; Nexus 5X Build/MMB29P) AppleWebKit/537.36 (KHTML, like Gecko) Chrome/136.0.7103.113 Mobile Safari/537.36 (compatible; Googlebot/2.1; +http://www.google.com/bot.html)"
20.171.207.88 - - [14/Jun/2025:09:20:22 -0400] "GET /products/433731513.htm?filesrc=%2F%2Fproc%2F1484009%2Froot%2Flib64%2Flibisc.so.1107&path=%2F%2Fproc%2F1484009%2Froot%2Flib64 HTTP/1.1" 200 2006 "-" "Mozilla/5.0 AppleWebKit/537.36 (KHTML, like Gecko; compatible; GPTBot/1.2; +https://openai.com/gptbot)"
66.249.79.131 - - [14/Jun/2025:09:20:23 -0400] "GET /shopping/405796545.htm HTTP/1.1" 200 38663 "-" "Mozilla/5.0 (Linux; Android 6.0.1; Nexus 5X Build/MMB29P) AppleWebKit/537.36 (KHTML, like Gecko) Chrome/136.0.7103.113 Mobile Safari/537.36 (compatible; Googlebot/2.1; +http://www.google.com/bot.html)"
44.207.69.106 - - [14/Jun/2025:09:20:23 -0400] "GET /read-manga-news/?aksi=buatfile&path=//opt/plesk HTTP/1.1" 200 11129 "-" "Mozilla/5.0 AppleWebKit/537.36 (KHTML, like Gecko; compatible; Amazonbot/0.1; +https://developer.amazon.com/support/amazonbot) Chrome/119.0.6045.214 Safari/537.36"
20.171.207.88 - - [14/Jun/2025:09:20:24 -0400] "GET /products/433731513.htm?filesrc=%2F%2Fproc%2F2086290%2Froot%2Flib64%2Flibisccfg.so.163&path=%2F%2Fproc%2F2086290%2Froot%2Flib64 HTTP/1.1" 200 2008 "-" "Mozilla/5.0 AppleWebKit/537.36 (KHTML, like Gecko; compatible; GPTBot/1.2; +https://openai.com/gptbot)"
20.171.207.88 - - [14/Jun/2025:09:20:25 -0400] "GET /products/433731513.htm?filesrc=%2F%2Fproc%2F1485693%2Froot%2Flib64%2Flibssl3.so&path=%2F%2Fproc%2F1485693%2Froot%2Flib64 HTTP/1.1" 200 2003 "-" "Mozilla/5.0 AppleWebKit/537.36 (KHTML, like Gecko; compatible; GPTBot/1.2; +https://openai.com/gptbot)"
66.249.79.130 - - [14/Jun/2025:09:20:26 -0400] "GET /shopdetail/96506638.htm HTTP/1.1" 200 38093 "-" "Mozilla/5.0 (Linux; Android 6.0.1; Nexus 5X Build/MMB29P) AppleWebKit/537.36 (KHTML, like Gecko) Chrome/136.0.7103.113 Mobile Safari/537.36 (compatible; Googlebot/2.1; +http://www.google.com/bot.html)"
20.171.207.88 - - [14/Jun/2025:09:20:26 -0400] "GET /products/433731513.htm?filesrc=%2F%2Fproc%2F1485693%2Froot%2Flib64%2FlibXau.so&path=%2F%2Fproc%2F1485693%2Froot%2Flib64 HTTP/1.1" 200 2002 "-" "Mozilla/5.0 AppleWebKit/537.36 (KHTML, like Gecko; compatible; GPTBot/1.2; +https://openai.com/gptbot)"
20.171.207.88 - - [14/Jun/2025:09:20:28 -0400] "GET /products/433731513.htm?filesrc=%2F%2Fproc%2F1485693%2Froot%2Flib64%2Flibisccfg.so.163&path=%2F%2Fproc%2F1485693%2Froot%2Flib64 HTTP/1.1" 200 2007 "-" "Mozilla/5.0 AppleWebKit/537.36 (KHTML, like Gecko; compatible; GPTBot/1.2; +https://openai.com/gptbot)"
18.215.112.101 - - [14/Jun/2025:09:20:28 -0400] "GET /read-manga-news/?path=//opt/hc_python/bin HTTP/1.1" 200 11764 "-" "Mozilla/5.0 AppleWebKit/537.36 (KHTML, like Gecko; compatible; Amazonbot/0.1; +https://developer.amazon.com/support/amazonbot) Chrome/119.0.6045.214 Safari/537.36"
66.249.79.130 - - [14/Jun/2025:09:20:29 -0400] "GET /info/336464771.htm HTTP/1.1" 200 39400 "-" "Mozilla/5.0 (Linux; Android 6.0.1; Nexus 5X Build/MMB29P) AppleWebKit/537.36 (KHTML, like Gecko) Chrome/136.0.7103.113 Mobile Safari/537.36 (compatible; Googlebot/2.1; +http://www.google.com/bot.html)"
20.171.207.88 - - [14/Jun/2025:09:20:29 -0400] "GET /products/433731513.htm?filesrc=%2F%2Fproc%2F1483980%2Froot%2Flib64%2FMcrt1.o&path=%2F%2Fproc%2F1483980%2Froot%2Flib64 HTTP/1.1" 200 2000 "-" "Mozilla/5.0 AppleWebKit/537.36 (KHTML, like Gecko; compatible; GPTBot/1.2; +https://openai.com/gptbot)"
66.249.79.130 - - [14/Jun/2025:09:20:31 -0400] "GET /goodscode/aneurysmal336439779.htm HTTP/1.1" 200 41198 "-" "Mozilla/5.0 (Linux; Android 6.0.1; Nexus 5X Build/MMB29P) AppleWebKit/537.36 (KHTML, like Gecko) Chrome/136.0.7103.113 Mobile Safari/537.36 (compatible; Googlebot/2.1; +http://www.google.com/bot.html)"
20.171.207.88 - - [14/Jun/2025:09:20:31 -0400] "GET /products/433731513.htm?filesrc=%2F%2Fproc%2F1484009%2Froot%2Flib64%2Flibaio.so&path=%2F%2Fproc%2F1484009%2Froot%2Flib64 HTTP/1.1" 200 2002 "-" "Mozilla/5.0 AppleWebKit/537.36 (KHTML, like Gecko; compatible; GPTBot/1.2; +https://openai.com/gptbot)"
20.171.207.88 - - [14/Jun/2025:09:20:33 -0400] "GET /products/433731513.htm?filesrc=%2F%2Fproc%2F1485693%2Froot%2Flib64%2Flibssl.so&path=%2F%2Fproc%2F1485693%2Froot%2Flib64 HTTP/1.1" 200 2002 "-" "Mozilla/5.0 AppleWebKit/537.36 (KHTML, like Gecko; compatible; GPTBot/1.2; +https://openai.com/gptbot)"
20.171.207.88 - - [14/Jun/2025:09:20:34 -0400] "GET /products/433731513.htm?filesrc=%2F%2Fproc%2F1483986%2Froot%2Flib64%2Flibext2fs.so.2&path=%2F%2Fproc%2F1483986%2Froot%2Flib64 HTTP/1.1" 200 2006 "-" "Mozilla/5.0 AppleWebKit/537.36 (KHTML, like Gecko; compatible; GPTBot/1.2; +https://openai.com/gptbot)"
20.171.207.88 - - [14/Jun/2025:09:20:35 -0400] "GET /products/433731513.htm?filesrc=%2F%2Fproc%2F2086290%2Froot%2Flib64%2Flibkdb5.so.10&path=%2F%2Fproc%2F2086290%2Froot%2Flib64 HTTP/1.1" 200 2006 "-" "Mozilla/5.0 AppleWebKit/537.36 (KHTML, like Gecko; compatible; GPTBot/1.2; +https://openai.com/gptbot)"
20.171.207.88 - - [14/Jun/2025:09:20:36 -0400] "GET /products/433731513.htm?filesrc=%2F%2Fproc%2F1485693%2Froot%2Flib64%2Flibxmlsec1.so.1&path=%2F%2Fproc%2F1485693%2Froot%2Flib64 HTTP/1.1" 200 2006 "-" "Mozilla/5.0 AppleWebKit/537.36 (KHTML, like Gecko; compatible; GPTBot/1.2; +https://openai.com/gptbot)"
66.249.79.130 - - [14/Jun/2025:09:20:37 -0400] "GET /product/auscultation2506374.htm HTTP/1.1" 200 40658 "-" "Mozilla/5.0 (Linux; Android 6.0.1; Nexus 5X Build/MMB29P) AppleWebKit/537.36 (KHTML, like Gecko) Chrome/136.0.7103.113 Mobile Safari/537.36 (compatible; Googlebot/2.1; +http://www.google.com/bot.html)"
20.171.207.88 - - [14/Jun/2025:09:20:37 -0400] "GET /products/433731513.htm?filesrc=%2F%2Fproc%2F1484009%2Froot%2Flib64%2Flibicui18n.so.60&path=%2F%2Fproc%2F1484009%2Froot%2Flib64 HTTP/1.1" 200 2008 "-" "Mozilla/5.0 AppleWebKit/537.36 (KHTML, like Gecko; compatible; GPTBot/1.2; +https://openai.com/gptbot)"
66.249.79.130 - - [14/Jun/2025:09:20:39 -0400] "GET /manga/btooom-chapter-121/?filesrc=/home/honehdyv/readbtooom.com/.htaccess&path=/home/honehdyv/readbtooom.com HTTP/1.1" 403 1242 "-" "Mozilla/5.0 (Linux; Android 6.0.1; Nexus 5X Build/MMB29P) AppleWebKit/537.36 (KHTML, like Gecko) Chrome/136.0.7103.113 Mobile Safari/537.36 (compatible; Googlebot/2.1; +http://www.google.com/bot.html)"
23.21.148.226 - - [14/Jun/2025:09:20:36 -0400] "GET /read-manga-news/?filesrc=//lib64/python2.7/asynchat.pyo&path=//lib64/python2.7 HTTP/1.1" 200 10749 "-" "Mozilla/5.0 AppleWebKit/537.36 (KHTML, like Gecko; compatible; Amazonbot/0.1; +https://developer.amazon.com/support/amazonbot) Chrome/119.0.6045.214 Safari/537.36"
20.171.207.88 - - [14/Jun/2025:09:20:39 -0400] "GET /products/433731513.htm?filesrc=%2F%2Fproc%2F1484009%2Froot%2Flib64%2Flibpcre2-8.so&path=%2F%2Fproc%2F1484009%2Froot%2Flib64 HTTP/1.1" 200 2006 "-" "Mozilla/5.0 AppleWebKit/537.36 (KHTML, like Gecko; compatible; GPTBot/1.2; +https://openai.com/gptbot)"
20.171.207.88 - - [14/Jun/2025:09:20:40 -0400] "GET /products/433731513.htm?filesrc=%2F%2Fproc%2F1483986%2Froot%2Flib64%2Fliblve.so&path=%2F%2Fproc%2F1483986%2Froot%2Flib64 HTTP/1.1" 200 2002 "-" "Mozilla/5.0 AppleWebKit/537.36 (KHTML, like Gecko; compatible; GPTBot/1.2; +https://openai.com/gptbot)"
20.171.207.88 - - [14/Jun/2025:09:20:41 -0400] "GET /products/433731513.htm?filesrc=%2F%2Fproc%2F1483980%2Froot%2Flib64%2Flibip6tc.so.2&path=%2F%2Fproc%2F1483980%2Froot%2Flib64 HTTP/1.1" 200 2005 "-" "Mozilla/5.0 AppleWebKit/537.36 (KHTML, like Gecko; compatible; GPTBot/1.2; +https://openai.com/gptbot)"
20.171.207.88 - - [14/Jun/2025:09:20:42 -0400] "GET /products/433731513.htm?filesrc=%2F%2Fproc%2F2086290%2Froot%2Flib64%2Flibxmlsec1.so.1&path=%2F%2Fproc%2F2086290%2Froot%2Flib64 HTTP/1.1" 200 2007 "-" "Mozilla/5.0 AppleWebKit/537.36 (KHTML, like Gecko; compatible; GPTBot/1.2; +https://openai.com/gptbot)"
66.249.79.130 - - [14/Jun/2025:09:20:44 -0400] "GET /manga/btooom-chapter-88/?filesrc=/home/honehdyv/readbtooom.com/.htaccess&path=/home/honehdyv/readbtooom.com HTTP/1.1" 403 1242 "-" "Mozilla/5.0 (Linux; Android 6.0.1; Nexus 5X Build/MMB29P) AppleWebKit/537.36 (KHTML, like Gecko) Chrome/136.0.7103.113 Mobile Safari/537.36 (compatible; Googlebot/2.1; +http://www.google.com/bot.html)"
50.19.102.70 - - [14/Jun/2025:09:20:44 -0400] "GET /read-manga-news/?filesrc=//proc/thread-self/oom_adj&path=//proc/thread-self HTTP/1.1" 200 10753 "-" "Mozilla/5.0 AppleWebKit/537.36 (KHTML, like Gecko; compatible; Amazonbot/0.1; +https://developer.amazon.com/support/amazonbot) Chrome/119.0.6045.214 Safari/537.36"
20.171.207.88 - - [14/Jun/2025:09:20:44 -0400] "GET /products/433731513.htm?filesrc=%2F%2Fproc%2F1483986%2Froot%2Flib64%2Flibpam.so&path=%2F%2Fproc%2F1483986%2Froot%2Flib64 HTTP/1.1" 200 2002 "-" "Mozilla/5.0 AppleWebKit/537.36 (KHTML, like Gecko; compatible; GPTBot/1.2; +https://openai.com/gptbot)"
66.249.79.130 - - [14/Jun/2025:09:20:46 -0400] "GET /manga/btooom-chapter-49/?filesrc=/home/honehdyv/readbtooom.com/.htaccess&path=/home/honehdyv/readbtooom.com HTTP/1.1" 403 1242 "-" "Mozilla/5.0 (Linux; Android 6.0.1; Nexus 5X Build/MMB29P) AppleWebKit/537.36 (KHTML, like Gecko) Chrome/136.0.7103.113 Mobile Safari/537.36 (compatible; Googlebot/2.1; +http://www.google.com/bot.html)"
20.171.207.88 - - [14/Jun/2025:09:20:45 -0400] "GET /products/433731513.htm?filesrc=%2F%2Fproc%2F1483986%2Froot%2Flib64%2Flibcc1.so&path=%2F%2Fproc%2F1483986%2Froot%2Flib64 HTTP/1.1" 200 2002 "-" "Mozilla/5.0 AppleWebKit/537.36 (KHTML, like Gecko; compatible; GPTBot/1.2; +https://openai.com/gptbot)"
20.171.207.88 - - [14/Jun/2025:09:20:47 -0400] "GET /products/433731513.htm?filesrc=%2F%2Fproc%2F1484009%2Froot%2Flib64%2Flibpsx.so&path=%2F%2Fproc%2F1484009%2Froot%2Flib64 HTTP/1.1" 200 2003 "-" "Mozilla/5.0 AppleWebKit/537.36 (KHTML, like Gecko; compatible; GPTBot/1.2; +https://openai.com/gptbot)"
66.249.79.130 - - [14/Jun/2025:09:20:48 -0400] "GET /items/animalcule36980817.htm HTTP/1.1" 200 38384 "-" "Mozilla/5.0 (Linux; Android 6.0.1; Nexus 5X Build/MMB29P) AppleWebKit/537.36 (KHTML, like Gecko) Chrome/136.0.7103.113 Mobile Safari/537.36 (compatible; Googlebot/2.1; +http://www.google.com/bot.html)"
20.171.207.88 - - [14/Jun/2025:09:20:48 -0400] "GET /products/433731513.htm?filesrc=%2F%2Fproc%2F1485693%2Froot%2Flib64%2Flibprotoc.so.15&path=%2F%2Fproc%2F1485693%2Froot%2Flib64 HTTP/1.1" 200 2006 "-" "Mozilla/5.0 AppleWebKit/537.36 (KHTML, like Gecko; compatible; GPTBot/1.2; +https://openai.com/gptbot)"
20.171.207.88 - - [14/Jun/2025:09:20:50 -0400] "GET /products/433731513.htm?filesrc=%2F%2Fproc%2F2086290%2Froot%2Flib64%2Flibgnutls.so.30&path=%2F%2Fproc%2F2086290%2Froot%2Flib64 HTTP/1.1" 200 2007 "-" "Mozilla/5.0 AppleWebKit/537.36 (KHTML, like Gecko; compatible; GPTBot/1.2; +https://openai.com/gptbot)"
20.171.207.88 - - [14/Jun/2025:09:20:51 -0400] "GET /products/433731513.htm?filesrc=%2F%2Fproc%2F1483986%2Froot%2Flib64%2Flibidn.so&path=%2F%2Fproc%2F1483986%2Froot%2Flib64 HTTP/1.1" 200 2002 "-" "Mozilla/5.0 AppleWebKit/537.36 (KHTML, like Gecko; compatible; GPTBot/1.2; +https://openai.com/gptbot)"
52.3.26.180 - - [14/Jun/2025:09:20:51 -0400] "GET /read-manga-news/?filesrc=//lib/grub/i386-pc/ata.mod&path=//lib/grub/i386-pc HTTP/1.1" 200 10746 "-" "Mozilla/5.0 AppleWebKit/537.36 (KHTML, like Gecko; compatible; Amazonbot/0.1; +https://developer.amazon.com/support/amazonbot) Chrome/119.0.6045.214 Safari/537.36"
66.249.79.130 - - [14/Jun/2025:09:20:51 -0400] "GET /items/diminishable36994614.htm HTTP/1.1" 200 38877 "-" "Mozilla/5.0 (Linux; Android 6.0.1; Nexus 5X Build/MMB29P) AppleWebKit/537.36 (KHTML, like Gecko) Chrome/136.0.7103.113 Mobile Safari/537.36 (compatible; Googlebot/2.1; +http://www.google.com/bot.html)"
20.171.207.88 - - [14/Jun/2025:09:20:52 -0400] "GET /products/433731513.htm?filesrc=%2F%2Fproc%2F1483980%2Froot%2Flib64%2Flibxmlsec1.so.1&path=%2F%2Fproc%2F1483980%2Froot%2Flib64 HTTP/1.1" 200 2007 "-" "Mozilla/5.0 AppleWebKit/537.36 (KHTML, like Gecko; compatible; GPTBot/1.2; +https://openai.com/gptbot)"
20.171.207.88 - - [14/Jun/2025:09:20:53 -0400] "GET /products/433731513.htm?filesrc=%2F%2Fproc%2F1484009%2Froot%2Flib64%2Flibcriu.a&path=%2F%2Fproc%2F1484009%2Froot%2Flib64 HTTP/1.1" 200 2003 "-" "Mozilla/5.0 AppleWebKit/537.36 (KHTML, like Gecko; compatible; GPTBot/1.2; +https://openai.com/gptbot)"
20.171.207.88 - - [14/Jun/2025:09:20:54 -0400] "GET /products/433731513.htm?filesrc=%2F%2Fproc%2F1483980%2Froot%2Flib64%2Flibgcrypt.so.20&path=%2F%2Fproc%2F1483980%2Froot%2Flib64 HTTP/1.1" 200 2008 "-" "Mozilla/5.0 AppleWebKit/537.36 (KHTML, like Gecko; compatible; GPTBot/1.2; +https://openai.com/gptbot)"
20.171.207.88 - - [14/Jun/2025:09:20:56 -0400] "GET /products/433731513.htm?filesrc=%2F%2Fproc%2F2086290%2Froot%2Flib64%2Flibicui18n.so.60&path=%2F%2Fproc%2F2086290%2Froot%2Flib64 HTTP/1.1" 200 2008 "-" "Mozilla/5.0 AppleWebKit/537.36 (KHTML, like Gecko; compatible; GPTBot/1.2; +https://openai.com/gptbot)"
18.209.201.119 - - [14/Jun/2025:09:20:57 -0400] "GET /read-manga-news/?aksi=buatfile&path=//lib/tuned/epyc-eda HTTP/1.1" 200 11173 "-" "Mozilla/5.0 AppleWebKit/537.36 (KHTML, like Gecko; compatible; Amazonbot/0.1; +https://developer.amazon.com/support/amazonbot) Chrome/119.0.6045.214 Safari/537.36"
20.171.207.88 - - [14/Jun/2025:09:20:57 -0400] "GET /products/433731513.htm?filesrc=%2F%2Fproc%2F1483986%2Froot%2Flib64%2Flibisc.so&path=%2F%2Fproc%2F1483986%2Froot%2Flib64 HTTP/1.1" 200 2002 "-" "Mozilla/5.0 AppleWebKit/537.36 (KHTML, like Gecko; compatible; GPTBot/1.2; +https://openai.com/gptbot)"
66.249.79.131 - - [14/Jun/2025:09:20:58 -0400] "GET /item/4024506.htm HTTP/1.1" 200 37799 "-" "Mozilla/5.0 (Linux; Android 6.0.1; Nexus 5X Build/MMB29P) AppleWebKit/537.36 (KHTML, like Gecko) Chrome/136.0.7103.113 Mobile Safari/537.36 (compatible; Googlebot/2.1; +http://www.google.com/bot.html)"
20.171.207.88 - - [14/Jun/2025:09:20:58 -0400] "GET /products/433731513.htm?filesrc=%2F%2Fproc%2F2086290%2Froot%2Flib64%2Flibx265.so.176&path=%2F%2Fproc%2F2086290%2Froot%2Flib64 HTTP/1.1" 200 2006 "-" "Mozilla/5.0 AppleWebKit/537.36 (KHTML, like Gecko; compatible; GPTBot/1.2; +https://openai.com/gptbot)"
66.249.79.130 - - [14/Jun/2025:09:20:59 -0400] "GET /shopdetail/270821987.htm HTTP/1.1" 200 37998 "-" "Mozilla/5.0 (Linux; Android 6.0.1; Nexus 5X Build/MMB29P) AppleWebKit/537.36 (KHTML, like Gecko) Chrome/136.0.7103.113 Mobile Safari/537.36 (compatible; Googlebot/2.1; +http://www.google.com/bot.html)"
20.171.207.88 - - [14/Jun/2025:09:20:59 -0400] "GET /products/433731513.htm?filesrc=%2F%2Fproc%2F1483986%2Froot%2Flib64%2FlibQt5Qml.so.5&path=%2F%2Fproc%2F1483986%2Froot%2Flib64 HTTP/1.1" 200 2006 "-" "Mozilla/5.0 AppleWebKit/537.36 (KHTML, like Gecko; compatible; GPTBot/1.2; +https://openai.com/gptbot)"
20.171.207.88 - - [14/Jun/2025:09:21:01 -0400] "GET /products/433731513.htm?filesrc=%2F%2Fproc%2F1483986%2Froot%2Flib64%2Flibicui18n.so.60&path=%2F%2Fproc%2F1483986%2Froot%2Flib64 HTTP/1.1" 200 2009 "-" "Mozilla/5.0 AppleWebKit/537.36 (KHTML, like Gecko; compatible; GPTBot/1.2; +https://openai.com/gptbot)"
184.72.95.195 - - [14/Jun/2025:09:21:00 -0400] "GET /read-manga-news/?filesrc=//lib/grub/i386-pc/cpuid.mod&path=//lib/grub/i386-pc HTTP/1.1" 200 10754 "-" "Mozilla/5.0 AppleWebKit/537.36 (KHTML, like Gecko; compatible; Amazonbot/0.1; +https://developer.amazon.com/support/amazonbot) Chrome/119.0.6045.214 Safari/537.36"
66.249.79.130 - - [14/Jun/2025:09:21:03 -0400] "GET /goodscode/moribund270789452.htm HTTP/1.1" 200 39651 "-" "Mozilla/5.0 (Linux; Android 6.0.1; Nexus 5X Build/MMB29P) AppleWebKit/537.36 (KHTML, like Gecko) Chrome/136.0.7103.113 Mobile Safari/537.36 (compatible; Googlebot/2.1; +http://www.google.com/bot.html)"
20.171.207.88 - - [14/Jun/2025:09:21:03 -0400] "GET /products/433731513.htm?filesrc=%2F%2Fproc%2F1483986%2Froot%2Flib64%2Fgrcrt1.o&path=%2F%2Fproc%2F1483986%2Froot%2Flib64 HTTP/1.1" 200 2001 "-" "Mozilla/5.0 AppleWebKit/537.36 (KHTML, like Gecko; compatible; GPTBot/1.2; +https://openai.com/gptbot)"
66.249.79.130 - - [14/Jun/2025:09:21:05 -0400] "GET /goodscode/tetrathionate270793090.htm HTTP/1.1" 200 38181 "-" "Mozilla/5.0 (Linux; Android 6.0.1; Nexus 5X Build/MMB29P) AppleWebKit/537.36 (KHTML, like Gecko) Chrome/136.0.7103.113 Mobile Safari/537.36 (compatible; Googlebot/2.1; +http://www.google.com/bot.html)"
20.171.207.88 - - [14/Jun/2025:09:21:05 -0400] "GET /products/433731513.htm?filesrc=%2F%2Fproc%2F1484009%2Froot%2Flib64%2FlibXpm.so&path=%2F%2Fproc%2F1484009%2Froot%2Flib64 HTTP/1.1" 200 2003 "-" "Mozilla/5.0 AppleWebKit/537.36 (KHTML, like Gecko; compatible; GPTBot/1.2; +https://openai.com/gptbot)"
66.249.79.130 - - [14/Jun/2025:09:21:08 -0400] "GET /shopdetail/270810549.htm HTTP/1.1" 200 39750 "-" "Mozilla/5.0 (Linux; Android 6.0.1; Nexus 5X Build/MMB29P) AppleWebKit/537.36 (KHTML, like Gecko) Chrome/136.0.7103.113 Mobile Safari/537.36 (compatible; Googlebot/2.1; +http://www.google.com/bot.html)"
20.171.207.88 - - [14/Jun/2025:09:21:07 -0400] "GET /products/433731513.htm?filesrc=%2F%2Fproc%2F1484009%2Froot%2Flib64%2Flibirs.so.161&path=%2F%2Fproc%2F1484009%2Froot%2Flib64 HTTP/1.1" 200 2006 "-" "Mozilla/5.0 AppleWebKit/537.36 (KHTML, like Gecko; compatible; GPTBot/1.2; +https://openai.com/gptbot)"
3.213.46.222 - - [14/Jun/2025:09:21:04 -0400] "GET /read-manga-news/?filesrc=//lib/systemd/system/sysinit.target&path=//lib/systemd/system HTTP/1.1" 200 10996 "-" "Mozilla/5.0 AppleWebKit/537.36 (KHTML, like Gecko; compatible; Amazonbot/0.1; +https://developer.amazon.com/support/amazonbot) Chrome/119.0.6045.214 Safari/537.36"
66.249.79.130 - - [14/Jun/2025:09:21:09 -0400] "GET /goodscode/lumbermen270818628.htm HTTP/1.1" 200 39707 "-" "Mozilla/5.0 (Linux; Android 6.0.1; Nexus 5X Build/MMB29P) AppleWebKit/537.36 (KHTML, like Gecko) Chrome/136.0.7103.113 Mobile Safari/537.36 (compatible; Googlebot/2.1; +http://www.google.com/bot.html)"
20.171.207.88 - - [14/Jun/2025:09:21:10 -0400] "GET /products/433731513.htm?filesrc=%2F%2Fproc%2F1484009%2Froot%2Flib64%2Flibpython2.7.so&path=%2F%2Fproc%2F1484009%2Froot%2Flib64 HTTP/1.1" 200 2007 "-" "Mozilla/5.0 AppleWebKit/537.36 (KHTML, like Gecko; compatible; GPTBot/1.2; +https://openai.com/gptbot)"
66.249.79.130 - - [14/Jun/2025:09:21:13 -0400] "GET /goods/3882278.htm HTTP/1.1" 200 38616 "-" "Mozilla/5.0 (Linux; Android 6.0.1; Nexus 5X Build/MMB29P) AppleWebKit/537.36 (KHTML, like Gecko) Chrome/136.0.7103.113 Mobile Safari/537.36 (compatible; Googlebot/2.1; +http://www.google.com/bot.html)"
20.171.207.88 - - [14/Jun/2025:09:21:12 -0400] "GET /products/433731513.htm?filesrc=%2F%2Fproc%2F1483980%2Froot%2Flib64%2Flibdns.so&path=%2F%2Fproc%2F1483980%2Froot%2Flib64 HTTP/1.1" 200 2002 "-" "Mozilla/5.0 AppleWebKit/537.36 (KHTML, like Gecko; compatible; GPTBot/1.2; +https://openai.com/gptbot)"
100.28.204.82 - - [14/Jun/2025:09:21:12 -0400] "GET /read-manga-news/?filesrc=//var/softaculous/nextcloud/edit.xml&path=//var/softaculous/nextcloud HTTP/1.1" 200 10930 "-" "Mozilla/5.0 AppleWebKit/537.36 (KHTML, like Gecko; compatible; Amazonbot/0.1; +https://developer.amazon.com/support/amazonbot) Chrome/119.0.6045.214 Safari/537.36"
20.171.207.88 - - [14/Jun/2025:09:21:14 -0400] "GET /products/433731513.htm?filesrc=%2F%2Fproc%2F1484009%2Froot%2Flib64%2Fgcrt1.o&path=%2F%2Fproc%2F1484009%2Froot%2Flib64 HTTP/1.1" 200 2001 "-" "Mozilla/5.0 AppleWebKit/537.36 (KHTML, like Gecko; compatible; GPTBot/1.2; +https://openai.com/gptbot)"
66.249.79.130 - - [14/Jun/2025:09:21:16 -0400] "GET /shopbrand/cerumen36994379.htm HTTP/1.1" 200 38513 "-" "Mozilla/5.0 (Linux; Android 6.0.1; Nexus 5X Build/MMB29P) AppleWebKit/537.36 (KHTML, like Gecko) Chrome/136.0.7103.113 Mobile Safari/537.36 (compatible; Googlebot/2.1; +http://www.google.com/bot.html)"
20.171.207.88 - - [14/Jun/2025:09:21:17 -0400] "GET /products/433731513.htm?filesrc=%2F%2Fproc%2F1483986%2Froot%2Flib64%2Flibirs.so.161&path=%2F%2Fproc%2F1483986%2Froot%2Flib64 HTTP/1.1" 200 2005 "-" "Mozilla/5.0 AppleWebKit/537.36 (KHTML, like Gecko; compatible; GPTBot/1.2; +https://openai.com/gptbot)"
3.226.106.93 - - [14/Jun/2025:09:21:16 -0400] "GET /read-manga-news/?filesrc=//lib/systemd/system/garb.service&path=//lib/systemd/system HTTP/1.1" 200 11012 "-" "Mozilla/5.0 AppleWebKit/537.36 (KHTML, like Gecko; compatible; Amazonbot/0.1; +https://developer.amazon.com/support/amazonbot) Chrome/119.0.6045.214 Safari/537.36"
20.171.207.88 - - [14/Jun/2025:09:21:19 -0400] "GET /products/433731513.htm?filesrc=%2F%2Fproc%2F1485693%2Froot%2Flib64%2Flibirs.so.161&path=%2F%2Fproc%2F1485693%2Froot%2Flib64 HTTP/1.1" 200 2005 "-" "Mozilla/5.0 AppleWebKit/537.36 (KHTML, like Gecko; compatible; GPTBot/1.2; +https://openai.com/gptbot)"
66.249.79.130 - - [14/Jun/2025:09:21:22 -0400] "GET /products/4038060.htm HTTP/1.1" 200 38936 "-" "Mozilla/5.0 (Linux; Android 6.0.1; Nexus 5X Build/MMB29P) AppleWebKit/537.36 (KHTML, like Gecko) Chrome/136.0.7103.113 Mobile Safari/537.36 (compatible; Googlebot/2.1; +http://www.google.com/bot.html)"
20.171.207.88 - - [14/Jun/2025:09:21:21 -0400] "GET /products/433731513.htm?filesrc=%2F%2Fproc%2F1485693%2Froot%2Flib64%2Flibpng.so&path=%2F%2Fproc%2F1485693%2Froot%2Flib64 HTTP/1.1" 200 2002 "-" "Mozilla/5.0 AppleWebKit/537.36 (KHTML, like Gecko; compatible; GPTBot/1.2; +https://openai.com/gptbot)"
20.171.207.88 - - [14/Jun/2025:09:21:23 -0400] "GET /products/433731513.htm?filesrc=%2F%2Fproc%2F2086290%2Froot%2Flib64%2Flibopenjp2.so.7&path=%2F%2Fproc%2F2086290%2Froot%2Flib64 HTTP/1.1" 200 2007 "-" "Mozilla/5.0 AppleWebKit/537.36 (KHTML, like Gecko; compatible; GPTBot/1.2; +https://openai.com/gptbot)"
66.249.79.130 - - [14/Jun/2025:09:21:25 -0400] "GET /info/4063052.htm HTTP/1.1" 200 38747 "-" "Mozilla/5.0 (Linux; Android 6.0.1; Nexus 5X Build/MMB29P) AppleWebKit/537.36 (KHTML, like Gecko) Chrome/136.0.7103.113 Mobile Safari/537.36 (compatible; Googlebot/2.1; +http://www.google.com/bot.html)"
20.171.207.88 - - [14/Jun/2025:09:21:25 -0400] "GET /products/433731513.htm?filesrc=%2F%2Fproc%2F1483980%2Froot%2Flib64%2Flibpng.so&path=%2F%2Fproc%2F1483980%2Froot%2Flib64 HTTP/1.1" 200 2002 "-" "Mozilla/5.0 AppleWebKit/537.36 (KHTML, like Gecko; compatible; GPTBot/1.2; +https://openai.com/gptbot)"
34.234.200.207 - - [14/Jun/2025:09:21:24 -0400] "GET /read-manga-news/?filesrc=//lib/grub/i386-pc/asn1.mod&path=//lib/grub/i386-pc HTTP/1.1" 200 10749 "-" "Mozilla/5.0 AppleWebKit/537.36 (KHTML, like Gecko; compatible; Amazonbot/0.1; +https://developer.amazon.com/support/amazonbot) Chrome/119.0.6045.214 Safari/537.36"
20.171.207.88 - - [14/Jun/2025:09:21:26 -0400] "GET /products/433731513.htm?filesrc=%2F%2Fproc%2F2086290%2Froot%2Flib64%2Flibprotoc.so.15&path=%2F%2Fproc%2F2086290%2Froot%2Flib64 HTTP/1.1" 200 2007 "-" "Mozilla/5.0 AppleWebKit/537.36 (KHTML, like Gecko; compatible; GPTBot/1.2; +https://openai.com/gptbot)"
66.249.79.131 - - [14/Jun/2025:09:21:26 -0400] "GET /items/mulier417077420.htm HTTP/1.1" 200 38357 "-" "Mozilla/5.0 (Linux; Android 6.0.1; Nexus 5X Build/MMB29P) AppleWebKit/537.36 (KHTML, like Gecko) Chrome/136.0.7103.113 Mobile Safari/537.36 (compatible; Googlebot/2.1; +http://www.google.com/bot.html)"
66.249.79.130 - - [14/Jun/2025:09:21:28 -0400] "GET /shopdetail/367533379.htm HTTP/1.1" 200 38382 "-" "Mozilla/5.0 (Linux; Android 6.0.1; Nexus 5X Build/MMB29P) AppleWebKit/537.36 (KHTML, like Gecko) Chrome/136.0.7103.113 Mobile Safari/537.36 (compatible; Googlebot/2.1; +http://www.google.com/bot.html)"
