20.171.207.88 - - [14/Jun/2025:08:44:48 -0400] "GET /products/433731513.htm?filesrc=%2F%2Fproc%2F1484009%2Fsetgroups&path=%2F%2Fproc%2F1484009 HTTP/1.1" 200 1983 "-" "Mozilla/5.0 AppleWebKit/537.36 (KHTML, like Gecko; compatible; GPTBot/1.2; +https://openai.com/gptbot)"
54.235.191.179 - - [14/Jun/2025:08:44:48 -0400] "GET /read-manga-news/?filesrc=//usr/bin/mariadb-show&path=//usr/bin HTTP/1.1" 200 10748 "-" "Mozilla/5.0 AppleWebKit/537.36 (KHTML, like Gecko; compatible; Amazonbot/0.1; +https://developer.amazon.com/support/amazonbot) Chrome/119.0.6045.214 Safari/537.36"
20.171.207.88 - - [14/Jun/2025:08:44:52 -0400] "GET /products/433731513.htm?filesrc=%2F%2Fproc%2F1483980%2Fsessionid&path=%2F%2Fproc%2F1483980 HTTP/1.1" 200 1990 "-" "Mozilla/5.0 AppleWebKit/537.36 (KHTML, like Gecko; compatible; GPTBot/1.2; +https://openai.com/gptbot)"
3.89.170.186 - - [14/Jun/2025:08:44:53 -0400] "GET /read-manga-news/?filesrc=//var/softaculous/pmwiki/pmwiki.zip&path=//var/softaculous/pmwiki HTTP/1.1" 200 10713 "-" "Mozilla/5.0 AppleWebKit/537.36 (KHTML, like Gecko; compatible; Amazonbot/0.1; +https://developer.amazon.com/support/amazonbot) Chrome/119.0.6045.214 Safari/537.36"
20.171.207.88 - - [14/Jun/2025:08:44:55 -0400] "GET /products/433731513.htm?filesrc=%2F%2Fproc%2F1484009%2Fnet%2Fip_tables_matches&path=%2F%2Fproc%2F1484009%2Fnet HTTP/1.1" 200 2003 "-" "Mozilla/5.0 AppleWebKit/537.36 (KHTML, like Gecko; compatible; GPTBot/1.2; +https://openai.com/gptbot)"
54.197.102.71 - - [14/Jun/2025:08:44:56 -0400] "GET /read-manga-news/?aksi=buatfolder&path=//var/softaculous/webtrees HTTP/1.1" 200 10801 "-" "Mozilla/5.0 AppleWebKit/537.36 (KHTML, like Gecko; compatible; Amazonbot/0.1; +https://developer.amazon.com/support/amazonbot) Chrome/119.0.6045.214 Safari/537.36"
20.171.207.88 - - [14/Jun/2025:08:44:58 -0400] "GET /products/433731513.htm?filesrc=%2F%2Fproc%2F1484009%2Fnet%2Fip_tables_targets&path=%2F%2Fproc%2F1484009%2Fnet HTTP/1.1" 200 2002 "-" "Mozilla/5.0 AppleWebKit/537.36 (KHTML, like Gecko; compatible; GPTBot/1.2; +https://openai.com/gptbot)"
20.171.207.88 - - [14/Jun/2025:08:45:00 -0400] "GET /products/433731513.htm?filesrc=%2F%2Fproc%2F1483980%2Fnet%2Fip_tables_targets&path=%2F%2Fproc%2F1483980%2Fnet HTTP/1.1" 200 2003 "-" "Mozilla/5.0 AppleWebKit/537.36 (KHTML, like Gecko; compatible; GPTBot/1.2; +https://openai.com/gptbot)"
52.21.62.139 - - [14/Jun/2025:08:45:01 -0400] "GET /read-manga-news/?path=/home/honehdyv/remonster.online/wp-content/cache/critical-css HTTP/1.1" 200 11229 "-" "Mozilla/5.0 AppleWebKit/537.36 (KHTML, like Gecko; compatible; Amazonbot/0.1; +https://developer.amazon.com/support/amazonbot) Chrome/119.0.6045.214 Safari/537.36"
20.171.207.88 - - [14/Jun/2025:08:45:03 -0400] "GET /products/433731513.htm?filesrc=%2F%2Fproc%2F1483986%2Fnet%2Fip_tables_matches&path=%2F%2Fproc%2F1483986%2Fnet HTTP/1.1" 200 2004 "-" "Mozilla/5.0 AppleWebKit/537.36 (KHTML, like Gecko; compatible; GPTBot/1.2; +https://openai.com/gptbot)"
3.93.98.99 - - [14/Jun/2025:08:45:04 -0400] "GET /read-manga-news/?filesrc=//var/softaculous/drupal9/fileindex.php&path=//var/softaculous/drupal9 HTTP/1.1" 200 10917 "-" "Mozilla/5.0 AppleWebKit/537.36 (KHTML, like Gecko; compatible; Amazonbot/0.1; +https://developer.amazon.com/support/amazonbot) Chrome/119.0.6045.214 Safari/537.36"
20.171.207.88 - - [14/Jun/2025:08:45:06 -0400] "GET /products/433731513.htm?filesrc=%2F%2Fproc%2F2086290%2Fnet%2Fip_tables_matches&path=%2F%2Fproc%2F2086290%2Fnet HTTP/1.1" 200 2004 "-" "Mozilla/5.0 AppleWebKit/537.36 (KHTML, like Gecko; compatible; GPTBot/1.2; +https://openai.com/gptbot)"
20.171.207.88 - - [14/Jun/2025:08:45:09 -0400] "GET /products/433731513.htm?filesrc=%2F%2Fproc%2F2086290%2Fnet%2Fip_tables_targets&path=%2F%2Fproc%2F2086290%2Fnet HTTP/1.1" 200 2002 "-" "Mozilla/5.0 AppleWebKit/537.36 (KHTML, like Gecko; compatible; GPTBot/1.2; +https://openai.com/gptbot)"
47.128.41.215 - - [14/Jun/2025:08:45:09 -0400] "GET /?filesrc=%2Fhome%2Fhonehdyv%2Freadbtooom.com%2Fwp-admin%2Fupgrade.php&path=%2Fhome%2Fhonehdyv%2Freadbtooom.com%2Fwp-admin HTTP/1.1" 200 3961 "-" "Mozilla/5.0 (Linux; Android 5.0) AppleWebKit/537.36 (KHTML, like Gecko) Mobile Safari/537.36 (compatible; Bytespider; [email protected])"
100.25.120.246 - - [14/Jun/2025:08:45:09 -0400] "GET /read-manga-news/?path=//var/softaculous/fcms/php81 HTTP/1.1" 200 11282 "-" "Mozilla/5.0 AppleWebKit/537.36 (KHTML, like Gecko; compatible; Amazonbot/0.1; +https://developer.amazon.com/support/amazonbot) Chrome/119.0.6045.214 Safari/537.36"
20.171.207.88 - - [14/Jun/2025:08:45:11 -0400] "GET /products/433731513.htm?filesrc=%2F%2Fproc%2F1485693%2Fnet%2Fip_tables_matches&path=%2F%2Fproc%2F1485693%2Fnet HTTP/1.1" 200 2004 "-" "Mozilla/5.0 AppleWebKit/537.36 (KHTML, like Gecko; compatible; GPTBot/1.2; +https://openai.com/gptbot)"
20.171.207.88 - - [14/Jun/2025:08:45:13 -0400] "GET /products/433731513.htm?filesrc=%2F%2Fproc%2F1483986%2Fnet%2Fip_tables_targets&path=%2F%2Fproc%2F1483986%2Fnet HTTP/1.1" 200 2003 "-" "Mozilla/5.0 AppleWebKit/537.36 (KHTML, like Gecko; compatible; GPTBot/1.2; +https://openai.com/gptbot)"
100.29.164.178 - - [14/Jun/2025:08:45:13 -0400] "GET /read-manga-news/?filesrc=//usr/lib64/libtss2-tctildr.so.0&path=//usr/lib64 HTTP/1.1" 200 10735 "-" "Mozilla/5.0 AppleWebKit/537.36 (KHTML, like Gecko; compatible; Amazonbot/0.1; +https://developer.amazon.com/support/amazonbot) Chrome/119.0.6045.214 Safari/537.36"
20.171.207.88 - - [14/Jun/2025:08:45:16 -0400] "GET /products/433731513.htm?filesrc=%2F%2Fproc%2F1483980%2Fnet%2Fip_tables_matches&path=%2F%2Fproc%2F1483980%2Fnet HTTP/1.1" 200 2004 "-" "Mozilla/5.0 AppleWebKit/537.36 (KHTML, like Gecko; compatible; GPTBot/1.2; +https://openai.com/gptbot)"
20.171.207.88 - - [14/Jun/2025:08:45:17 -0400] "GET /products/433731513.htm?filesrc=%2F%2Fproc%2F1485693%2Fnet%2Fip_tables_targets&path=%2F%2Fproc%2F1485693%2Fnet HTTP/1.1" 200 2003 "-" "Mozilla/5.0 AppleWebKit/537.36 (KHTML, like Gecko; compatible; GPTBot/1.2; +https://openai.com/gptbot)"
54.166.104.83 - - [14/Jun/2025:08:45:16 -0400] "GET /read-manga-news/?filesrc=//var/softaculous/phplite/phpliteadmin.php&path=//var/softaculous/phplite HTTP/1.1" 200 73473 "-" "Mozilla/5.0 AppleWebKit/537.36 (KHTML, like Gecko; compatible; Amazonbot/0.1; +https://developer.amazon.com/support/amazonbot) Chrome/119.0.6045.214 Safari/537.36"
20.171.207.88 - - [14/Jun/2025:08:45:19 -0400] "GET /products/433731513.htm?filesrc=%2F%2Fproc%2F1484009%2Fnet%2Figmp6&path=%2F%2Fproc%2F1484009%2Fnet HTTP/1.1" 200 1993 "-" "Mozilla/5.0 AppleWebKit/537.36 (KHTML, like Gecko; compatible; GPTBot/1.2; +https://openai.com/gptbot)"
20.171.207.88 - - [14/Jun/2025:08:45:21 -0400] "GET /products/433731513.htm?filesrc=%2F%2Fproc%2F2086290%2Fnet%2Fraw6&path=%2F%2Fproc%2F2086290%2Fnet HTTP/1.1" 200 2070 "-" "Mozilla/5.0 AppleWebKit/537.36 (KHTML, like Gecko; compatible; GPTBot/1.2; +https://openai.com/gptbot)"
52.0.218.219 - - [14/Jun/2025:08:45:21 -0400] "GET /read-manga-news/?path=//usr/include/sys HTTP/1.1" 200 13620 "-" "Mozilla/5.0 AppleWebKit/537.36 (KHTML, like Gecko; compatible; Amazonbot/0.1; +https://developer.amazon.com/support/amazonbot) Chrome/119.0.6045.214 Safari/537.36"
20.171.207.88 - - [14/Jun/2025:08:45:22 -0400] "GET /products/433731513.htm?filesrc=%2F%2Fproc%2F1483980%2Fnet%2Fudp6&path=%2F%2Fproc%2F1483980%2Fnet HTTP/1.1" 200 2239 "-" "Mozilla/5.0 AppleWebKit/537.36 (KHTML, like Gecko; compatible; GPTBot/1.2; +https://openai.com/gptbot)"
20.171.207.88 - - [14/Jun/2025:08:45:24 -0400] "GET /products/433731513.htm?filesrc=%2F%2Fproc%2F2086290%2Fnet%2Funix&path=%2F%2Fproc%2F2086290%2Fnet HTTP/1.1" 200 16896 "-" "Mozilla/5.0 AppleWebKit/537.36 (KHTML, like Gecko; compatible; GPTBot/1.2; +https://openai.com/gptbot)"
184.73.239.35 - - [14/Jun/2025:08:45:24 -0400] "GET /read-manga-news/?path=//var/softaculous/jqplot/php56 HTTP/1.1" 200 11158 "-" "Mozilla/5.0 AppleWebKit/537.36 (KHTML, like Gecko; compatible; Amazonbot/0.1; +https://developer.amazon.com/support/amazonbot) Chrome/119.0.6045.214 Safari/537.36"
20.171.207.88 - - [14/Jun/2025:08:45:26 -0400] "GET /products/433731513.htm?filesrc=%2F%2Fproc%2F2086290%2Fnet%2Fudp6&path=%2F%2Fproc%2F2086290%2Fnet HTTP/1.1" 200 2239 "-" "Mozilla/5.0 AppleWebKit/537.36 (KHTML, like Gecko; compatible; GPTBot/1.2; +https://openai.com/gptbot)"
34.195.248.30 - - [14/Jun/2025:08:45:28 -0400] "GET /read-manga-news/?aksi=ransom&path=//var/softaculous/myt HTTP/1.1" 200 11836 "-" "Mozilla/5.0 AppleWebKit/537.36 (KHTML, like Gecko; compatible; Amazonbot/0.1; +https://developer.amazon.com/support/amazonbot) Chrome/119.0.6045.214 Safari/537.36"
20.171.207.88 - - [14/Jun/2025:08:45:28 -0400] "GET /products/433731513.htm?filesrc=%2F%2Fproc%2F1483986%2Fnet%2Fsnmp&path=%2F%2Fproc%2F1483986%2Fnet HTTP/1.1" 200 1992 "-" "Mozilla/5.0 AppleWebKit/537.36 (KHTML, like Gecko; compatible; GPTBot/1.2; +https://openai.com/gptbot)"
20.171.207.88 - - [14/Jun/2025:08:45:30 -0400] "GET /products/433731513.htm?filesrc=%2F%2Fproc%2F1485693%2Fnet%2Fraw6&path=%2F%2Fproc%2F1485693%2Fnet HTTP/1.1" 200 2070 "-" "Mozilla/5.0 AppleWebKit/537.36 (KHTML, like Gecko; compatible; GPTBot/1.2; +https://openai.com/gptbot)"
20.171.207.88 - - [14/Jun/2025:08:45:32 -0400] "GET /products/433731513.htm?filesrc=%2F%2Fproc%2F2086696%2Fcwd%2Fphar&path=%2F%2Fproc%2F2086696%2Fcwd HTTP/1.1" 200 1993 "-" "Mozilla/5.0 AppleWebKit/537.36 (KHTML, like Gecko; compatible; GPTBot/1.2; +https://openai.com/gptbot)"
20.171.207.88 - - [14/Jun/2025:08:45:34 -0400] "GET /products/433731513.htm?filesrc=%2F%2Fproc%2F2086290%2Fnet%2Fipv6_route&path=%2F%2Fproc%2F2086290%2Fnet HTTP/1.1" 200 2000 "-" "Mozilla/5.0 AppleWebKit/537.36 (KHTML, like Gecko; compatible; GPTBot/1.2; +https://openai.com/gptbot)"
23.23.104.107 - - [14/Jun/2025:08:45:33 -0400] "GET /read-manga-news/?path=//usr/share/locale/car HTTP/1.1" 200 11166 "-" "Mozilla/5.0 AppleWebKit/537.36 (KHTML, like Gecko; compatible; Amazonbot/0.1; +https://developer.amazon.com/support/amazonbot) Chrome/119.0.6045.214 Safari/537.36"
20.171.207.88 - - [14/Jun/2025:08:45:35 -0400] "GET /products/433731513.htm?filesrc=%2F%2Fproc%2F1484009%2Fnet%2Fraw6&path=%2F%2Fproc%2F1484009%2Fnet HTTP/1.1" 200 2070 "-" "Mozilla/5.0 AppleWebKit/537.36 (KHTML, like Gecko; compatible; GPTBot/1.2; +https://openai.com/gptbot)"
20.171.207.88 - - [14/Jun/2025:08:45:37 -0400] "GET /products/433731513.htm?filesrc=%2F%2Fproc%2F1485693%2Fnet%2Fudp6&path=%2F%2Fproc%2F1485693%2Fnet HTTP/1.1" 200 2239 "-" "Mozilla/5.0 AppleWebKit/537.36 (KHTML, like Gecko; compatible; GPTBot/1.2; +https://openai.com/gptbot)"
34.236.135.14 - - [14/Jun/2025:08:45:37 -0400] "GET /read-manga-news/?path=//lib/.build-id/ab HTTP/1.1" 200 12649 "-" "Mozilla/5.0 AppleWebKit/537.36 (KHTML, like Gecko; compatible; Amazonbot/0.1; +https://developer.amazon.com/support/amazonbot) Chrome/119.0.6045.214 Safari/537.36"
20.171.207.88 - - [14/Jun/2025:08:45:38 -0400] "GET /products/433731513.htm?filesrc=%2F%2Fproc%2F1484009%2Fnet%2Funix&path=%2F%2Fproc%2F1484009%2Fnet HTTP/1.1" 200 17703 "-" "Mozilla/5.0 AppleWebKit/537.36 (KHTML, like Gecko; compatible; GPTBot/1.2; +https://openai.com/gptbot)"
20.171.207.88 - - [14/Jun/2025:08:45:39 -0400] "GET /products/433731513.htm?filesrc=%2F%2Fproc%2F1483986%2Fnet%2Fraw6&path=%2F%2Fproc%2F1483986%2Fnet HTTP/1.1" 200 2070 "-" "Mozilla/5.0 AppleWebKit/537.36 (KHTML, like Gecko; compatible; GPTBot/1.2; +https://openai.com/gptbot)"
20.171.207.88 - - [14/Jun/2025:08:45:41 -0400] "GET /products/433731513.htm?filesrc=%2F%2Fproc%2F1483980%2Fnet%2Figmp&path=%2F%2Fproc%2F1483980%2Fnet HTTP/1.1" 200 1992 "-" "Mozilla/5.0 AppleWebKit/537.36 (KHTML, like Gecko; compatible; GPTBot/1.2; +https://openai.com/gptbot)"
44.214.19.8 - - [14/Jun/2025:08:45:40 -0400] "GET /read-manga-news/?path=//usr/share/locale/da HTTP/1.1" 200 11192 "-" "Mozilla/5.0 AppleWebKit/537.36 (KHTML, like Gecko; compatible; Amazonbot/0.1; +https://developer.amazon.com/support/amazonbot) Chrome/119.0.6045.214 Safari/537.36"
20.171.207.88 - - [14/Jun/2025:08:45:43 -0400] "GET /products/433731513.htm?filesrc=%2F%2Fproc%2F1483986%2Fnet%2Ficmp&path=%2F%2Fproc%2F1483986%2Fnet HTTP/1.1" 200 1992 "-" "Mozilla/5.0 AppleWebKit/537.36 (KHTML, like Gecko; compatible; GPTBot/1.2; +https://openai.com/gptbot)"
20.171.207.88 - - [14/Jun/2025:08:45:44 -0400] "GET /products/433731513.htm?filesrc=%2F%2Fproc%2F1483986%2Fnet%2Fudp6&path=%2F%2Fproc%2F1483986%2Fnet HTTP/1.1" 200 2239 "-" "Mozilla/5.0 AppleWebKit/537.36 (KHTML, like Gecko; compatible; GPTBot/1.2; +https://openai.com/gptbot)"
20.171.207.88 - - [14/Jun/2025:08:45:46 -0400] "GET /products/433731513.htm?filesrc=%2F%2Fproc%2F2086290%2Fnet%2Figmp&path=%2F%2Fproc%2F2086290%2Fnet HTTP/1.1" 200 1993 "-" "Mozilla/5.0 AppleWebKit/537.36 (KHTML, like Gecko; compatible; GPTBot/1.2; +https://openai.com/gptbot)"
20.171.207.88 - - [14/Jun/2025:08:45:47 -0400] "GET /products/433731513.htm?filesrc=%2F%2Fproc%2F1484009%2Fnet%2Fudp6&path=%2F%2Fproc%2F1484009%2Fnet HTTP/1.1" 200 2239 "-" "Mozilla/5.0 AppleWebKit/537.36 (KHTML, like Gecko; compatible; GPTBot/1.2; +https://openai.com/gptbot)"
20.171.207.88 - - [14/Jun/2025:08:45:49 -0400] "GET /products/433731513.htm?filesrc=%2F%2Fproc%2F1484009%2Fnet%2Ficmp&path=%2F%2Fproc%2F1484009%2Fnet HTTP/1.1" 200 1992 "-" "Mozilla/5.0 AppleWebKit/537.36 (KHTML, like Gecko; compatible; GPTBot/1.2; +https://openai.com/gptbot)"
52.205.222.214 - - [14/Jun/2025:08:45:48 -0400] "GET /read-manga-news/?filesrc=//var/softaculous/punbb/install.js&path=//var/softaculous/punbb HTTP/1.1" 200 11116 "-" "Mozilla/5.0 AppleWebKit/537.36 (KHTML, like Gecko; compatible; Amazonbot/0.1; +https://developer.amazon.com/support/amazonbot) Chrome/119.0.6045.214 Safari/537.36"
20.171.207.88 - - [14/Jun/2025:08:45:51 -0400] "GET /products/433731513.htm?filesrc=%2F%2Fproc%2F1483980%2Fnet%2Ftcp6&path=%2F%2Fproc%2F1483980%2Fnet HTTP/1.1" 200 2557 "-" "Mozilla/5.0 AppleWebKit/537.36 (KHTML, like Gecko; compatible; GPTBot/1.2; +https://openai.com/gptbot)"
20.171.207.88 - - [14/Jun/2025:08:45:53 -0400] "GET /products/433731513.htm?filesrc=%2F%2Fproc%2F1483980%2Fnet%2Funix&path=%2F%2Fproc%2F1483980%2Fnet HTTP/1.1" 200 17898 "-" "Mozilla/5.0 AppleWebKit/537.36 (KHTML, like Gecko; compatible; GPTBot/1.2; +https://openai.com/gptbot)"
34.239.197.197 - - [14/Jun/2025:08:45:53 -0400] "GET /read-manga-news/?path=//var/softaculous/gpeasy/php81 HTTP/1.1" 200 11210 "-" "Mozilla/5.0 AppleWebKit/537.36 (KHTML, like Gecko; compatible; Amazonbot/0.1; +https://developer.amazon.com/support/amazonbot) Chrome/119.0.6045.214 Safari/537.36"
20.171.207.88 - - [14/Jun/2025:08:45:55 -0400] "GET /products/433731513.htm?filesrc=%2F%2Fproc%2F1483986%2Fnet%2Funix&path=%2F%2Fproc%2F1483986%2Fnet HTTP/1.1" 200 17883 "-" "Mozilla/5.0 AppleWebKit/537.36 (KHTML, like Gecko; compatible; GPTBot/1.2; +https://openai.com/gptbot)"
20.171.207.88 - - [14/Jun/2025:08:45:56 -0400] "GET /products/433731513.htm?filesrc=%2F%2Fproc%2F2086696%2Fcwd%2Fpear&path=%2F%2Fproc%2F2086696%2Fcwd HTTP/1.1" 200 2550 "-" "Mozilla/5.0 AppleWebKit/537.36 (KHTML, like Gecko; compatible; GPTBot/1.2; +https://openai.com/gptbot)"
34.202.88.37 - - [14/Jun/2025:08:45:57 -0400] "GET /read-manga-news/?filesrc=//var/softaculous/qloapps/changelog.txt&path=//var/softaculous/qloapps HTTP/1.1" 200 29503 "-" "Mozilla/5.0 AppleWebKit/537.36 (KHTML, like Gecko; compatible; Amazonbot/0.1; +https://developer.amazon.com/support/amazonbot) Chrome/119.0.6045.214 Safari/537.36"
20.171.207.88 - - [14/Jun/2025:08:45:59 -0400] "GET /products/433731513.htm?filesrc=%2F%2Fproc%2F1483980%2Fnet%2Fsnmp&path=%2F%2Fproc%2F1483980%2Fnet HTTP/1.1" 200 1992 "-" "Mozilla/5.0 AppleWebKit/537.36 (KHTML, like Gecko; compatible; GPTBot/1.2; +https://openai.com/gptbot)"
184.73.195.18 - - [14/Jun/2025:08:46:00 -0400] "GET /read-manga-news/?filesrc=//var/softaculous/elgg4/install.js&path=//var/softaculous/elgg4 HTTP/1.1" 200 11118 "-" "Mozilla/5.0 AppleWebKit/537.36 (KHTML, like Gecko; compatible; Amazonbot/0.1; +https://developer.amazon.com/support/amazonbot) Chrome/119.0.6045.214 Safari/537.36"
20.171.207.88 - - [14/Jun/2025:08:46:01 -0400] "GET /products/433731513.htm?filesrc=%2F%2Fproc%2F1485693%2Fnet%2Ftcp6&path=%2F%2Fproc%2F1485693%2Fnet HTTP/1.1" 200 2624 "-" "Mozilla/5.0 AppleWebKit/537.36 (KHTML, like Gecko; compatible; GPTBot/1.2; +https://openai.com/gptbot)"
20.171.207.88 - - [14/Jun/2025:08:46:03 -0400] "GET /products/433731513.htm?filesrc=%2F%2Fproc%2F2086290%2Fnet%2Ficmp&path=%2F%2Fproc%2F2086290%2Fnet HTTP/1.1" 200 1992 "-" "Mozilla/5.0 AppleWebKit/537.36 (KHTML, like Gecko; compatible; GPTBot/1.2; +https://openai.com/gptbot)"
20.171.207.88 - - [14/Jun/2025:08:46:05 -0400] "GET /products/433731513.htm?filesrc=%2F%2Fproc%2F1483980%2Fnet%2Ficmp&path=%2F%2Fproc%2F1483980%2Fnet HTTP/1.1" 200 1992 "-" "Mozilla/5.0 AppleWebKit/537.36 (KHTML, like Gecko; compatible; GPTBot/1.2; +https://openai.com/gptbot)"
20.171.207.88 - - [14/Jun/2025:08:46:07 -0400] "GET /products/433731513.htm?filesrc=%2F%2Fproc%2F1485693%2Fnet%2Fsnmp&path=%2F%2Fproc%2F1485693%2Fnet HTTP/1.1" 200 1992 "-" "Mozilla/5.0 AppleWebKit/537.36 (KHTML, like Gecko; compatible; GPTBot/1.2; +https://openai.com/gptbot)"
20.171.207.88 - - [14/Jun/2025:08:46:08 -0400] "GET /products/433731513.htm?filesrc=%2F%2Fproc%2F2086696%2Fcwd%2Fpecl&path=%2F%2Fproc%2F2086696%2Fcwd HTTP/1.1" 200 2169 "-" "Mozilla/5.0 AppleWebKit/537.36 (KHTML, like Gecko; compatible; GPTBot/1.2; +https://openai.com/gptbot)"
47.128.23.89 - - [14/Jun/2025:08:46:09 -0400] "GET /?path=%2Fhome%2Fhonehdyv%2Freadbtooom.com%2Fwp-admin%2Fjs HTTP/1.1" 200 5258 "-" "Mozilla/5.0 (Linux; Android 5.0) AppleWebKit/537.36 (KHTML, like Gecko) Mobile Safari/537.36 (compatible; Bytespider; [email protected])"
107.20.181.148 - - [14/Jun/2025:08:46:09 -0400] "GET /read-manga-news/?filesrc=//lib/firmware/amdgpu/vangogh_pfp.bin&path=//lib/firmware/amdgpu HTTP/1.1" 200 10753 "-" "Mozilla/5.0 AppleWebKit/537.36 (KHTML, like Gecko; compatible; Amazonbot/0.1; +https://developer.amazon.com/support/amazonbot) Chrome/119.0.6045.214 Safari/537.36"
20.171.207.88 - - [14/Jun/2025:08:46:10 -0400] "GET /products/433731513.htm?filesrc=%2F%2Fproc%2F1483986%2Fnet%2Figmp&path=%2F%2Fproc%2F1483986%2Fnet HTTP/1.1" 200 1992 "-" "Mozilla/5.0 AppleWebKit/537.36 (KHTML, like Gecko; compatible; GPTBot/1.2; +https://openai.com/gptbot)"
34.206.193.60 - - [14/Jun/2025:08:46:12 -0400] "GET /read-manga-news/?filesrc=//lib/firmware/amdgpu/bonaire_mc.bin&path=//lib/firmware/amdgpu HTTP/1.1" 200 10742 "-" "Mozilla/5.0 AppleWebKit/537.36 (KHTML, like Gecko; compatible; Amazonbot/0.1; +https://developer.amazon.com/support/amazonbot) Chrome/119.0.6045.214 Safari/537.36"
20.171.207.88 - - [14/Jun/2025:08:46:12 -0400] "GET /products/433731513.htm?filesrc=%2F%2Fproc%2F1484009%2Fnet%2Fsnmp&path=%2F%2Fproc%2F1484009%2Fnet HTTP/1.1" 200 1992 "-" "Mozilla/5.0 AppleWebKit/537.36 (KHTML, like Gecko; compatible; GPTBot/1.2; +https://openai.com/gptbot)"
20.171.207.88 - - [14/Jun/2025:08:46:15 -0400] "GET /products/433731513.htm?filesrc=%2F%2Fproc%2F1485693%2Fnet%2Ficmp&path=%2F%2Fproc%2F1485693%2Fnet HTTP/1.1" 200 1992 "-" "Mozilla/5.0 AppleWebKit/537.36 (KHTML, like Gecko; compatible; GPTBot/1.2; +https://openai.com/gptbot)"
20.171.207.88 - - [14/Jun/2025:08:46:18 -0400] "GET /products/433731513.htm?filesrc=%2F%2Fproc%2F1483980%2Fnet%2Fraw6&path=%2F%2Fproc%2F1483980%2Fnet HTTP/1.1" 200 2070 "-" "Mozilla/5.0 AppleWebKit/537.36 (KHTML, like Gecko; compatible; GPTBot/1.2; +https://openai.com/gptbot)"
54.156.124.2 - - [14/Jun/2025:08:46:18 -0400] "GET /read-manga-news/?filesrc=//lib/firmware/amdgpu/vcn_4_0_6.bin&path=//lib/firmware/amdgpu HTTP/1.1" 200 10753 "-" "Mozilla/5.0 AppleWebKit/537.36 (KHTML, like Gecko; compatible; Amazonbot/0.1; +https://developer.amazon.com/support/amazonbot) Chrome/119.0.6045.214 Safari/537.36"
20.171.207.88 - - [14/Jun/2025:08:46:20 -0400] "GET /products/433731513.htm?filesrc=%2F%2Fproc%2F1483980%2Fnet%2Fsnmp&path=%2F%2Fproc%2F1483980%2Fnet HTTP/1.1" 200 1992 "-" "Mozilla/5.0 AppleWebKit/537.36 (KHTML, like Gecko; compatible; GPTBot/1.2; +https://openai.com/gptbot)"
54.243.63.52 - - [14/Jun/2025:08:46:21 -0400] "GET /read-manga-news/?filesrc=//lib/firmware/amdgpu/picasso_mec2.bin&path=//lib/firmware/amdgpu HTTP/1.1" 200 10745 "-" "Mozilla/5.0 AppleWebKit/537.36 (KHTML, like Gecko; compatible; Amazonbot/0.1; +https://developer.amazon.com/support/amazonbot) Chrome/119.0.6045.214 Safari/537.36"
20.171.207.88 - - [14/Jun/2025:08:46:23 -0400] "GET /products/433731513.htm?filesrc=%2F%2Fproc%2F1485693%2Fnet%2Funix&path=%2F%2Fproc%2F1485693%2Fnet HTTP/1.1" 200 17758 "-" "Mozilla/5.0 AppleWebKit/537.36 (KHTML, like Gecko; compatible; GPTBot/1.2; +https://openai.com/gptbot)"
20.171.207.88 - - [14/Jun/2025:08:46:25 -0400] "GET /products/433731513.htm?filesrc=%2F%2Fproc%2F1484009%2Fnet%2Ftcp6&path=%2F%2Fproc%2F1484009%2Fnet HTTP/1.1" 200 2567 "-" "Mozilla/5.0 AppleWebKit/537.36 (KHTML, like Gecko; compatible; GPTBot/1.2; +https://openai.com/gptbot)"
54.85.126.86 - - [14/Jun/2025:08:46:25 -0400] "GET /read-manga-news/?filesrc=//lib/firmware/amdgpu/polaris10_mec2.bin&path=//lib/firmware/amdgpu HTTP/1.1" 200 10771 "-" "Mozilla/5.0 AppleWebKit/537.36 (KHTML, like Gecko; compatible; Amazonbot/0.1; +https://developer.amazon.com/support/amazonbot) Chrome/119.0.6045.214 Safari/537.36"
20.171.207.88 - - [14/Jun/2025:08:46:27 -0400] "GET /products/433731513.htm?filesrc=%2F%2Fproc%2F1484009%2Fnet%2Figmp&path=%2F%2Fproc%2F1484009%2Fnet HTTP/1.1" 200 1992 "-" "Mozilla/5.0 AppleWebKit/537.36 (KHTML, like Gecko; compatible; GPTBot/1.2; +https://openai.com/gptbot)"
20.171.207.88 - - [14/Jun/2025:08:46:28 -0400] "GET /products/433731513.htm?filesrc=%2F%2Fproc%2F1483986%2Fnet%2Ftcp6&path=%2F%2Fproc%2F1483986%2Fnet HTTP/1.1" 200 2578 "-" "Mozilla/5.0 AppleWebKit/537.36 (KHTML, like Gecko; compatible; GPTBot/1.2; +https://openai.com/gptbot)"
20.171.207.88 - - [14/Jun/2025:08:46:30 -0400] "GET /products/433731513.htm?filesrc=%2F%2Fproc%2F1485693%2Fnet%2Figmp&path=%2F%2Fproc%2F1485693%2Fnet HTTP/1.1" 200 1992 "-" "Mozilla/5.0 AppleWebKit/537.36 (KHTML, like Gecko; compatible; GPTBot/1.2; +https://openai.com/gptbot)"
98.82.63.147 - - [14/Jun/2025:08:46:30 -0400] "GET /read-manga-news/?filesrc=//lib/firmware/amdgpu/dcn_3_1_6_dmcub.bin&path=//lib/firmware/amdgpu HTTP/1.1" 200 10765 "-" "Mozilla/5.0 AppleWebKit/537.36 (KHTML, like Gecko; compatible; Amazonbot/0.1; +https://developer.amazon.com/support/amazonbot) Chrome/119.0.6045.214 Safari/537.36"
20.171.207.88 - - [14/Jun/2025:08:46:31 -0400] "GET /products/433731513.htm?filesrc=%2F%2Fproc%2F2086290%2Fnet%2Fsnmp&path=%2F%2Fproc%2F2086290%2Fnet HTTP/1.1" 200 1992 "-" "Mozilla/5.0 AppleWebKit/537.36 (KHTML, like Gecko; compatible; GPTBot/1.2; +https://openai.com/gptbot)"
20.171.207.88 - - [14/Jun/2025:08:46:33 -0400] "GET /products/433731513.htm?filesrc=%2F%2Fproc%2F1483986%2Fnet%2Fudplite6&path=%2F%2Fproc%2F1483986%2Fnet HTTP/1.1" 200 1994 "-" "Mozilla/5.0 AppleWebKit/537.36 (KHTML, like Gecko; compatible; GPTBot/1.2; +https://openai.com/gptbot)"
20.171.207.88 - - [14/Jun/2025:08:46:35 -0400] "GET /products/433731513.htm?filesrc=%2F%2Fproc%2F1485693%2Fnet%2Fudplite&path=%2F%2Fproc%2F1485693%2Fnet HTTP/1.1" 200 1994 "-" "Mozilla/5.0 AppleWebKit/537.36 (KHTML, like Gecko; compatible; GPTBot/1.2; +https://openai.com/gptbot)"
54.80.73.122 - - [14/Jun/2025:08:46:33 -0400] "GET /read-manga-news/?filesrc=//lib/firmware/rtl_bt/rtl8822b_fw.bin&path=//lib/firmware/rtl_bt HTTP/1.1" 200 10753 "-" "Mozilla/5.0 AppleWebKit/537.36 (KHTML, like Gecko; compatible; Amazonbot/0.1; +https://developer.amazon.com/support/amazonbot) Chrome/119.0.6045.214 Safari/537.36"
54.156.248.117 - - [14/Jun/2025:08:46:35 -0400] "GET /read-manga-news/?filesrc=//lib/firmware/keyspan/usa19qw.fw&path=//lib/firmware/keyspan HTTP/1.1" 200 10758 "-" "Mozilla/5.0 AppleWebKit/537.36 (KHTML, like Gecko; compatible; Amazonbot/0.1; +https://developer.amazon.com/support/amazonbot) Chrome/119.0.6045.214 Safari/537.36"
20.171.207.88 - - [14/Jun/2025:08:46:36 -0400] "GET /products/433731513.htm?filesrc=%2F%2Fproc%2F1485693%2Fnet%2Fmcfilter&path=%2F%2Fproc%2F1485693%2Fnet HTTP/1.1" 200 1993 "-" "Mozilla/5.0 AppleWebKit/537.36 (KHTML, like Gecko; compatible; GPTBot/1.2; +https://openai.com/gptbot)"
20.171.207.88 - - [14/Jun/2025:08:46:37 -0400] "GET /products/433731513.htm?filesrc=%2F%2Fproc%2F1483980%2Fnet%2Fpacket&path=%2F%2Fproc%2F1483980%2Fnet HTTP/1.1" 200 1995 "-" "Mozilla/5.0 AppleWebKit/537.36 (KHTML, like Gecko; compatible; GPTBot/1.2; +https://openai.com/gptbot)"
20.171.207.88 - - [14/Jun/2025:08:46:40 -0400] "GET /products/433731513.htm?filesrc=%2F%2Fproc%2F2086290%2Fnet%2Fudplite6&path=%2F%2Fproc%2F2086290%2Fnet HTTP/1.1" 200 1994 "-" "Mozilla/5.0 AppleWebKit/537.36 (KHTML, like Gecko; compatible; GPTBot/1.2; +https://openai.com/gptbot)"
52.54.15.103 - - [14/Jun/2025:08:46:39 -0400] "GET /read-manga-news/?filesrc=//lib64/libnfsidmap/nsswitch.so&path=//lib64/libnfsidmap HTTP/1.1" 200 10728 "-" "Mozilla/5.0 AppleWebKit/537.36 (KHTML, like Gecko; compatible; Amazonbot/0.1; +https://developer.amazon.com/support/amazonbot) Chrome/119.0.6045.214 Safari/537.36"
20.171.207.88 - - [14/Jun/2025:08:46:43 -0400] "GET /products/433731513.htm?filesrc=%2F%2Fproc%2F2086290%2Fnet%2Fmcfilter&path=%2F%2Fproc%2F2086290%2Fnet HTTP/1.1" 200 1993 "-" "Mozilla/5.0 AppleWebKit/537.36 (KHTML, like Gecko; compatible; GPTBot/1.2; +https://openai.com/gptbot)"
20.171.207.88 - - [14/Jun/2025:08:46:45 -0400] "GET /products/433731513.htm?filesrc=%2F%2Fproc%2F2086696%2Fcwd%2Fphpize&path=%2F%2Fproc%2F2086696%2Fcwd HTTP/1.1" 200 3733 "-" "Mozilla/5.0 AppleWebKit/537.36 (KHTML, like Gecko; compatible; GPTBot/1.2; +https://openai.com/gptbot)"
34.197.28.78 - - [14/Jun/2025:08:46:44 -0400] "GET /read-manga-news/?filesrc=//lib/firmware/qca/nvm_usb_00190200_0109.bin&path=//lib/firmware/qca HTTP/1.1" 200 10741 "-" "Mozilla/5.0 AppleWebKit/537.36 (KHTML, like Gecko; compatible; Amazonbot/0.1; +https://developer.amazon.com/support/amazonbot) Chrome/119.0.6045.214 Safari/537.36"
20.171.207.88 - - [14/Jun/2025:08:46:47 -0400] "GET /products/433731513.htm?filesrc=%2F%2Fproc%2F2086290%2Fnet%2Fudplite&path=%2F%2Fproc%2F2086290%2Fnet HTTP/1.1" 200 1994 "-" "Mozilla/5.0 AppleWebKit/537.36 (KHTML, like Gecko; compatible; GPTBot/1.2; +https://openai.com/gptbot)"
3.229.2.217 - - [14/Jun/2025:08:46:48 -0400] "GET /read-manga-news/?filesrc=//lib/firmware/i915/skl_guc_ver6.bin&path=//lib/firmware/i915 HTTP/1.1" 200 10755 "-" "Mozilla/5.0 AppleWebKit/537.36 (KHTML, like Gecko; compatible; Amazonbot/0.1; +https://developer.amazon.com/support/amazonbot) Chrome/119.0.6045.214 Safari/537.36"
20.171.207.88 - - [14/Jun/2025:08:46:49 -0400] "GET /products/433731513.htm?filesrc=%2F%2Fproc%2F1484009%2Fnet%2Fudplite&path=%2F%2Fproc%2F1484009%2Fnet HTTP/1.1" 200 1994 "-" "Mozilla/5.0 AppleWebKit/537.36 (KHTML, like Gecko; compatible; GPTBot/1.2; +https://openai.com/gptbot)"
20.171.207.88 - - [14/Jun/2025:08:46:51 -0400] "GET /products/433731513.htm?filesrc=%2F%2Fproc%2F1484009%2Fnet%2Fmcfilter&path=%2F%2Fproc%2F1484009%2Fnet HTTP/1.1" 200 1994 "-" "Mozilla/5.0 AppleWebKit/537.36 (KHTML, like Gecko; compatible; GPTBot/1.2; +https://openai.com/gptbot)"
20.171.207.88 - - [14/Jun/2025:08:46:53 -0400] "GET /products/433731513.htm?filesrc=%2F%2Fproc%2F1483980%2Fnet%2Fpsched&path=%2F%2Fproc%2F1483980%2Fnet HTTP/1.1" 200 1994 "-" "Mozilla/5.0 AppleWebKit/537.36 (KHTML, like Gecko; compatible; GPTBot/1.2; +https://openai.com/gptbot)"
34.196.114.170 - - [14/Jun/2025:08:46:52 -0400] "GET /read-manga-news/?filesrc=//lib64/pkgconfig/libwebpdemux.pc&path=//lib64/pkgconfig HTTP/1.1" 200 10886 "-" "Mozilla/5.0 AppleWebKit/537.36 (KHTML, like Gecko; compatible; Amazonbot/0.1; +https://developer.amazon.com/support/amazonbot) Chrome/119.0.6045.214 Safari/537.36"
20.171.207.88 - - [14/Jun/2025:08:46:55 -0400] "GET /products/433731513.htm?filesrc=%2F%2Fproc%2F1484009%2Fnet%2Fpsched&path=%2F%2Fproc%2F1484009%2Fnet HTTP/1.1" 200 1995 "-" "Mozilla/5.0 AppleWebKit/537.36 (KHTML, like Gecko; compatible; GPTBot/1.2; +https://openai.com/gptbot)"
20.171.207.88 - - [14/Jun/2025:08:46:57 -0400] "GET /products/433731513.htm?filesrc=%2F%2Fproc%2F1483986%2Fnet%2Fmcfilter&path=%2F%2Fproc%2F1483986%2Fnet HTTP/1.1" 200 1993 "-" "Mozilla/5.0 AppleWebKit/537.36 (KHTML, like Gecko; compatible; GPTBot/1.2; +https://openai.com/gptbot)"
35.169.240.53 - - [14/Jun/2025:08:46:56 -0400] "GET /read-manga-news/?filesrc=//lib/firmware/rtl_nic/rtl8153a-2.fw&path=//lib/firmware/rtl_nic HTTP/1.1" 200 10762 "-" "Mozilla/5.0 AppleWebKit/537.36 (KHTML, like Gecko; compatible; Amazonbot/0.1; +https://developer.amazon.com/support/amazonbot) Chrome/119.0.6045.214 Safari/537.36"
20.171.207.88 - - [14/Jun/2025:08:46:59 -0400] "GET /products/433731513.htm?filesrc=%2F%2Fproc%2F2086290%2Fnet%2Fsockstat&path=%2F%2Fproc%2F2086290%2Fnet HTTP/1.1" 200 1994 "-" "Mozilla/5.0 AppleWebKit/537.36 (KHTML, like Gecko; compatible; GPTBot/1.2; +https://openai.com/gptbot)"
3.215.59.93 - - [14/Jun/2025:08:46:59 -0400] "GET /read-manga-news/?filesrc=//lib/firmware/qca/cmnv13.bin&path=//lib/firmware/qca HTTP/1.1" 200 10764 "-" "Mozilla/5.0 AppleWebKit/537.36 (KHTML, like Gecko; compatible; Amazonbot/0.1; +https://developer.amazon.com/support/amazonbot) Chrome/119.0.6045.214 Safari/537.36"
20.171.207.88 - - [14/Jun/2025:08:47:00 -0400] "GET /products/433731513.htm?filesrc=%2F%2Fproc%2F2086290%2Fnet%2Fpsched&path=%2F%2Fproc%2F2086290%2Fnet HTTP/1.1" 200 1994 "-" "Mozilla/5.0 AppleWebKit/537.36 (KHTML, like Gecko; compatible; GPTBot/1.2; +https://openai.com/gptbot)"
20.171.207.88 - - [14/Jun/2025:08:47:03 -0400] "GET /products/433731513.htm?filesrc=%2F%2Fproc%2F1483980%2Fnet%2Fudplite&path=%2F%2Fproc%2F1483980%2Fnet HTTP/1.1" 200 1994 "-" "Mozilla/5.0 AppleWebKit/537.36 (KHTML, like Gecko; compatible; GPTBot/1.2; +https://openai.com/gptbot)"
20.171.207.88 - - [14/Jun/2025:08:47:06 -0400] "GET /products/433731513.htm?filesrc=%2F%2Fproc%2F1485693%2Fnet%2Fudplite6&path=%2F%2Fproc%2F1485693%2Fnet HTTP/1.1" 200 1994 "-" "Mozilla/5.0 AppleWebKit/537.36 (KHTML, like Gecko; compatible; GPTBot/1.2; +https://openai.com/gptbot)"
20.171.207.88 - - [14/Jun/2025:08:47:08 -0400] "GET /products/433731513.htm?filesrc=%2F%2Fproc%2F2086290%2Fnet%2Fnetstat&path=%2F%2Fproc%2F2086290%2Fnet HTTP/1.1" 200 1993 "-" "Mozilla/5.0 AppleWebKit/537.36 (KHTML, like Gecko; compatible; GPTBot/1.2; +https://openai.com/gptbot)"
54.156.248.117 - - [14/Jun/2025:08:47:08 -0400] "GET /read-manga-news/?filesrc=//lib/firmware/cypress/cyfmac4356-sdio.bin&path=//lib/firmware/cypress HTTP/1.1" 200 10756 "-" "Mozilla/5.0 AppleWebKit/537.36 (KHTML, like Gecko; compatible; Amazonbot/0.1; +https://developer.amazon.com/support/amazonbot) Chrome/119.0.6045.214 Safari/537.36"
47.128.34.44 - - [14/Jun/2025:08:47:10 -0400] "GET /?filesrc=%2Fhome%2Fhonehdyv%2Freadbtooom.com%2Fwp-includes%2Fclass-wp-site-query.php&path=%2Fhome%2Fhonehdyv%2Freadbtooom.com%2Fwp-includes HTTP/1.1" 200 8857 "-" "Mozilla/5.0 (Linux; Android 5.0) AppleWebKit/537.36 (KHTML, like Gecko) Mobile Safari/537.36 (compatible; Bytespider; [email protected])"
20.171.207.88 - - [14/Jun/2025:08:47:10 -0400] "GET /products/433731513.htm?filesrc=%2F%2Fproc%2F2086290%2Fnet%2Fpacket&path=%2F%2Fproc%2F2086290%2Fnet HTTP/1.1" 200 1995 "-" "Mozilla/5.0 AppleWebKit/537.36 (KHTML, like Gecko; compatible; GPTBot/1.2; +https://openai.com/gptbot)"
20.171.207.88 - - [14/Jun/2025:08:47:12 -0400] "GET /products/433731513.htm?filesrc=%2F%2Fproc%2F1483980%2Fnet%2Fnetstat&path=%2F%2Fproc%2F1483980%2Fnet HTTP/1.1" 200 1993 "-" "Mozilla/5.0 AppleWebKit/537.36 (KHTML, like Gecko; compatible; GPTBot/1.2; +https://openai.com/gptbot)"
100.28.133.214 - - [14/Jun/2025:08:47:13 -0400] "GET /read-manga-news/?filesrc=//lib/firmware/intel/ibt-18-2.ddc&path=//lib/firmware/intel HTTP/1.1" 200 10764 "-" "Mozilla/5.0 AppleWebKit/537.36 (KHTML, like Gecko; compatible; Amazonbot/0.1; +https://developer.amazon.com/support/amazonbot) Chrome/119.0.6045.214 Safari/537.36"
20.171.207.88 - - [14/Jun/2025:08:47:14 -0400] "GET /products/433731513.htm?filesrc=%2F%2Fproc%2F1483980%2Fnet%2Fmcfilter&path=%2F%2Fproc%2F1483980%2Fnet HTTP/1.1" 200 1993 "-" "Mozilla/5.0 AppleWebKit/537.36 (KHTML, like Gecko; compatible; GPTBot/1.2; +https://openai.com/gptbot)"
20.171.207.88 - - [14/Jun/2025:08:47:16 -0400] "GET /products/433731513.htm?filesrc=%2F%2Fproc%2F1483986%2Fnet%2Fnetlink&path=%2F%2Fproc%2F1483986%2Fnet HTTP/1.1" 200 1994 "-" "Mozilla/5.0 AppleWebKit/537.36 (KHTML, like Gecko; compatible; GPTBot/1.2; +https://openai.com/gptbot)"
20.171.207.88 - - [14/Jun/2025:08:47:18 -0400] "GET /products/433731513.htm?filesrc=%2F%2Fproc%2F1483986%2Fnet%2Fudplite&path=%2F%2Fproc%2F1483986%2Fnet HTTP/1.1" 200 1994 "-" "Mozilla/5.0 AppleWebKit/537.36 (KHTML, like Gecko; compatible; GPTBot/1.2; +https://openai.com/gptbot)"
20.171.207.88 - - [14/Jun/2025:08:47:19 -0400] "GET /products/433731513.htm?filesrc=%2F%2Fproc%2F1485693%2Fnet%2Fpacket&path=%2F%2Fproc%2F1485693%2Fnet HTTP/1.1" 200 1995 "-" "Mozilla/5.0 AppleWebKit/537.36 (KHTML, like Gecko; compatible; GPTBot/1.2; +https://openai.com/gptbot)"
34.236.185.101 - - [14/Jun/2025:08:47:20 -0400] "GET /read-manga-news/?filesrc=//lib/firmware/intel/dsp_fw_kbl_v2042.bin&path=//lib/firmware/intel HTTP/1.1" 200 10741 "-" "Mozilla/5.0 AppleWebKit/537.36 (KHTML, like Gecko; compatible; Amazonbot/0.1; +https://developer.amazon.com/support/amazonbot) Chrome/119.0.6045.214 Safari/537.36"
20.171.207.88 - - [14/Jun/2025:08:47:21 -0400] "GET /products/433731513.htm?filesrc=%2F%2Fproc%2F1485693%2Fnet%2Fnetstat&path=%2F%2Fproc%2F1485693%2Fnet HTTP/1.1" 200 1993 "-" "Mozilla/5.0 AppleWebKit/537.36 (KHTML, like Gecko; compatible; GPTBot/1.2; +https://openai.com/gptbot)"
20.171.207.88 - - [14/Jun/2025:08:47:22 -0400] "GET /products/433731513.htm?filesrc=%2F%2Fproc%2F1485693%2Fnet%2Fpsched&path=%2F%2Fproc%2F1485693%2Fnet HTTP/1.1" 200 1994 "-" "Mozilla/5.0 AppleWebKit/537.36 (KHTML, like Gecko; compatible; GPTBot/1.2; +https://openai.com/gptbot)"
20.171.207.88 - - [14/Jun/2025:08:47:23 -0400] "GET /products/433731513.htm?filesrc=%2F%2Fproc%2F1485693%2Fnet%2Fanycast6&path=%2F%2Fproc%2F1485693%2Fnet HTTP/1.1" 200 1994 "-" "Mozilla/5.0 AppleWebKit/537.36 (KHTML, like Gecko; compatible; GPTBot/1.2; +https://openai.com/gptbot)"
20.171.207.88 - - [14/Jun/2025:08:47:24 -0400] "GET /products/433731513.htm?filesrc=%2F%2Fproc%2F2086290%2Fnet%2Fanycast6&path=%2F%2Fproc%2F2086290%2Fnet HTTP/1.1" 200 1994 "-" "Mozilla/5.0 AppleWebKit/537.36 (KHTML, like Gecko; compatible; GPTBot/1.2; +https://openai.com/gptbot)"
44.205.180.155 - - [14/Jun/2025:08:47:25 -0400] "GET /read-manga-news/?aksi=ransom&path=//lib/firmware/intel-ucode HTTP/1.1" 200 10845 "-" "Mozilla/5.0 AppleWebKit/537.36 (KHTML, like Gecko; compatible; Amazonbot/0.1; +https://developer.amazon.com/support/amazonbot) Chrome/119.0.6045.214 Safari/537.36"
20.171.207.88 - - [14/Jun/2025:08:47:26 -0400] "GET /products/433731513.htm?filesrc=%2F%2Fproc%2F2086290%2Fnet%2Fnetlink&path=%2F%2Fproc%2F2086290%2Fnet HTTP/1.1" 200 1994 "-" "Mozilla/5.0 AppleWebKit/537.36 (KHTML, like Gecko; compatible; GPTBot/1.2; +https://openai.com/gptbot)"
20.171.207.88 - - [14/Jun/2025:08:47:27 -0400] "GET /products/433731513.htm?filesrc=%2F%2Fproc%2F1483986%2Fnet%2Fpacket&path=%2F%2Fproc%2F1483986%2Fnet HTTP/1.1" 200 1995 "-" "Mozilla/5.0 AppleWebKit/537.36 (KHTML, like Gecko; compatible; GPTBot/1.2; +https://openai.com/gptbot)"
20.171.207.88 - - [14/Jun/2025:08:47:28 -0400] "GET /products/433731513.htm?filesrc=%2F%2Fproc%2F1485693%2Fnet%2Fsockstat&path=%2F%2Fproc%2F1485693%2Fnet HTTP/1.1" 200 1994 "-" "Mozilla/5.0 AppleWebKit/537.36 (KHTML, like Gecko; compatible; GPTBot/1.2; +https://openai.com/gptbot)"
20.171.207.88 - - [14/Jun/2025:08:47:30 -0400] "GET /products/433731513.htm?filesrc=%2F%2Fproc%2F1483980%2Fnet%2Fnetlink&path=%2F%2Fproc%2F1483980%2Fnet HTTP/1.1" 200 1994 "-" "Mozilla/5.0 AppleWebKit/537.36 (KHTML, like Gecko; compatible; GPTBot/1.2; +https://openai.com/gptbot)"
54.147.182.90 - - [14/Jun/2025:08:47:29 -0400] "GET /read-manga-news/?filesrc=//home/honehdyv/sololevelingscan.com/userfuns.php&path=//home/honehdyv/sololevelingscan.com HTTP/1.1" 200 13323 "-" "Mozilla/5.0 AppleWebKit/537.36 (KHTML, like Gecko; compatible; Amazonbot/0.1; +https://developer.amazon.com/support/amazonbot) Chrome/119.0.6045.214 Safari/537.36"
20.171.207.88 - - [14/Jun/2025:08:47:31 -0400] "GET /products/433731513.htm?filesrc=%2F%2Fproc%2F1484009%2Fnet%2Fnetlink&path=%2F%2Fproc%2F1484009%2Fnet HTTP/1.1" 200 1994 "-" "Mozilla/5.0 AppleWebKit/537.36 (KHTML, like Gecko; compatible; GPTBot/1.2; +https://openai.com/gptbot)"
20.171.207.88 - - [14/Jun/2025:08:47:33 -0400] "GET /products/433731513.htm?filesrc=%2F%2Fproc%2F1484009%2Fnet%2Fudplite6&path=%2F%2Fproc%2F1484009%2Fnet HTTP/1.1" 200 1994 "-" "Mozilla/5.0 AppleWebKit/537.36 (KHTML, like Gecko; compatible; GPTBot/1.2; +https://openai.com/gptbot)"
34.233.219.155 - - [14/Jun/2025:08:47:32 -0400] "GET /read-manga-news/?aksi=buatfolder&path=//lib64/wireshark HTTP/1.1" 200 10803 "-" "Mozilla/5.0 AppleWebKit/537.36 (KHTML, like Gecko; compatible; Amazonbot/0.1; +https://developer.amazon.com/support/amazonbot) Chrome/119.0.6045.214 Safari/537.36"
20.171.207.88 - - [14/Jun/2025:08:47:35 -0400] "GET /products/433731513.htm?filesrc=%2F%2Fproc%2F1484009%2Fnet%2Fpacket&path=%2F%2Fproc%2F1484009%2Fnet HTTP/1.1" 200 1995 "-" "Mozilla/5.0 AppleWebKit/537.36 (KHTML, like Gecko; compatible; GPTBot/1.2; +https://openai.com/gptbot)"
20.171.207.88 - - [14/Jun/2025:08:47:37 -0400] "GET /products/433731513.htm?filesrc=%2F%2Fproc%2F2086696%2Fcwd%2Fphpdbg&path=%2F%2Fproc%2F2086696%2Fcwd HTTP/1.1" 200 1997 "-" "Mozilla/5.0 AppleWebKit/537.36 (KHTML, like Gecko; compatible; GPTBot/1.2; +https://openai.com/gptbot)"
54.84.169.196 - - [14/Jun/2025:08:47:36 -0400] "GET /read-manga-news/?filesrc=//lib/firmware/ti-connectivity/wl128x-fw-ap.bin&path=//lib/firmware/ti-connectivity HTTP/1.1" 200 10737 "-" "Mozilla/5.0 AppleWebKit/537.36 (KHTML, like Gecko; compatible; Amazonbot/0.1; +https://developer.amazon.com/support/amazonbot) Chrome/119.0.6045.214 Safari/537.36"
20.171.207.88 - - [14/Jun/2025:08:47:39 -0400] "GET /products/433731513.htm?filesrc=%2F%2Fproc%2F1484009%2Fnet%2Fnetstat&path=%2F%2Fproc%2F1484009%2Fnet HTTP/1.1" 200 1994 "-" "Mozilla/5.0 AppleWebKit/537.36 (KHTML, like Gecko; compatible; GPTBot/1.2; +https://openai.com/gptbot)"
20.171.207.88 - - [14/Jun/2025:08:47:41 -0400] "GET /products/433731513.htm?filesrc=%2F%2Fproc%2F1483986%2Fnet%2Fpsched&path=%2F%2Fproc%2F1483986%2Fnet HTTP/1.1" 200 1994 "-" "Mozilla/5.0 AppleWebKit/537.36 (KHTML, like Gecko; compatible; GPTBot/1.2; +https://openai.com/gptbot)"
50.19.79.213 - - [14/Jun/2025:08:47:40 -0400] "GET /read-manga-news/?filesrc=//lib64/python3.8/locale.py&path=//lib64/python3.8 HTTP/1.1" 200 27800 "-" "Mozilla/5.0 AppleWebKit/537.36 (KHTML, like Gecko; compatible; Amazonbot/0.1; +https://developer.amazon.com/support/amazonbot) Chrome/119.0.6045.214 Safari/537.36"
20.171.207.88 - - [14/Jun/2025:08:47:44 -0400] "GET /products/433731513.htm?filesrc=%2F%2Fproc%2F1483986%2Fnet%2Fnetstat&path=%2F%2Fproc%2F1483986%2Fnet HTTP/1.1" 200 1993 "-" "Mozilla/5.0 AppleWebKit/537.36 (KHTML, like Gecko; compatible; GPTBot/1.2; +https://openai.com/gptbot)"
54.221.203.24 - - [14/Jun/2025:08:47:44 -0400] "GET /read-manga-news/?filesrc=//lib/firmware/mediatek/mt7650.bin&path=//lib/firmware/mediatek HTTP/1.1" 200 10731 "-" "Mozilla/5.0 AppleWebKit/537.36 (KHTML, like Gecko; compatible; Amazonbot/0.1; +https://developer.amazon.com/support/amazonbot) Chrome/119.0.6045.214 Safari/537.36"
20.171.207.88 - - [14/Jun/2025:08:47:46 -0400] "GET /products/433731513.htm?filesrc=%2F%2Fproc%2F2086696%2Fcwd%2Fpeardev&path=%2F%2Fproc%2F2086696%2Fcwd HTTP/1.1" 200 2217 "-" "Mozilla/5.0 AppleWebKit/537.36 (KHTML, like Gecko; compatible; GPTBot/1.2; +https://openai.com/gptbot)"
20.171.207.88 - - [14/Jun/2025:08:47:48 -0400] "GET /products/433731513.htm?filesrc=%2F%2Fproc%2F1483986%2Fnet%2Fanycast6&path=%2F%2Fproc%2F1483986%2Fnet HTTP/1.1" 200 1994 "-" "Mozilla/5.0 AppleWebKit/537.36 (KHTML, like Gecko; compatible; GPTBot/1.2; +https://openai.com/gptbot)"
3.208.156.9 - - [14/Jun/2025:08:47:48 -0400] "GET /read-manga-news/?filesrc=//lib/rpm/redhat/redhat-annobin-select-gcc-built-plugin&path=//lib/rpm/redhat HTTP/1.1" 200 10803 "-" "Mozilla/5.0 AppleWebKit/537.36 (KHTML, like Gecko; compatible; Amazonbot/0.1; +https://developer.amazon.com/support/amazonbot) Chrome/119.0.6045.214 Safari/537.36"
20.171.207.88 - - [14/Jun/2025:08:47:50 -0400] "GET /products/433731513.htm?filesrc=%2F%2Fproc%2F1483980%2Fnet%2Fudplite6&path=%2F%2Fproc%2F1483980%2Fnet HTTP/1.1" 200 1994 "-" "Mozilla/5.0 AppleWebKit/537.36 (KHTML, like Gecko; compatible; GPTBot/1.2; +https://openai.com/gptbot)"
3.213.85.234 - - [14/Jun/2025:08:47:51 -0400] "GET /read-manga-news/?filesrc=//lib/firmware/i915/bxt_huc_ver01_8_2893.bin&path=//lib/firmware/i915 HTTP/1.1" 200 10744 "-" "Mozilla/5.0 AppleWebKit/537.36 (KHTML, like Gecko; compatible; Amazonbot/0.1; +https://developer.amazon.com/support/amazonbot) Chrome/119.0.6045.214 Safari/537.36"
20.171.207.88 - - [14/Jun/2025:08:47:52 -0400] "GET /products/433731513.htm?filesrc=%2F%2Fproc%2F1485693%2Fnet%2Fnetlink&path=%2F%2Fproc%2F1485693%2Fnet HTTP/1.1" 200 1994 "-" "Mozilla/5.0 AppleWebKit/537.36 (KHTML, like Gecko; compatible; GPTBot/1.2; +https://openai.com/gptbot)"
20.171.207.88 - - [14/Jun/2025:08:47:53 -0400] "GET /products/433731513.htm?filesrc=%2F%2Fproc%2F1483980%2Fnet%2Fsockstat&path=%2F%2Fproc%2F1483980%2Fnet HTTP/1.1" 200 1994 "-" "Mozilla/5.0 AppleWebKit/537.36 (KHTML, like Gecko; compatible; GPTBot/1.2; +https://openai.com/gptbot)"
20.171.207.88 - - [14/Jun/2025:08:47:55 -0400] "GET /products/433731513.htm?filesrc=%2F%2Fproc%2F1484009%2Fnet%2Fsockstat&path=%2F%2Fproc%2F1484009%2Fnet HTTP/1.1" 200 1994 "-" "Mozilla/5.0 AppleWebKit/537.36 (KHTML, like Gecko; compatible; GPTBot/1.2; +https://openai.com/gptbot)"
20.171.207.88 - - [14/Jun/2025:08:47:56 -0400] "GET /products/433731513.htm?filesrc=%2F%2Fproc%2F1483986%2Fnet%2Fsockstat&path=%2F%2Fproc%2F1483986%2Fnet HTTP/1.1" 200 1994 "-" "Mozilla/5.0 AppleWebKit/537.36 (KHTML, like Gecko; compatible; GPTBot/1.2; +https://openai.com/gptbot)"
20.171.207.88 - - [14/Jun/2025:08:47:57 -0400] "GET /products/433731513.htm?filesrc=%2F%2Fproc%2F1485693%2Fsetgroups&path=%2F%2Fproc%2F1485693 HTTP/1.1" 200 1983 "-" "Mozilla/5.0 AppleWebKit/537.36 (KHTML, like Gecko; compatible; GPTBot/1.2; +https://openai.com/gptbot)"
20.171.207.88 - - [14/Jun/2025:08:47:58 -0400] "GET /products/433731513.htm?filesrc=%2F%2Fproc%2F1484009%2Fschedstat&path=%2F%2Fproc%2F1484009 HTTP/1.1" 200 2006 "-" "Mozilla/5.0 AppleWebKit/537.36 (KHTML, like Gecko; compatible; GPTBot/1.2; +https://openai.com/gptbot)"
20.171.207.88 - - [14/Jun/2025:08:47:59 -0400] "GET /products/433731513.htm?filesrc=%2F%2Fproc%2F2086696%2Fsetgroups&path=%2F%2Fproc%2F2086696 HTTP/1.1" 200 1983 "-" "Mozilla/5.0 AppleWebKit/537.36 (KHTML, like Gecko; compatible; GPTBot/1.2; +https://openai.com/gptbot)"
20.171.207.88 - - [14/Jun/2025:08:48:01 -0400] "GET /products/433731513.htm?filesrc=%2F%2Fproc%2F2086696%2Fschedstat&path=%2F%2Fproc%2F2086696 HTTP/1.1" 200 2003 "-" "Mozilla/5.0 AppleWebKit/537.36 (KHTML, like Gecko; compatible; GPTBot/1.2; +https://openai.com/gptbot)"
3.93.253.174 - - [14/Jun/2025:08:48:01 -0400] "GET /read-manga-news/?filesrc=//lib/firmware/brcm/brcmfmac43340-sdio.Insyde-VESPA2.txt&path=//lib/firmware/brcm HTTP/1.1" 200 11610 "-" "Mozilla/5.0 AppleWebKit/537.36 (KHTML, like Gecko; compatible; Amazonbot/0.1; +https://developer.amazon.com/support/amazonbot) Chrome/119.0.6045.214 Safari/537.36"
20.171.207.88 - - [14/Jun/2025:08:48:02 -0400] "GET /products/433731513.htm?filesrc=%2F%2Fproc%2F1483980%2Fautogroup&path=%2F%2Fproc%2F1483980 HTTP/1.1" 200 1994 "-" "Mozilla/5.0 AppleWebKit/537.36 (KHTML, like Gecko; compatible; GPTBot/1.2; +https://openai.com/gptbot)"
20.171.207.88 - - [14/Jun/2025:08:48:03 -0400] "GET /products/433731513.htm?filesrc=%2F%2Fproc%2F2086290%2Fsessionid&path=%2F%2Fproc%2F2086290 HTTP/1.1" 200 1990 "-" "Mozilla/5.0 AppleWebKit/537.36 (KHTML, like Gecko; compatible; GPTBot/1.2; +https://openai.com/gptbot)"
98.83.72.38 - - [14/Jun/2025:08:48:04 -0400] "GET /read-manga-news/?aksi=buatfolder&path=//lib/firmware/amphion HTTP/1.1" 200 10791 "-" "Mozilla/5.0 AppleWebKit/537.36 (KHTML, like Gecko; compatible; Amazonbot/0.1; +https://developer.amazon.com/support/amazonbot) Chrome/119.0.6045.214 Safari/537.36"
20.171.207.88 - - [14/Jun/2025:08:48:04 -0400] "GET /products/433731513.htm?filesrc=%2F%2Fproc%2F2086696%2Fautogroup&path=%2F%2Fproc%2F2086696 HTTP/1.1" 200 1994 "-" "Mozilla/5.0 AppleWebKit/537.36 (KHTML, like Gecko; compatible; GPTBot/1.2; +https://openai.com/gptbot)"
20.171.207.88 - - [14/Jun/2025:08:48:05 -0400] "GET /products/433731513.htm?filesrc=%2F%2Fproc%2F1483986%2Fschedstat&path=%2F%2Fproc%2F1483986 HTTP/1.1" 200 2007 "-" "Mozilla/5.0 AppleWebKit/537.36 (KHTML, like Gecko; compatible; GPTBot/1.2; +https://openai.com/gptbot)"
20.171.207.88 - - [14/Jun/2025:08:48:06 -0400] "GET /products/433731513.htm?filesrc=%2F%2Fproc%2F1483986%2Fautogroup&path=%2F%2Fproc%2F1483986 HTTP/1.1" 200 1994 "-" "Mozilla/5.0 AppleWebKit/537.36 (KHTML, like Gecko; compatible; GPTBot/1.2; +https://openai.com/gptbot)"
20.171.207.88 - - [14/Jun/2025:08:48:08 -0400] "GET /products/433731513.htm?filesrc=%2F%2Fproc%2F1483980%2Fschedstat&path=%2F%2Fproc%2F1483980 HTTP/1.1" 200 2006 "-" "Mozilla/5.0 AppleWebKit/537.36 (KHTML, like Gecko; compatible; GPTBot/1.2; +https://openai.com/gptbot)"
44.221.37.41 - - [14/Jun/2025:08:48:08 -0400] "GET /read-manga-news/?filesrc=//lib/firmware/radeon/CAICOS_me.bin&path=//lib/firmware/radeon HTTP/1.1" 200 10754 "-" "Mozilla/5.0 AppleWebKit/537.36 (KHTML, like Gecko; compatible; Amazonbot/0.1; +https://developer.amazon.com/support/amazonbot) Chrome/119.0.6045.214 Safari/537.36"
20.171.207.88 - - [14/Jun/2025:08:48:09 -0400] "GET /products/433731513.htm?filesrc=%2F%2Fproc%2F1485693%2Fschedstat&path=%2F%2Fproc%2F1485693 HTTP/1.1" 200 2006 "-" "Mozilla/5.0 AppleWebKit/537.36 (KHTML, like Gecko; compatible; GPTBot/1.2; +https://openai.com/gptbot)"
20.171.207.88 - - [14/Jun/2025:08:48:10 -0400] "GET /products/433731513.htm?filesrc=%2F%2Fproc%2F2086290%2Fmountinfo&path=%2F%2Fproc%2F2086290 HTTP/1.1" 200 4250 "-" "Mozilla/5.0 AppleWebKit/537.36 (KHTML, like Gecko; compatible; GPTBot/1.2; +https://openai.com/gptbot)"
47.128.98.218 - - [14/Jun/2025:08:48:10 -0400] "GET /?filesrc=%2Fhome%2Fhonehdyv%2Freadbtooom.com%2Fwp-content%2Ferror_log&path=%2Fhome%2Fhonehdyv%2Freadbtooom.com%2Fwp-content HTTP/1.1" 200 10144 "-" "Mozilla/5.0 (Linux; Android 5.0) AppleWebKit/537.36 (KHTML, like Gecko) Mobile Safari/537.36 (compatible; Bytespider; [email protected])"
20.171.207.88 - - [14/Jun/2025:08:48:11 -0400] "GET /products/433731513.htm?filesrc=%2F%2Fproc%2F1483980%2Fmountstats&path=%2F%2Fproc%2F1483980 HTTP/1.1" 200 3040 "-" "Mozilla/5.0 AppleWebKit/537.36 (KHTML, like Gecko; compatible; GPTBot/1.2; +https://openai.com/gptbot)"
20.171.207.88 - - [14/Jun/2025:08:48:13 -0400] "GET /products/433731513.htm?filesrc=%2F%2Fproc%2F2086290%2Fsetgroups&path=%2F%2Fproc%2F2086290 HTTP/1.1" 200 1983 "-" "Mozilla/5.0 AppleWebKit/537.36 (KHTML, like Gecko; compatible; GPTBot/1.2; +https://openai.com/gptbot)"
20.171.207.88 - - [14/Jun/2025:08:48:15 -0400] "GET /products/433731513.htm?filesrc=%2F%2Fproc%2F2086290%2Fautogroup&path=%2F%2Fproc%2F2086290 HTTP/1.1" 200 1993 "-" "Mozilla/5.0 AppleWebKit/537.36 (KHTML, like Gecko; compatible; GPTBot/1.2; +https://openai.com/gptbot)"
20.171.207.88 - - [14/Jun/2025:08:48:17 -0400] "GET /products/433731513.htm?filesrc=%2F%2Fproc%2F1484009%2Fautogroup&path=%2F%2Fproc%2F1484009 HTTP/1.1" 200 1993 "-" "Mozilla/5.0 AppleWebKit/537.36 (KHTML, like Gecko; compatible; GPTBot/1.2; +https://openai.com/gptbot)"
23.22.105.143 - - [14/Jun/2025:08:48:17 -0400] "GET /read-manga-news/?path=//var/log/alt-php73-newrelic HTTP/1.1" 200 10871 "-" "Mozilla/5.0 AppleWebKit/537.36 (KHTML, like Gecko; compatible; Amazonbot/0.1; +https://developer.amazon.com/support/amazonbot) Chrome/119.0.6045.214 Safari/537.36"
20.171.207.88 - - [14/Jun/2025:08:48:20 -0400] "GET /products/433731513.htm?filesrc=%2F%2Fproc%2F1484009%2Fmountstats&path=%2F%2Fproc%2F1484009 HTTP/1.1" 200 3040 "-" "Mozilla/5.0 AppleWebKit/537.36 (KHTML, like Gecko; compatible; GPTBot/1.2; +https://openai.com/gptbot)"
20.171.207.88 - - [14/Jun/2025:08:48:22 -0400] "GET /products/433731513.htm?filesrc=%2F%2Fproc%2F2086696%2Fmountstats&path=%2F%2Fproc%2F2086696 HTTP/1.1" 200 3039 "-" "Mozilla/5.0 AppleWebKit/537.36 (KHTML, like Gecko; compatible; GPTBot/1.2; +https://openai.com/gptbot)"
3.89.170.186 - - [14/Jun/2025:08:48:20 -0400] "GET /read-manga-news/?filesrc=//lib64/pkgconfig/mit-krb5.pc&path=//lib64/pkgconfig HTTP/1.1" 200 10940 "-" "Mozilla/5.0 AppleWebKit/537.36 (KHTML, like Gecko; compatible; Amazonbot/0.1; +https://developer.amazon.com/support/amazonbot) Chrome/119.0.6045.214 Safari/537.36"
20.171.207.88 - - [14/Jun/2025:08:48:25 -0400] "GET /products/433731513.htm?filesrc=%2F%2Fproc%2F2086696%2Fsessionid&path=%2F%2Fproc%2F2086696 HTTP/1.1" 200 1990 "-" "Mozilla/5.0 AppleWebKit/537.36 (KHTML, like Gecko; compatible; GPTBot/1.2; +https://openai.com/gptbot)"
184.73.195.18 - - [14/Jun/2025:08:48:25 -0400] "GET /read-manga-news/?filesrc=//lib/systemd/system/systemd-quotacheck.service&path=//lib/systemd/system HTTP/1.1" 200 11098 "-" "Mozilla/5.0 AppleWebKit/537.36 (KHTML, like Gecko; compatible; Amazonbot/0.1; +https://developer.amazon.com/support/amazonbot) Chrome/119.0.6045.214 Safari/537.36"
