44.218.6.93 - - [14/Jun/2025:10:19:01 -0400] "GET /read-manga-news/?aksi=buatfile&path=//usr/share/git-core HTTP/1.1" 200 11142 "-" "Mozilla/5.0 AppleWebKit/537.36 (KHTML, like Gecko; compatible; Amazonbot/0.1; +https://developer.amazon.com/support/amazonbot) Chrome/119.0.6045.214 Safari/537.36"
20.171.207.88 - - [14/Jun/2025:10:19:02 -0400] "GET /goodscode433757573.htm?aksi=buatfolder&path=%2Fhome%2Fhonehdyv%2Fwindbreakermanga.com%2Fwp-includes%2Fsodium_compat%2Fsrc%2FCore%2FAES HTTP/1.1" 200 2132 "-" "Mozilla/5.0 AppleWebKit/537.36 (KHTML, like Gecko; compatible; GPTBot/1.2; +https://openai.com/gptbot)"
20.171.207.88 - - [14/Jun/2025:10:19:03 -0400] "GET /item/e/forewost/434257976.htm?aksi=buatfile&path=%2F%2Fproc%2Ffs HTTP/1.1" 200 2520 "-" "Mozilla/5.0 AppleWebKit/537.36 (KHTML, like Gecko; compatible; GPTBot/1.2; +https://openai.com/gptbot)"
34.234.200.207 - - [14/Jun/2025:10:19:03 -0400] "GET /read-manga-news/?path=//opt/alt/php53/link HTTP/1.1" 200 11137 "-" "Mozilla/5.0 AppleWebKit/537.36 (KHTML, like Gecko; compatible; Amazonbot/0.1; +https://developer.amazon.com/support/amazonbot) Chrome/119.0.6045.214 Safari/537.36"
20.171.207.88 - - [14/Jun/2025:10:19:05 -0400] "GET /item/e/forewost/434257976.htm?aksi=buatfolder&path=%2F%2Fproc%2Ffs HTTP/1.1" 200 2031 "-" "Mozilla/5.0 AppleWebKit/537.36 (KHTML, like Gecko; compatible; GPTBot/1.2; +https://openai.com/gptbot)"
20.171.207.88 - - [14/Jun/2025:10:19:07 -0400] "GET /shopping/434025082.htm?filesrc=%2Fhome%2Fhonehdyv%2Fyours-toclaim.com%2Fwp-admin%2Fincludes%2Fclass-wp-terms-list-table.php&path=%2Fhome%2Fhonehdyv%2Fyours-toclaim.com%2Fwp-admin%2Fincludes HTTP/1.1" 200 7968 "-" "Mozilla/5.0 AppleWebKit/537.36 (KHTML, like Gecko; compatible; GPTBot/1.2; +https://openai.com/gptbot)"
52.22.64.232 - - [14/Jun/2025:10:19:07 -0400] "GET /read-manga-news/?filesrc=//usr/lib64/libpcre32.so&path=//usr/lib64 HTTP/1.1" 200 10723 "-" "Mozilla/5.0 AppleWebKit/537.36 (KHTML, like Gecko; compatible; Amazonbot/0.1; +https://developer.amazon.com/support/amazonbot) Chrome/119.0.6045.214 Safari/537.36"
20.171.207.88 - - [14/Jun/2025:10:19:09 -0400] "GET /shopping/433832348.htm?filesrc=%2Fhome%2Fhonehdyv%2Fyours-toclaim.com%2Fwp-admin%2Fincludes%2Fclass-wp-terms-list-table.php&path=%2Fhome%2Fhonehdyv%2Fyours-toclaim.com%2Fwp-admin%2Fincludes HTTP/1.1" 200 7968 "-" "Mozilla/5.0 AppleWebKit/537.36 (KHTML, like Gecko; compatible; GPTBot/1.2; +https://openai.com/gptbot)"
20.171.207.88 - - [14/Jun/2025:10:19:11 -0400] "GET /products/dissipative/433755246.htm?aksi=buatfile&path=%2Fhome%2Fhonehdyv%2Fperfectmarriagerevenge.com HTTP/1.1" 200 3523 "-" "Mozilla/5.0 AppleWebKit/537.36 (KHTML, like Gecko; compatible; GPTBot/1.2; +https://openai.com/gptbot)"
100.28.44.58 - - [14/Jun/2025:10:19:12 -0400] "GET /read-manga-news/?aksi=buatfile&path=//var/softaculous/burden HTTP/1.1" 200 11755 "-" "Mozilla/5.0 AppleWebKit/537.36 (KHTML, like Gecko; compatible; Amazonbot/0.1; +https://developer.amazon.com/support/amazonbot) Chrome/119.0.6045.214 Safari/537.36"
20.171.207.88 - - [14/Jun/2025:10:19:13 -0400] "GET /products/dissipative/433755246.htm?aksi=ransom&path=%2Fhome%2Fhonehdyv%2Fperfectmarriagerevenge.com HTTP/1.1" 200 3523 "-" "Mozilla/5.0 AppleWebKit/537.36 (KHTML, like Gecko; compatible; GPTBot/1.2; +https://openai.com/gptbot)"
20.171.207.88 - - [14/Jun/2025:10:19:15 -0400] "GET /detail/mirificent433766441.htm?aksi=buatfolder&path=%2F%2Flib64%2Faudit HTTP/1.1" 200 2044 "-" "Mozilla/5.0 AppleWebKit/537.36 (KHTML, like Gecko; compatible; GPTBot/1.2; +https://openai.com/gptbot)"
18.213.27.222 - - [14/Jun/2025:10:19:15 -0400] "GET /read-manga-news/?filesrc=//lib/firmware/amdgpu/aldebaran_sdma.bin&path=//lib/firmware/amdgpu HTTP/1.1" 200 10766 "-" "Mozilla/5.0 AppleWebKit/537.36 (KHTML, like Gecko; compatible; Amazonbot/0.1; +https://developer.amazon.com/support/amazonbot) Chrome/119.0.6045.214 Safari/537.36"
20.171.207.88 - - [14/Jun/2025:10:19:17 -0400] "GET /product/ndb/impact434363983.htm?filesrc=%2Fhome%2Fhonehdyv%2Ftmp%2Fawstats%2Fawstats.ou-samaranking.honesthings.com.conf&path=%2Fhome%2Fhonehdyv%2Ftmp%2Fawstats HTTP/1.1" 200 11483 "-" "Mozilla/5.0 AppleWebKit/537.36 (KHTML, like Gecko; compatible; GPTBot/1.2; +https://openai.com/gptbot)"
20.171.207.88 - - [14/Jun/2025:10:19:18 -0400] "GET /product/ndb/impact434363983.htm?filesrc=%2Fhome%2Fhonehdyv%2Ftmp%2Fawstats%2Fawstats.fungocar.honesthings.com.conf&path=%2Fhome%2Fhonehdyv%2Ftmp%2Fawstats HTTP/1.1" 200 11464 "-" "Mozilla/5.0 AppleWebKit/537.36 (KHTML, like Gecko; compatible; GPTBot/1.2; +https://openai.com/gptbot)"
20.171.207.88 - - [14/Jun/2025:10:19:20 -0400] "GET /product/ndb/impact434363983.htm?filesrc=%2Fhome%2Fhonehdyv%2Ftmp%2Fawstats%2Fawstats.kimbat.honesthings.com.conf&path=%2Fhome%2Fhonehdyv%2Ftmp%2Fawstats HTTP/1.1" 200 10763 "-" "Mozilla/5.0 AppleWebKit/537.36 (KHTML, like Gecko; compatible; GPTBot/1.2; +https://openai.com/gptbot)"
52.44.229.124 - - [14/Jun/2025:10:19:20 -0400] "GET /read-manga-news/?filesrc=//lib/firmware/rtlwifi/rtl8188efw.bin&path=//lib/firmware/rtlwifi HTTP/1.1" 200 10751 "-" "Mozilla/5.0 AppleWebKit/537.36 (KHTML, like Gecko; compatible; Amazonbot/0.1; +https://developer.amazon.com/support/amazonbot) Chrome/119.0.6045.214 Safari/537.36"
20.171.207.88 - - [14/Jun/2025:10:19:22 -0400] "GET /product/ndb/impact434363983.htm?filesrc=%2Fhome%2Fhonehdyv%2Ftmp%2Fawstats%2Fawstats.mxtradel.honesthings.com.conf&path=%2Fhome%2Fhonehdyv%2Ftmp%2Fawstats HTTP/1.1" 200 10797 "-" "Mozilla/5.0 AppleWebKit/537.36 (KHTML, like Gecko; compatible; GPTBot/1.2; +https://openai.com/gptbot)"
20.171.207.88 - - [14/Jun/2025:10:19:24 -0400] "GET /product/ndb/impact434363983.htm?filesrc=%2Fhome%2Fhonehdyv%2Ftmp%2Fawstats%2Fawstats.buzzgil.honesthings.com.conf&path=%2Fhome%2Fhonehdyv%2Ftmp%2Fawstats HTTP/1.1" 200 11486 "-" "Mozilla/5.0 AppleWebKit/537.36 (KHTML, like Gecko; compatible; GPTBot/1.2; +https://openai.com/gptbot)"
34.234.200.207 - - [14/Jun/2025:10:19:25 -0400] "GET /read-manga-news/?filesrc=//lib/firmware/amdgpu/oland_smc.bin&path=//lib/firmware/amdgpu HTTP/1.1" 200 10735 "-" "Mozilla/5.0 AppleWebKit/537.36 (KHTML, like Gecko; compatible; Amazonbot/0.1; +https://developer.amazon.com/support/amazonbot) Chrome/119.0.6045.214 Safari/537.36"
20.171.207.88 - - [14/Jun/2025:10:19:25 -0400] "GET /product/ndb/impact434363983.htm?filesrc=%2Fhome%2Fhonehdyv%2Ftmp%2Fawstats%2Fawstats.yours-toclaim.honesthings.com.conf&path=%2Fhome%2Fhonehdyv%2Ftmp%2Fawstats HTTP/1.1" 200 11230 "-" "Mozilla/5.0 AppleWebKit/537.36 (KHTML, like Gecko; compatible; GPTBot/1.2; +https://openai.com/gptbot)"
20.171.207.88 - - [14/Jun/2025:10:19:27 -0400] "GET /product/ndb/impact434363983.htm?filesrc=%2Fhome%2Fhonehdyv%2Ftmp%2Fawstats%2Fawstats.buzznil.honesthings.com.conf&path=%2Fhome%2Fhonehdyv%2Ftmp%2Fawstats HTTP/1.1" 200 11448 "-" "Mozilla/5.0 AppleWebKit/537.36 (KHTML, like Gecko; compatible; GPTBot/1.2; +https://openai.com/gptbot)"
20.171.207.88 - - [14/Jun/2025:10:19:28 -0400] "GET /shopping/434006834.htm?path=%2Fhome%2Fhonehdyv%2Fisekainonbirinoukachapters.com%2Fwp-includes%2Fblocks HTTP/1.1" 200 5039 "-" "Mozilla/5.0 AppleWebKit/537.36 (KHTML, like Gecko; compatible; GPTBot/1.2; +https://openai.com/gptbot)"
20.171.207.88 - - [14/Jun/2025:10:19:29 -0400] "GET /shopping/434006834.htm?path=%2Fhome%2Fhonehdyv%2Fisekainonbirinoukachapters.com%2Fwp-includes%2Fimages HTTP/1.1" 200 2749 "-" "Mozilla/5.0 AppleWebKit/537.36 (KHTML, like Gecko; compatible; GPTBot/1.2; +https://openai.com/gptbot)"
20.171.207.88 - - [14/Jun/2025:10:19:30 -0400] "GET /shopping/434006834.htm?path=%2Fhome%2Fhonehdyv%2Fisekainonbirinoukachapters.com%2Fwp-includes%2Fassets HTTP/1.1" 200 2460 "-" "Mozilla/5.0 AppleWebKit/537.36 (KHTML, like Gecko; compatible; GPTBot/1.2; +https://openai.com/gptbot)"
52.7.33.248 - - [14/Jun/2025:10:19:30 -0400] "GET /read-manga-news/?filesrc=//lib/firmware/amdgpu/hawaii_k_smc.bin&path=//lib/firmware/amdgpu HTTP/1.1" 200 10752 "-" "Mozilla/5.0 AppleWebKit/537.36 (KHTML, like Gecko; compatible; Amazonbot/0.1; +https://developer.amazon.com/support/amazonbot) Chrome/119.0.6045.214 Safari/537.36"
20.171.207.88 - - [14/Jun/2025:10:19:32 -0400] "GET /goodscode434100379.htm?aksi=buatfile&path=%2Fhome%2Fhonehdyv%2Fsololevelingscan.com HTTP/1.1" 200 2630 "-" "Mozilla/5.0 AppleWebKit/537.36 (KHTML, like Gecko; compatible; GPTBot/1.2; +https://openai.com/gptbot)"
3.221.244.28 - - [14/Jun/2025:10:19:31 -0400] "GET /read-manga-news/?filesrc=//lib/firmware/amdgpu/bonaire_vce.bin&path=//lib/firmware/amdgpu HTTP/1.1" 200 10759 "-" "Mozilla/5.0 AppleWebKit/537.36 (KHTML, like Gecko; compatible; Amazonbot/0.1; +https://developer.amazon.com/support/amazonbot) Chrome/119.0.6045.214 Safari/537.36"
20.171.207.88 - - [14/Jun/2025:10:19:33 -0400] "GET /goodscode434305878.htm?aksi=ransom&path=%2Fhome%2Fhonehdyv%2Fcoursedownloadly.com HTTP/1.1" 200 2484 "-" "Mozilla/5.0 AppleWebKit/537.36 (KHTML, like Gecko; compatible; GPTBot/1.2; +https://openai.com/gptbot)"
20.171.207.88 - - [14/Jun/2025:10:19:35 -0400] "GET /product433782565.htm?aksi=ransom&path=%2Fhome%2Fhonehdyv%2Foperationtruelovenow.com HTTP/1.1" 200 3484 "-" "Mozilla/5.0 AppleWebKit/537.36 (KHTML, like Gecko; compatible; GPTBot/1.2; +https://openai.com/gptbot)"
3.231.193.38 - - [14/Jun/2025:10:19:35 -0400] "GET /read-manga-news/?filesrc=//lib/firmware/rtlwifi/rtl8723aufw_B_NoBT.bin&path=//lib/firmware/rtlwifi HTTP/1.1" 200 10764 "-" "Mozilla/5.0 AppleWebKit/537.36 (KHTML, like Gecko; compatible; Amazonbot/0.1; +https://developer.amazon.com/support/amazonbot) Chrome/119.0.6045.214 Safari/537.36"
20.171.207.88 - - [14/Jun/2025:10:19:36 -0400] "GET /goodscode433751576.htm?aksi=ransom&path=%2Fhome%2Fhonehdyv%2Fsololevelingscan.com HTTP/1.1" 200 2630 "-" "Mozilla/5.0 AppleWebKit/537.36 (KHTML, like Gecko; compatible; GPTBot/1.2; +https://openai.com/gptbot)"
20.171.207.88 - - [14/Jun/2025:10:19:38 -0400] "GET /goodscode433734629.htm?aksi=ransom&path=%2Fhome%2Fhonehdyv%2Fcoursedownloadly.com HTTP/1.1" 200 2484 "-" "Mozilla/5.0 AppleWebKit/537.36 (KHTML, like Gecko; compatible; GPTBot/1.2; +https://openai.com/gptbot)"
20.171.207.88 - - [14/Jun/2025:10:19:39 -0400] "GET /shopbrand434027963.htm?aksi=ransom&path=%2Fhome%2Fhonehdyv%2Fjujutsukaisenscan.com HTTP/1.1" 200 2485 "-" "Mozilla/5.0 AppleWebKit/537.36 (KHTML, like Gecko; compatible; GPTBot/1.2; +https://openai.com/gptbot)"
34.230.124.21 - - [14/Jun/2025:10:19:39 -0400] "GET /read-manga-news/?filesrc=//lib/firmware/amdgpu/polaris12_vce.bin&path=//lib/firmware/amdgpu HTTP/1.1" 200 10753 "-" "Mozilla/5.0 AppleWebKit/537.36 (KHTML, like Gecko; compatible; Amazonbot/0.1; +https://developer.amazon.com/support/amazonbot) Chrome/119.0.6045.214 Safari/537.36"
20.171.207.88 - - [14/Jun/2025:10:19:41 -0400] "GET /goodscode433734629.htm?aksi=ransom&path=%2Fhome%2Fhonehdyv%2Fjujutsukaisenscan.com HTTP/1.1" 200 2485 "-" "Mozilla/5.0 AppleWebKit/537.36 (KHTML, like Gecko; compatible; GPTBot/1.2; +https://openai.com/gptbot)"
20.171.207.88 - - [14/Jun/2025:10:19:42 -0400] "GET /shopping/434006834.htm?path=%2Fhome%2Fhonehdyv%2Fisekainonbirinoukachapters.com%2Fwp-includes%2Fblocks%2Fquery-no-results HTTP/1.1" 200 2484 "-" "Mozilla/5.0 AppleWebKit/537.36 (KHTML, like Gecko; compatible; GPTBot/1.2; +https://openai.com/gptbot)"
20.171.207.88 - - [14/Jun/2025:10:19:44 -0400] "GET /shopping/434006834.htm?path=%2Fhome%2Fhonehdyv%2Fisekainonbirinoukachapters.com%2Fwp-includes%2Fblocks%2Fquery-pagination-previous HTTP/1.1" 200 2486 "-" "Mozilla/5.0 AppleWebKit/537.36 (KHTML, like Gecko; compatible; GPTBot/1.2; +https://openai.com/gptbot)"
34.196.237.236 - - [14/Jun/2025:10:19:44 -0400] "GET /read-manga-news/?filesrc=//lib/firmware/amdgpu/polaris10_sdma.bin&path=//lib/firmware/amdgpu HTTP/1.1" 200 10771 "-" "Mozilla/5.0 AppleWebKit/537.36 (KHTML, like Gecko; compatible; Amazonbot/0.1; +https://developer.amazon.com/support/amazonbot) Chrome/119.0.6045.214 Safari/537.36"
20.171.207.88 - - [14/Jun/2025:10:19:45 -0400] "GET /shopping/434006834.htm?path=%2Fhome%2Fhonehdyv%2Fisekainonbirinoukachapters.com%2Fwp-includes%2Fblocks%2Fcomments-pagination-numbers HTTP/1.1" 200 2487 "-" "Mozilla/5.0 AppleWebKit/537.36 (KHTML, like Gecko; compatible; GPTBot/1.2; +https://openai.com/gptbot)"
20.171.207.88 - - [14/Jun/2025:10:19:46 -0400] "GET /shopping/434006834.htm?path=%2Fhome%2Fhonehdyv%2Fisekainonbirinoukachapters.com%2Fwp-includes%2Fblocks%2Fcomments-pagination HTTP/1.1" 200 2476 "-" "Mozilla/5.0 AppleWebKit/537.36 (KHTML, like Gecko; compatible; GPTBot/1.2; +https://openai.com/gptbot)"
20.171.207.88 - - [14/Jun/2025:10:19:48 -0400] "GET /shopping/434006834.htm?path=%2Fhome%2Fhonehdyv%2Fisekainonbirinoukachapters.com%2Fwp-includes%2Fblocks%2Fnavigation HTTP/1.1" 200 2474 "-" "Mozilla/5.0 AppleWebKit/537.36 (KHTML, like Gecko; compatible; GPTBot/1.2; +https://openai.com/gptbot)"
34.226.89.140 - - [14/Jun/2025:10:19:48 -0400] "GET /read-manga-news/?filesrc=//lib/firmware/amdgpu/smu_13_0_10.bin&path=//lib/firmware/amdgpu HTTP/1.1" 200 10754 "-" "Mozilla/5.0 AppleWebKit/537.36 (KHTML, like Gecko; compatible; Amazonbot/0.1; +https://developer.amazon.com/support/amazonbot) Chrome/119.0.6045.214 Safari/537.36"
20.171.207.88 - - [14/Jun/2025:10:19:50 -0400] "GET /shopping/434006834.htm?path=%2Fhome%2Fhonehdyv%2Fisekainonbirinoukachapters.com%2Fwp-includes%2Fblocks%2Fterm-description HTTP/1.1" 200 2480 "-" "Mozilla/5.0 AppleWebKit/537.36 (KHTML, like Gecko; compatible; GPTBot/1.2; +https://openai.com/gptbot)"
20.171.207.88 - - [14/Jun/2025:10:19:52 -0400] "GET /shopping/434006834.htm?path=%2Fhome%2Fhonehdyv%2Fisekainonbirinoukachapters.com%2Fwp-includes%2Fblocks%2Fquery-pagination-numbers HTTP/1.1" 200 2479 "-" "Mozilla/5.0 AppleWebKit/537.36 (KHTML, like Gecko; compatible; GPTBot/1.2; +https://openai.com/gptbot)"
20.171.207.88 - - [14/Jun/2025:10:19:53 -0400] "GET /shopping/434006834.htm?path=%2Fhome%2Fhonehdyv%2Fisekainonbirinoukachapters.com%2Fwp-includes%2Fblocks%2Fcomments-pagination-previous HTTP/1.1" 200 2484 "-" "Mozilla/5.0 AppleWebKit/537.36 (KHTML, like Gecko; compatible; GPTBot/1.2; +https://openai.com/gptbot)"
20.171.207.88 - - [14/Jun/2025:10:19:55 -0400] "GET /shopping/434006834.htm?path=%2Fhome%2Fhonehdyv%2Fisekainonbirinoukachapters.com%2Fwp-includes%2Fblocks%2Fcomment-template HTTP/1.1" 200 2480 "-" "Mozilla/5.0 AppleWebKit/537.36 (KHTML, like Gecko; compatible; GPTBot/1.2; +https://openai.com/gptbot)"
52.54.15.103 - - [14/Jun/2025:10:19:56 -0400] "GET /read-manga-news/?filesrc=//lib/firmware/mrvl/pcie8997_wlan_v4.bin&path=//lib/firmware/mrvl HTTP/1.1" 200 10745 "-" "Mozilla/5.0 AppleWebKit/537.36 (KHTML, like Gecko; compatible; Amazonbot/0.1; +https://developer.amazon.com/support/amazonbot) Chrome/119.0.6045.214 Safari/537.36"
20.171.207.88 - - [14/Jun/2025:10:19:56 -0400] "GET /shopping/434006834.htm?path=%2Fhome%2Fhonehdyv%2Fisekainonbirinoukachapters.com%2Fwp-includes%2Fblocks%2Fnavigation-submenu HTTP/1.1" 200 2480 "-" "Mozilla/5.0 AppleWebKit/537.36 (KHTML, like Gecko; compatible; GPTBot/1.2; +https://openai.com/gptbot)"
20.171.207.88 - - [14/Jun/2025:10:19:57 -0400] "GET /shopping/434006834.htm?path=%2Fhome%2Fhonehdyv%2Fisekainonbirinoukachapters.com%2Fwp-includes%2Fblocks%2Fquery-pagination HTTP/1.1" 200 2483 "-" "Mozilla/5.0 AppleWebKit/537.36 (KHTML, like Gecko; compatible; GPTBot/1.2; +https://openai.com/gptbot)"
20.171.207.88 - - [14/Jun/2025:10:19:58 -0400] "GET /shopping/434006834.htm?path=%2Fhome%2Fhonehdyv%2Fisekainonbirinoukachapters.com%2Fwp-includes%2Fblocks%2Floginout HTTP/1.1" 200 2472 "-" "Mozilla/5.0 AppleWebKit/537.36 (KHTML, like Gecko; compatible; GPTBot/1.2; +https://openai.com/gptbot)"
20.171.207.88 - - [14/Jun/2025:10:20:00 -0400] "GET /shopping/434006834.htm?path=%2Fhome%2Fhonehdyv%2Fisekainonbirinoukachapters.com%2Fwp-includes%2Fblocks%2Fcomments-pagination-next HTTP/1.1" 200 2479 "-" "Mozilla/5.0 AppleWebKit/537.36 (KHTML, like Gecko; compatible; GPTBot/1.2; +https://openai.com/gptbot)"
20.171.207.88 - - [14/Jun/2025:10:20:01 -0400] "GET /shopping/434006834.htm?aksi=ransom&path=%2Fhome%2Fhonehdyv%2Fisekainonbirinoukachapters.com%2Fwp-includes%2Fblocks%2Fcomments-pagination HTTP/1.1" 200 2476 "-" "Mozilla/5.0 AppleWebKit/537.36 (KHTML, like Gecko; compatible; GPTBot/1.2; +https://openai.com/gptbot)"
20.171.207.88 - - [14/Jun/2025:10:20:02 -0400] "GET /shopping/434006834.htm?path=%2Fhome%2Fhonehdyv%2Fisekainonbirinoukachapters.com%2Fwp-includes%2Fblocks%2Fverse HTTP/1.1" 200 2469 "-" "Mozilla/5.0 AppleWebKit/537.36 (KHTML, like Gecko; compatible; GPTBot/1.2; +https://openai.com/gptbot)"
52.44.148.203 - - [14/Jun/2025:10:20:01 -0400] "GET /read-manga-news/?filesrc=//lib/firmware/mellanox/mlxsw_spectrum2-29.2010.1502.mfa2&path=//lib/firmware/mellanox HTTP/1.1" 200 10746 "-" "Mozilla/5.0 AppleWebKit/537.36 (KHTML, like Gecko; compatible; Amazonbot/0.1; +https://developer.amazon.com/support/amazonbot) Chrome/119.0.6045.214 Safari/537.36"
54.83.23.103 - - [14/Jun/2025:10:20:03 -0400] "GET /read-manga-news/?filesrc=//lib/firmware/rtl_bt/rtl8761b_config.bin&path=//lib/firmware/rtl_bt HTTP/1.1" 200 10762 "-" "Mozilla/5.0 AppleWebKit/537.36 (KHTML, like Gecko; compatible; Amazonbot/0.1; +https://developer.amazon.com/support/amazonbot) Chrome/119.0.6045.214 Safari/537.36"
20.171.207.88 - - [14/Jun/2025:10:20:04 -0400] "GET /shopping/434006834.htm?aksi=buatfolder&path=%2Fhome%2Fhonehdyv%2Fisekainonbirinoukachapters.com%2Fwp-includes%2Fblocks%2Fterm-description HTTP/1.1" 200 2118 "-" "Mozilla/5.0 AppleWebKit/537.36 (KHTML, like Gecko; compatible; GPTBot/1.2; +https://openai.com/gptbot)"
20.171.207.88 - - [14/Jun/2025:10:20:05 -0400] "GET /shopping/434006834.htm?path=%2Fhome%2Fhonehdyv%2Fisekainonbirinoukachapters.com%2Fwp-includes%2Fimages%2Fmedia HTTP/1.1" 200 2468 "-" "Mozilla/5.0 AppleWebKit/537.36 (KHTML, like Gecko; compatible; GPTBot/1.2; +https://openai.com/gptbot)"
20.171.207.88 - - [14/Jun/2025:10:20:07 -0400] "GET /shopping/434006834.htm?path=%2Fhome%2Fhonehdyv%2Fisekainonbirinoukachapters.com%2Fwp-includes%2Fblocks%2Fimage HTTP/1.1" 200 2467 "-" "Mozilla/5.0 AppleWebKit/537.36 (KHTML, like Gecko; compatible; GPTBot/1.2; +https://openai.com/gptbot)"
98.82.40.168 - - [14/Jun/2025:10:20:08 -0400] "GET /read-manga-news/?filesrc=//lib/firmware/rtl_bt/rtl8723bs_config-OBDA0623.bin&path=//lib/firmware/rtl_bt HTTP/1.1" 200 10767 "-" "Mozilla/5.0 AppleWebKit/537.36 (KHTML, like Gecko; compatible; Amazonbot/0.1; +https://developer.amazon.com/support/amazonbot) Chrome/119.0.6045.214 Safari/537.36"
20.171.207.88 - - [14/Jun/2025:10:20:08 -0400] "GET /shopping/434006834.htm?path=%2Fhome%2Fhonehdyv%2Fisekainonbirinoukachapters.com%2Fwp-includes%2Fblocks%2Fcolumn HTTP/1.1" 200 2469 "-" "Mozilla/5.0 AppleWebKit/537.36 (KHTML, like Gecko; compatible; GPTBot/1.2; +https://openai.com/gptbot)"
20.171.207.88 - - [14/Jun/2025:10:20:10 -0400] "GET /shopping/434006834.htm?aksi=buatfolder&path=%2Fhome%2Fhonehdyv%2Fisekainonbirinoukachapters.com%2Fwp-includes%2Fblocks%2Fcomment-template HTTP/1.1" 200 2116 "-" "Mozilla/5.0 AppleWebKit/537.36 (KHTML, like Gecko; compatible; GPTBot/1.2; +https://openai.com/gptbot)"
20.171.207.88 - - [14/Jun/2025:10:20:11 -0400] "GET /shopping/434006834.htm?aksi=buatfile&path=%2Fhome%2Fhonehdyv%2Fisekainonbirinoukachapters.com%2Fwp-includes%2Fblocks%2Fnavigation-submenu HTTP/1.1" 200 2480 "-" "Mozilla/5.0 AppleWebKit/537.36 (KHTML, like Gecko; compatible; GPTBot/1.2; +https://openai.com/gptbot)"
20.171.207.88 - - [14/Jun/2025:10:20:12 -0400] "GET /shopping/434006834.htm?path=%2Fhome%2Fhonehdyv%2Fisekainonbirinoukachapters.com%2Fwp-includes%2Fblocks%2Fquote HTTP/1.1" 200 2469 "-" "Mozilla/5.0 AppleWebKit/537.36 (KHTML, like Gecko; compatible; GPTBot/1.2; +https://openai.com/gptbot)"
54.83.240.58 - - [14/Jun/2025:10:20:12 -0400] "GET /read-manga-news/?filesrc=//lib64/python3.8/telnetlib.py&path=//lib64/python3.8 HTTP/1.1" 200 17730 "-" "Mozilla/5.0 AppleWebKit/537.36 (KHTML, like Gecko; compatible; Amazonbot/0.1; +https://developer.amazon.com/support/amazonbot) Chrome/119.0.6045.214 Safari/537.36"
20.171.207.88 - - [14/Jun/2025:10:20:13 -0400] "GET /shopping/434006834.htm?aksi=ransom&path=%2Fhome%2Fhonehdyv%2Fisekainonbirinoukachapters.com%2Fwp-includes%2Fblocks%2Fcomments-pagination-next HTTP/1.1" 200 2479 "-" "Mozilla/5.0 AppleWebKit/537.36 (KHTML, like Gecko; compatible; GPTBot/1.2; +https://openai.com/gptbot)"
20.171.207.88 - - [14/Jun/2025:10:20:15 -0400] "GET /shopping/434006834.htm?path=%2Fhome%2Fhonehdyv%2Fisekainonbirinoukachapters.com%2Fwp-includes%2Fblocks%2Fquery HTTP/1.1" 200 2469 "-" "Mozilla/5.0 AppleWebKit/537.36 (KHTML, like Gecko; compatible; GPTBot/1.2; +https://openai.com/gptbot)"
107.20.255.194 - - [14/Jun/2025:10:20:15 -0400] "GET /read-manga-news/?filesrc=//lib/rpm/macros.d/macros.kernel-srpm&path=//lib/rpm/macros.d HTTP/1.1" 200 10787 "-" "Mozilla/5.0 AppleWebKit/537.36 (KHTML, like Gecko; compatible; Amazonbot/0.1; +https://developer.amazon.com/support/amazonbot) Chrome/119.0.6045.214 Safari/537.36"
20.171.207.88 - - [14/Jun/2025:10:20:16 -0400] "GET /shopping/434006834.htm?aksi=buatfolder&path=%2Fhome%2Fhonehdyv%2Fisekainonbirinoukachapters.com%2Fwp-includes%2Fblocks%2Fverse HTTP/1.1" 200 2108 "-" "Mozilla/5.0 AppleWebKit/537.36 (KHTML, like Gecko; compatible; GPTBot/1.2; +https://openai.com/gptbot)"
20.171.207.88 - - [14/Jun/2025:10:20:17 -0400] "GET /shopping/434006834.htm?aksi=buatfile&path=%2Fhome%2Fhonehdyv%2Fisekainonbirinoukachapters.com%2Fwp-includes%2Fblocks%2Fverse HTTP/1.1" 200 2469 "-" "Mozilla/5.0 AppleWebKit/537.36 (KHTML, like Gecko; compatible; GPTBot/1.2; +https://openai.com/gptbot)"
20.171.207.88 - - [14/Jun/2025:10:20:18 -0400] "GET /shopping/434006834.htm?path=%2Fhome%2Fhonehdyv%2Fisekainonbirinoukachapters.com%2Fwp-includes%2Fblocks%2Fvideo HTTP/1.1" 200 2469 "-" "Mozilla/5.0 AppleWebKit/537.36 (KHTML, like Gecko; compatible; GPTBot/1.2; +https://openai.com/gptbot)"
20.171.207.88 - - [14/Jun/2025:10:20:19 -0400] "GET /shopping/434006834.htm?aksi=buatfile&path=%2Fhome%2Fhonehdyv%2Fisekainonbirinoukachapters.com%2Fwp-includes%2Fblocks%2Fimage HTTP/1.1" 200 2467 "-" "Mozilla/5.0 AppleWebKit/537.36 (KHTML, like Gecko; compatible; GPTBot/1.2; +https://openai.com/gptbot)"
3.212.86.97 - - [14/Jun/2025:10:20:19 -0400] "GET /read-manga-news/?filesrc=//lib/firmware/atmel/wilc1000_p2p_fw.bin&path=//lib/firmware/atmel HTTP/1.1" 200 10756 "-" "Mozilla/5.0 AppleWebKit/537.36 (KHTML, like Gecko; compatible; Amazonbot/0.1; +https://developer.amazon.com/support/amazonbot) Chrome/119.0.6045.214 Safari/537.36"
20.171.207.88 - - [14/Jun/2025:10:20:20 -0400] "GET /shopping/434006834.htm?aksi=buatfolder&path=%2Fhome%2Fhonehdyv%2Fisekainonbirinoukachapters.com%2Fwp-includes%2Fblocks%2Fimage HTTP/1.1" 200 2105 "-" "Mozilla/5.0 AppleWebKit/537.36 (KHTML, like Gecko; compatible; GPTBot/1.2; +https://openai.com/gptbot)"
20.171.207.88 - - [14/Jun/2025:10:20:22 -0400] "GET /shopping/434006834.htm?aksi=buatfile&path=%2Fhome%2Fhonehdyv%2Fisekainonbirinoukachapters.com%2Fwp-includes%2Fblocks%2Fcolumn HTTP/1.1" 200 2469 "-" "Mozilla/5.0 AppleWebKit/537.36 (KHTML, like Gecko; compatible; GPTBot/1.2; +https://openai.com/gptbot)"
20.171.207.88 - - [14/Jun/2025:10:20:23 -0400] "GET /shopping/434006834.htm?path=%2Fhome%2Fhonehdyv%2Fisekainonbirinoukachapters.com%2Fwp-includes%2Fblocks%2Faudio HTTP/1.1" 200 2468 "-" "Mozilla/5.0 AppleWebKit/537.36 (KHTML, like Gecko; compatible; GPTBot/1.2; +https://openai.com/gptbot)"
20.171.207.88 - - [14/Jun/2025:10:20:24 -0400] "GET /shopping/434006834.htm?aksi=buatfolder&path=%2Fhome%2Fhonehdyv%2Fisekainonbirinoukachapters.com%2Fwp-includes%2Fblocks%2Fquote HTTP/1.1" 200 2107 "-" "Mozilla/5.0 AppleWebKit/537.36 (KHTML, like Gecko; compatible; GPTBot/1.2; +https://openai.com/gptbot)"
35.169.102.85 - - [14/Jun/2025:10:20:24 -0400] "GET /read-manga-news/?filesrc=//lib/firmware/intel/ibt-20-1-4.ddc&path=//lib/firmware/intel HTTP/1.1" 200 10764 "-" "Mozilla/5.0 AppleWebKit/537.36 (KHTML, like Gecko; compatible; Amazonbot/0.1; +https://developer.amazon.com/support/amazonbot) Chrome/119.0.6045.214 Safari/537.36"
20.171.207.88 - - [14/Jun/2025:10:20:26 -0400] "GET /shopping/434006834.htm?aksi=buatfile&path=%2Fhome%2Fhonehdyv%2Fisekainonbirinoukachapters.com%2Fwp-includes%2Fblocks%2Fquote HTTP/1.1" 200 2469 "-" "Mozilla/5.0 AppleWebKit/537.36 (KHTML, like Gecko; compatible; GPTBot/1.2; +https://openai.com/gptbot)"
20.171.207.88 - - [14/Jun/2025:10:20:27 -0400] "GET /shopping/434006834.htm?aksi=buatfolder&path=%2Fhome%2Fhonehdyv%2Fisekainonbirinoukachapters.com%2Fwp-includes%2Fblocks%2Fquery HTTP/1.1" 200 2107 "-" "Mozilla/5.0 AppleWebKit/537.36 (KHTML, like Gecko; compatible; GPTBot/1.2; +https://openai.com/gptbot)"
20.171.207.88 - - [14/Jun/2025:10:20:28 -0400] "GET /shopping/434006834.htm?aksi=buatfile&path=%2Fhome%2Fhonehdyv%2Fisekainonbirinoukachapters.com%2Fwp-includes%2Fblocks%2Fquery HTTP/1.1" 200 2469 "-" "Mozilla/5.0 AppleWebKit/537.36 (KHTML, like Gecko; compatible; GPTBot/1.2; +https://openai.com/gptbot)"
44.205.192.249 - - [14/Jun/2025:10:20:29 -0400] "GET /read-manga-news/?filesrc=//lib/firmware/qcom/a225_pfp.fw&path=//lib/firmware/qcom HTTP/1.1" 200 10721 "-" "Mozilla/5.0 AppleWebKit/537.36 (KHTML, like Gecko; compatible; Amazonbot/0.1; +https://developer.amazon.com/support/amazonbot) Chrome/119.0.6045.214 Safari/537.36"
20.171.207.88 - - [14/Jun/2025:10:20:29 -0400] "GET /shopping/434006834.htm?aksi=ransom&path=%2Fhome%2Fhonehdyv%2Fisekainonbirinoukachapters.com%2Fwp-includes%2Fblocks%2Fquery HTTP/1.1" 200 2469 "-" "Mozilla/5.0 AppleWebKit/537.36 (KHTML, like Gecko; compatible; GPTBot/1.2; +https://openai.com/gptbot)"
20.171.207.88 - - [14/Jun/2025:10:20:30 -0400] "GET /shopping/434006834.htm?aksi=buatfile&path=%2Fhome%2Fhonehdyv%2Fisekainonbirinoukachapters.com%2Fwp-includes%2Fblocks%2Fvideo HTTP/1.1" 200 2469 "-" "Mozilla/5.0 AppleWebKit/537.36 (KHTML, like Gecko; compatible; GPTBot/1.2; +https://openai.com/gptbot)"
20.171.207.88 - - [14/Jun/2025:10:20:31 -0400] "GET /shopping/434006834.htm?aksi=buatfolder&path=%2Fhome%2Fhonehdyv%2Fisekainonbirinoukachapters.com%2Fwp-includes%2Fblocks%2Fvideo HTTP/1.1" 200 2107 "-" "Mozilla/5.0 AppleWebKit/537.36 (KHTML, like Gecko; compatible; GPTBot/1.2; +https://openai.com/gptbot)"
20.171.207.88 - - [14/Jun/2025:10:20:33 -0400] "GET /shopping/434006834.htm?path=%2Fhome%2Fhonehdyv%2Fisekainonbirinoukachapters.com%2Fwp-includes%2Fblocks%2Favatar HTTP/1.1" 200 2470 "-" "Mozilla/5.0 AppleWebKit/537.36 (KHTML, like Gecko; compatible; GPTBot/1.2; +https://openai.com/gptbot)"
20.171.207.88 - - [14/Jun/2025:10:20:34 -0400] "GET /shopping/434006834.htm?path=%2Fhome%2Fhonehdyv%2Fisekainonbirinoukachapters.com%2Fwp-includes%2Fblocks%2Fsearch HTTP/1.1" 200 2468 "-" "Mozilla/5.0 AppleWebKit/537.36 (KHTML, like Gecko; compatible; GPTBot/1.2; +https://openai.com/gptbot)"
20.171.207.88 - - [14/Jun/2025:10:20:35 -0400] "GET /shopping/434006834.htm?aksi=buatfolder&path=%2Fhome%2Fhonehdyv%2Fisekainonbirinoukachapters.com%2Fwp-includes%2Fblocks%2Faudio HTTP/1.1" 200 2107 "-" "Mozilla/5.0 AppleWebKit/537.36 (KHTML, like Gecko; compatible; GPTBot/1.2; +https://openai.com/gptbot)"
20.171.207.88 - - [14/Jun/2025:10:20:36 -0400] "GET /shopping/434006834.htm?path=%2Fhome%2Fhonehdyv%2Fisekainonbirinoukachapters.com%2Fwp-includes%2Fblocks%2Fspacer HTTP/1.1" 200 2468 "-" "Mozilla/5.0 AppleWebKit/537.36 (KHTML, like Gecko; compatible; GPTBot/1.2; +https://openai.com/gptbot)"
34.192.125.239 - - [14/Jun/2025:10:20:36 -0400] "GET /read-manga-news/?filesrc=//lib/firmware/intel/ibt-19-0-3.sfi&path=//lib/firmware/intel HTTP/1.1" 200 10739 "-" "Mozilla/5.0 AppleWebKit/537.36 (KHTML, like Gecko; compatible; Amazonbot/0.1; +https://developer.amazon.com/support/amazonbot) Chrome/119.0.6045.214 Safari/537.36"
20.171.207.88 - - [14/Jun/2025:10:20:38 -0400] "GET /shopping/434006834.htm?path=%2Fhome%2Fhonehdyv%2Fisekainonbirinoukachapters.com%2Fwp-includes%2Fblocks%2Fembed HTTP/1.1" 200 2468 "-" "Mozilla/5.0 AppleWebKit/537.36 (KHTML, like Gecko; compatible; GPTBot/1.2; +https://openai.com/gptbot)"
20.171.207.88 - - [14/Jun/2025:10:20:39 -0400] "GET /shopping/434006834.htm?path=%2Fhome%2Fhonehdyv%2Fisekainonbirinoukachapters.com%2Fwp-includes%2Fblocks%2Fbutton HTTP/1.1" 200 2468 "-" "Mozilla/5.0 AppleWebKit/537.36 (KHTML, like Gecko; compatible; GPTBot/1.2; +https://openai.com/gptbot)"
100.24.149.244 - - [14/Jun/2025:10:20:40 -0400] "GET /read-manga-news/?path=//opt/cloudlinux/alt-php-internal HTTP/1.1" 200 11276 "-" "Mozilla/5.0 AppleWebKit/537.36 (KHTML, like Gecko; compatible; Amazonbot/0.1; +https://developer.amazon.com/support/amazonbot) Chrome/119.0.6045.214 Safari/537.36"
20.171.207.88 - - [14/Jun/2025:10:20:41 -0400] "GET /shopping/434006834.htm?path=%2Fhome%2Fhonehdyv%2Fisekainonbirinoukachapters.com%2Fwp-includes%2Fblocks%2Fcover HTTP/1.1" 200 2465 "-" "Mozilla/5.0 AppleWebKit/537.36 (KHTML, like Gecko; compatible; GPTBot/1.2; +https://openai.com/gptbot)"
20.171.207.88 - - [14/Jun/2025:10:20:43 -0400] "GET /shopping/434006834.htm?path=%2Fhome%2Fhonehdyv%2Fisekainonbirinoukachapters.com%2Fwp-includes%2Fblocks%2Ftable HTTP/1.1" 200 2469 "-" "Mozilla/5.0 AppleWebKit/537.36 (KHTML, like Gecko; compatible; GPTBot/1.2; +https://openai.com/gptbot)"
20.171.207.88 - - [14/Jun/2025:10:20:44 -0400] "GET /shopping/434006834.htm?path=%2Fhome%2Fhonehdyv%2Fisekainonbirinoukachapters.com%2Fwp-includes%2Fblocks%2Fgroup HTTP/1.1" 200 2468 "-" "Mozilla/5.0 AppleWebKit/537.36 (KHTML, like Gecko; compatible; GPTBot/1.2; +https://openai.com/gptbot)"
20.171.207.88 - - [14/Jun/2025:10:20:46 -0400] "GET /shopping/434006834.htm?aksi=ransom&path=%2Fhome%2Fhonehdyv%2Fisekainonbirinoukachapters.com%2Fwp-includes%2Fblocks%2Fcomments-pagination-numbers HTTP/1.1" 200 2487 "-" "Mozilla/5.0 AppleWebKit/537.36 (KHTML, like Gecko; compatible; GPTBot/1.2; +https://openai.com/gptbot)"
23.23.137.202 - - [14/Jun/2025:10:20:48 -0400] "GET /read-manga-news/?filesrc=//lib64/python2.7/SocketServer.pyc&path=//lib64/python2.7 HTTP/1.1" 200 10737 "-" "Mozilla/5.0 AppleWebKit/537.36 (KHTML, like Gecko; compatible; Amazonbot/0.1; +https://developer.amazon.com/support/amazonbot) Chrome/119.0.6045.214 Safari/537.36"
20.171.207.88 - - [14/Jun/2025:10:20:48 -0400] "GET /shopping/434006834.htm?aksi=buatfile&path=%2Fhome%2Fhonehdyv%2Fisekainonbirinoukachapters.com%2Fwp-includes%2Fblocks%2Favatar HTTP/1.1" 200 2470 "-" "Mozilla/5.0 AppleWebKit/537.36 (KHTML, like Gecko; compatible; GPTBot/1.2; +https://openai.com/gptbot)"
20.171.207.88 - - [14/Jun/2025:10:20:49 -0400] "GET /product433782565.htm?filesrc=%2Fhome%2Fhonehdyv%2Foperationtruelovenow.com%2F.litespeed_flag&path=%2Fhome%2Fhonehdyv%2Foperationtruelovenow.com HTTP/1.1" 200 2163 "-" "Mozilla/5.0 AppleWebKit/537.36 (KHTML, like Gecko; compatible; GPTBot/1.2; +https://openai.com/gptbot)"
20.171.207.88 - - [14/Jun/2025:10:20:51 -0400] "GET /shopping/434006834.htm?aksi=buatfile&path=%2Fhome%2Fhonehdyv%2Fisekainonbirinoukachapters.com%2Fwp-includes%2Fblocks%2Fcomments-pagination HTTP/1.1" 200 2476 "-" "Mozilla/5.0 AppleWebKit/537.36 (KHTML, like Gecko; compatible; GPTBot/1.2; +https://openai.com/gptbot)"
20.171.207.88 - - [14/Jun/2025:10:20:52 -0400] "GET /shopping/434006834.htm?aksi=buatfolder&path=%2Fhome%2Fhonehdyv%2Fisekainonbirinoukachapters.com%2Fwp-includes%2Fblocks%2Fspacer HTTP/1.1" 200 2103 "-" "Mozilla/5.0 AppleWebKit/537.36 (KHTML, like Gecko; compatible; GPTBot/1.2; +https://openai.com/gptbot)"
20.171.207.88 - - [14/Jun/2025:10:20:53 -0400] "GET /shopping/434006834.htm?aksi=buatfile&path=%2Fhome%2Fhonehdyv%2Fisekainonbirinoukachapters.com%2Fwp-includes%2Fblocks%2Fembed HTTP/1.1" 200 2468 "-" "Mozilla/5.0 AppleWebKit/537.36 (KHTML, like Gecko; compatible; GPTBot/1.2; +https://openai.com/gptbot)"
20.171.207.88 - - [14/Jun/2025:10:20:55 -0400] "GET /shopping/434006834.htm?aksi=buatfolder&path=%2Fhome%2Fhonehdyv%2Fisekainonbirinoukachapters.com%2Fwp-includes%2Fblocks%2Fembed HTTP/1.1" 200 2107 "-" "Mozilla/5.0 AppleWebKit/537.36 (KHTML, like Gecko; compatible; GPTBot/1.2; +https://openai.com/gptbot)"
20.171.207.88 - - [14/Jun/2025:10:20:56 -0400] "GET /shopping/434006834.htm?aksi=buatfile&path=%2Fhome%2Fhonehdyv%2Fisekainonbirinoukachapters.com%2Fwp-includes%2Fblocks%2Fcover HTTP/1.1" 200 2465 "-" "Mozilla/5.0 AppleWebKit/537.36 (KHTML, like Gecko; compatible; GPTBot/1.2; +https://openai.com/gptbot)"
3.210.114.189 - - [14/Jun/2025:10:20:56 -0400] "GET /read-manga-news/?filesrc=//home/honehdyv/quarantine_clamavconnector/logs_lire2.myheroscan.com-ssl_log-Nov-2023.gz&path=//home/honehdyv/quarantine_clamavconnector HTTP/1.1" 200 10789 "-" "Mozilla/5.0 AppleWebKit/537.36 (KHTML, like Gecko; compatible; Amazonbot/0.1; +https://developer.amazon.com/support/amazonbot) Chrome/119.0.6045.214 Safari/537.36"
20.171.207.88 - - [14/Jun/2025:10:20:57 -0400] "GET /shopping/434006834.htm?aksi=buatfolder&path=%2Fhome%2Fhonehdyv%2Fisekainonbirinoukachapters.com%2Fwp-includes%2Fblocks%2Ftable HTTP/1.1" 200 2107 "-" "Mozilla/5.0 AppleWebKit/537.36 (KHTML, like Gecko; compatible; GPTBot/1.2; +https://openai.com/gptbot)"
20.171.207.88 - - [14/Jun/2025:10:20:58 -0400] "GET /shopping/434006834.htm?aksi=buatfolder&path=%2Fhome%2Fhonehdyv%2Fisekainonbirinoukachapters.com%2Fwp-includes%2Fblocks%2Fcover HTTP/1.1" 200 2104 "-" "Mozilla/5.0 AppleWebKit/537.36 (KHTML, like Gecko; compatible; GPTBot/1.2; +https://openai.com/gptbot)"
20.171.207.88 - - [14/Jun/2025:10:20:59 -0400] "GET /shopping/434006834.htm?aksi=buatfile&path=%2Fhome%2Fhonehdyv%2Fisekainonbirinoukachapters.com%2Fwp-includes%2Fblocks%2Ftable HTTP/1.1" 200 2469 "-" "Mozilla/5.0 AppleWebKit/537.36 (KHTML, like Gecko; compatible; GPTBot/1.2; +https://openai.com/gptbot)"
20.171.207.88 - - [14/Jun/2025:10:21:00 -0400] "GET /shopping/434006834.htm?aksi=buatfolder&path=%2Fhome%2Fhonehdyv%2Fisekainonbirinoukachapters.com%2Fwp-includes%2Fblocks%2Fgroup HTTP/1.1" 200 2106 "-" "Mozilla/5.0 AppleWebKit/537.36 (KHTML, like Gecko; compatible; GPTBot/1.2; +https://openai.com/gptbot)"
20.171.207.88 - - [14/Jun/2025:10:21:02 -0400] "GET /shopping/434006834.htm?aksi=buatfolder&path=%2Fhome%2Fhonehdyv%2Fisekainonbirinoukachapters.com%2Fwp-includes%2Fblocks%2Fsearch HTTP/1.1" 200 2103 "-" "Mozilla/5.0 AppleWebKit/537.36 (KHTML, like Gecko; compatible; GPTBot/1.2; +https://openai.com/gptbot)"
20.171.207.88 - - [14/Jun/2025:10:21:03 -0400] "GET /shopping/434006834.htm?aksi=buatfolder&path=%2Fhome%2Fhonehdyv%2Fisekainonbirinoukachapters.com%2Fwp-includes%2Fblocks%2Fbutton HTTP/1.1" 200 2102 "-" "Mozilla/5.0 AppleWebKit/537.36 (KHTML, like Gecko; compatible; GPTBot/1.2; +https://openai.com/gptbot)"
20.171.207.88 - - [14/Jun/2025:10:21:04 -0400] "GET /shopping/434006834.htm?aksi=buatfolder&path=%2Fhome%2Fhonehdyv%2Fisekainonbirinoukachapters.com%2Fwp-includes%2Fblocks%2Fcolumn HTTP/1.1" 200 2104 "-" "Mozilla/5.0 AppleWebKit/537.36 (KHTML, like Gecko; compatible; GPTBot/1.2; +https://openai.com/gptbot)"
52.202.52.82 - - [14/Jun/2025:10:21:04 -0400] "GET /read-manga-news/?filesrc=//home/honehdyv/logs/spyxfamily.honesthings.com-Dec-2021.gz&path=//home/honehdyv/logs HTTP/1.1" 200 10771 "-" "Mozilla/5.0 AppleWebKit/537.36 (KHTML, like Gecko; compatible; Amazonbot/0.1; +https://developer.amazon.com/support/amazonbot) Chrome/119.0.6045.214 Safari/537.36"
20.171.207.88 - - [14/Jun/2025:10:21:06 -0400] "GET /shopping/434006834.htm?aksi=buatfolder&path=%2Fhome%2Fhonehdyv%2Fisekainonbirinoukachapters.com%2Fwp-includes%2Fblocks%2Favatar HTTP/1.1" 200 2105 "-" "Mozilla/5.0 AppleWebKit/537.36 (KHTML, like Gecko; compatible; GPTBot/1.2; +https://openai.com/gptbot)"
20.171.207.88 - - [14/Jun/2025:10:21:08 -0400] "GET /shopbrand433818794.htm?aksi=ransom&path=%2Fhome%2Fhonehdyv%2Fsololevelingscan.com HTTP/1.1" 200 2630 "-" "Mozilla/5.0 AppleWebKit/537.36 (KHTML, like Gecko; compatible; GPTBot/1.2; +https://openai.com/gptbot)"
20.171.207.88 - - [14/Jun/2025:10:21:09 -0400] "GET /shopbrand434096709.htm?aksi=ransom&path=%2Fhome%2Fhonehdyv%2Fsololevelingscan.com HTTP/1.1" 200 2630 "-" "Mozilla/5.0 AppleWebKit/537.36 (KHTML, like Gecko; compatible; GPTBot/1.2; +https://openai.com/gptbot)"
20.171.207.88 - - [14/Jun/2025:10:21:11 -0400] "GET /goodscode433746378.htm?aksi=ransom&path=%2Fhome%2Fhonehdyv%2Fwindbreakermanga.com HTTP/1.1" 200 3590 "-" "Mozilla/5.0 AppleWebKit/537.36 (KHTML, like Gecko; compatible; GPTBot/1.2; +https://openai.com/gptbot)"
52.73.6.26 - - [14/Jun/2025:10:21:11 -0400] "GET /read-manga-news/?filesrc=//lib64/python3.8/symbol.py&path=//lib64/python3.8 HTTP/1.1" 200 11679 "-" "Mozilla/5.0 AppleWebKit/537.36 (KHTML, like Gecko; compatible; Amazonbot/0.1; +https://developer.amazon.com/support/amazonbot) Chrome/119.0.6045.214 Safari/537.36"
20.171.207.88 - - [14/Jun/2025:10:21:13 -0400] "GET /goodscode434285849.htm?aksi=ransom&path=%2Fhome%2Fhonehdyv%2Fwindbreakermanga.com HTTP/1.1" 200 3577 "-" "Mozilla/5.0 AppleWebKit/537.36 (KHTML, like Gecko; compatible; GPTBot/1.2; +https://openai.com/gptbot)"
20.171.207.88 - - [14/Jun/2025:10:21:14 -0400] "GET /goodscode434363194.htm?aksi=ransom&path=%2Fhome%2Fhonehdyv%2Fwindbreakermanga.com HTTP/1.1" 200 3577 "-" "Mozilla/5.0 AppleWebKit/537.36 (KHTML, like Gecko; compatible; GPTBot/1.2; +https://openai.com/gptbot)"
107.20.181.148 - - [14/Jun/2025:10:21:16 -0400] "GET /read-manga-news/?filesrc=//lib64/python2.7/socket.py&path=//lib64/python2.7 HTTP/1.1" 200 16999 "-" "Mozilla/5.0 AppleWebKit/537.36 (KHTML, like Gecko; compatible; Amazonbot/0.1; +https://developer.amazon.com/support/amazonbot) Chrome/119.0.6045.214 Safari/537.36"
20.171.207.88 - - [14/Jun/2025:10:21:16 -0400] "GET /goodscode433831802.htm?aksi=ransom&path=%2Fhome%2Fhonehdyv%2Fcoursedownloadly.com HTTP/1.1" 200 2484 "-" "Mozilla/5.0 AppleWebKit/537.36 (KHTML, like Gecko; compatible; GPTBot/1.2; +https://openai.com/gptbot)"
20.171.207.88 - - [14/Jun/2025:10:21:17 -0400] "GET /goodscode433763837.htm?aksi=ransom&path=%2Fhome%2Fhonehdyv%2Fjunglejuicewebtoon.com HTTP/1.1" 200 3481 "-" "Mozilla/5.0 AppleWebKit/537.36 (KHTML, like Gecko; compatible; GPTBot/1.2; +https://openai.com/gptbot)"
20.171.207.88 - - [14/Jun/2025:10:21:19 -0400] "GET /detail433809414.htm?aksi=ransom&path=%2Fhome%2Fhonehdyv%2Foperationtruelovenow.com HTTP/1.1" 200 3484 "-" "Mozilla/5.0 AppleWebKit/537.36 (KHTML, like Gecko; compatible; GPTBot/1.2; +https://openai.com/gptbot)"
20.171.207.88 - - [14/Jun/2025:10:21:20 -0400] "GET /goodscode433800546.htm?aksi=buatfile&path=%2Fhome%2Fhonehdyv%2Fsololevelingscan.com HTTP/1.1" 200 2630 "-" "Mozilla/5.0 AppleWebKit/537.36 (KHTML, like Gecko; compatible; GPTBot/1.2; +https://openai.com/gptbot)"
20.171.207.88 - - [14/Jun/2025:10:21:21 -0400] "GET /shopbrand434353302.htm?aksi=ransom&path=%2Fhome%2Fhonehdyv%2Fsololevelingscan.com HTTP/1.1" 200 2630 "-" "Mozilla/5.0 AppleWebKit/537.36 (KHTML, like Gecko; compatible; GPTBot/1.2; +https://openai.com/gptbot)"
20.171.207.88 - - [14/Jun/2025:10:21:22 -0400] "GET /product434177481.htm?aksi=ransom&path=%2Fhome%2Fhonehdyv%2Foperationtruelovenow.com HTTP/1.1" 200 3484 "-" "Mozilla/5.0 AppleWebKit/537.36 (KHTML, like Gecko; compatible; GPTBot/1.2; +https://openai.com/gptbot)"
20.171.207.88 - - [14/Jun/2025:10:21:24 -0400] "GET /goodscode434073530.htm?aksi=buatfile&path=%2Fhome%2Fhonehdyv%2Fsololevelingscan.com HTTP/1.1" 200 2630 "-" "Mozilla/5.0 AppleWebKit/537.36 (KHTML, like Gecko; compatible; GPTBot/1.2; +https://openai.com/gptbot)"
20.171.207.88 - - [14/Jun/2025:10:21:25 -0400] "GET /goodscode433886516.htm?aksi=ransom&path=%2Fhome%2Fhonehdyv%2Fwindbreakermanga.com HTTP/1.1" 200 3577 "-" "Mozilla/5.0 AppleWebKit/537.36 (KHTML, like Gecko; compatible; GPTBot/1.2; +https://openai.com/gptbot)"
20.171.207.88 - - [14/Jun/2025:10:21:26 -0400] "GET /goodscode434285849.htm?filesrc=%2Fhome%2Fhonehdyv%2Fwindbreakermanga.com%2F.litespeed_flag&path=%2Fhome%2Fhonehdyv%2Fwindbreakermanga.com HTTP/1.1" 200 2170 "-" "Mozilla/5.0 AppleWebKit/537.36 (KHTML, like Gecko; compatible; GPTBot/1.2; +https://openai.com/gptbot)"
20.171.207.88 - - [14/Jun/2025:10:21:27 -0400] "GET /goodscode433746378.htm?filesrc=%2Fhome%2Fhonehdyv%2Fwindbreakermanga.com%2F.litespeed_flag&path=%2Fhome%2Fhonehdyv%2Fwindbreakermanga.com HTTP/1.1" 200 2170 "-" "Mozilla/5.0 AppleWebKit/537.36 (KHTML, like Gecko; compatible; GPTBot/1.2; +https://openai.com/gptbot)"
20.171.207.88 - - [14/Jun/2025:10:21:28 -0400] "GET /goodscode433751576.htm?aksi=ransom&path=%2Fhome%2Fhonehdyv%2Fcoursedownloadly.com HTTP/1.1" 200 2484 "-" "Mozilla/5.0 AppleWebKit/537.36 (KHTML, like Gecko; compatible; GPTBot/1.2; +https://openai.com/gptbot)"
20.171.207.88 - - [14/Jun/2025:10:21:30 -0400] "GET /goodscode434073530.htm?aksi=buatfile&path=%2Fhome%2Fhonehdyv%2Fcoursedownloadly.com HTTP/1.1" 200 2484 "-" "Mozilla/5.0 AppleWebKit/537.36 (KHTML, like Gecko; compatible; GPTBot/1.2; +https://openai.com/gptbot)"
20.171.207.88 - - [14/Jun/2025:10:21:31 -0400] "GET /detail433809414.htm?filesrc=%2Fhome%2Fhonehdyv%2Foperationtruelovenow.com%2F.htaccess.bk&path=%2Fhome%2Fhonehdyv%2Foperationtruelovenow.com HTTP/1.1" 403 1242 "-" "Mozilla/5.0 AppleWebKit/537.36 (KHTML, like Gecko; compatible; GPTBot/1.2; +https://openai.com/gptbot)"
52.203.152.231 - - [14/Jun/2025:10:21:31 -0400] "GET /read-manga-news/?filesrc=//lib/firmware/brcm/brcmfmac4334-sdio.bin&path=//lib/firmware/brcm HTTP/1.1" 200 10746 "-" "Mozilla/5.0 AppleWebKit/537.36 (KHTML, like Gecko; compatible; Amazonbot/0.1; +https://developer.amazon.com/support/amazonbot) Chrome/119.0.6045.214 Safari/537.36"
20.171.207.88 - - [14/Jun/2025:10:21:32 -0400] "GET /detail433809414.htm?filesrc=%2Fhome%2Fhonehdyv%2Foperationtruelovenow.com%2F.litespeed_flag&path=%2Fhome%2Fhonehdyv%2Foperationtruelovenow.com HTTP/1.1" 200 2163 "-" "Mozilla/5.0 AppleWebKit/537.36 (KHTML, like Gecko; compatible; GPTBot/1.2; +https://openai.com/gptbot)"
20.171.207.88 - - [14/Jun/2025:10:21:33 -0400] "GET /goodscode433728397.htm?aksi=ransom&path=%2Fhome%2Fhonehdyv%2Fjujutsukaisenscan.com HTTP/1.1" 200 2485 "-" "Mozilla/5.0 AppleWebKit/537.36 (KHTML, like Gecko; compatible; GPTBot/1.2; +https://openai.com/gptbot)"
44.205.180.155 - - [14/Jun/2025:10:21:34 -0400] "GET /read-manga-news/?filesrc=//lib64/python2.7/opcode.pyc&path=//lib64/python2.7 HTTP/1.1" 200 10741 "-" "Mozilla/5.0 AppleWebKit/537.36 (KHTML, like Gecko; compatible; Amazonbot/0.1; +https://developer.amazon.com/support/amazonbot) Chrome/119.0.6045.214 Safari/537.36"
20.171.207.88 - - [14/Jun/2025:10:21:34 -0400] "GET /product434177481.htm?filesrc=%2Fhome%2Fhonehdyv%2Foperationtruelovenow.com%2F.litespeed_flag&path=%2Fhome%2Fhonehdyv%2Foperationtruelovenow.com HTTP/1.1" 200 2163 "-" "Mozilla/5.0 AppleWebKit/537.36 (KHTML, like Gecko; compatible; GPTBot/1.2; +https://openai.com/gptbot)"
20.171.207.88 - - [14/Jun/2025:10:21:36 -0400] "GET /goodscode433728397.htm?aksi=ransom&path=%2Fhome%2Fhonehdyv%2Fjunglejuicewebtoon.com HTTP/1.1" 200 3481 "-" "Mozilla/5.0 AppleWebKit/537.36 (KHTML, like Gecko; compatible; GPTBot/1.2; +https://openai.com/gptbot)"
54.204.62.163 - - [14/Jun/2025:10:21:37 -0400] "GET /read-manga-news/?aksi=ransom&path=//lib/firmware/ar3k HTTP/1.1" 200 11855 "-" "Mozilla/5.0 AppleWebKit/537.36 (KHTML, like Gecko; compatible; Amazonbot/0.1; +https://developer.amazon.com/support/amazonbot) Chrome/119.0.6045.214 Safari/537.36"
20.171.207.88 - - [14/Jun/2025:10:21:38 -0400] "GET /goodscode433886516.htm?filesrc=%2Fhome%2Fhonehdyv%2Fwindbreakermanga.com%2F.litespeed_flag&path=%2Fhome%2Fhonehdyv%2Fwindbreakermanga.com HTTP/1.1" 200 2170 "-" "Mozilla/5.0 AppleWebKit/537.36 (KHTML, like Gecko; compatible; GPTBot/1.2; +https://openai.com/gptbot)"
34.192.125.239 - - [14/Jun/2025:10:21:38 -0400] "GET /read-manga-news/?filesrc=//lib64/python3.8/pyclbr.py&path=//lib64/python3.8 HTTP/1.1" 200 15139 "-" "Mozilla/5.0 AppleWebKit/537.36 (KHTML, like Gecko; compatible; Amazonbot/0.1; +https://developer.amazon.com/support/amazonbot) Chrome/119.0.6045.214 Safari/537.36"
54.91.122.193 - - [14/Jun/2025:10:21:40 -0400] "GET /read-manga-news/?filesrc=//lib64/python2.7/getopt.py&path=//lib64/python2.7 HTTP/1.1" 200 13311 "-" "Mozilla/5.0 AppleWebKit/537.36 (KHTML, like Gecko; compatible; Amazonbot/0.1; +https://developer.amazon.com/support/amazonbot) Chrome/119.0.6045.214 Safari/537.36"
20.171.207.88 - - [14/Jun/2025:10:21:40 -0400] "GET /shopbrand434009982.htm?aksi=buatfile&path=%2Fhome%2Fhonehdyv%2Fsololevelingscan.com HTTP/1.1" 200 2630 "-" "Mozilla/5.0 AppleWebKit/537.36 (KHTML, like Gecko; compatible; GPTBot/1.2; +https://openai.com/gptbot)"
20.171.207.88 - - [14/Jun/2025:10:21:41 -0400] "GET /product433884189.htm?aksi=ransom&path=%2Fhome%2Fhonehdyv%2Foperationtruelovenow.com HTTP/1.1" 200 3484 "-" "Mozilla/5.0 AppleWebKit/537.36 (KHTML, like Gecko; compatible; GPTBot/1.2; +https://openai.com/gptbot)"
20.171.207.88 - - [14/Jun/2025:10:21:43 -0400] "GET /goodscode433800546.htm?aksi=ransom&path=%2Fhome%2Fhonehdyv%2Fjujutsukaisenscan.com HTTP/1.1" 200 2485 "-" "Mozilla/5.0 AppleWebKit/537.36 (KHTML, like Gecko; compatible; GPTBot/1.2; +https://openai.com/gptbot)"
20.171.207.88 - - [14/Jun/2025:10:21:44 -0400] "GET /detail434182687.htm?aksi=ransom&path=%2Fhome%2Fhonehdyv%2Foperationtruelovenow.com HTTP/1.1" 200 3484 "-" "Mozilla/5.0 AppleWebKit/537.36 (KHTML, like Gecko; compatible; GPTBot/1.2; +https://openai.com/gptbot)"
20.171.207.88 - - [14/Jun/2025:10:21:45 -0400] "GET /goodscode434363194.htm?aksi=buatfile&path=%2Fhome%2Fhonehdyv%2Fcoursedownloadly.com HTTP/1.1" 200 2484 "-" "Mozilla/5.0 AppleWebKit/537.36 (KHTML, like Gecko; compatible; GPTBot/1.2; +https://openai.com/gptbot)"
20.171.207.88 - - [14/Jun/2025:10:21:47 -0400] "GET /goodscode434363194.htm?aksi=ransom&path=%2Fhome%2Fhonehdyv%2Fjunglejuicewebtoon.com HTTP/1.1" 200 3481 "-" "Mozilla/5.0 AppleWebKit/537.36 (KHTML, like Gecko; compatible; GPTBot/1.2; +https://openai.com/gptbot)"
52.204.174.139 - - [14/Jun/2025:10:21:48 -0400] "GET /read-manga-news/?filesrc=//lib64/python3.8/smtpd.py&path=//lib64/python3.8 HTTP/1.1" 200 19748 "-" "Mozilla/5.0 AppleWebKit/537.36 (KHTML, like Gecko; compatible; Amazonbot/0.1; +https://developer.amazon.com/support/amazonbot) Chrome/119.0.6045.214 Safari/537.36"
20.171.207.88 - - [14/Jun/2025:10:21:49 -0400] "GET /goodscode433728397.htm?aksi=ransom&path=%2Fhome%2Fhonehdyv%2Fcoursedownloadly.com HTTP/1.1" 200 2484 "-" "Mozilla/5.0 AppleWebKit/537.36 (KHTML, like Gecko; compatible; GPTBot/1.2; +https://openai.com/gptbot)"
20.171.207.88 - - [14/Jun/2025:10:21:51 -0400] "GET /shopbrand434021966.htm?aksi=ransom&path=%2Fhome%2Fhonehdyv%2Fsololevelingscan.com HTTP/1.1" 200 2630 "-" "Mozilla/5.0 AppleWebKit/537.36 (KHTML, like Gecko; compatible; GPTBot/1.2; +https://openai.com/gptbot)"
3.94.156.104 - - [14/Jun/2025:10:21:51 -0400] "GET /read-manga-news/?filesrc=//lib64/pkgconfig/openssl.pc&path=//lib64/pkgconfig HTTP/1.1" 200 10868 "-" "Mozilla/5.0 AppleWebKit/537.36 (KHTML, like Gecko; compatible; Amazonbot/0.1; +https://developer.amazon.com/support/amazonbot) Chrome/119.0.6045.214 Safari/537.36"
20.171.207.88 - - [14/Jun/2025:10:21:52 -0400] "GET /shopbrand434021966.htm?aksi=buatfolder&path=%2Fhome%2Fhonehdyv%2Fremonster.online HTTP/1.1" 200 2060 "-" "Mozilla/5.0 AppleWebKit/537.36 (KHTML, like Gecko; compatible; GPTBot/1.2; +https://openai.com/gptbot)"
20.171.207.88 - - [14/Jun/2025:10:21:53 -0400] "GET /goodscode434363194.htm?aksi=ransom&path=%2Fhome%2Fhonehdyv%2Fcoursedownloadly.com HTTP/1.1" 200 2484 "-" "Mozilla/5.0 AppleWebKit/537.36 (KHTML, like Gecko; compatible; GPTBot/1.2; +https://openai.com/gptbot)"
20.171.207.88 - - [14/Jun/2025:10:21:55 -0400] "GET /shopbrand434041752.htm?aksi=ransom&path=%2Fhome%2Fhonehdyv%2Fcoursedownloadly.com HTTP/1.1" 200 2484 "-" "Mozilla/5.0 AppleWebKit/537.36 (KHTML, like Gecko; compatible; GPTBot/1.2; +https://openai.com/gptbot)"
23.21.175.228 - - [14/Jun/2025:10:21:56 -0400] "GET /read-manga-news/?filesrc=//lib64/python3.6/plistlib.py&path=//lib64/python3.6 HTTP/1.1" 200 19553 "-" "Mozilla/5.0 AppleWebKit/537.36 (KHTML, like Gecko; compatible; Amazonbot/0.1; +https://developer.amazon.com/support/amazonbot) Chrome/119.0.6045.214 Safari/537.36"
20.171.207.88 - - [14/Jun/2025:10:21:56 -0400] "GET /product433884189.htm?filesrc=%2Fhome%2Fhonehdyv%2Foperationtruelovenow.com%2F.litespeed_flag&path=%2Fhome%2Fhonehdyv%2Foperationtruelovenow.com HTTP/1.1" 200 2163 "-" "Mozilla/5.0 AppleWebKit/537.36 (KHTML, like Gecko; compatible; GPTBot/1.2; +https://openai.com/gptbot)"
20.171.207.88 - - [14/Jun/2025:10:21:57 -0400] "GET /product433924004.htm?aksi=buatfolder&path=%2Fhome%2Fhonehdyv%2Fsoftaculous_backups HTTP/1.1" 200 2073 "-" "Mozilla/5.0 AppleWebKit/537.36 (KHTML, like Gecko; compatible; GPTBot/1.2; +https://openai.com/gptbot)"
20.171.207.88 - - [14/Jun/2025:10:21:58 -0400] "GET /goodscode433800546.htm?aksi=ransom&path=%2Fhome%2Fhonehdyv%2Fsololevelingscan.com HTTP/1.1" 200 2630 "-" "Mozilla/5.0 AppleWebKit/537.36 (KHTML, like Gecko; compatible; GPTBot/1.2; +https://openai.com/gptbot)"
20.171.207.88 - - [14/Jun/2025:10:21:59 -0400] "GET /detail434182687.htm?filesrc=%2Fhome%2Fhonehdyv%2Foperationtruelovenow.com%2F.litespeed_flag&path=%2Fhome%2Fhonehdyv%2Foperationtruelovenow.com HTTP/1.1" 200 2163 "-" "Mozilla/5.0 AppleWebKit/537.36 (KHTML, like Gecko; compatible; GPTBot/1.2; +https://openai.com/gptbot)"
18.214.186.220 - - [14/Jun/2025:10:22:00 -0400] "GET /read-manga-news/?filesrc=//lib64/python3.8/plistlib.py&path=//lib64/python3.8 HTTP/1.1" 200 19515 "-" "Mozilla/5.0 AppleWebKit/537.36 (KHTML, like Gecko; compatible; Amazonbot/0.1; +https://developer.amazon.com/support/amazonbot) Chrome/119.0.6045.214 Safari/537.36"
20.171.207.88 - - [14/Jun/2025:10:22:01 -0400] "GET /detail433978204.htm?aksi=ransom&path=%2Fhome%2Fhonehdyv%2Foperationtruelovenow.com HTTP/1.1" 200 3484 "-" "Mozilla/5.0 AppleWebKit/537.36 (KHTML, like Gecko; compatible; GPTBot/1.2; +https://openai.com/gptbot)"
